CREATE TABLE `products_storages` (
  `id` int(11) NOT NULL,
  `products_id` int(11) NOT NULL DEFAULT '0',
  `storage_id` int(11) NOT NULL DEFAULT '0',
  `quantity` int(11) NOT NULL DEFAULT '0'
) ENGINE=MyISAM DEFAULT CHARSET=utf8;

-- --------------------------------------------------------

--
-- Tabellenstruktur für Tabelle `products_storages_history`
--

CREATE TABLE `products_storages_history` (
  `id` int(11) NOT NULL,
  `products_id` int(11) NOT NULL DEFAULT '0',
  `storage_id` int(11) NOT NULL DEFAULT '0',
  `date_saved` datetime NOT NULL DEFAULT '0000-00-00 00:00:00',
  `comment` varchar(255) NOT NULL DEFAULT '',
  `customers_id` int(11) NOT NULL DEFAULT '0',
  `orders_id` int(11) NOT NULL DEFAULT '0',
  `quantity` int(11) NOT NULL DEFAULT '0'
) ENGINE=MyISAM DEFAULT CHARSET=utf8;

-- --------------------------------------------------------

--
-- Tabellenstruktur für Tabelle `products_tax_rates_allocation`
--

CREATE TABLE `products_tax_rates_allocation` (
  `products_tax_rates_allocation_id` int(11) NOT NULL,
  `products_id` int(11) NOT NULL,
  `tax_rates_id` int(11) NOT NULL,
  `date_added` datetime NOT NULL
) ENGINE=InnoDB DEFAULT CHARSET=utf8;

--
-- Daten für Tabelle `products_tax_rates_allocation`
--

INSERT INTO `products_tax_rates_allocation` (`products_tax_rates_allocation_id`, `products_id`, `tax_rates_id`, `date_added`) VALUES
(1, 1, 35, '2022-08-10 13:31:12'),
(2, 1, 5, '2022-08-10 13:31:12'),
(3, 1, 69, '2022-08-10 13:31:12'),
(4, 1, 9, '2022-08-10 13:31:12'),
(5, 1, 23, '2022-08-10 13:31:12'),
(6, 1, 32, '2022-08-10 13:31:12'),
(7, 1, 21, '2022-08-10 13:31:12'),
(8, 1, 50, '2022-08-10 13:31:12'),
(9, 1, 57, '2022-08-10 13:31:12'),
(10, 1, 67, '2022-08-10 13:31:12'),
(11, 1, 29, '2022-08-10 13:31:12'),
(12, 1, 72, '2022-08-10 13:31:12'),
(13, 1, 13, '2022-08-10 13:31:12'),
(14, 1, 15, '2022-08-10 13:31:12'),
(15, 1, 18, '2022-08-10 13:31:12'),
(16, 1, 24, '2022-08-10 13:31:12'),
(17, 1, 26, '2022-08-10 13:31:12'),
(18, 1, 39, '2022-08-10 13:31:12'),
(19, 1, 42, '2022-08-10 13:31:12'),
(20, 1, 45, '2022-08-10 13:31:12'),
(21, 1, 54, '2022-08-10 13:31:12'),
(22, 1, 61, '2022-08-10 13:31:12'),
(23, 1, 64, '2022-08-10 13:31:12'),
(24, 1, 76, '2022-08-10 13:31:12'),
(25, 1, 79, '2022-08-10 13:31:12'),
(26, 1, 82, '2022-08-10 13:31:12'),
(27, 1, 84, '2022-08-10 13:31:12'),
(28, 2, 35, '2022-08-10 13:31:12'),
(29, 2, 5, '2022-08-10 13:31:12'),
(30, 2, 69, '2022-08-10 13:31:12'),
(31, 2, 9, '2022-08-10 13:31:12'),
(32, 2, 23, '2022-08-10 13:31:12'),
(33, 2, 32, '2022-08-10 13:31:12'),
(34, 2, 21, '2022-08-10 13:31:12'),
(35, 2, 50, '2022-08-10 13:31:12'),
(36, 2, 57, '2022-08-10 13:31:12'),
(37, 2, 67, '2022-08-10 13:31:12'),
(38, 2, 29, '2022-08-10 13:31:12'),
(39, 2, 72, '2022-08-10 13:31:12'),
(40, 2, 13, '2022-08-10 13:31:12'),
(41, 2, 15, '2022-08-10 13:31:12'),
(42, 2, 18, '2022-08-10 13:31:12'),
(43, 2, 24, '2022-08-10 13:31:12'),
(44, 2, 26, '2022-08-10 13:31:12'),
(45, 2, 39, '2022-08-10 13:31:12'),
(46, 2, 42, '2022-08-10 13:31:12'),
(47, 2, 45, '2022-08-10 13:31:12'),
(48, 2, 54, '2022-08-10 13:31:12'),
(49, 2, 61, '2022-08-10 13:31:12'),
(50, 2, 64, '2022-08-10 13:31:12'),
(51, 2, 76, '2022-08-10 13:31:12'),
(52, 2, 79, '2022-08-10 13:31:12'),
(53, 2, 82, '2022-08-10 13:31:12'),
(54, 2, 84, '2022-08-10 13:31:12'),
(55, 3, 35, '2022-08-10 13:31:12'),
(56, 3, 5, '2022-08-10 13:31:12'),
(57, 3, 69, '2022-08-10 13:31:12'),
(58, 3, 9, '2022-08-10 13:31:12'),
(59, 3, 23, '2022-08-10 13:31:12'),
(60, 3, 32, '2022-08-10 13:31:12'),
(61, 3, 21, '2022-08-10 13:31:12'),
(62, 3, 50, '2022-08-10 13:31:12'),
(63, 3, 57, '2022-08-10 13:31:12'),
(64, 3, 67, '2022-08-10 13:31:12'),
(65, 3, 29, '2022-08-10 13:31:12'),
(66, 3, 72, '2022-08-10 13:31:12'),
(67, 3, 13, '2022-08-10 13:31:12'),
(68, 3, 15, '2022-08-10 13:31:12'),
(69, 3, 18, '2022-08-10 13:31:12'),
(70, 3, 24, '2022-08-10 13:31:12'),
(71, 3, 26, '2022-08-10 13:31:12'),
(72, 3, 39, '2022-08-10 13:31:12'),
(73, 3, 42, '2022-08-10 13:31:12'),
(74, 3, 45, '2022-08-10 13:31:12'),
(75, 3, 54, '2022-08-10 13:31:12'),
(76, 3, 61, '2022-08-10 13:31:12'),
(77, 3, 64, '2022-08-10 13:31:12'),
(78, 3, 76, '2022-08-10 13:31:12'),
(79, 3, 79, '2022-08-10 13:31:12'),
(80, 3, 82, '2022-08-10 13:31:12'),
(81, 3, 84, '2022-08-10 13:31:12'),
(82, 4, 35, '2022-08-10 13:31:12'),
(83, 4, 5, '2022-08-10 13:31:12'),
(84, 4, 69, '2022-08-10 13:31:12'),
(85, 4, 9, '2022-08-10 13:31:12'),
(86, 4, 23, '2022-08-10 13:31:12'),
(87, 4, 32, '2022-08-10 13:31:12'),
(88, 4, 21, '2022-08-10 13:31:12'),
(89, 4, 50, '2022-08-10 13:31:12'),
(90, 4, 57, '2022-08-10 13:31:12'),
(91, 4, 67, '2022-08-10 13:31:12'),
(92, 4, 29, '2022-08-10 13:31:12'),
(93, 4, 72, '2022-08-10 13:31:12'),
(94, 4, 13, '2022-08-10 13:31:12'),
(95, 4, 15, '2022-08-10 13:31:12'),
(96, 4, 18, '2022-08-10 13:31:12'),
(97, 4, 24, '2022-08-10 13:31:12'),
(98, 4, 26, '2022-08-10 13:31:12'),
(99, 4, 39, '2022-08-10 13:31:12'),
(100, 4, 42, '2022-08-10 13:31:12'),
(101, 4, 45, '2022-08-10 13:31:12'),
(102, 4, 54, '2022-08-10 13:31:12'),
(103, 4, 61, '2022-08-10 13:31:12'),
(104, 4, 64, '2022-08-10 13:31:12'),
(105, 4, 76, '2022-08-10 13:31:12'),
(106, 4, 79, '2022-08-10 13:31:12'),
(107, 4, 82, '2022-08-10 13:31:12'),
(108, 4, 84, '2022-08-10 13:31:12'),
(109, 5, 35, '2022-08-10 13:31:12'),
(110, 5, 5, '2022-08-10 13:31:12'),
(111, 5, 69, '2022-08-10 13:31:12'),
(112, 5, 9, '2022-08-10 13:31:12'),
(113, 5, 23, '2022-08-10 13:31:12'),
(114, 5, 32, '2022-08-10 13:31:12'),
(115, 5, 21, '2022-08-10 13:31:12'),
(116, 5, 50, '2022-08-10 13:31:12'),
(117, 5, 57, '2022-08-10 13:31:12'),
(118, 5, 67, '2022-08-10 13:31:12'),
(119, 5, 29, '2022-08-10 13:31:12'),
(120, 5, 72, '2022-08-10 13:31:12'),
(121, 5, 13, '2022-08-10 13:31:12'),
(122, 5, 15, '2022-08-10 13:31:12'),
(123, 5, 18, '2022-08-10 13:31:12'),
(124, 5, 24, '2022-08-10 13:31:12'),
(125, 5, 26, '2022-08-10 13:31:12'),
(126, 5, 39, '2022-08-10 13:31:12'),
(127, 5, 42, '2022-08-10 13:31:12'),
(128, 5, 45, '2022-08-10 13:31:12'),
(129, 5, 54, '2022-08-10 13:31:12'),
(130, 5, 61, '2022-08-10 13:31:12'),
(131, 5, 64, '2022-08-10 13:31:12'),
(132, 5, 76, '2022-08-10 13:31:12'),
(133, 5, 79, '2022-08-10 13:31:12'),
(134, 5, 82, '2022-08-10 13:31:12'),
(135, 5, 84, '2022-08-10 13:31:12'),
(136, 6, 35, '2022-08-10 13:31:12'),
(137, 6, 5, '2022-08-10 13:31:12'),
(138, 6, 69, '2022-08-10 13:31:12'),
(139, 6, 9, '2022-08-10 13:31:12'),
(140, 6, 23, '2022-08-10 13:31:12'),
(141, 6, 32, '2022-08-10 13:31:12'),
(142, 6, 21, '2022-08-10 13:31:12'),
(143, 6, 50, '2022-08-10 13:31:12'),
(144, 6, 57, '2022-08-10 13:31:12'),
(145, 6, 67, '2022-08-10 13:31:12'),
(146, 6, 29, '2022-08-10 13:31:12'),
(147, 6, 72, '2022-08-10 13:31:12'),
(148, 6, 13, '2022-08-10 13:31:12'),
(149, 6, 15, '2022-08-10 13:31:12'),
(150, 6, 18, '2022-08-10 13:31:12'),
(151, 6, 24, '2022-08-10 13:31:12'),
(152, 6, 26, '2022-08-10 13:31:12'),
(153, 6, 39, '2022-08-10 13:31:12'),
(154, 6, 42, '2022-08-10 13:31:12'),
(155, 6, 45, '2022-08-10 13:31:12'),
(156, 6, 54, '2022-08-10 13:31:12'),
(157, 6, 61, '2022-08-10 13:31:12'),
(158, 6, 64, '2022-08-10 13:31:12'),
(159, 6, 76, '2022-08-10 13:31:12'),
(160, 6, 79, '2022-08-10 13:31:12'),
(161, 6, 82, '2022-08-10 13:31:12'),
(162, 6, 84, '2022-08-10 13:31:12'),
(163, 7, 35, '2022-08-10 13:31:12'),
(164, 7, 5, '2022-08-10 13:31:12'),
(165, 7, 69, '2022-08-10 13:31:12'),
(166, 7, 9, '2022-08-10 13:31:12'),
(167, 7, 23, '2022-08-10 13:31:12'),
(168, 7, 32, '2022-08-10 13:31:12'),
(169, 7, 21, '2022-08-10 13:31:12'),
(170, 7, 50, '2022-08-10 13:31:12'),
(171, 7, 57, '2022-08-10 13:31:12'),
(172, 7, 67, '2022-08-10 13:31:12'),
(173, 7, 29, '2022-08-10 13:31:12'),
(174, 7, 72, '2022-08-10 13:31:12'),
(175, 7, 13, '2022-08-10 13:31:12'),
(176, 7, 15, '2022-08-10 13:31:12'),
(177, 7, 18, '2022-08-10 13:31:12'),
(178, 7, 24, '2022-08-10 13:31:12'),
(179, 7, 26, '2022-08-10 13:31:12'),
(180, 7, 39, '2022-08-10 13:31:12'),
(181, 7, 42, '2022-08-10 13:31:12'),
(182, 7, 45, '2022-08-10 13:31:12'),
(183, 7, 54, '2022-08-10 13:31:12'),
(184, 7, 61, '2022-08-10 13:31:12'),
(185, 7, 64, '2022-08-10 13:31:12'),
(186, 7, 76, '2022-08-10 13:31:12'),
(187, 7, 79, '2022-08-10 13:31:12'),
(188, 7, 82, '2022-08-10 13:31:12'),
(189, 7, 84, '2022-08-10 13:31:12'),
(190, 8, 35, '2022-08-10 13:31:12'),
(191, 8, 5, '2022-08-10 13:31:12'),
(192, 8, 69, '2022-08-10 13:31:12'),
(193, 8, 9, '2022-08-10 13:31:12'),
(194, 8, 23, '2022-08-10 13:31:12'),
(195, 8, 32, '2022-08-10 13:31:12'),
(196, 8, 21, '2022-08-10 13:31:12'),
(197, 8, 50, '2022-08-10 13:31:12'),
(198, 8, 57, '2022-08-10 13:31:12'),
(199, 8, 67, '2022-08-10 13:31:12'),
(200, 8, 29, '2022-08-10 13:31:12'),
(201, 8, 72, '2022-08-10 13:31:12'),
(202, 8, 13, '2022-08-10 13:31:12'),
(203, 8, 15, '2022-08-10 13:31:12'),
(204, 8, 18, '2022-08-10 13:31:12'),
(205, 8, 24, '2022-08-10 13:31:12'),
(206, 8, 26, '2022-08-10 13:31:12'),
(207, 8, 39, '2022-08-10 13:31:12'),
(208, 8, 42, '2022-08-10 13:31:12'),
(209, 8, 45, '2022-08-10 13:31:12'),
(210, 8, 54, '2022-08-10 13:31:12'),
(211, 8, 61, '2022-08-10 13:31:12'),
(212, 8, 64, '2022-08-10 13:31:12'),
(213, 8, 76, '2022-08-10 13:31:12'),
(214, 8, 79, '2022-08-10 13:31:12'),
(215, 8, 82, '2022-08-10 13:31:12'),
(216, 8, 84, '2022-08-10 13:31:12'),
(217, 9, 35, '2022-08-10 13:31:12'),
(218, 9, 5, '2022-08-10 13:31:12'),
(219, 9, 69, '2022-08-10 13:31:12'),
(220, 9, 9, '2022-08-10 13:31:12'),
(221, 9, 23, '2022-08-10 13:31:12'),
(222, 9, 32, '2022-08-10 13:31:12'),
(223, 9, 21, '2022-08-10 13:31:12'),
(224, 9, 50, '2022-08-10 13:31:12'),
(225, 9, 57, '2022-08-10 13:31:12'),
(226, 9, 67, '2022-08-10 13:31:12'),
(227, 9, 29, '2022-08-10 13:31:12'),
(228, 9, 72, '2022-08-10 13:31:12'),
(229, 9, 13, '2022-08-10 13:31:12'),
(230, 9, 15, '2022-08-10 13:31:12'),
(231, 9, 18, '2022-08-10 13:31:12'),
(232, 9, 24, '2022-08-10 13:31:12'),
(233, 9, 26, '2022-08-10 13:31:12'),
(234, 9, 39, '2022-08-10 13:31:12'),
(235, 9, 42, '2022-08-10 13:31:12'),
(236, 9, 45, '2022-08-10 13:31:12'),
(237, 9, 54, '2022-08-10 13:31:12'),
(238, 9, 61, '2022-08-10 13:31:12'),
(239, 9, 64, '2022-08-10 13:31:12'),
(240, 9, 76, '2022-08-10 13:31:12'),
(241, 9, 79, '2022-08-10 13:31:12'),
(242, 9, 82, '2022-08-10 13:31:12'),
(243, 9, 84, '2022-08-10 13:31:12'),
(244, 10, 35, '2022-08-10 13:31:12'),
(245, 10, 5, '2022-08-10 13:31:12'),
(246, 10, 69, '2022-08-10 13:31:12'),
(247, 10, 9, '2022-08-10 13:31:12'),
(248, 10, 23, '2022-08-10 13:31:12'),
(249, 10, 32, '2022-08-10 13:31:12'),
(250, 10, 21, '2022-08-10 13:31:12'),
(251, 10, 50, '2022-08-10 13:31:12'),
(252, 10, 57, '2022-08-10 13:31:12'),
(253, 10, 67, '2022-08-10 13:31:12'),
(254, 10, 29, '2022-08-10 13:31:12'),
(255, 10, 72, '2022-08-10 13:31:12'),
(256, 10, 13, '2022-08-10 13:31:12'),
(257, 10, 15, '2022-08-10 13:31:12'),
(258, 10, 18, '2022-08-10 13:31:12'),
(259, 10, 24, '2022-08-10 13:31:12'),
(260, 10, 26, '2022-08-10 13:31:12'),
(261, 10, 39, '2022-08-10 13:31:12'),
(262, 10, 42, '2022-08-10 13:31:12'),
(263, 10, 45, '2022-08-10 13:31:12'),
(264, 10, 54, '2022-08-10 13:31:12'),
(265, 10, 61, '2022-08-10 13:31:12'),
(266, 10, 64, '2022-08-10 13:31:12'),
(267, 10, 76, '2022-08-10 13:31:12'),
(268, 10, 79, '2022-08-10 13:31:12'),
(269, 10, 82, '2022-08-10 13:31:12'),
(270, 10, 84, '2022-08-10 13:31:12'),
(271, 11, 35, '2022-08-10 13:31:12'),
(272, 11, 5, '2022-08-10 13:31:12'),
(273, 11, 69, '2022-08-10 13:31:12'),
(274, 11, 9, '2022-08-10 13:31:12'),
(275, 11, 23, '2022-08-10 13:31:12'),
(276, 11, 32, '2022-08-10 13:31:12'),
(277, 11, 21, '2022-08-10 13:31:12'),
(278, 11, 50, '2022-08-10 13:31:12'),
(279, 11, 57, '2022-08-10 13:31:12'),
(280, 11, 67, '2022-08-10 13:31:12'),
(281, 11, 29, '2022-08-10 13:31:12'),
(282, 11, 72, '2022-08-10 13:31:12'),
(283, 11, 13, '2022-08-10 13:31:12'),
(284, 11, 15, '2022-08-10 13:31:12'),
(285, 11, 18, '2022-08-10 13:31:12'),
(286, 11, 24, '2022-08-10 13:31:12'),
(287, 11, 26, '2022-08-10 13:31:12'),
(288, 11, 39, '2022-08-10 13:31:12'),
(289, 11, 42, '2022-08-10 13:31:12'),
(290, 11, 45, '2022-08-10 13:31:12'),
(291, 11, 54, '2022-08-10 13:31:12'),
(292, 11, 61, '2022-08-10 13:31:12'),
(293, 11, 64, '2022-08-10 13:31:12'),
(294, 11, 76, '2022-08-10 13:31:12'),
(295, 11, 79, '2022-08-10 13:31:12'),
(296, 11, 82, '2022-08-10 13:31:12'),
(297, 11, 84, '2022-08-10 13:31:12'),
(298, 12, 35, '2022-08-10 13:31:12'),
(299, 12, 5, '2022-08-10 13:31:12'),
(300, 12, 69, '2022-08-10 13:31:12'),
(301, 12, 9, '2022-08-10 13:31:12'),
(302, 12, 23, '2022-08-10 13:31:12'),
(303, 12, 32, '2022-08-10 13:31:12'),
(304, 12, 21, '2022-08-10 13:31:12'),
(305, 12, 50, '2022-08-10 13:31:12'),
(306, 12, 57, '2022-08-10 13:31:12'),
(307, 12, 67, '2022-08-10 13:31:12'),
(308, 12, 29, '2022-08-10 13:31:12'),
(309, 12, 72, '2022-08-10 13:31:12'),
(310, 12, 13, '2022-08-10 13:31:12'),
(311, 12, 15, '2022-08-10 13:31:12'),
(312, 12, 18, '2022-08-10 13:31:12'),
(313, 12, 24, '2022-08-10 13:31:12'),
(314, 12, 26, '2022-08-10 13:31:12'),
(315, 12, 39, '2022-08-10 13:31:12'),
(316, 12, 42, '2022-08-10 13:31:12'),
(317, 12, 45, '2022-08-10 13:31:12'),
(318, 12, 54, '2022-08-10 13:31:12'),
(319, 12, 61, '2022-08-10 13:31:12'),
(320, 12, 64, '2022-08-10 13:31:12'),
(321, 12, 76, '2022-08-10 13:31:12'),
(322, 12, 79, '2022-08-10 13:31:12'),
(323, 12, 82, '2022-08-10 13:31:12'),
(324, 12, 84, '2022-08-10 13:31:12'),
(325, 13, 35, '2022-08-10 13:31:12'),
(326, 13, 5, '2022-08-10 13:31:12'),
(327, 13, 69, '2022-08-10 13:31:12'),
(328, 13, 9, '2022-08-10 13:31:12'),
(329, 13, 23, '2022-08-10 13:31:12'),
(330, 13, 32, '2022-08-10 13:31:12'),
(331, 13, 21, '2022-08-10 13:31:12'),
(332, 13, 50, '2022-08-10 13:31:12'),
(333, 13, 57, '2022-08-10 13:31:12'),
(334, 13, 67, '2022-08-10 13:31:12'),
(335, 13, 29, '2022-08-10 13:31:12'),
(336, 13, 72, '2022-08-10 13:31:12'),
(337, 13, 13, '2022-08-10 13:31:12'),
(338, 13, 15, '2022-08-10 13:31:12'),
(339, 13, 18, '2022-08-10 13:31:12'),
(340, 13, 24, '2022-08-10 13:31:12'),
(341, 13, 26, '2022-08-10 13:31:12'),
(342, 13, 39, '2022-08-10 13:31:12'),
(343, 13, 42, '2022-08-10 13:31:12'),
(344, 13, 45, '2022-08-10 13:31:12'),
(345, 13, 54, '2022-08-10 13:31:12'),
(346, 13, 61, '2022-08-10 13:31:12'),
(347, 13, 64, '2022-08-10 13:31:12'),
(348, 13, 76, '2022-08-10 13:31:12'),
(349, 13, 79, '2022-08-10 13:31:12'),
(350, 13, 82, '2022-08-10 13:31:12'),
(351, 13, 84, '2022-08-10 13:31:12'),
(352, 14, 35, '2022-08-10 13:31:12'),
(353, 14, 5, '2022-08-10 13:31:12'),
(354, 14, 69, '2022-08-10 13:31:12'),
(355, 14, 9, '2022-08-10 13:31:12'),
(356, 14, 23, '2022-08-10 13:31:12'),
(357, 14, 32, '2022-08-10 13:31:12'),
(358, 14, 21, '2022-08-10 13:31:12'),
(359, 14, 50, '2022-08-10 13:31:12'),
(360, 14, 57, '2022-08-10 13:31:12'),
(361, 14, 67, '2022-08-10 13:31:12'),
(362, 14, 29, '2022-08-10 13:31:12'),
(363, 14, 72, '2022-08-10 13:31:12'),
(364, 14, 13, '2022-08-10 13:31:12'),
(365, 14, 15, '2022-08-10 13:31:12'),
(366, 14, 18, '2022-08-10 13:31:12'),
(367, 14, 24, '2022-08-10 13:31:12'),
(368, 14, 26, '2022-08-10 13:31:12'),
(369, 14, 39, '2022-08-10 13:31:12'),
(370, 14, 42, '2022-08-10 13:31:12'),
(371, 14, 45, '2022-08-10 13:31:12'),
(372, 14, 54, '2022-08-10 13:31:12'),
(373, 14, 61, '2022-08-10 13:31:12'),
(374, 14, 64, '2022-08-10 13:31:12'),
(375, 14, 76, '2022-08-10 13:31:12'),
(376, 14, 79, '2022-08-10 13:31:12'),
(377, 14, 82, '2022-08-10 13:31:12'),
(378, 14, 84, '2022-08-10 13:31:12'),
(379, 15, 35, '2022-08-10 13:31:12'),
(380, 15, 5, '2022-08-10 13:31:12'),
(381, 15, 69, '2022-08-10 13:31:12'),
(382, 15, 9, '2022-08-10 13:31:12'),
(383, 15, 23, '2022-08-10 13:31:12'),
(384, 15, 32, '2022-08-10 13:31:12'),
(385, 15, 21, '2022-08-10 13:31:12'),
(386, 15, 50, '2022-08-10 13:31:12'),
(387, 15, 57, '2022-08-10 13:31:12'),
(388, 15, 67, '2022-08-10 13:31:12'),
(389, 15, 29, '2022-08-10 13:31:12'),
(390, 15, 72, '2022-08-10 13:31:12'),
(391, 15, 13, '2022-08-10 13:31:12'),
(392, 15, 15, '2022-08-10 13:31:12'),
(393, 15, 18, '2022-08-10 13:31:12'),
(394, 15, 24, '2022-08-10 13:31:12'),
(395, 15, 26, '2022-08-10 13:31:12'),
(396, 15, 39, '2022-08-10 13:31:12'),
(397, 15, 42, '2022-08-10 13:31:12'),
(398, 15, 45, '2022-08-10 13:31:12'),
(399, 15, 54, '2022-08-10 13:31:12'),
(400, 15, 61, '2022-08-10 13:31:12'),
(401, 15, 64, '2022-08-10 13:31:12'),
(402, 15, 76, '2022-08-10 13:31:12'),
(403, 15, 79, '2022-08-10 13:31:12'),
(404, 15, 82, '2022-08-10 13:31:12'),
(405, 15, 84, '2022-08-10 13:31:12'),
(406, 16, 35, '2022-08-10 13:31:12'),
(407, 16, 5, '2022-08-10 13:31:12'),
(408, 16, 69, '2022-08-10 13:31:12'),
(409, 16, 9, '2022-08-10 13:31:12'),
(410, 16, 23, '2022-08-10 13:31:12'),
(411, 16, 32, '2022-08-10 13:31:12'),
(412, 16, 21, '2022-08-10 13:31:12'),
(413, 16, 50, '2022-08-10 13:31:12'),
(414, 16, 57, '2022-08-10 13:31:12'),
(415, 16, 67, '2022-08-10 13:31:12'),
(416, 16, 29, '2022-08-10 13:31:12'),
(417, 16, 72, '2022-08-10 13:31:12'),
(418, 16, 13, '2022-08-10 13:31:12'),
(419, 16, 15, '2022-08-10 13:31:12'),
(420, 16, 18, '2022-08-10 13:31:12'),
(421, 16, 24, '2022-08-10 13:31:12'),
(422, 16, 26, '2022-08-10 13:31:12'),
(423, 16, 39, '2022-08-10 13:31:12'),
(424, 16, 42, '2022-08-10 13:31:12'),
(425, 16, 45, '2022-08-10 13:31:12'),
(426, 16, 54, '2022-08-10 13:31:12'),
(427, 16, 61, '2022-08-10 13:31:12'),
(428, 16, 64, '2022-08-10 13:31:12'),
(429, 16, 76, '2022-08-10 13:31:12'),
(430, 16, 79, '2022-08-10 13:31:12'),
(431, 16, 82, '2022-08-10 13:31:12'),
(432, 16, 84, '2022-08-10 13:31:12'),
(433, 17, 35, '2022-08-10 13:31:12'),
(434, 17, 5, '2022-08-10 13:31:12'),
(435, 17, 69, '2022-08-10 13:31:12'),
(436, 17, 9, '2022-08-10 13:31:12'),
(437, 17, 23, '2022-08-10 13:31:12'),
(438, 17, 32, '2022-08-10 13:31:12'),
(439, 17, 21, '2022-08-10 13:31:12'),
(440, 17, 50, '2022-08-10 13:31:12'),
(441, 17, 57, '2022-08-10 13:31:12'),
(442, 17, 67, '2022-08-10 13:31:12'),
(443, 17, 29, '2022-08-10 13:31:12'),
(444, 17, 72, '2022-08-10 13:31:12'),
(445, 17, 13, '2022-08-10 13:31:12'),
(446, 17, 15, '2022-08-10 13:31:12'),
(447, 17, 18, '2022-08-10 13:31:12'),
(448, 17, 24, '2022-08-10 13:31:12'),
(449, 17, 26, '2022-08-10 13:31:12'),
(450, 17, 39, '2022-08-10 13:31:12'),
(451, 17, 42, '2022-08-10 13:31:12'),
(452, 17, 45, '2022-08-10 13:31:12'),
(453, 17, 54, '2022-08-10 13:31:12'),
(454, 17, 61, '2022-08-10 13:31:12'),
(455, 17, 64, '2022-08-10 13:31:12'),
(456, 17, 76, '2022-08-10 13:31:12'),
(457, 17, 79, '2022-08-10 13:31:12'),
(458, 17, 82, '2022-08-10 13:31:12'),
(459, 17, 84, '2022-08-10 13:31:12'),
(460, 18, 35, '2022-08-10 13:31:12'),
(461, 18, 5, '2022-08-10 13:31:12'),
(462, 18, 69, '2022-08-10 13:31:12'),
(463, 18, 9, '2022-08-10 13:31:12'),
(464, 18, 23, '2022-08-10 13:31:12'),
(465, 18, 32, '2022-08-10 13:31:12'),
(466, 18, 21, '2022-08-10 13:31:12'),
(467, 18, 50, '2022-08-10 13:31:12'),
(468, 18, 57, '2022-08-10 13:31:12'),
(469, 18, 67, '2022-08-10 13:31:12'),
(470, 18, 29, '2022-08-10 13:31:12'),
(471, 18, 72, '2022-08-10 13:31:12'),
(472, 18, 13, '2022-08-10 13:31:12'),
(473, 18, 15, '2022-08-10 13:31:12'),
(474, 18, 18, '2022-08-10 13:31:12'),
(475, 18, 24, '2022-08-10 13:31:12'),
(476, 18, 26, '2022-08-10 13:31:12'),
(477, 18, 39, '2022-08-10 13:31:12'),
(478, 18, 42, '2022-08-10 13:31:12'),
(479, 18, 45, '2022-08-10 13:31:12'),
(480, 18, 54, '2022-08-10 13:31:12'),
(481, 18, 61, '2022-08-10 13:31:12'),
(482, 18, 64, '2022-08-10 13:31:12'),
(483, 18, 76, '2022-08-10 13:31:12'),
(484, 18, 79, '2022-08-10 13:31:12'),
(485, 18, 82, '2022-08-10 13:31:12'),
(486, 18, 84, '2022-08-10 13:31:12'),
(487, 19, 35, '2022-08-10 13:31:12'),
(488, 19, 5, '2022-08-10 13:31:12'),
(489, 19, 69, '2022-08-10 13:31:12'),
(490, 19, 9, '2022-08-10 13:31:12'),
(491, 19, 23, '2022-08-10 13:31:12'),
(492, 19, 32, '2022-08-10 13:31:12'),
(493, 19, 21, '2022-08-10 13:31:12'),
(494, 19, 50, '2022-08-10 13:31:12'),
(495, 19, 57, '2022-08-10 13:31:12'),
(496, 19, 67, '2022-08-10 13:31:12'),
(497, 19, 29, '2022-08-10 13:31:12'),
(498, 19, 72, '2022-08-10 13:31:12'),
(499, 19, 13, '2022-08-10 13:31:12'),
(500, 19, 15, '2022-08-10 13:31:12'),
(501, 19, 18, '2022-08-10 13:31:12'),
(502, 19, 24, '2022-08-10 13:31:12'),
(503, 19, 26, '2022-08-10 13:31:12'),
(504, 19, 39, '2022-08-10 13:31:12'),
(505, 19, 42, '2022-08-10 13:31:12'),
(506, 19, 45, '2022-08-10 13:31:12'),
(507, 19, 54, '2022-08-10 13:31:12'),
(508, 19, 61, '2022-08-10 13:31:12'),
(509, 19, 64, '2022-08-10 13:31:12'),
(510, 19, 76, '2022-08-10 13:31:12'),
(511, 19, 79, '2022-08-10 13:31:12'),
(512, 19, 82, '2022-08-10 13:31:12'),
(513, 19, 84, '2022-08-10 13:31:12'),
(514, 20, 35, '2022-08-10 13:31:12'),
(515, 20, 5, '2022-08-10 13:31:12'),
(516, 20, 69, '2022-08-10 13:31:12'),
(517, 20, 9, '2022-08-10 13:31:12'),
(518, 20, 23, '2022-08-10 13:31:12'),
(519, 20, 32, '2022-08-10 13:31:12'),
(520, 20, 21, '2022-08-10 13:31:12'),
(521, 20, 50, '2022-08-10 13:31:12'),
(522, 20, 57, '2022-08-10 13:31:12'),
(523, 20, 67, '2022-08-10 13:31:12'),
(524, 20, 29, '2022-08-10 13:31:12'),
(525, 20, 72, '2022-08-10 13:31:12'),
(526, 20, 13, '2022-08-10 13:31:12'),
(527, 20, 15, '2022-08-10 13:31:12'),
(528, 20, 18, '2022-08-10 13:31:12'),
(529, 20, 24, '2022-08-10 13:31:12'),
(530, 20, 26, '2022-08-10 13:31:12'),
(531, 20, 39, '2022-08-10 13:31:12'),
(532, 20, 42, '2022-08-10 13:31:12'),
(533, 20, 45, '2022-08-10 13:31:12'),
(534, 20, 54, '2022-08-10 13:31:12'),
(535, 20, 61, '2022-08-10 13:31:12'),
(536, 20, 64, '2022-08-10 13:31:12'),
(537, 20, 76, '2022-08-10 13:31:12'),
(538, 20, 79, '2022-08-10 13:31:12'),
(539, 20, 82, '2022-08-10 13:31:12'),
(540, 20, 84, '2022-08-10 13:31:12'),
(1817, 1139, 1, '2025-12-02 17:43:18'),
(1818, 1139, 3, '2025-12-02 17:43:18'),
(1819, 1139, 6, '2025-12-02 17:43:18'),
(1820, 1139, 11, '2025-12-02 17:43:18'),
(1821, 1139, 13, '2025-12-02 17:43:18'),
(1822, 1139, 15, '2025-12-02 17:43:18'),
(1823, 1139, 19, '2025-12-02 17:43:18'),
(1824, 1139, 21, '2025-12-02 17:43:18'),
(1825, 1139, 23, '2025-12-02 17:43:18'),
(1826, 1139, 24, '2025-12-02 17:43:18'),
(1827, 1139, 28, '2025-12-02 17:43:18'),
(1828, 1139, 30, '2025-12-02 17:43:18'),
(1829, 1139, 33, '2025-12-02 17:43:18'),
(1830, 1139, 37, '2025-12-02 17:43:18'),
(1831, 1139, 41, '2025-12-02 17:43:18'),
(1832, 1139, 44, '2025-12-02 17:43:18'),
(1833, 1139, 47, '2025-12-02 17:43:18'),
(1834, 1139, 52, '2025-12-02 17:43:18'),
(1835, 1139, 54, '2025-12-02 17:43:18'),
(1836, 1139, 60, '2025-12-02 17:43:18'),
(1837, 1139, 62, '2025-12-02 17:43:18'),
(1838, 1139, 64, '2025-12-02 17:43:18'),
(1839, 1139, 67, '2025-12-02 17:43:18'),
(1840, 1139, 69, '2025-12-02 17:43:18'),
(1841, 1139, 74, '2025-12-02 17:43:18'),
(1842, 1139, 76, '2025-12-02 17:43:18'),
(1843, 1139, 81, '2025-12-02 17:43:18'),
(1844, 1139, 82, '2025-12-02 17:43:18'),
(1845, 1139, 85, '2025-12-02 17:43:18'),
(1846, 1140, 1, '2025-12-02 17:43:18'),
(1847, 1140, 3, '2025-12-02 17:43:18'),
(1848, 1140, 6, '2025-12-02 17:43:18'),
(1849, 1140, 11, '2025-12-02 17:43:18'),
(1850, 1140, 13, '2025-12-02 17:43:18'),
(1851, 1140, 15, '2025-12-02 17:43:18'),
(1852, 1140, 19, '2025-12-02 17:43:18'),
(1853, 1140, 21, '2025-12-02 17:43:18'),
(1854, 1140, 23, '2025-12-02 17:43:18'),
(1855, 1140, 24, '2025-12-02 17:43:18'),
(1856, 1140, 28, '2025-12-02 17:43:18'),
(1857, 1140, 30, '2025-12-02 17:43:18'),
(1858, 1140, 33, '2025-12-02 17:43:18'),
(1859, 1140, 37, '2025-12-02 17:43:18'),
(1860, 1140, 41, '2025-12-02 17:43:18'),
(1861, 1140, 44, '2025-12-02 17:43:18'),
(1862, 1140, 47, '2025-12-02 17:43:18'),
(1863, 1140, 52, '2025-12-02 17:43:18'),
(1864, 1140, 54, '2025-12-02 17:43:18'),
(1865, 1140, 60, '2025-12-02 17:43:18'),
(1866, 1140, 62, '2025-12-02 17:43:18'),
(1867, 1140, 64, '2025-12-02 17:43:18'),
(1868, 1140, 67, '2025-12-02 17:43:18'),
(1869, 1140, 69, '2025-12-02 17:43:18'),
(1870, 1140, 74, '2025-12-02 17:43:18'),
(1871, 1140, 76, '2025-12-02 17:43:18'),
(1872, 1140, 81, '2025-12-02 17:43:18'),
(1873, 1140, 82, '2025-12-02 17:43:18'),
(1874, 1140, 85, '2025-12-02 17:43:18'),
(1875, 1141, 1, '2025-12-02 17:43:18'),
(1876, 1141, 3, '2025-12-02 17:43:18'),
(1877, 1141, 6, '2025-12-02 17:43:18'),
(1878, 1141, 11, '2025-12-02 17:43:18'),
(1879, 1141, 13, '2025-12-02 17:43:18'),
(1880, 1141, 15, '2025-12-02 17:43:18'),
(1881, 1141, 19, '2025-12-02 17:43:18'),
(1882, 1141, 21, '2025-12-02 17:43:18'),
(1883, 1141, 23, '2025-12-02 17:43:18'),
(1884, 1141, 24, '2025-12-02 17:43:18'),
(1885, 1141, 28, '2025-12-02 17:43:18'),
(1886, 1141, 30, '2025-12-02 17:43:18'),
(1887, 1141, 33, '2025-12-02 17:43:18'),
(1888, 1141, 37, '2025-12-02 17:43:18'),
(1889, 1141, 41, '2025-12-02 17:43:18'),
(1890, 1141, 44, '2025-12-02 17:43:18'),
(1891, 1141, 47, '2025-12-02 17:43:18'),
(1892, 1141, 52, '2025-12-02 17:43:18'),
(1893, 1141, 54, '2025-12-02 17:43:18'),
(1894, 1141, 60, '2025-12-02 17:43:18'),
(1895, 1141, 62, '2025-12-02 17:43:18'),
(1896, 1141, 64, '2025-12-02 17:43:18'),
(1897, 1141, 67, '2025-12-02 17:43:18'),
(1898, 1141, 69, '2025-12-02 17:43:18'),
(1899, 1141, 74, '2025-12-02 17:43:18'),
(1900, 1141, 76, '2025-12-02 17:43:18'),
(1901, 1141, 81, '2025-12-02 17:43:18'),
(1902, 1141, 82, '2025-12-02 17:43:18'),
(1903, 1141, 85, '2025-12-02 17:43:18'),
(1904, 1142, 1, '2025-12-02 17:43:18'),
(1905, 1142, 3, '2025-12-02 17:43:18'),
(1906, 1142, 6, '2025-12-02 17:43:18'),
(1907, 1142, 11, '2025-12-02 17:43:18'),
(1908, 1142, 13, '2025-12-02 17:43:18'),
(1909, 1142, 15, '2025-12-02 17:43:18'),
(1910, 1142, 19, '2025-12-02 17:43:18'),
(1911, 1142, 21, '2025-12-02 17:43:18'),
(1912, 1142, 23, '2025-12-02 17:43:18'),
(1913, 1142, 24, '2025-12-02 17:43:18'),
(1914, 1142, 28, '2025-12-02 17:43:18'),
(1915, 1142, 30, '2025-12-02 17:43:18'),
(1916, 1142, 33, '2025-12-02 17:43:18'),
(1917, 1142, 37, '2025-12-02 17:43:18'),
(1918, 1142, 41, '2025-12-02 17:43:18'),
(1919, 1142, 44, '2025-12-02 17:43:18'),
(1920, 1142, 47, '2025-12-02 17:43:18'),
(1921, 1142, 52, '2025-12-02 17:43:18'),
(1922, 1142, 54, '2025-12-02 17:43:18'),
(1923, 1142, 60, '2025-12-02 17:43:18'),
(1924, 1142, 62, '2025-12-02 17:43:18'),
(1925, 1142, 64, '2025-12-02 17:43:18'),
(1926, 1142, 67, '2025-12-02 17:43:18'),
(1927, 1142, 69, '2025-12-02 17:43:18'),
(1928, 1142, 74, '2025-12-02 17:43:18'),
(1929, 1142, 76, '2025-12-02 17:43:18'),
(1930, 1142, 81, '2025-12-02 17:43:18'),
(1931, 1142, 82, '2025-12-02 17:43:18'),
(1932, 1142, 85, '2025-12-02 17:43:18'),
(1933, 1143, 1, '2025-12-02 17:43:18'),
(1934, 1143, 3, '2025-12-02 17:43:18'),
(1935, 1143, 6, '2025-12-02 17:43:18'),
(1936, 1143, 11, '2025-12-02 17:43:18'),
(1937, 1143, 13, '2025-12-02 17:43:18'),
(1938, 1143, 15, '2025-12-02 17:43:18'),
(1939, 1143, 19, '2025-12-02 17:43:18'),
(1940, 1143, 21, '2025-12-02 17:43:18'),
(1941, 1143, 23, '2025-12-02 17:43:18'),
(1942, 1143, 24, '2025-12-02 17:43:18'),
(1943, 1143, 28, '2025-12-02 17:43:18'),
(1944, 1143, 30, '2025-12-02 17:43:18'),
(1945, 1143, 33, '2025-12-02 17:43:18'),
(1946, 1143, 37, '2025-12-02 17:43:18'),
(1947, 1143, 41, '2025-12-02 17:43:18'),
(1948, 1143, 44, '2025-12-02 17:43:18'),
(1949, 1143, 47, '2025-12-02 17:43:18'),
(1950, 1143, 52, '2025-12-02 17:43:18'),
(1951, 1143, 54, '2025-12-02 17:43:18'),
(1952, 1143, 60, '2025-12-02 17:43:18'),
(1953, 1143, 62, '2025-12-02 17:43:18'),
(1954, 1143, 64, '2025-12-02 17:43:18'),
(1955, 1143, 67, '2025-12-02 17:43:18'),
(1956, 1143, 69, '2025-12-02 17:43:18'),
(1957, 1143, 74, '2025-12-02 17:43:18'),
(1958, 1143, 76, '2025-12-02 17:43:18'),
(1959, 1143, 81, '2025-12-02 17:43:18'),
(1960, 1143, 82, '2025-12-02 17:43:18'),
(1961, 1143, 85, '2025-12-02 17:43:18'),
(1962, 1144, 1, '2025-12-02 17:43:18'),
(1963, 1144, 3, '2025-12-02 17:43:18'),
(1964, 1144, 6, '2025-12-02 17:43:18'),
(1965, 1144, 11, '2025-12-02 17:43:18'),
(1966, 1144, 13, '2025-12-02 17:43:18'),
(1967, 1144, 15, '2025-12-02 17:43:18'),
(1968, 1144, 19, '2025-12-02 17:43:18'),
(1969, 1144, 21, '2025-12-02 17:43:18'),
(1970, 1144, 23, '2025-12-02 17:43:18'),
(1971, 1144, 24, '2025-12-02 17:43:18'),
(1972, 1144, 28, '2025-12-02 17:43:18'),
(1973, 1144, 30, '2025-12-02 17:43:18'),
(1974, 1144, 33, '2025-12-02 17:43:18'),
(1975, 1144, 37, '2025-12-02 17:43:18'),
(1976, 1144, 41, '2025-12-02 17:43:18'),
(1977, 1144, 44, '2025-12-02 17:43:18'),
(1978, 1144, 47, '2025-12-02 17:43:18'),
(1979, 1144, 52, '2025-12-02 17:43:18'),
(1980, 1144, 54, '2025-12-02 17:43:18'),
(1981, 1144, 60, '2025-12-02 17:43:18'),
(1982, 1144, 62, '2025-12-02 17:43:18'),
(1983, 1144, 64, '2025-12-02 17:43:18'),
(1984, 1144, 67, '2025-12-02 17:43:18'),
(1985, 1144, 69, '2025-12-02 17:43:18'),
(1986, 1144, 74, '2025-12-02 17:43:18'),
(1987, 1144, 76, '2025-12-02 17:43:18'),
(1988, 1144, 81, '2025-12-02 17:43:18'),
(1989, 1144, 82, '2025-12-02 17:43:18'),
(1990, 1144, 85, '2025-12-02 17:43:18'),
(1991, 1145, 1, '2025-12-02 17:43:18'),
(1992, 1145, 3, '2025-12-02 17:43:18'),
(1993, 1145, 6, '2025-12-02 17:43:18'),
(1994, 1145, 11, '2025-12-02 17:43:18'),
(1995, 1145, 13, '2025-12-02 17:43:18'),
(1996, 1145, 15, '2025-12-02 17:43:18'),
(1997, 1145, 19, '2025-12-02 17:43:18'),
(1998, 1145, 21, '2025-12-02 17:43:18'),
(1999, 1145, 23, '2025-12-02 17:43:18'),
(2000, 1145, 24, '2025-12-02 17:43:18'),
(2001, 1145, 28, '2025-12-02 17:43:18'),
(2002, 1145, 30, '2025-12-02 17:43:18'),
(2003, 1145, 33, '2025-12-02 17:43:18'),
(2004, 1145, 37, '2025-12-02 17:43:18'),
(2005, 1145, 41, '2025-12-02 17:43:18'),
(2006, 1145, 44, '2025-12-02 17:43:18'),
(2007, 1145, 47, '2025-12-02 17:43:18'),
(2008, 1145, 52, '2025-12-02 17:43:18'),
(2009, 1145, 54, '2025-12-02 17:43:18'),
(2010, 1145, 60, '2025-12-02 17:43:18'),
(2011, 1145, 62, '2025-12-02 17:43:18'),
(2012, 1145, 64, '2025-12-02 17:43:18'),
(2013, 1145, 67, '2025-12-02 17:43:18'),
(2014, 1145, 69, '2025-12-02 17:43:18'),
(2015, 1145, 74, '2025-12-02 17:43:18'),
(2016, 1145, 76, '2025-12-02 17:43:18'),
(2017, 1145, 81, '2025-12-02 17:43:18'),
(2018, 1145, 82, '2025-12-02 17:43:18'),
(2019, 1145, 85, '2025-12-02 17:43:18'),
(2020, 1146, 1, '2025-12-02 17:43:18'),
(2021, 1146, 3, '2025-12-02 17:43:18'),
(2022, 1146, 6, '2025-12-02 17:43:18'),
(2023, 1146, 11, '2025-12-02 17:43:18'),
(2024, 1146, 13, '2025-12-02 17:43:18'),
(2025, 1146, 15, '2025-12-02 17:43:18'),
(2026, 1146, 19, '2025-12-02 17:43:18'),
(2027, 1146, 21, '2025-12-02 17:43:18'),
(2028, 1146, 23, '2025-12-02 17:43:18'),
(2029, 1146, 24, '2025-12-02 17:43:18'),
(2030, 1146, 28, '2025-12-02 17:43:18'),
(2031, 1146, 30, '2025-12-02 17:43:18'),
(2032, 1146, 33, '2025-12-02 17:43:18'),
(2033, 1146, 37, '2025-12-02 17:43:18'),
(2034, 1146, 41, '2025-12-02 17:43:18'),
(2035, 1146, 44, '2025-12-02 17:43:18'),
(2036, 1146, 47, '2025-12-02 17:43:18'),
(2037, 1146, 52, '2025-12-02 17:43:18'),
(2038, 1146, 54, '2025-12-02 17:43:18'),
(2039, 1146, 60, '2025-12-02 17:43:18'),
(2040, 1146, 62, '2025-12-02 17:43:18'),
(2041, 1146, 64, '2025-12-02 17:43:18'),
(2042, 1146, 67, '2025-12-02 17:43:18'),
(2043, 1146, 69, '2025-12-02 17:43:18'),
(2044, 1146, 74, '2025-12-02 17:43:18'),
(2045, 1146, 76, '2025-12-02 17:43:18'),
(2046, 1146, 81, '2025-12-02 17:43:18'),
(2047, 1146, 82, '2025-12-02 17:43:18'),
(2048, 1146, 85, '2025-12-02 17:43:18'),
(2049, 1147, 1, '2025-12-02 17:43:18'),
(2050, 1147, 3, '2025-12-02 17:43:18'),
(2051, 1147, 6, '2025-12-02 17:43:18'),
(2052, 1147, 11, '2025-12-02 17:43:18'),
(2053, 1147, 13, '2025-12-02 17:43:18'),
(2054, 1147, 15, '2025-12-02 17:43:18'),
(2055, 1147, 19, '2025-12-02 17:43:18'),
(2056, 1147, 21, '2025-12-02 17:43:18'),
(2057, 1147, 23, '2025-12-02 17:43:18'),
(2058, 1147, 24, '2025-12-02 17:43:18'),
(2059, 1147, 28, '2025-12-02 17:43:18'),
(2060, 1147, 30, '2025-12-02 17:43:18'),
(2061, 1147, 33, '2025-12-02 17:43:18'),
(2062, 1147, 37, '2025-12-02 17:43:18'),
(2063, 1147, 41, '2025-12-02 17:43:18'),
(2064, 1147, 44, '2025-12-02 17:43:18'),
(2065, 1147, 47, '2025-12-02 17:43:18'),
(2066, 1147, 52, '2025-12-02 17:43:18'),
(2067, 1147, 54, '2025-12-02 17:43:18'),
(2068, 1147, 60, '2025-12-02 17:43:18'),
(2069, 1147, 62, '2025-12-02 17:43:18'),
(2070, 1147, 64, '2025-12-02 17:43:18'),
(2071, 1147, 67, '2025-12-02 17:43:18'),
(2072, 1147, 69, '2025-12-02 17:43:18'),
(2073, 1147, 74, '2025-12-02 17:43:18'),
(2074, 1147, 76, '2025-12-02 17:43:18'),
(2075, 1147, 81, '2025-12-02 17:43:18'),
(2076, 1147, 82, '2025-12-02 17:43:18'),
(2077, 1147, 85, '2025-12-02 17:43:18'),
(2078, 1148, 1, '2025-12-02 17:43:18'),
(2079, 1148, 3, '2025-12-02 17:43:18'),
(2080, 1148, 6, '2025-12-02 17:43:18'),
(2081, 1148, 11, '2025-12-02 17:43:18'),
(2082, 1148, 13, '2025-12-02 17:43:18'),
(2083, 1148, 15, '2025-12-02 17:43:18'),
(2084, 1148, 19, '2025-12-02 17:43:18'),
(2085, 1148, 21, '2025-12-02 17:43:18'),
(2086, 1148, 23, '2025-12-02 17:43:18'),
(2087, 1148, 24, '2025-12-02 17:43:18'),
(2088, 1148, 28, '2025-12-02 17:43:18'),
(2089, 1148, 30, '2025-12-02 17:43:18'),
(2090, 1148, 33, '2025-12-02 17:43:18'),
(2091, 1148, 37, '2025-12-02 17:43:18'),
(2092, 1148, 41, '2025-12-02 17:43:18'),
(2093, 1148, 44, '2025-12-02 17:43:18'),
(2094, 1148, 47, '2025-12-02 17:43:18'),
(2095, 1148, 52, '2025-12-02 17:43:18'),
(2096, 1148, 54, '2025-12-02 17:43:18'),
(2097, 1148, 60, '2025-12-02 17:43:18'),
(2098, 1148, 62, '2025-12-02 17:43:18'),
(2099, 1148, 64, '2025-12-02 17:43:18'),
(2100, 1148, 67, '2025-12-02 17:43:18'),
(2101, 1148, 69, '2025-12-02 17:43:18'),
(2102, 1148, 74, '2025-12-02 17:43:18'),
(2103, 1148, 76, '2025-12-02 17:43:18'),
(2104, 1148, 81, '2025-12-02 17:43:18'),
(2105, 1148, 82, '2025-12-02 17:43:18'),
(2106, 1148, 85, '2025-12-02 17:43:18'),
(2107, 1149, 1, '2025-12-02 17:43:18'),
(2108, 1149, 3, '2025-12-02 17:43:18'),
(2109, 1149, 5, '2025-12-02 17:43:18'),
(2110, 1149, 9, '2025-12-02 17:43:18'),
(2111, 1149, 13, '2025-12-02 17:43:18'),
(2112, 1149, 15, '2025-12-02 17:43:18'),
(2113, 1149, 18, '2025-12-02 17:43:18'),
(2114, 1149, 21, '2025-12-02 17:43:18'),
(2115, 1149, 23, '2025-12-02 17:43:18'),
(2116, 1149, 24, '2025-12-02 17:43:18'),
(2117, 1149, 26, '2025-12-02 17:43:18'),
(2118, 1149, 29, '2025-12-02 17:43:18'),
(2119, 1149, 32, '2025-12-02 17:43:18'),
(2120, 1149, 35, '2025-12-02 17:43:18'),
(2121, 1149, 39, '2025-12-02 17:43:18'),
(2122, 1149, 42, '2025-12-02 17:43:18'),
(2123, 1149, 45, '2025-12-02 17:43:18'),
(2124, 1149, 50, '2025-12-02 17:43:18'),
(2125, 1149, 54, '2025-12-02 17:43:18'),
(2126, 1149, 57, '2025-12-02 17:43:18'),
(2127, 1149, 61, '2025-12-02 17:43:18'),
(2128, 1149, 64, '2025-12-02 17:43:18'),
(2129, 1149, 67, '2025-12-02 17:43:18'),
(2130, 1149, 69, '2025-12-02 17:43:18'),
(2131, 1149, 72, '2025-12-02 17:43:18'),
(2132, 1149, 76, '2025-12-02 17:43:18'),
(2133, 1149, 79, '2025-12-02 17:43:18'),
(2134, 1149, 82, '2025-12-02 17:43:18'),
(2135, 1149, 84, '2025-12-02 17:43:18'),
(2136, 1150, 1, '2025-12-02 17:43:18'),
(2137, 1150, 3, '2025-12-02 17:43:18'),
(2138, 1150, 5, '2025-12-02 17:43:18'),
(2139, 1150, 9, '2025-12-02 17:43:18'),
(2140, 1150, 13, '2025-12-02 17:43:18'),
(2141, 1150, 15, '2025-12-02 17:43:18'),
(2142, 1150, 18, '2025-12-02 17:43:18'),
(2143, 1150, 21, '2025-12-02 17:43:18'),
(2144, 1150, 23, '2025-12-02 17:43:18'),
(2145, 1150, 24, '2025-12-02 17:43:18'),
(2146, 1150, 26, '2025-12-02 17:43:18'),
(2147, 1150, 29, '2025-12-02 17:43:18'),
(2148, 1150, 32, '2025-12-02 17:43:18'),
(2149, 1150, 35, '2025-12-02 17:43:18'),
(2150, 1150, 39, '2025-12-02 17:43:18'),
(2151, 1150, 42, '2025-12-02 17:43:18'),
(2152, 1150, 45, '2025-12-02 17:43:18'),
(2153, 1150, 50, '2025-12-02 17:43:18'),
(2154, 1150, 54, '2025-12-02 17:43:18'),
(2155, 1150, 57, '2025-12-02 17:43:18'),
(2156, 1150, 61, '2025-12-02 17:43:18'),
(2157, 1150, 64, '2025-12-02 17:43:18'),
(2158, 1150, 67, '2025-12-02 17:43:18'),
(2159, 1150, 69, '2025-12-02 17:43:18'),
(2160, 1150, 72, '2025-12-02 17:43:18'),
(2161, 1150, 76, '2025-12-02 17:43:18'),
(2162, 1150, 79, '2025-12-02 17:43:18'),
(2163, 1150, 82, '2025-12-02 17:43:18'),
(2164, 1150, 84, '2025-12-02 17:43:18'),
(2165, 1101, 1, '2025-12-02 17:43:18'),
(2166, 1101, 3, '2025-12-02 17:43:18'),
(2167, 1101, 7, '2025-12-02 17:43:18'),
(2168, 1101, 12, '2025-12-02 17:43:18'),
(2169, 1101, 13, '2025-12-02 17:43:18'),
(2170, 1101, 15, '2025-12-02 17:43:18'),
(2171, 1101, 21, '2025-12-02 17:43:18'),
(2172, 1101, 23, '2025-12-02 17:43:18'),
(2173, 1101, 24, '2025-12-02 17:43:18'),
(2174, 1101, 31, '2025-12-02 17:43:18'),
(2175, 1101, 34, '2025-12-02 17:43:18'),
(2176, 1101, 38, '2025-12-02 17:43:18'),
(2177, 1101, 48, '2025-12-02 17:43:18'),
(2178, 1101, 53, '2025-12-02 17:43:18'),
(2179, 1101, 54, '2025-12-02 17:43:18'),
(2180, 1101, 63, '2025-12-02 17:43:18'),
(2181, 1101, 64, '2025-12-02 17:43:18'),
(2182, 1101, 67, '2025-12-02 17:43:18'),
(2183, 1101, 69, '2025-12-02 17:43:18'),
(2184, 1101, 75, '2025-12-02 17:43:18'),
(2185, 1101, 76, '2025-12-02 17:43:18'),
(2186, 1101, 82, '2025-12-02 17:43:18'),
(2187, 1102, 1, '2025-12-02 17:43:18'),
(2188, 1102, 3, '2025-12-02 17:43:18'),
(2189, 1102, 7, '2025-12-02 17:43:18'),
(2190, 1102, 12, '2025-12-02 17:43:18'),
(2191, 1102, 13, '2025-12-02 17:43:18'),
(2192, 1102, 15, '2025-12-02 17:43:18'),
(2193, 1102, 21, '2025-12-02 17:43:18'),
(2194, 1102, 23, '2025-12-02 17:43:18'),
(2195, 1102, 24, '2025-12-02 17:43:18'),
(2196, 1102, 31, '2025-12-02 17:43:18'),
(2197, 1102, 34, '2025-12-02 17:43:18'),
(2198, 1102, 38, '2025-12-02 17:43:18'),
(2199, 1102, 48, '2025-12-02 17:43:18'),
(2200, 1102, 53, '2025-12-02 17:43:18'),
(2201, 1102, 54, '2025-12-02 17:43:18'),
(2202, 1102, 63, '2025-12-02 17:43:18'),
(2203, 1102, 64, '2025-12-02 17:43:18'),
(2204, 1102, 67, '2025-12-02 17:43:18'),
(2205, 1102, 69, '2025-12-02 17:43:18'),
(2206, 1102, 75, '2025-12-02 17:43:18'),
(2207, 1102, 76, '2025-12-02 17:43:18'),
(2208, 1102, 82, '2025-12-02 17:43:18'),
(2209, 1103, 1, '2025-12-02 17:43:18'),
(2210, 1103, 3, '2025-12-02 17:43:18'),
(2211, 1103, 7, '2025-12-02 17:43:18'),
(2212, 1103, 12, '2025-12-02 17:43:18'),
(2213, 1103, 13, '2025-12-02 17:43:18'),
(2214, 1103, 15, '2025-12-02 17:43:18'),
(2215, 1103, 21, '2025-12-02 17:43:18'),
(2216, 1103, 23, '2025-12-02 17:43:18'),
(2217, 1103, 24, '2025-12-02 17:43:18'),
(2218, 1103, 31, '2025-12-02 17:43:18'),
(2219, 1103, 34, '2025-12-02 17:43:18'),
(2220, 1103, 38, '2025-12-02 17:43:18'),
(2221, 1103, 48, '2025-12-02 17:43:18'),
(2222, 1103, 53, '2025-12-02 17:43:18'),
(2223, 1103, 54, '2025-12-02 17:43:18'),
(2224, 1103, 63, '2025-12-02 17:43:18'),
(2225, 1103, 64, '2025-12-02 17:43:18'),
(2226, 1103, 67, '2025-12-02 17:43:18'),
(2227, 1103, 69, '2025-12-02 17:43:18'),
(2228, 1103, 75, '2025-12-02 17:43:18'),
(2229, 1103, 76, '2025-12-02 17:43:18'),
(2230, 1103, 82, '2025-12-02 17:43:18'),
(2231, 1104, 1, '2025-12-02 17:43:18'),
(2232, 1104, 3, '2025-12-02 17:43:18'),
(2233, 1104, 7, '2025-12-02 17:43:18'),
(2234, 1104, 12, '2025-12-02 17:43:18'),
(2235, 1104, 13, '2025-12-02 17:43:18'),
(2236, 1104, 15, '2025-12-02 17:43:18'),
(2237, 1104, 21, '2025-12-02 17:43:18'),
(2238, 1104, 23, '2025-12-02 17:43:18'),
(2239, 1104, 24, '2025-12-02 17:43:18'),
(2240, 1104, 31, '2025-12-02 17:43:18'),
(2241, 1104, 34, '2025-12-02 17:43:18'),
(2242, 1104, 38, '2025-12-02 17:43:18'),
(2243, 1104, 48, '2025-12-02 17:43:18'),
(2244, 1104, 53, '2025-12-02 17:43:18'),
(2245, 1104, 54, '2025-12-02 17:43:18'),
(2246, 1104, 63, '2025-12-02 17:43:18'),
(2247, 1104, 64, '2025-12-02 17:43:18'),
(2248, 1104, 67, '2025-12-02 17:43:18'),
(2249, 1104, 69, '2025-12-02 17:43:18'),
(2250, 1104, 75, '2025-12-02 17:43:18'),
(2251, 1104, 76, '2025-12-02 17:43:18'),
(2252, 1104, 82, '2025-12-02 17:43:18'),
(2253, 1105, 1, '2025-12-02 17:43:18'),
(2254, 1105, 3, '2025-12-02 17:43:18'),
(2255, 1105, 7, '2025-12-02 17:43:18'),
(2256, 1105, 12, '2025-12-02 17:43:18'),
(2257, 1105, 13, '2025-12-02 17:43:18'),
(2258, 1105, 15, '2025-12-02 17:43:18'),
(2259, 1105, 21, '2025-12-02 17:43:18'),
(2260, 1105, 23, '2025-12-02 17:43:18'),
(2261, 1105, 24, '2025-12-02 17:43:18'),
(2262, 1105, 31, '2025-12-02 17:43:18'),
(2263, 1105, 34, '2025-12-02 17:43:18'),
(2264, 1105, 38, '2025-12-02 17:43:18'),
(2265, 1105, 48, '2025-12-02 17:43:18'),
(2266, 1105, 53, '2025-12-02 17:43:18'),
(2267, 1105, 54, '2025-12-02 17:43:18'),
(2268, 1105, 63, '2025-12-02 17:43:18'),
(2269, 1105, 64, '2025-12-02 17:43:18'),
(2270, 1105, 67, '2025-12-02 17:43:18'),
(2271, 1105, 69, '2025-12-02 17:43:18'),
(2272, 1105, 75, '2025-12-02 17:43:18'),
(2273, 1105, 76, '2025-12-02 17:43:18'),
(2274, 1105, 82, '2025-12-02 17:43:18'),
(2275, 1106, 1, '2025-12-02 17:43:18'),
(2276, 1106, 3, '2025-12-02 17:43:18'),
(2277, 1106, 7, '2025-12-02 17:43:18'),
(2278, 1106, 12, '2025-12-02 17:43:18'),
(2279, 1106, 13, '2025-12-02 17:43:18'),
(2280, 1106, 15, '2025-12-02 17:43:18'),
(2281, 1106, 21, '2025-12-02 17:43:18'),
(2282, 1106, 23, '2025-12-02 17:43:18'),
(2283, 1106, 24, '2025-12-02 17:43:18'),
(2284, 1106, 31, '2025-12-02 17:43:18'),
(2285, 1106, 34, '2025-12-02 17:43:18'),
(2286, 1106, 38, '2025-12-02 17:43:18'),
(2287, 1106, 48, '2025-12-02 17:43:18'),
(2288, 1106, 53, '2025-12-02 17:43:18'),
(2289, 1106, 54, '2025-12-02 17:43:18'),
(2290, 1106, 63, '2025-12-02 17:43:18'),
(2291, 1106, 64, '2025-12-02 17:43:18'),
(2292, 1106, 67, '2025-12-02 17:43:18'),
(2293, 1106, 69, '2025-12-02 17:43:18'),
(2294, 1106, 75, '2025-12-02 17:43:18'),
(2295, 1106, 76, '2025-12-02 17:43:18'),
(2296, 1106, 82, '2025-12-02 17:43:18'),
(2297, 1107, 1, '2025-12-02 17:43:18'),
(2298, 1107, 3, '2025-12-02 17:43:18'),
(2299, 1107, 7, '2025-12-02 17:43:18'),
(2300, 1107, 12, '2025-12-02 17:43:18'),
(2301, 1107, 13, '2025-12-02 17:43:18'),
(2302, 1107, 15, '2025-12-02 17:43:18'),
(2303, 1107, 21, '2025-12-02 17:43:18'),
(2304, 1107, 23, '2025-12-02 17:43:18'),
(2305, 1107, 24, '2025-12-02 17:43:18'),
(2306, 1107, 31, '2025-12-02 17:43:18'),
(2307, 1107, 34, '2025-12-02 17:43:18'),
(2308, 1107, 38, '2025-12-02 17:43:18'),
(2309, 1107, 48, '2025-12-02 17:43:18'),
(2310, 1107, 53, '2025-12-02 17:43:18'),
(2311, 1107, 54, '2025-12-02 17:43:18'),
(2312, 1107, 63, '2025-12-02 17:43:18'),
(2313, 1107, 64, '2025-12-02 17:43:18'),
(2314, 1107, 67, '2025-12-02 17:43:18'),
(2315, 1107, 69, '2025-12-02 17:43:18'),
(2316, 1107, 75, '2025-12-02 17:43:18'),
(2317, 1107, 76, '2025-12-02 17:43:18'),
(2318, 1107, 82, '2025-12-02 17:43:18'),
(2319, 1108, 1, '2025-12-02 17:43:18'),
(2320, 1108, 3, '2025-12-02 17:43:18'),
(2321, 1108, 7, '2025-12-02 17:43:18'),
(2322, 1108, 12, '2025-12-02 17:43:18'),
(2323, 1108, 13, '2025-12-02 17:43:18'),
(2324, 1108, 15, '2025-12-02 17:43:18'),
(2325, 1108, 21, '2025-12-02 17:43:18'),
(2326, 1108, 23, '2025-12-02 17:43:18'),
(2327, 1108, 24, '2025-12-02 17:43:18'),
(2328, 1108, 31, '2025-12-02 17:43:18'),
(2329, 1108, 34, '2025-12-02 17:43:18'),
(2330, 1108, 38, '2025-12-02 17:43:18'),
(2331, 1108, 48, '2025-12-02 17:43:18'),
(2332, 1108, 53, '2025-12-02 17:43:18'),
(2333, 1108, 54, '2025-12-02 17:43:18'),
(2334, 1108, 63, '2025-12-02 17:43:18'),
(2335, 1108, 64, '2025-12-02 17:43:18'),
(2336, 1108, 67, '2025-12-02 17:43:18'),
(2337, 1108, 69, '2025-12-02 17:43:18'),
(2338, 1108, 75, '2025-12-02 17:43:18'),
(2339, 1108, 76, '2025-12-02 17:43:18'),
(2340, 1108, 82, '2025-12-02 17:43:18'),
(2341, 1109, 1, '2025-12-02 17:43:18'),
(2342, 1109, 3, '2025-12-02 17:43:18'),
(2343, 1109, 7, '2025-12-02 17:43:18'),
(2344, 1109, 12, '2025-12-02 17:43:18'),
(2345, 1109, 13, '2025-12-02 17:43:18'),
(2346, 1109, 15, '2025-12-02 17:43:18'),
(2347, 1109, 21, '2025-12-02 17:43:18'),
(2348, 1109, 23, '2025-12-02 17:43:18'),
(2349, 1109, 24, '2025-12-02 17:43:18'),
(2350, 1109, 31, '2025-12-02 17:43:18'),
(2351, 1109, 34, '2025-12-02 17:43:18'),
(2352, 1109, 38, '2025-12-02 17:43:18'),
(2353, 1109, 48, '2025-12-02 17:43:18'),
(2354, 1109, 53, '2025-12-02 17:43:18'),
(2355, 1109, 54, '2025-12-02 17:43:18'),
(2356, 1109, 63, '2025-12-02 17:43:18'),
(2357, 1109, 64, '2025-12-02 17:43:18'),
(2358, 1109, 67, '2025-12-02 17:43:18'),
(2359, 1109, 69, '2025-12-02 17:43:18'),
(2360, 1109, 75, '2025-12-02 17:43:18'),
(2361, 1109, 76, '2025-12-02 17:43:18'),
(2362, 1109, 82, '2025-12-02 17:43:18'),
(2363, 1110, 1, '2025-12-02 17:43:18'),
(2364, 1110, 3, '2025-12-02 17:43:18'),
(2365, 1110, 7, '2025-12-02 17:43:18'),
(2366, 1110, 12, '2025-12-02 17:43:18'),
(2367, 1110, 13, '2025-12-02 17:43:18'),
(2368, 1110, 15, '2025-12-02 17:43:18'),
(2369, 1110, 21, '2025-12-02 17:43:18'),
(2370, 1110, 23, '2025-12-02 17:43:18'),
(2371, 1110, 24, '2025-12-02 17:43:18'),
(2372, 1110, 31, '2025-12-02 17:43:18'),
(2373, 1110, 34, '2025-12-02 17:43:18'),
(2374, 1110, 38, '2025-12-02 17:43:18'),
(2375, 1110, 48, '2025-12-02 17:43:18'),
(2376, 1110, 53, '2025-12-02 17:43:18'),
(2377, 1110, 54, '2025-12-02 17:43:18'),
(2378, 1110, 63, '2025-12-02 17:43:18'),
(2379, 1110, 64, '2025-12-02 17:43:18'),
(2380, 1110, 67, '2025-12-02 17:43:18'),
(2381, 1110, 69, '2025-12-02 17:43:18'),
(2382, 1110, 75, '2025-12-02 17:43:18'),
(2383, 1110, 76, '2025-12-02 17:43:18'),
(2384, 1110, 82, '2025-12-02 17:43:18'),
(2385, 1111, 1, '2025-12-02 17:43:18'),
(2386, 1111, 3, '2025-12-02 17:43:18'),
(2387, 1111, 6, '2025-12-02 17:43:18'),
(2388, 1111, 10, '2025-12-02 17:43:18'),
(2389, 1111, 13, '2025-12-02 17:43:18'),
(2390, 1111, 15, '2025-12-02 17:43:18'),
(2391, 1111, 19, '2025-12-02 17:43:18'),
(2392, 1111, 21, '2025-12-02 17:43:18'),
(2393, 1111, 23, '2025-12-02 17:43:18'),
(2394, 1111, 24, '2025-12-02 17:43:18'),
(2395, 1111, 27, '2025-12-02 17:43:18'),
(2396, 1111, 30, '2025-12-02 17:43:18'),
(2397, 1111, 33, '2025-12-02 17:43:18'),
(2398, 1111, 36, '2025-12-02 17:43:18'),
(2399, 1111, 40, '2025-12-02 17:43:18'),
(2400, 1111, 43, '2025-12-02 17:43:18'),
(2401, 1111, 46, '2025-12-02 17:43:18'),
(2402, 1111, 51, '2025-12-02 17:43:18'),
(2403, 1111, 54, '2025-12-02 17:43:18'),
(2404, 1111, 58, '2025-12-02 17:43:18'),
(2405, 1111, 62, '2025-12-02 17:43:18'),
(2406, 1111, 64, '2025-12-02 17:43:18'),
(2407, 1111, 67, '2025-12-02 17:43:18'),
(2408, 1111, 69, '2025-12-02 17:43:18'),
(2409, 1111, 73, '2025-12-02 17:43:18'),
(2410, 1111, 76, '2025-12-02 17:43:18'),
(2411, 1111, 80, '2025-12-02 17:43:18'),
(2412, 1111, 82, '2025-12-02 17:43:18'),
(2413, 1111, 85, '2025-12-02 17:43:18'),
(2414, 1112, 1, '2025-12-02 17:43:18'),
(2415, 1112, 3, '2025-12-02 17:43:18'),
(2416, 1112, 6, '2025-12-02 17:43:18'),
(2417, 1112, 10, '2025-12-02 17:43:18'),
(2418, 1112, 13, '2025-12-02 17:43:18'),
(2419, 1112, 15, '2025-12-02 17:43:18'),
(2420, 1112, 19, '2025-12-02 17:43:18'),
(2421, 1112, 21, '2025-12-02 17:43:18'),
(2422, 1112, 23, '2025-12-02 17:43:18'),
(2423, 1112, 24, '2025-12-02 17:43:18'),
(2424, 1112, 27, '2025-12-02 17:43:18'),
(2425, 1112, 30, '2025-12-02 17:43:18'),
(2426, 1112, 33, '2025-12-02 17:43:18'),
(2427, 1112, 36, '2025-12-02 17:43:18'),
(2428, 1112, 40, '2025-12-02 17:43:18'),
(2429, 1112, 43, '2025-12-02 17:43:18'),
(2430, 1112, 46, '2025-12-02 17:43:18'),
(2431, 1112, 51, '2025-12-02 17:43:18'),
(2432, 1112, 54, '2025-12-02 17:43:18'),
(2433, 1112, 58, '2025-12-02 17:43:18'),
(2434, 1112, 62, '2025-12-02 17:43:18'),
(2435, 1112, 64, '2025-12-02 17:43:18'),
(2436, 1112, 67, '2025-12-02 17:43:18'),
(2437, 1112, 69, '2025-12-02 17:43:18'),
(2438, 1112, 73, '2025-12-02 17:43:18'),
(2439, 1112, 76, '2025-12-02 17:43:18'),
(2440, 1112, 80, '2025-12-02 17:43:18'),
(2441, 1112, 82, '2025-12-02 17:43:18'),
(2442, 1112, 85, '2025-12-02 17:43:18'),
(2443, 1113, 1, '2025-12-02 17:43:18'),
(2444, 1113, 3, '2025-12-02 17:43:18'),
(2445, 1113, 8, '2025-12-02 17:43:18'),
(2446, 1113, 13, '2025-12-02 17:43:18'),
(2447, 1113, 15, '2025-12-02 17:43:18'),
(2448, 1113, 21, '2025-12-02 17:43:18'),
(2449, 1113, 23, '2025-12-02 17:43:18'),
(2450, 1113, 24, '2025-12-02 17:43:18'),
(2451, 1113, 49, '2025-12-02 17:43:18'),
(2452, 1113, 54, '2025-12-02 17:43:18'),
(2453, 1113, 64, '2025-12-02 17:43:18'),
(2454, 1113, 67, '2025-12-02 17:43:18'),
(2455, 1113, 69, '2025-12-02 17:43:18'),
(2456, 1113, 76, '2025-12-02 17:43:18'),
(2457, 1113, 82, '2025-12-02 17:43:18'),
(2458, 1114, 1, '2025-12-02 17:43:18'),
(2459, 1114, 3, '2025-12-02 17:43:18'),
(2460, 1114, 8, '2025-12-02 17:43:18'),
(2461, 1114, 13, '2025-12-02 17:43:18'),
(2462, 1114, 15, '2025-12-02 17:43:18'),
(2463, 1114, 21, '2025-12-02 17:43:18'),
(2464, 1114, 23, '2025-12-02 17:43:18'),
(2465, 1114, 24, '2025-12-02 17:43:18'),
(2466, 1114, 49, '2025-12-02 17:43:18'),
(2467, 1114, 54, '2025-12-02 17:43:18'),
(2468, 1114, 64, '2025-12-02 17:43:18'),
(2469, 1114, 67, '2025-12-02 17:43:18'),
(2470, 1114, 69, '2025-12-02 17:43:18'),
(2471, 1114, 76, '2025-12-02 17:43:18'),
(2472, 1114, 82, '2025-12-02 17:43:18'),
(2473, 1115, 1, '2025-12-02 17:43:18'),
(2474, 1115, 3, '2025-12-02 17:43:18'),
(2475, 1115, 8, '2025-12-02 17:43:18'),
(2476, 1115, 13, '2025-12-02 17:43:18'),
(2477, 1115, 15, '2025-12-02 17:43:18'),
(2478, 1115, 21, '2025-12-02 17:43:18'),
(2479, 1115, 23, '2025-12-02 17:43:18'),
(2480, 1115, 24, '2025-12-02 17:43:18'),
(2481, 1115, 49, '2025-12-02 17:43:18'),
(2482, 1115, 54, '2025-12-02 17:43:18'),
(2483, 1115, 64, '2025-12-02 17:43:18'),
(2484, 1115, 67, '2025-12-02 17:43:18'),
(2485, 1115, 69, '2025-12-02 17:43:18'),
(2486, 1115, 76, '2025-12-02 17:43:18'),
(2487, 1115, 82, '2025-12-02 17:43:18'),
(2488, 1116, 1, '2025-12-02 17:43:18'),
(2489, 1116, 3, '2025-12-02 17:43:18'),
(2490, 1116, 8, '2025-12-02 17:43:18'),
(2491, 1116, 13, '2025-12-02 17:43:18'),
(2492, 1116, 15, '2025-12-02 17:43:18'),
(2493, 1116, 21, '2025-12-02 17:43:18'),
(2494, 1116, 23, '2025-12-02 17:43:18'),
(2495, 1116, 24, '2025-12-02 17:43:18'),
(2496, 1116, 49, '2025-12-02 17:43:18'),
(2497, 1116, 54, '2025-12-02 17:43:18'),
(2498, 1116, 64, '2025-12-02 17:43:18'),
(2499, 1116, 67, '2025-12-02 17:43:18'),
(2500, 1116, 69, '2025-12-02 17:43:18'),
(2501, 1116, 76, '2025-12-02 17:43:18'),
(2502, 1116, 82, '2025-12-02 17:43:18'),
(2503, 1117, 1, '2025-12-02 17:43:18'),
(2504, 1117, 3, '2025-12-02 17:43:18'),
(2505, 1117, 8, '2025-12-02 17:43:18'),
(2506, 1117, 13, '2025-12-02 17:43:18'),
(2507, 1117, 15, '2025-12-02 17:43:18'),
(2508, 1117, 21, '2025-12-02 17:43:18'),
(2509, 1117, 23, '2025-12-02 17:43:18'),
(2510, 1117, 24, '2025-12-02 17:43:18'),
(2511, 1117, 49, '2025-12-02 17:43:18'),
(2512, 1117, 54, '2025-12-02 17:43:18'),
(2513, 1117, 64, '2025-12-02 17:43:18'),
(2514, 1117, 67, '2025-12-02 17:43:18'),
(2515, 1117, 69, '2025-12-02 17:43:18'),
(2516, 1117, 76, '2025-12-02 17:43:18'),
(2517, 1117, 82, '2025-12-02 17:43:18'),
(2518, 1118, 1, '2025-12-02 17:43:18'),
(2519, 1118, 3, '2025-12-02 17:43:18'),
(2520, 1118, 8, '2025-12-02 17:43:18'),
(2521, 1118, 13, '2025-12-02 17:43:18'),
(2522, 1118, 15, '2025-12-02 17:43:18'),
(2523, 1118, 21, '2025-12-02 17:43:18'),
(2524, 1118, 23, '2025-12-02 17:43:18'),
(2525, 1118, 24, '2025-12-02 17:43:18'),
(2526, 1118, 49, '2025-12-02 17:43:18'),
(2527, 1118, 54, '2025-12-02 17:43:18'),
(2528, 1118, 64, '2025-12-02 17:43:18'),
(2529, 1118, 67, '2025-12-02 17:43:18'),
(2530, 1118, 69, '2025-12-02 17:43:18'),
(2531, 1118, 76, '2025-12-02 17:43:18'),
(2532, 1118, 82, '2025-12-02 17:43:18'),
(2533, 1119, 1, '2025-12-02 17:43:18'),
(2534, 1119, 3, '2025-12-02 17:43:18'),
(2535, 1119, 8, '2025-12-02 17:43:18'),
(2536, 1119, 13, '2025-12-02 17:43:18'),
(2537, 1119, 15, '2025-12-02 17:43:18'),
(2538, 1119, 21, '2025-12-02 17:43:18'),
(2539, 1119, 23, '2025-12-02 17:43:18'),
(2540, 1119, 24, '2025-12-02 17:43:18'),
(2541, 1119, 49, '2025-12-02 17:43:18'),
(2542, 1119, 54, '2025-12-02 17:43:18'),
(2543, 1119, 64, '2025-12-02 17:43:18'),
(2544, 1119, 67, '2025-12-02 17:43:18'),
(2545, 1119, 69, '2025-12-02 17:43:18'),
(2546, 1119, 76, '2025-12-02 17:43:18'),
(2547, 1119, 82, '2025-12-02 17:43:18'),
(2548, 1120, 1, '2025-12-02 17:43:18'),
(2549, 1120, 3, '2025-12-02 17:43:18'),
(2550, 1120, 8, '2025-12-02 17:43:18'),
(2551, 1120, 13, '2025-12-02 17:43:18'),
(2552, 1120, 15, '2025-12-02 17:43:18'),
(2553, 1120, 21, '2025-12-02 17:43:18'),
(2554, 1120, 23, '2025-12-02 17:43:18'),
(2555, 1120, 24, '2025-12-02 17:43:18'),
(2556, 1120, 49, '2025-12-02 17:43:18'),
(2557, 1120, 54, '2025-12-02 17:43:18'),
(2558, 1120, 64, '2025-12-02 17:43:18'),
(2559, 1120, 67, '2025-12-02 17:43:18'),
(2560, 1120, 69, '2025-12-02 17:43:18'),
(2561, 1120, 76, '2025-12-02 17:43:18'),
(2562, 1120, 82, '2025-12-02 17:43:18'),
(2563, 1121, 1, '2025-12-02 17:43:18'),
(2564, 1121, 3, '2025-12-02 17:43:18'),
(2565, 1121, 8, '2025-12-02 17:43:18'),
(2566, 1121, 13, '2025-12-02 17:43:18'),
(2567, 1121, 15, '2025-12-02 17:43:18'),
(2568, 1121, 21, '2025-12-02 17:43:18'),
(2569, 1121, 23, '2025-12-02 17:43:18'),
(2570, 1121, 24, '2025-12-02 17:43:18'),
(2571, 1121, 49, '2025-12-02 17:43:18'),
(2572, 1121, 54, '2025-12-02 17:43:18'),
(2573, 1121, 64, '2025-12-02 17:43:18'),
(2574, 1121, 67, '2025-12-02 17:43:18'),
(2575, 1121, 69, '2025-12-02 17:43:18'),
(2576, 1121, 76, '2025-12-02 17:43:18'),
(2577, 1121, 82, '2025-12-02 17:43:18'),
(2578, 1122, 1, '2025-12-02 17:43:18'),
(2579, 1122, 3, '2025-12-02 17:43:18'),
(2580, 1122, 8, '2025-12-02 17:43:18'),
(2581, 1122, 13, '2025-12-02 17:43:18'),
(2582, 1122, 15, '2025-12-02 17:43:18'),
(2583, 1122, 21, '2025-12-02 17:43:18'),
(2584, 1122, 23, '2025-12-02 17:43:18'),
(2585, 1122, 24, '2025-12-02 17:43:18'),
(2586, 1122, 49, '2025-12-02 17:43:18'),
(2587, 1122, 54, '2025-12-02 17:43:18'),
(2588, 1122, 64, '2025-12-02 17:43:18'),
(2589, 1122, 67, '2025-12-02 17:43:18'),
(2590, 1122, 69, '2025-12-02 17:43:18'),
(2591, 1122, 76, '2025-12-02 17:43:18'),
(2592, 1122, 82, '2025-12-02 17:43:18'),
(2593, 1123, 1, '2025-12-02 17:43:18'),
(2594, 1123, 3, '2025-12-02 17:43:18'),
(2595, 1123, 7, '2025-12-02 17:43:18'),
(2596, 1123, 11, '2025-12-02 17:43:18'),
(2597, 1123, 13, '2025-12-02 17:43:18'),
(2598, 1123, 15, '2025-12-02 17:43:18'),
(2599, 1123, 21, '2025-12-02 17:43:18'),
(2600, 1123, 23, '2025-12-02 17:43:18'),
(2601, 1123, 24, '2025-12-02 17:43:18'),
(2602, 1123, 28, '2025-12-02 17:43:18'),
(2603, 1123, 31, '2025-12-02 17:43:18'),
(2604, 1123, 34, '2025-12-02 17:43:18'),
(2605, 1123, 37, '2025-12-02 17:43:18'),
(2606, 1123, 41, '2025-12-02 17:43:18'),
(2607, 1123, 44, '2025-12-02 17:43:18'),
(2608, 1123, 47, '2025-12-02 17:43:18');
INSERT INTO `products_tax_rates_allocation` (`products_tax_rates_allocation_id`, `products_id`, `tax_rates_id`, `date_added`) VALUES
(2609, 1123, 52, '2025-12-02 17:43:18'),
(2610, 1123, 54, '2025-12-02 17:43:18'),
(2611, 1123, 59, '2025-12-02 17:43:18'),
(2612, 1123, 63, '2025-12-02 17:43:18'),
(2613, 1123, 64, '2025-12-02 17:43:18'),
(2614, 1123, 67, '2025-12-02 17:43:18'),
(2615, 1123, 69, '2025-12-02 17:43:18'),
(2616, 1123, 74, '2025-12-02 17:43:18'),
(2617, 1123, 76, '2025-12-02 17:43:18'),
(2618, 1123, 81, '2025-12-02 17:43:18'),
(2619, 1123, 82, '2025-12-02 17:43:18'),
(2620, 1124, 1, '2025-12-02 17:43:18'),
(2621, 1124, 3, '2025-12-02 17:43:18'),
(2622, 1124, 7, '2025-12-02 17:43:18'),
(2623, 1124, 11, '2025-12-02 17:43:18'),
(2624, 1124, 13, '2025-12-02 17:43:18'),
(2625, 1124, 15, '2025-12-02 17:43:18'),
(2626, 1124, 21, '2025-12-02 17:43:18'),
(2627, 1124, 23, '2025-12-02 17:43:18'),
(2628, 1124, 24, '2025-12-02 17:43:18'),
(2629, 1124, 28, '2025-12-02 17:43:18'),
(2630, 1124, 31, '2025-12-02 17:43:18'),
(2631, 1124, 34, '2025-12-02 17:43:18'),
(2632, 1124, 37, '2025-12-02 17:43:18'),
(2633, 1124, 41, '2025-12-02 17:43:18'),
(2634, 1124, 44, '2025-12-02 17:43:18'),
(2635, 1124, 47, '2025-12-02 17:43:18'),
(2636, 1124, 52, '2025-12-02 17:43:18'),
(2637, 1124, 54, '2025-12-02 17:43:18'),
(2638, 1124, 59, '2025-12-02 17:43:18'),
(2639, 1124, 63, '2025-12-02 17:43:18'),
(2640, 1124, 64, '2025-12-02 17:43:18'),
(2641, 1124, 67, '2025-12-02 17:43:18'),
(2642, 1124, 69, '2025-12-02 17:43:18'),
(2643, 1124, 74, '2025-12-02 17:43:18'),
(2644, 1124, 76, '2025-12-02 17:43:18'),
(2645, 1124, 81, '2025-12-02 17:43:18'),
(2646, 1124, 82, '2025-12-02 17:43:18'),
(2647, 1125, 1, '2025-12-02 17:43:18'),
(2648, 1125, 3, '2025-12-02 17:43:18'),
(2649, 1125, 13, '2025-12-02 17:43:18'),
(2650, 1125, 15, '2025-12-02 17:43:18'),
(2651, 1125, 21, '2025-12-02 17:43:18'),
(2652, 1125, 23, '2025-12-02 17:43:18'),
(2653, 1125, 24, '2025-12-02 17:43:18'),
(2654, 1125, 54, '2025-12-02 17:43:18'),
(2655, 1125, 64, '2025-12-02 17:43:18'),
(2656, 1125, 67, '2025-12-02 17:43:18'),
(2657, 1125, 69, '2025-12-02 17:43:18'),
(2658, 1125, 76, '2025-12-02 17:43:18'),
(2659, 1125, 82, '2025-12-02 17:43:18'),
(2660, 1126, 1, '2025-12-02 17:43:18'),
(2661, 1126, 3, '2025-12-02 17:43:18'),
(2662, 1126, 13, '2025-12-02 17:43:18'),
(2663, 1126, 15, '2025-12-02 17:43:18'),
(2664, 1126, 21, '2025-12-02 17:43:18'),
(2665, 1126, 23, '2025-12-02 17:43:18'),
(2666, 1126, 24, '2025-12-02 17:43:18'),
(2667, 1126, 54, '2025-12-02 17:43:18'),
(2668, 1126, 64, '2025-12-02 17:43:18'),
(2669, 1126, 67, '2025-12-02 17:43:18'),
(2670, 1126, 69, '2025-12-02 17:43:18'),
(2671, 1126, 76, '2025-12-02 17:43:18'),
(2672, 1126, 82, '2025-12-02 17:43:18'),
(2673, 1127, 1, '2025-12-02 17:43:18'),
(2674, 1127, 3, '2025-12-02 17:43:18'),
(2675, 1127, 13, '2025-12-02 17:43:18'),
(2676, 1127, 15, '2025-12-02 17:43:18'),
(2677, 1127, 21, '2025-12-02 17:43:18'),
(2678, 1127, 23, '2025-12-02 17:43:18'),
(2679, 1127, 24, '2025-12-02 17:43:18'),
(2680, 1127, 54, '2025-12-02 17:43:18'),
(2681, 1127, 64, '2025-12-02 17:43:18'),
(2682, 1127, 67, '2025-12-02 17:43:18'),
(2683, 1127, 69, '2025-12-02 17:43:18'),
(2684, 1127, 76, '2025-12-02 17:43:18'),
(2685, 1127, 82, '2025-12-02 17:43:18'),
(2686, 1128, 1, '2025-12-02 17:43:18'),
(2687, 1128, 3, '2025-12-02 17:43:18'),
(2688, 1128, 13, '2025-12-02 17:43:18'),
(2689, 1128, 15, '2025-12-02 17:43:18'),
(2690, 1128, 21, '2025-12-02 17:43:19'),
(2691, 1128, 23, '2025-12-02 17:43:19'),
(2692, 1128, 24, '2025-12-02 17:43:19'),
(2693, 1128, 54, '2025-12-02 17:43:19'),
(2694, 1128, 64, '2025-12-02 17:43:19'),
(2695, 1128, 67, '2025-12-02 17:43:19'),
(2696, 1128, 69, '2025-12-02 17:43:19'),
(2697, 1128, 76, '2025-12-02 17:43:19'),
(2698, 1128, 82, '2025-12-02 17:43:19'),
(2699, 1129, 1, '2025-12-02 17:43:19'),
(2700, 1129, 3, '2025-12-02 17:43:19'),
(2701, 1129, 13, '2025-12-02 17:43:19'),
(2702, 1129, 15, '2025-12-02 17:43:19'),
(2703, 1129, 21, '2025-12-02 17:43:19'),
(2704, 1129, 23, '2025-12-02 17:43:19'),
(2705, 1129, 24, '2025-12-02 17:43:19'),
(2706, 1129, 54, '2025-12-02 17:43:19'),
(2707, 1129, 64, '2025-12-02 17:43:19'),
(2708, 1129, 67, '2025-12-02 17:43:19'),
(2709, 1129, 69, '2025-12-02 17:43:19'),
(2710, 1129, 76, '2025-12-02 17:43:19'),
(2711, 1129, 82, '2025-12-02 17:43:19'),
(2712, 1130, 1, '2025-12-02 17:43:19'),
(2713, 1130, 3, '2025-12-02 17:43:19'),
(2714, 1130, 13, '2025-12-02 17:43:19'),
(2715, 1130, 15, '2025-12-02 17:43:19'),
(2716, 1130, 21, '2025-12-02 17:43:19'),
(2717, 1130, 23, '2025-12-02 17:43:19'),
(2718, 1130, 24, '2025-12-02 17:43:19'),
(2719, 1130, 54, '2025-12-02 17:43:19'),
(2720, 1130, 64, '2025-12-02 17:43:19'),
(2721, 1130, 67, '2025-12-02 17:43:19'),
(2722, 1130, 69, '2025-12-02 17:43:19'),
(2723, 1130, 76, '2025-12-02 17:43:19'),
(2724, 1130, 82, '2025-12-02 17:43:19'),
(2725, 1131, 1, '2025-12-02 17:43:19'),
(2726, 1131, 3, '2025-12-02 17:43:19'),
(2727, 1131, 13, '2025-12-02 17:43:19'),
(2728, 1131, 15, '2025-12-02 17:43:19'),
(2729, 1131, 21, '2025-12-02 17:43:19'),
(2730, 1131, 23, '2025-12-02 17:43:19'),
(2731, 1131, 24, '2025-12-02 17:43:19'),
(2732, 1131, 54, '2025-12-02 17:43:19'),
(2733, 1131, 64, '2025-12-02 17:43:19'),
(2734, 1131, 67, '2025-12-02 17:43:19'),
(2735, 1131, 69, '2025-12-02 17:43:19'),
(2736, 1131, 76, '2025-12-02 17:43:19'),
(2737, 1131, 82, '2025-12-02 17:43:19'),
(2738, 1132, 1, '2025-12-02 17:43:19'),
(2739, 1132, 3, '2025-12-02 17:43:19'),
(2740, 1132, 13, '2025-12-02 17:43:19'),
(2741, 1132, 15, '2025-12-02 17:43:19'),
(2742, 1132, 21, '2025-12-02 17:43:19'),
(2743, 1132, 23, '2025-12-02 17:43:19'),
(2744, 1132, 24, '2025-12-02 17:43:19'),
(2745, 1132, 54, '2025-12-02 17:43:19'),
(2746, 1132, 64, '2025-12-02 17:43:19'),
(2747, 1132, 67, '2025-12-02 17:43:19'),
(2748, 1132, 69, '2025-12-02 17:43:19'),
(2749, 1132, 76, '2025-12-02 17:43:19'),
(2750, 1132, 82, '2025-12-02 17:43:19'),
(2751, 1133, 1, '2025-12-02 17:43:19'),
(2752, 1133, 3, '2025-12-02 17:43:19'),
(2753, 1133, 13, '2025-12-02 17:43:19'),
(2754, 1133, 15, '2025-12-02 17:43:19'),
(2755, 1133, 21, '2025-12-02 17:43:19'),
(2756, 1133, 23, '2025-12-02 17:43:19'),
(2757, 1133, 24, '2025-12-02 17:43:19'),
(2758, 1133, 54, '2025-12-02 17:43:19'),
(2759, 1133, 64, '2025-12-02 17:43:19'),
(2760, 1133, 67, '2025-12-02 17:43:19'),
(2761, 1133, 69, '2025-12-02 17:43:19'),
(2762, 1133, 76, '2025-12-02 17:43:19'),
(2763, 1133, 82, '2025-12-02 17:43:19'),
(2764, 1134, 1, '2025-12-02 17:43:19'),
(2765, 1134, 3, '2025-12-02 17:43:19'),
(2766, 1134, 13, '2025-12-02 17:43:19'),
(2767, 1134, 15, '2025-12-02 17:43:19'),
(2768, 1134, 21, '2025-12-02 17:43:19'),
(2769, 1134, 23, '2025-12-02 17:43:19'),
(2770, 1134, 24, '2025-12-02 17:43:19'),
(2771, 1134, 54, '2025-12-02 17:43:19'),
(2772, 1134, 64, '2025-12-02 17:43:19'),
(2773, 1134, 67, '2025-12-02 17:43:19'),
(2774, 1134, 69, '2025-12-02 17:43:19'),
(2775, 1134, 76, '2025-12-02 17:43:19'),
(2776, 1134, 82, '2025-12-02 17:43:19'),
(2777, 1135, 1, '2025-12-02 17:43:19'),
(2778, 1135, 3, '2025-12-02 17:43:19'),
(2779, 1135, 8, '2025-12-02 17:43:19'),
(2780, 1135, 12, '2025-12-02 17:43:19'),
(2781, 1135, 13, '2025-12-02 17:43:19'),
(2782, 1135, 15, '2025-12-02 17:43:19'),
(2783, 1135, 21, '2025-12-02 17:43:19'),
(2784, 1135, 23, '2025-12-02 17:43:19'),
(2785, 1135, 24, '2025-12-02 17:43:19'),
(2786, 1135, 38, '2025-12-02 17:43:19'),
(2787, 1135, 48, '2025-12-02 17:43:19'),
(2788, 1135, 53, '2025-12-02 17:43:19'),
(2789, 1135, 54, '2025-12-02 17:43:19'),
(2790, 1135, 60, '2025-12-02 17:43:19'),
(2791, 1135, 64, '2025-12-02 17:43:19'),
(2792, 1135, 67, '2025-12-02 17:43:19'),
(2793, 1135, 69, '2025-12-02 17:43:19'),
(2794, 1135, 75, '2025-12-02 17:43:19'),
(2795, 1135, 76, '2025-12-02 17:43:19'),
(2796, 1135, 82, '2025-12-02 17:43:19'),
(2797, 1136, 1, '2025-12-02 17:43:19'),
(2798, 1136, 3, '2025-12-02 17:43:19'),
(2799, 1136, 8, '2025-12-02 17:43:19'),
(2800, 1136, 12, '2025-12-02 17:43:19'),
(2801, 1136, 13, '2025-12-02 17:43:19'),
(2802, 1136, 15, '2025-12-02 17:43:19'),
(2803, 1136, 21, '2025-12-02 17:43:19'),
(2804, 1136, 23, '2025-12-02 17:43:19'),
(2805, 1136, 24, '2025-12-02 17:43:19'),
(2806, 1136, 38, '2025-12-02 17:43:19'),
(2807, 1136, 48, '2025-12-02 17:43:19'),
(2808, 1136, 53, '2025-12-02 17:43:19'),
(2809, 1136, 54, '2025-12-02 17:43:19'),
(2810, 1136, 60, '2025-12-02 17:43:19'),
(2811, 1136, 64, '2025-12-02 17:43:19'),
(2812, 1136, 67, '2025-12-02 17:43:19'),
(2813, 1136, 69, '2025-12-02 17:43:19'),
(2814, 1136, 75, '2025-12-02 17:43:19'),
(2815, 1136, 76, '2025-12-02 17:43:19'),
(2816, 1136, 82, '2025-12-02 17:43:19'),
(2817, 1137, 1, '2025-12-02 17:43:19'),
(2818, 1137, 3, '2025-12-02 17:43:19'),
(2819, 1137, 13, '2025-12-02 17:43:19'),
(2820, 1137, 15, '2025-12-02 17:43:19'),
(2821, 1137, 21, '2025-12-02 17:43:19'),
(2822, 1137, 23, '2025-12-02 17:43:19'),
(2823, 1137, 24, '2025-12-02 17:43:19'),
(2824, 1137, 54, '2025-12-02 17:43:19'),
(2825, 1137, 64, '2025-12-02 17:43:19'),
(2826, 1137, 67, '2025-12-02 17:43:19'),
(2827, 1137, 69, '2025-12-02 17:43:19'),
(2828, 1137, 76, '2025-12-02 17:43:19'),
(2829, 1137, 82, '2025-12-02 17:43:19'),
(2830, 1138, 1, '2025-12-02 17:43:19'),
(2831, 1138, 3, '2025-12-02 17:43:19'),
(2832, 1138, 13, '2025-12-02 17:43:19'),
(2833, 1138, 15, '2025-12-02 17:43:19'),
(2834, 1138, 21, '2025-12-02 17:43:19'),
(2835, 1138, 23, '2025-12-02 17:43:19'),
(2836, 1138, 24, '2025-12-02 17:43:19'),
(2837, 1138, 54, '2025-12-02 17:43:19'),
(2838, 1138, 64, '2025-12-02 17:43:19'),
(2839, 1138, 67, '2025-12-02 17:43:19'),
(2840, 1138, 69, '2025-12-02 17:43:19'),
(2841, 1138, 76, '2025-12-02 17:43:19'),
(2842, 1138, 82, '2025-12-02 17:43:19'),
(2843, 1078, 1, '2025-12-02 17:43:19'),
(2844, 1078, 3, '2025-12-02 17:43:19'),
(2845, 1078, 13, '2025-12-02 17:43:19'),
(2846, 1078, 15, '2025-12-02 17:43:19'),
(2847, 1078, 21, '2025-12-02 17:43:19'),
(2848, 1078, 23, '2025-12-02 17:43:19'),
(2849, 1078, 24, '2025-12-02 17:43:19'),
(2850, 1078, 54, '2025-12-02 17:43:19'),
(2851, 1078, 64, '2025-12-02 17:43:19'),
(2852, 1078, 67, '2025-12-02 17:43:19'),
(2853, 1078, 69, '2025-12-02 17:43:19'),
(2854, 1078, 76, '2025-12-02 17:43:19'),
(2855, 1078, 82, '2025-12-02 17:43:19'),
(2856, 1079, 1, '2025-12-02 17:43:19'),
(2857, 1079, 3, '2025-12-02 17:43:19'),
(2858, 1079, 13, '2025-12-02 17:43:19'),
(2859, 1079, 15, '2025-12-02 17:43:19'),
(2860, 1079, 21, '2025-12-02 17:43:19'),
(2861, 1079, 23, '2025-12-02 17:43:19'),
(2862, 1079, 24, '2025-12-02 17:43:19'),
(2863, 1079, 54, '2025-12-02 17:43:19'),
(2864, 1079, 64, '2025-12-02 17:43:19'),
(2865, 1079, 67, '2025-12-02 17:43:19'),
(2866, 1079, 69, '2025-12-02 17:43:19'),
(2867, 1079, 76, '2025-12-02 17:43:19'),
(2868, 1079, 82, '2025-12-02 17:43:19'),
(2869, 1080, 1, '2025-12-02 17:43:19'),
(2870, 1080, 3, '2025-12-02 17:43:19'),
(2871, 1080, 13, '2025-12-02 17:43:19'),
(2872, 1080, 15, '2025-12-02 17:43:19'),
(2873, 1080, 21, '2025-12-02 17:43:19'),
(2874, 1080, 23, '2025-12-02 17:43:19'),
(2875, 1080, 24, '2025-12-02 17:43:19'),
(2876, 1080, 54, '2025-12-02 17:43:19'),
(2877, 1080, 64, '2025-12-02 17:43:19'),
(2878, 1080, 67, '2025-12-02 17:43:19'),
(2879, 1080, 69, '2025-12-02 17:43:19'),
(2880, 1080, 76, '2025-12-02 17:43:19'),
(2881, 1080, 82, '2025-12-02 17:43:19'),
(2882, 1081, 1, '2025-12-02 17:43:19'),
(2883, 1081, 3, '2025-12-02 17:43:19'),
(2884, 1081, 13, '2025-12-02 17:43:19'),
(2885, 1081, 15, '2025-12-02 17:43:19'),
(2886, 1081, 21, '2025-12-02 17:43:19'),
(2887, 1081, 23, '2025-12-02 17:43:19'),
(2888, 1081, 24, '2025-12-02 17:43:19'),
(2889, 1081, 54, '2025-12-02 17:43:19'),
(2890, 1081, 64, '2025-12-02 17:43:19'),
(2891, 1081, 67, '2025-12-02 17:43:19'),
(2892, 1081, 69, '2025-12-02 17:43:19'),
(2893, 1081, 76, '2025-12-02 17:43:19'),
(2894, 1081, 82, '2025-12-02 17:43:19'),
(2895, 1082, 1, '2025-12-02 17:43:19'),
(2896, 1082, 3, '2025-12-02 17:43:19'),
(2897, 1082, 13, '2025-12-02 17:43:19'),
(2898, 1082, 15, '2025-12-02 17:43:19'),
(2899, 1082, 21, '2025-12-02 17:43:19'),
(2900, 1082, 23, '2025-12-02 17:43:19'),
(2901, 1082, 24, '2025-12-02 17:43:19'),
(2902, 1082, 54, '2025-12-02 17:43:19'),
(2903, 1082, 64, '2025-12-02 17:43:19'),
(2904, 1082, 67, '2025-12-02 17:43:19'),
(2905, 1082, 69, '2025-12-02 17:43:19'),
(2906, 1082, 76, '2025-12-02 17:43:19'),
(2907, 1082, 82, '2025-12-02 17:43:19'),
(2908, 1083, 1, '2025-12-02 17:43:19'),
(2909, 1083, 3, '2025-12-02 17:43:19'),
(2910, 1083, 13, '2025-12-02 17:43:19'),
(2911, 1083, 15, '2025-12-02 17:43:19'),
(2912, 1083, 21, '2025-12-02 17:43:19'),
(2913, 1083, 23, '2025-12-02 17:43:19'),
(2914, 1083, 24, '2025-12-02 17:43:19'),
(2915, 1083, 54, '2025-12-02 17:43:19'),
(2916, 1083, 64, '2025-12-02 17:43:19'),
(2917, 1083, 67, '2025-12-02 17:43:19'),
(2918, 1083, 69, '2025-12-02 17:43:19'),
(2919, 1083, 76, '2025-12-02 17:43:19'),
(2920, 1083, 82, '2025-12-02 17:43:19'),
(2921, 1084, 1, '2025-12-02 17:43:19'),
(2922, 1084, 3, '2025-12-02 17:43:19'),
(2923, 1084, 13, '2025-12-02 17:43:19'),
(2924, 1084, 15, '2025-12-02 17:43:19'),
(2925, 1084, 21, '2025-12-02 17:43:19'),
(2926, 1084, 23, '2025-12-02 17:43:19'),
(2927, 1084, 24, '2025-12-02 17:43:19'),
(2928, 1084, 54, '2025-12-02 17:43:19'),
(2929, 1084, 64, '2025-12-02 17:43:19'),
(2930, 1084, 67, '2025-12-02 17:43:19'),
(2931, 1084, 69, '2025-12-02 17:43:19'),
(2932, 1084, 76, '2025-12-02 17:43:19'),
(2933, 1084, 82, '2025-12-02 17:43:19'),
(2934, 1085, 1, '2025-12-02 17:43:19'),
(2935, 1085, 3, '2025-12-02 17:43:19'),
(2936, 1085, 13, '2025-12-02 17:43:19'),
(2937, 1085, 15, '2025-12-02 17:43:19'),
(2938, 1085, 21, '2025-12-02 17:43:19'),
(2939, 1085, 23, '2025-12-02 17:43:19'),
(2940, 1085, 24, '2025-12-02 17:43:19'),
(2941, 1085, 54, '2025-12-02 17:43:19'),
(2942, 1085, 64, '2025-12-02 17:43:19'),
(2943, 1085, 67, '2025-12-02 17:43:19'),
(2944, 1085, 69, '2025-12-02 17:43:19'),
(2945, 1085, 76, '2025-12-02 17:43:19'),
(2946, 1085, 82, '2025-12-02 17:43:19'),
(2947, 1086, 1, '2025-12-02 17:43:19'),
(2948, 1086, 3, '2025-12-02 17:43:19'),
(2949, 1086, 13, '2025-12-02 17:43:19'),
(2950, 1086, 15, '2025-12-02 17:43:19'),
(2951, 1086, 21, '2025-12-02 17:43:19'),
(2952, 1086, 23, '2025-12-02 17:43:19'),
(2953, 1086, 24, '2025-12-02 17:43:19'),
(2954, 1086, 49, '2025-12-02 17:43:19'),
(2955, 1086, 54, '2025-12-02 17:43:19'),
(2956, 1086, 64, '2025-12-02 17:43:19'),
(2957, 1086, 67, '2025-12-02 17:43:19'),
(2958, 1086, 69, '2025-12-02 17:43:19'),
(2959, 1086, 76, '2025-12-02 17:43:19'),
(2960, 1086, 82, '2025-12-02 17:43:19'),
(2961, 1087, 1, '2025-12-02 17:43:19'),
(2962, 1087, 3, '2025-12-02 17:43:19'),
(2963, 1087, 13, '2025-12-02 17:43:19'),
(2964, 1087, 15, '2025-12-02 17:43:19'),
(2965, 1087, 21, '2025-12-02 17:43:19'),
(2966, 1087, 23, '2025-12-02 17:43:19'),
(2967, 1087, 24, '2025-12-02 17:43:19'),
(2968, 1087, 49, '2025-12-02 17:43:19'),
(2969, 1087, 54, '2025-12-02 17:43:19'),
(2970, 1087, 64, '2025-12-02 17:43:19'),
(2971, 1087, 67, '2025-12-02 17:43:19'),
(2972, 1087, 69, '2025-12-02 17:43:19'),
(2973, 1087, 76, '2025-12-02 17:43:19'),
(2974, 1087, 82, '2025-12-02 17:43:19'),
(2975, 1088, 1, '2025-12-02 17:43:19'),
(2976, 1088, 3, '2025-12-02 17:43:19'),
(2977, 1088, 13, '2025-12-02 17:43:19'),
(2978, 1088, 15, '2025-12-02 17:43:19'),
(2979, 1088, 21, '2025-12-02 17:43:19'),
(2980, 1088, 23, '2025-12-02 17:43:19'),
(2981, 1088, 24, '2025-12-02 17:43:19'),
(2982, 1088, 54, '2025-12-02 17:43:19'),
(2983, 1088, 64, '2025-12-02 17:43:19'),
(2984, 1088, 67, '2025-12-02 17:43:19'),
(2985, 1088, 69, '2025-12-02 17:43:19'),
(2986, 1088, 76, '2025-12-02 17:43:19'),
(2987, 1088, 82, '2025-12-02 17:43:19'),
(2988, 1089, 1, '2025-12-02 17:43:19'),
(2989, 1089, 3, '2025-12-02 17:43:19'),
(2990, 1089, 13, '2025-12-02 17:43:19'),
(2991, 1089, 15, '2025-12-02 17:43:19'),
(2992, 1089, 21, '2025-12-02 17:43:19'),
(2993, 1089, 23, '2025-12-02 17:43:19'),
(2994, 1089, 24, '2025-12-02 17:43:19'),
(2995, 1089, 54, '2025-12-02 17:43:19'),
(2996, 1089, 64, '2025-12-02 17:43:19'),
(2997, 1089, 67, '2025-12-02 17:43:19'),
(2998, 1089, 69, '2025-12-02 17:43:19'),
(2999, 1089, 76, '2025-12-02 17:43:19'),
(3000, 1089, 82, '2025-12-02 17:43:19'),
(3001, 1090, 1, '2025-12-02 17:43:19'),
(3002, 1090, 3, '2025-12-02 17:43:19'),
(3003, 1090, 13, '2025-12-02 17:43:19'),
(3004, 1090, 15, '2025-12-02 17:43:19'),
(3005, 1090, 21, '2025-12-02 17:43:19'),
(3006, 1090, 23, '2025-12-02 17:43:19'),
(3007, 1090, 24, '2025-12-02 17:43:19'),
(3008, 1090, 54, '2025-12-02 17:43:19'),
(3009, 1090, 64, '2025-12-02 17:43:19'),
(3010, 1090, 67, '2025-12-02 17:43:19'),
(3011, 1090, 69, '2025-12-02 17:43:19'),
(3012, 1090, 76, '2025-12-02 17:43:19'),
(3013, 1090, 82, '2025-12-02 17:43:19'),
(3014, 1091, 1, '2025-12-02 17:43:19'),
(3015, 1091, 3, '2025-12-02 17:43:19'),
(3016, 1091, 13, '2025-12-02 17:43:19'),
(3017, 1091, 15, '2025-12-02 17:43:19'),
(3018, 1091, 21, '2025-12-02 17:43:19'),
(3019, 1091, 23, '2025-12-02 17:43:19'),
(3020, 1091, 24, '2025-12-02 17:43:19'),
(3021, 1091, 54, '2025-12-02 17:43:19'),
(3022, 1091, 64, '2025-12-02 17:43:19'),
(3023, 1091, 67, '2025-12-02 17:43:19'),
(3024, 1091, 69, '2025-12-02 17:43:19'),
(3025, 1091, 76, '2025-12-02 17:43:19'),
(3026, 1091, 82, '2025-12-02 17:43:19'),
(3027, 1092, 1, '2025-12-02 17:43:19'),
(3028, 1092, 3, '2025-12-02 17:43:19'),
(3029, 1092, 13, '2025-12-02 17:43:19'),
(3030, 1092, 15, '2025-12-02 17:43:19'),
(3031, 1092, 21, '2025-12-02 17:43:19'),
(3032, 1092, 23, '2025-12-02 17:43:19'),
(3033, 1092, 24, '2025-12-02 17:43:19'),
(3034, 1092, 54, '2025-12-02 17:43:19'),
(3035, 1092, 64, '2025-12-02 17:43:19'),
(3036, 1092, 67, '2025-12-02 17:43:19'),
(3037, 1092, 69, '2025-12-02 17:43:19'),
(3038, 1092, 76, '2025-12-02 17:43:19'),
(3039, 1092, 82, '2025-12-02 17:43:19'),
(3040, 1093, 1, '2025-12-02 17:43:19'),
(3041, 1093, 3, '2025-12-02 17:43:19'),
(3042, 1093, 13, '2025-12-02 17:43:19'),
(3043, 1093, 15, '2025-12-02 17:43:19'),
(3044, 1093, 21, '2025-12-02 17:43:19'),
(3045, 1093, 23, '2025-12-02 17:43:19'),
(3046, 1093, 24, '2025-12-02 17:43:19'),
(3047, 1093, 54, '2025-12-02 17:43:19'),
(3048, 1093, 64, '2025-12-02 17:43:19'),
(3049, 1093, 67, '2025-12-02 17:43:19'),
(3050, 1093, 69, '2025-12-02 17:43:19'),
(3051, 1093, 76, '2025-12-02 17:43:19'),
(3052, 1093, 82, '2025-12-02 17:43:19'),
(3053, 1094, 1, '2025-12-02 17:43:19'),
(3054, 1094, 3, '2025-12-02 17:43:19'),
(3055, 1094, 13, '2025-12-02 17:43:19'),
(3056, 1094, 15, '2025-12-02 17:43:19'),
(3057, 1094, 21, '2025-12-02 17:43:19'),
(3058, 1094, 23, '2025-12-02 17:43:19'),
(3059, 1094, 24, '2025-12-02 17:43:19'),
(3060, 1094, 54, '2025-12-02 17:43:19'),
(3061, 1094, 64, '2025-12-02 17:43:19'),
(3062, 1094, 67, '2025-12-02 17:43:19'),
(3063, 1094, 69, '2025-12-02 17:43:19'),
(3064, 1094, 76, '2025-12-02 17:43:19'),
(3065, 1094, 82, '2025-12-02 17:43:19'),
(3066, 1095, 1, '2025-12-02 17:43:19'),
(3067, 1095, 3, '2025-12-02 17:43:19'),
(3068, 1095, 13, '2025-12-02 17:43:19'),
(3069, 1095, 15, '2025-12-02 17:43:19'),
(3070, 1095, 21, '2025-12-02 17:43:19'),
(3071, 1095, 23, '2025-12-02 17:43:19'),
(3072, 1095, 24, '2025-12-02 17:43:19'),
(3073, 1095, 54, '2025-12-02 17:43:19'),
(3074, 1095, 64, '2025-12-02 17:43:19'),
(3075, 1095, 67, '2025-12-02 17:43:19'),
(3076, 1095, 69, '2025-12-02 17:43:19'),
(3077, 1095, 76, '2025-12-02 17:43:19'),
(3078, 1095, 82, '2025-12-02 17:43:19'),
(3079, 1096, 1, '2025-12-02 17:43:19'),
(3080, 1096, 3, '2025-12-02 17:43:19'),
(3081, 1096, 13, '2025-12-02 17:43:19'),
(3082, 1096, 15, '2025-12-02 17:43:19'),
(3083, 1096, 21, '2025-12-02 17:43:19'),
(3084, 1096, 23, '2025-12-02 17:43:19'),
(3085, 1096, 24, '2025-12-02 17:43:19'),
(3086, 1096, 54, '2025-12-02 17:43:19'),
(3087, 1096, 64, '2025-12-02 17:43:19'),
(3088, 1096, 67, '2025-12-02 17:43:19'),
(3089, 1096, 69, '2025-12-02 17:43:19'),
(3090, 1096, 76, '2025-12-02 17:43:19'),
(3091, 1096, 82, '2025-12-02 17:43:19'),
(3092, 1097, 1, '2025-12-02 17:43:19'),
(3093, 1097, 3, '2025-12-02 17:43:19'),
(3094, 1097, 13, '2025-12-02 17:43:19'),
(3095, 1097, 15, '2025-12-02 17:43:19'),
(3096, 1097, 21, '2025-12-02 17:43:19'),
(3097, 1097, 23, '2025-12-02 17:43:19'),
(3098, 1097, 24, '2025-12-02 17:43:19'),
(3099, 1097, 54, '2025-12-02 17:43:19'),
(3100, 1097, 64, '2025-12-02 17:43:19'),
(3101, 1097, 67, '2025-12-02 17:43:19'),
(3102, 1097, 69, '2025-12-02 17:43:19'),
(3103, 1097, 76, '2025-12-02 17:43:19'),
(3104, 1097, 82, '2025-12-02 17:43:19'),
(3105, 1098, 1, '2025-12-02 17:43:19'),
(3106, 1098, 3, '2025-12-02 17:43:19'),
(3107, 1098, 13, '2025-12-02 17:43:19'),
(3108, 1098, 15, '2025-12-02 17:43:19'),
(3109, 1098, 21, '2025-12-02 17:43:19'),
(3110, 1098, 23, '2025-12-02 17:43:19'),
(3111, 1098, 24, '2025-12-02 17:43:19'),
(3112, 1098, 54, '2025-12-02 17:43:19'),
(3113, 1098, 64, '2025-12-02 17:43:19'),
(3114, 1098, 67, '2025-12-02 17:43:19'),
(3115, 1098, 69, '2025-12-02 17:43:19'),
(3116, 1098, 76, '2025-12-02 17:43:19'),
(3117, 1098, 82, '2025-12-02 17:43:19'),
(3118, 1099, 1, '2025-12-02 17:43:19'),
(3119, 1099, 3, '2025-12-02 17:43:19'),
(3120, 1099, 13, '2025-12-02 17:43:19'),
(3121, 1099, 15, '2025-12-02 17:43:19'),
(3122, 1099, 21, '2025-12-02 17:43:19'),
(3123, 1099, 23, '2025-12-02 17:43:19'),
(3124, 1099, 24, '2025-12-02 17:43:19'),
(3125, 1099, 54, '2025-12-02 17:43:19'),
(3126, 1099, 64, '2025-12-02 17:43:19'),
(3127, 1099, 67, '2025-12-02 17:43:19'),
(3128, 1099, 69, '2025-12-02 17:43:19'),
(3129, 1099, 76, '2025-12-02 17:43:19'),
(3130, 1099, 82, '2025-12-02 17:43:19'),
(3131, 1100, 1, '2025-12-02 17:43:19'),
(3132, 1100, 3, '2025-12-02 17:43:19'),
(3133, 1100, 13, '2025-12-02 17:43:19'),
(3134, 1100, 15, '2025-12-02 17:43:19'),
(3135, 1100, 21, '2025-12-02 17:43:19'),
(3136, 1100, 23, '2025-12-02 17:43:19'),
(3137, 1100, 24, '2025-12-02 17:43:19'),
(3138, 1100, 54, '2025-12-02 17:43:19'),
(3139, 1100, 64, '2025-12-02 17:43:19'),
(3140, 1100, 67, '2025-12-02 17:43:19'),
(3141, 1100, 69, '2025-12-02 17:43:19'),
(3142, 1100, 76, '2025-12-02 17:43:19'),
(3143, 1100, 82, '2025-12-02 17:43:19'),
(3144, 1074, 1, '2025-12-02 17:43:19'),
(3145, 1074, 3, '2025-12-02 17:43:19'),
(3146, 1074, 13, '2025-12-02 17:43:19'),
(3147, 1074, 15, '2025-12-02 17:43:19'),
(3148, 1074, 21, '2025-12-02 17:43:19'),
(3149, 1074, 23, '2025-12-02 17:43:19'),
(3150, 1074, 24, '2025-12-02 17:43:19'),
(3151, 1074, 54, '2025-12-02 17:43:19'),
(3152, 1074, 64, '2025-12-02 17:43:19'),
(3153, 1074, 67, '2025-12-02 17:43:19'),
(3154, 1074, 69, '2025-12-02 17:43:19'),
(3155, 1074, 76, '2025-12-02 17:43:19'),
(3156, 1074, 82, '2025-12-02 17:43:19'),
(3157, 1075, 1, '2025-12-02 17:43:19'),
(3158, 1075, 3, '2025-12-02 17:43:19'),
(3159, 1075, 13, '2025-12-02 17:43:19'),
(3160, 1075, 15, '2025-12-02 17:43:19'),
(3161, 1075, 21, '2025-12-02 17:43:19'),
(3162, 1075, 23, '2025-12-02 17:43:19'),
(3163, 1075, 24, '2025-12-02 17:43:19'),
(3164, 1075, 54, '2025-12-02 17:43:19'),
(3165, 1075, 64, '2025-12-02 17:43:19'),
(3166, 1075, 67, '2025-12-02 17:43:19'),
(3167, 1075, 69, '2025-12-02 17:43:19'),
(3168, 1075, 76, '2025-12-02 17:43:19'),
(3169, 1075, 82, '2025-12-02 17:43:19'),
(3170, 1076, 1, '2025-12-02 17:43:19'),
(3171, 1076, 3, '2025-12-02 17:43:19'),
(3172, 1076, 13, '2025-12-02 17:43:19'),
(3173, 1076, 15, '2025-12-02 17:43:19'),
(3174, 1076, 21, '2025-12-02 17:43:19'),
(3175, 1076, 23, '2025-12-02 17:43:19'),
(3176, 1076, 24, '2025-12-02 17:43:19'),
(3177, 1076, 54, '2025-12-02 17:43:19'),
(3178, 1076, 64, '2025-12-02 17:43:19'),
(3179, 1076, 67, '2025-12-02 17:43:19'),
(3180, 1076, 69, '2025-12-02 17:43:19'),
(3181, 1076, 76, '2025-12-02 17:43:19'),
(3182, 1076, 82, '2025-12-02 17:43:19'),
(3183, 1077, 1, '2025-12-02 17:43:19'),
(3184, 1077, 3, '2025-12-02 17:43:19'),
(3185, 1077, 13, '2025-12-02 17:43:19'),
(3186, 1077, 15, '2025-12-02 17:43:19'),
(3187, 1077, 21, '2025-12-02 17:43:19'),
(3188, 1077, 23, '2025-12-02 17:43:19'),
(3189, 1077, 24, '2025-12-02 17:43:19'),
(3190, 1077, 54, '2025-12-02 17:43:19'),
(3191, 1077, 64, '2025-12-02 17:43:19'),
(3192, 1077, 67, '2025-12-02 17:43:19'),
(3193, 1077, 69, '2025-12-02 17:43:19'),
(3194, 1077, 76, '2025-12-02 17:43:19'),
(3195, 1077, 82, '2025-12-02 17:43:19'),
(3196, 1073, 1, '2025-12-02 17:43:19'),
(3197, 1073, 3, '2025-12-02 17:43:19'),
(3198, 1073, 13, '2025-12-02 17:43:19'),
(3199, 1073, 15, '2025-12-02 17:43:19'),
(3200, 1073, 21, '2025-12-02 17:43:19'),
(3201, 1073, 23, '2025-12-02 17:43:19'),
(3202, 1073, 24, '2025-12-02 17:43:19'),
(3203, 1073, 54, '2025-12-02 17:43:19'),
(3204, 1073, 64, '2025-12-02 17:43:19'),
(3205, 1073, 67, '2025-12-02 17:43:19'),
(3206, 1073, 69, '2025-12-02 17:43:19'),
(3207, 1073, 76, '2025-12-02 17:43:19'),
(3208, 1073, 82, '2025-12-02 17:43:19'),
(3209, 1054, 1, '2025-12-02 17:43:19'),
(3210, 1054, 3, '2025-12-02 17:43:19'),
(3211, 1054, 13, '2025-12-02 17:43:19'),
(3212, 1054, 15, '2025-12-02 17:43:19'),
(3213, 1054, 21, '2025-12-02 17:43:19'),
(3214, 1054, 23, '2025-12-02 17:43:19'),
(3215, 1054, 24, '2025-12-02 17:43:19'),
(3216, 1054, 54, '2025-12-02 17:43:19'),
(3217, 1054, 64, '2025-12-02 17:43:19'),
(3218, 1054, 67, '2025-12-02 17:43:19'),
(3219, 1054, 69, '2025-12-02 17:43:19'),
(3220, 1054, 76, '2025-12-02 17:43:19'),
(3221, 1054, 82, '2025-12-02 17:43:19'),
(3222, 1055, 1, '2025-12-02 17:43:19'),
(3223, 1055, 3, '2025-12-02 17:43:19'),
(3224, 1055, 13, '2025-12-02 17:43:19'),
(3225, 1055, 15, '2025-12-02 17:43:19'),
(3226, 1055, 21, '2025-12-02 17:43:19'),
(3227, 1055, 23, '2025-12-02 17:43:19'),
(3228, 1055, 24, '2025-12-02 17:43:19'),
(3229, 1055, 54, '2025-12-02 17:43:19'),
(3230, 1055, 64, '2025-12-02 17:43:19'),
(3231, 1055, 67, '2025-12-02 17:43:19'),
(3232, 1055, 69, '2025-12-02 17:43:19'),
(3233, 1055, 76, '2025-12-02 17:43:19'),
(3234, 1055, 82, '2025-12-02 17:43:19'),
(3235, 1056, 1, '2025-12-02 17:43:19'),
(3236, 1056, 3, '2025-12-02 17:43:19'),
(3237, 1056, 13, '2025-12-02 17:43:19'),
(3238, 1056, 15, '2025-12-02 17:43:19'),
(3239, 1056, 21, '2025-12-02 17:43:19'),
(3240, 1056, 23, '2025-12-02 17:43:19'),
(3241, 1056, 24, '2025-12-02 17:43:19'),
(3242, 1056, 54, '2025-12-02 17:43:19'),
(3243, 1056, 64, '2025-12-02 17:43:19'),
(3244, 1056, 67, '2025-12-02 17:43:19'),
(3245, 1056, 69, '2025-12-02 17:43:19'),
(3246, 1056, 76, '2025-12-02 17:43:19'),
(3247, 1056, 82, '2025-12-02 17:43:19'),
(3248, 1057, 1, '2025-12-02 17:43:19'),
(3249, 1057, 3, '2025-12-02 17:43:19'),
(3250, 1057, 13, '2025-12-02 17:43:19'),
(3251, 1057, 15, '2025-12-02 17:43:19'),
(3252, 1057, 21, '2025-12-02 17:43:19'),
(3253, 1057, 23, '2025-12-02 17:43:19'),
(3254, 1057, 24, '2025-12-02 17:43:19'),
(3255, 1057, 54, '2025-12-02 17:43:19'),
(3256, 1057, 64, '2025-12-02 17:43:19'),
(3257, 1057, 67, '2025-12-02 17:43:19'),
(3258, 1057, 69, '2025-12-02 17:43:19'),
(3259, 1057, 76, '2025-12-02 17:43:19'),
(3260, 1057, 82, '2025-12-02 17:43:19'),
(3261, 1058, 1, '2025-12-02 17:43:19'),
(3262, 1058, 3, '2025-12-02 17:43:19'),
(3263, 1058, 13, '2025-12-02 17:43:19'),
(3264, 1058, 15, '2025-12-02 17:43:19'),
(3265, 1058, 21, '2025-12-02 17:43:19'),
(3266, 1058, 23, '2025-12-02 17:43:19'),
(3267, 1058, 24, '2025-12-02 17:43:19'),
(3268, 1058, 54, '2025-12-02 17:43:19'),
(3269, 1058, 64, '2025-12-02 17:43:19'),
(3270, 1058, 67, '2025-12-02 17:43:19'),
(3271, 1058, 69, '2025-12-02 17:43:19'),
(3272, 1058, 76, '2025-12-02 17:43:19'),
(3273, 1058, 82, '2025-12-02 17:43:19'),
(3274, 1059, 1, '2025-12-02 17:43:19'),
(3275, 1059, 3, '2025-12-02 17:43:19'),
(3276, 1059, 13, '2025-12-02 17:43:19'),
(3277, 1059, 15, '2025-12-02 17:43:19'),
(3278, 1059, 21, '2025-12-02 17:43:19'),
(3279, 1059, 23, '2025-12-02 17:43:19'),
(3280, 1059, 24, '2025-12-02 17:43:19'),
(3281, 1059, 54, '2025-12-02 17:43:19'),
(3282, 1059, 64, '2025-12-02 17:43:19'),
(3283, 1059, 67, '2025-12-02 17:43:19'),
(3284, 1059, 69, '2025-12-02 17:43:19'),
(3285, 1059, 76, '2025-12-02 17:43:19'),
(3286, 1059, 82, '2025-12-02 17:43:19'),
(3287, 1060, 1, '2025-12-02 17:43:19'),
(3288, 1060, 3, '2025-12-02 17:43:19'),
(3289, 1060, 13, '2025-12-02 17:43:19'),
(3290, 1060, 15, '2025-12-02 17:43:19'),
(3291, 1060, 21, '2025-12-02 17:43:19'),
(3292, 1060, 23, '2025-12-02 17:43:19'),
(3293, 1060, 24, '2025-12-02 17:43:19'),
(3294, 1060, 54, '2025-12-02 17:43:19'),
(3295, 1060, 64, '2025-12-02 17:43:19'),
(3296, 1060, 67, '2025-12-02 17:43:19'),
(3297, 1060, 69, '2025-12-02 17:43:19'),
(3298, 1060, 76, '2025-12-02 17:43:19'),
(3299, 1060, 82, '2025-12-02 17:43:19'),
(3300, 1061, 1, '2025-12-02 17:43:19'),
(3301, 1061, 3, '2025-12-02 17:43:19'),
(3302, 1061, 13, '2025-12-02 17:43:19'),
(3303, 1061, 15, '2025-12-02 17:43:19'),
(3304, 1061, 21, '2025-12-02 17:43:19'),
(3305, 1061, 23, '2025-12-02 17:43:19'),
(3306, 1061, 24, '2025-12-02 17:43:19'),
(3307, 1061, 54, '2025-12-02 17:43:19'),
(3308, 1061, 64, '2025-12-02 17:43:19'),
(3309, 1061, 67, '2025-12-02 17:43:19'),
(3310, 1061, 69, '2025-12-02 17:43:19'),
(3311, 1061, 76, '2025-12-02 17:43:19'),
(3312, 1061, 82, '2025-12-02 17:43:19'),
(3313, 1062, 1, '2025-12-02 17:43:19'),
(3314, 1062, 3, '2025-12-02 17:43:19'),
(3315, 1062, 13, '2025-12-02 17:43:19'),
(3316, 1062, 15, '2025-12-02 17:43:19'),
(3317, 1062, 21, '2025-12-02 17:43:19'),
(3318, 1062, 23, '2025-12-02 17:43:19'),
(3319, 1062, 24, '2025-12-02 17:43:19'),
(3320, 1062, 54, '2025-12-02 17:43:19'),
(3321, 1062, 64, '2025-12-02 17:43:19'),
(3322, 1062, 67, '2025-12-02 17:43:19'),
(3323, 1062, 69, '2025-12-02 17:43:19'),
(3324, 1062, 76, '2025-12-02 17:43:19'),
(3325, 1062, 82, '2025-12-02 17:43:19'),
(3326, 1063, 1, '2025-12-02 17:43:19'),
(3327, 1063, 3, '2025-12-02 17:43:19'),
(3328, 1063, 13, '2025-12-02 17:43:19'),
(3329, 1063, 15, '2025-12-02 17:43:19'),
(3330, 1063, 21, '2025-12-02 17:43:19'),
(3331, 1063, 23, '2025-12-02 17:43:19'),
(3332, 1063, 24, '2025-12-02 17:43:19'),
(3333, 1063, 54, '2025-12-02 17:43:19'),
(3334, 1063, 64, '2025-12-02 17:43:19'),
(3335, 1063, 67, '2025-12-02 17:43:19'),
(3336, 1063, 69, '2025-12-02 17:43:19'),
(3337, 1063, 76, '2025-12-02 17:43:19'),
(3338, 1063, 82, '2025-12-02 17:43:19'),
(3339, 1064, 1, '2025-12-02 17:43:19'),
(3340, 1064, 3, '2025-12-02 17:43:19'),
(3341, 1064, 13, '2025-12-02 17:43:19'),
(3342, 1064, 15, '2025-12-02 17:43:19'),
(3343, 1064, 21, '2025-12-02 17:43:19'),
(3344, 1064, 23, '2025-12-02 17:43:19'),
(3345, 1064, 24, '2025-12-02 17:43:19'),
(3346, 1064, 54, '2025-12-02 17:43:19'),
(3347, 1064, 64, '2025-12-02 17:43:19'),
(3348, 1064, 67, '2025-12-02 17:43:19'),
(3349, 1064, 69, '2025-12-02 17:43:19'),
(3350, 1064, 76, '2025-12-02 17:43:19'),
(3351, 1064, 82, '2025-12-02 17:43:19'),
(3352, 1065, 1, '2025-12-02 17:43:19'),
(3353, 1065, 3, '2025-12-02 17:43:19'),
(3354, 1065, 13, '2025-12-02 17:43:19'),
(3355, 1065, 15, '2025-12-02 17:43:19'),
(3356, 1065, 21, '2025-12-02 17:43:19'),
(3357, 1065, 23, '2025-12-02 17:43:19'),
(3358, 1065, 24, '2025-12-02 17:43:19'),
(3359, 1065, 54, '2025-12-02 17:43:19'),
(3360, 1065, 64, '2025-12-02 17:43:19'),
(3361, 1065, 67, '2025-12-02 17:43:19'),
(3362, 1065, 69, '2025-12-02 17:43:19'),
(3363, 1065, 76, '2025-12-02 17:43:19'),
(3364, 1065, 82, '2025-12-02 17:43:19'),
(3365, 1066, 1, '2025-12-02 17:43:19'),
(3366, 1066, 3, '2025-12-02 17:43:19'),
(3367, 1066, 13, '2025-12-02 17:43:19'),
(3368, 1066, 15, '2025-12-02 17:43:19'),
(3369, 1066, 21, '2025-12-02 17:43:19'),
(3370, 1066, 23, '2025-12-02 17:43:19'),
(3371, 1066, 24, '2025-12-02 17:43:19'),
(3372, 1066, 54, '2025-12-02 17:43:19'),
(3373, 1066, 64, '2025-12-02 17:43:19'),
(3374, 1066, 67, '2025-12-02 17:43:19'),
(3375, 1066, 69, '2025-12-02 17:43:19'),
(3376, 1066, 76, '2025-12-02 17:43:19'),
(3377, 1066, 82, '2025-12-02 17:43:19'),
(3378, 1067, 1, '2025-12-02 17:43:19'),
(3379, 1067, 3, '2025-12-02 17:43:19'),
(3380, 1067, 13, '2025-12-02 17:43:19'),
(3381, 1067, 15, '2025-12-02 17:43:19'),
(3382, 1067, 21, '2025-12-02 17:43:19'),
(3383, 1067, 23, '2025-12-02 17:43:19'),
(3384, 1067, 24, '2025-12-02 17:43:19'),
(3385, 1067, 54, '2025-12-02 17:43:19'),
(3386, 1067, 64, '2025-12-02 17:43:19'),
(3387, 1067, 67, '2025-12-02 17:43:19'),
(3388, 1067, 69, '2025-12-02 17:43:19'),
(3389, 1067, 76, '2025-12-02 17:43:19'),
(3390, 1067, 82, '2025-12-02 17:43:19'),
(3391, 1068, 1, '2025-12-02 17:43:19'),
(3392, 1068, 3, '2025-12-02 17:43:19'),
(3393, 1068, 13, '2025-12-02 17:43:19'),
(3394, 1068, 15, '2025-12-02 17:43:19'),
(3395, 1068, 21, '2025-12-02 17:43:19'),
(3396, 1068, 23, '2025-12-02 17:43:19'),
(3397, 1068, 24, '2025-12-02 17:43:19'),
(3398, 1068, 54, '2025-12-02 17:43:19'),
(3399, 1068, 64, '2025-12-02 17:43:19'),
(3400, 1068, 67, '2025-12-02 17:43:19'),
(3401, 1068, 69, '2025-12-02 17:43:19'),
(3402, 1068, 76, '2025-12-02 17:43:19'),
(3403, 1068, 82, '2025-12-02 17:43:19'),
(3404, 1069, 1, '2025-12-02 17:43:19'),
(3405, 1069, 3, '2025-12-02 17:43:19'),
(3406, 1069, 13, '2025-12-02 17:43:19'),
(3407, 1069, 15, '2025-12-02 17:43:19'),
(3408, 1069, 21, '2025-12-02 17:43:19'),
(3409, 1069, 23, '2025-12-02 17:43:19'),
(3410, 1069, 24, '2025-12-02 17:43:19'),
(3411, 1069, 54, '2025-12-02 17:43:19'),
(3412, 1069, 64, '2025-12-02 17:43:19'),
(3413, 1069, 67, '2025-12-02 17:43:19'),
(3414, 1069, 69, '2025-12-02 17:43:19'),
(3415, 1069, 76, '2025-12-02 17:43:19'),
(3416, 1069, 82, '2025-12-02 17:43:19'),
(3417, 1070, 1, '2025-12-02 17:43:19'),
(3418, 1070, 3, '2025-12-02 17:43:19'),
(3419, 1070, 13, '2025-12-02 17:43:19'),
(3420, 1070, 15, '2025-12-02 17:43:19'),
(3421, 1070, 21, '2025-12-02 17:43:19'),
(3422, 1070, 23, '2025-12-02 17:43:19'),
(3423, 1070, 24, '2025-12-02 17:43:19'),
(3424, 1070, 54, '2025-12-02 17:43:19'),
(3425, 1070, 64, '2025-12-02 17:43:19'),
(3426, 1070, 67, '2025-12-02 17:43:19'),
(3427, 1070, 69, '2025-12-02 17:43:19'),
(3428, 1070, 76, '2025-12-02 17:43:19'),
(3429, 1070, 82, '2025-12-02 17:43:19'),
(3430, 1071, 1, '2025-12-02 17:43:19'),
(3431, 1071, 3, '2025-12-02 17:43:19'),
(3432, 1071, 13, '2025-12-02 17:43:19'),
(3433, 1071, 15, '2025-12-02 17:43:19'),
(3434, 1071, 21, '2025-12-02 17:43:19'),
(3435, 1071, 23, '2025-12-02 17:43:19'),
(3436, 1071, 24, '2025-12-02 17:43:19'),
(3437, 1071, 54, '2025-12-02 17:43:19'),
(3438, 1071, 64, '2025-12-02 17:43:19'),
(3439, 1071, 67, '2025-12-02 17:43:19'),
(3440, 1071, 69, '2025-12-02 17:43:19'),
(3441, 1071, 76, '2025-12-02 17:43:19'),
(3442, 1071, 82, '2025-12-02 17:43:19'),
(3443, 1072, 1, '2025-12-02 17:43:19'),
(3444, 1072, 3, '2025-12-02 17:43:19'),
(3445, 1072, 13, '2025-12-02 17:43:19'),
(3446, 1072, 15, '2025-12-02 17:43:19'),
(3447, 1072, 21, '2025-12-02 17:43:19'),
(3448, 1072, 23, '2025-12-02 17:43:19'),
(3449, 1072, 24, '2025-12-02 17:43:19'),
(3450, 1072, 54, '2025-12-02 17:43:19'),
(3451, 1072, 64, '2025-12-02 17:43:19'),
(3452, 1072, 67, '2025-12-02 17:43:19'),
(3453, 1072, 69, '2025-12-02 17:43:19'),
(3454, 1072, 76, '2025-12-02 17:43:19'),
(3455, 1072, 82, '2025-12-02 17:43:19'),
(3456, 1002, 1, '2025-12-02 17:43:19'),
(3457, 1002, 3, '2025-12-02 17:43:19'),
(3458, 1002, 13, '2025-12-02 17:43:19'),
(3459, 1002, 15, '2025-12-02 17:43:19'),
(3460, 1002, 21, '2025-12-02 17:43:19'),
(3461, 1002, 23, '2025-12-02 17:43:19'),
(3462, 1002, 24, '2025-12-02 17:43:19'),
(3463, 1002, 54, '2025-12-02 17:43:19'),
(3464, 1002, 64, '2025-12-02 17:43:19'),
(3465, 1002, 67, '2025-12-02 17:43:19'),
(3466, 1002, 69, '2025-12-02 17:43:19'),
(3467, 1002, 76, '2025-12-02 17:43:19'),
(3468, 1002, 82, '2025-12-02 17:43:19'),
(3469, 1003, 1, '2025-12-02 17:43:19'),
(3470, 1003, 3, '2025-12-02 17:43:19'),
(3471, 1003, 13, '2025-12-02 17:43:19'),
(3472, 1003, 15, '2025-12-02 17:43:19'),
(3473, 1003, 21, '2025-12-02 17:43:19'),
(3474, 1003, 23, '2025-12-02 17:43:19'),
(3475, 1003, 24, '2025-12-02 17:43:19'),
(3476, 1003, 54, '2025-12-02 17:43:19'),
(3477, 1003, 64, '2025-12-02 17:43:19'),
(3478, 1003, 67, '2025-12-02 17:43:19'),
(3479, 1003, 69, '2025-12-02 17:43:19'),
(3480, 1003, 76, '2025-12-02 17:43:19'),
(3481, 1003, 82, '2025-12-02 17:43:19'),
(3482, 1004, 1, '2025-12-02 17:43:19'),
(3483, 1004, 3, '2025-12-02 17:43:19'),
(3484, 1004, 13, '2025-12-02 17:43:19'),
(3485, 1004, 15, '2025-12-02 17:43:19'),
(3486, 1004, 21, '2025-12-02 17:43:19'),
(3487, 1004, 23, '2025-12-02 17:43:19'),
(3488, 1004, 24, '2025-12-02 17:43:19'),
(3489, 1004, 54, '2025-12-02 17:43:19'),
(3490, 1004, 64, '2025-12-02 17:43:19'),
(3491, 1004, 67, '2025-12-02 17:43:19'),
(3492, 1004, 69, '2025-12-02 17:43:19'),
(3493, 1004, 76, '2025-12-02 17:43:19'),
(3494, 1004, 82, '2025-12-02 17:43:19'),
(3495, 1005, 1, '2025-12-02 17:43:19'),
(3496, 1005, 3, '2025-12-02 17:43:19'),
(3497, 1005, 13, '2025-12-02 17:43:19'),
(3498, 1005, 15, '2025-12-02 17:43:19'),
(3499, 1005, 21, '2025-12-02 17:43:19'),
(3500, 1005, 23, '2025-12-02 17:43:19'),
(3501, 1005, 24, '2025-12-02 17:43:19'),
(3502, 1005, 54, '2025-12-02 17:43:19'),
(3503, 1005, 64, '2025-12-02 17:43:19'),
(3504, 1005, 67, '2025-12-02 17:43:19'),
(3505, 1005, 69, '2025-12-02 17:43:19'),
(3506, 1005, 76, '2025-12-02 17:43:19'),
(3507, 1005, 82, '2025-12-02 17:43:19'),
(3508, 1006, 1, '2025-12-02 17:43:19'),
(3509, 1006, 3, '2025-12-02 17:43:19'),
(3510, 1006, 13, '2025-12-02 17:43:19'),
(3511, 1006, 15, '2025-12-02 17:43:19'),
(3512, 1006, 21, '2025-12-02 17:43:19'),
(3513, 1006, 23, '2025-12-02 17:43:19'),
(3514, 1006, 24, '2025-12-02 17:43:19'),
(3515, 1006, 54, '2025-12-02 17:43:19'),
(3516, 1006, 64, '2025-12-02 17:43:19'),
(3517, 1006, 67, '2025-12-02 17:43:19'),
(3518, 1006, 69, '2025-12-02 17:43:19'),
(3519, 1006, 76, '2025-12-02 17:43:19'),
(3520, 1006, 82, '2025-12-02 17:43:19'),
(3521, 1007, 1, '2025-12-02 17:43:19'),
(3522, 1007, 3, '2025-12-02 17:43:19'),
(3523, 1007, 13, '2025-12-02 17:43:19'),
(3524, 1007, 15, '2025-12-02 17:43:19'),
(3525, 1007, 21, '2025-12-02 17:43:19'),
(3526, 1007, 23, '2025-12-02 17:43:19'),
(3527, 1007, 24, '2025-12-02 17:43:19'),
(3528, 1007, 54, '2025-12-02 17:43:19'),
(3529, 1007, 64, '2025-12-02 17:43:19'),
(3530, 1007, 67, '2025-12-02 17:43:19'),
(3531, 1007, 69, '2025-12-02 17:43:19'),
(3532, 1007, 76, '2025-12-02 17:43:19'),
(3533, 1007, 82, '2025-12-02 17:43:19'),
(3534, 1008, 1, '2025-12-02 17:43:19'),
(3535, 1008, 3, '2025-12-02 17:43:19'),
(3536, 1008, 13, '2025-12-02 17:43:19'),
(3537, 1008, 15, '2025-12-02 17:43:19'),
(3538, 1008, 21, '2025-12-02 17:43:19'),
(3539, 1008, 23, '2025-12-02 17:43:19'),
(3540, 1008, 24, '2025-12-02 17:43:19'),
(3541, 1008, 54, '2025-12-02 17:43:19'),
(3542, 1008, 64, '2025-12-02 17:43:19'),
(3543, 1008, 67, '2025-12-02 17:43:19'),
(3544, 1008, 69, '2025-12-02 17:43:19'),
(3545, 1008, 76, '2025-12-02 17:43:19'),
(3546, 1008, 82, '2025-12-02 17:43:19'),
(3547, 1009, 1, '2025-12-02 17:43:19'),
(3548, 1009, 3, '2025-12-02 17:43:19'),
(3549, 1009, 13, '2025-12-02 17:43:19'),
(3550, 1009, 15, '2025-12-02 17:43:19'),
(3551, 1009, 21, '2025-12-02 17:43:19'),
(3552, 1009, 23, '2025-12-02 17:43:19'),
(3553, 1009, 24, '2025-12-02 17:43:19'),
(3554, 1009, 54, '2025-12-02 17:43:19'),
(3555, 1009, 64, '2025-12-02 17:43:19'),
(3556, 1009, 67, '2025-12-02 17:43:19'),
(3557, 1009, 69, '2025-12-02 17:43:19'),
(3558, 1009, 76, '2025-12-02 17:43:19'),
(3559, 1009, 82, '2025-12-02 17:43:19'),
(3560, 1010, 1, '2025-12-02 17:43:19'),
(3561, 1010, 3, '2025-12-02 17:43:19'),
(3562, 1010, 13, '2025-12-02 17:43:19'),
(3563, 1010, 15, '2025-12-02 17:43:19'),
(3564, 1010, 21, '2025-12-02 17:43:19'),
(3565, 1010, 23, '2025-12-02 17:43:19'),
(3566, 1010, 24, '2025-12-02 17:43:19'),
(3567, 1010, 54, '2025-12-02 17:43:19'),
(3568, 1010, 64, '2025-12-02 17:43:19'),
(3569, 1010, 67, '2025-12-02 17:43:19'),
(3570, 1010, 69, '2025-12-02 17:43:19'),
(3571, 1010, 76, '2025-12-02 17:43:19'),
(3572, 1010, 82, '2025-12-02 17:43:19'),
(3573, 1011, 1, '2025-12-02 17:43:19'),
(3574, 1011, 3, '2025-12-02 17:43:19'),
(3575, 1011, 13, '2025-12-02 17:43:19'),
(3576, 1011, 15, '2025-12-02 17:43:19'),
(3577, 1011, 21, '2025-12-02 17:43:19'),
(3578, 1011, 23, '2025-12-02 17:43:19'),
(3579, 1011, 24, '2025-12-02 17:43:19'),
(3580, 1011, 54, '2025-12-02 17:43:19'),
(3581, 1011, 64, '2025-12-02 17:43:19'),
(3582, 1011, 67, '2025-12-02 17:43:19'),
(3583, 1011, 69, '2025-12-02 17:43:19'),
(3584, 1011, 76, '2025-12-02 17:43:19'),
(3585, 1011, 82, '2025-12-02 17:43:19'),
(3586, 1012, 1, '2025-12-02 17:43:19'),
(3587, 1012, 3, '2025-12-02 17:43:19'),
(3588, 1012, 13, '2025-12-02 17:43:19'),
(3589, 1012, 15, '2025-12-02 17:43:19'),
(3590, 1012, 21, '2025-12-02 17:43:19'),
(3591, 1012, 23, '2025-12-02 17:43:19'),
(3592, 1012, 24, '2025-12-02 17:43:19'),
(3593, 1012, 54, '2025-12-02 17:43:19'),
(3594, 1012, 64, '2025-12-02 17:43:19'),
(3595, 1012, 67, '2025-12-02 17:43:19'),
(3596, 1012, 69, '2025-12-02 17:43:19'),
(3597, 1012, 76, '2025-12-02 17:43:19'),
(3598, 1012, 82, '2025-12-02 17:43:19'),
(3599, 1013, 1, '2025-12-02 17:43:19'),
(3600, 1013, 3, '2025-12-02 17:43:19'),
(3601, 1013, 13, '2025-12-02 17:43:19'),
(3602, 1013, 15, '2025-12-02 17:43:19'),
(3603, 1013, 21, '2025-12-02 17:43:19'),
(3604, 1013, 23, '2025-12-02 17:43:19'),
(3605, 1013, 24, '2025-12-02 17:43:19'),
(3606, 1013, 54, '2025-12-02 17:43:19'),
(3607, 1013, 64, '2025-12-02 17:43:19'),
(3608, 1013, 67, '2025-12-02 17:43:19'),
(3609, 1013, 69, '2025-12-02 17:43:19'),
(3610, 1013, 76, '2025-12-02 17:43:19'),
(3611, 1013, 82, '2025-12-02 17:43:19'),
(3612, 1014, 1, '2025-12-02 17:43:19'),
(3613, 1014, 3, '2025-12-02 17:43:19'),
(3614, 1014, 13, '2025-12-02 17:43:19'),
(3615, 1014, 15, '2025-12-02 17:43:19'),
(3616, 1014, 21, '2025-12-02 17:43:19'),
(3617, 1014, 23, '2025-12-02 17:43:19'),
(3618, 1014, 24, '2025-12-02 17:43:19'),
(3619, 1014, 54, '2025-12-02 17:43:19'),
(3620, 1014, 64, '2025-12-02 17:43:19'),
(3621, 1014, 67, '2025-12-02 17:43:19'),
(3622, 1014, 69, '2025-12-02 17:43:19'),
(3623, 1014, 76, '2025-12-02 17:43:19'),
(3624, 1014, 82, '2025-12-02 17:43:19'),
(3625, 1015, 1, '2025-12-02 17:43:19'),
(3626, 1015, 3, '2025-12-02 17:43:19'),
(3627, 1015, 13, '2025-12-02 17:43:19'),
(3628, 1015, 15, '2025-12-02 17:43:19'),
(3629, 1015, 21, '2025-12-02 17:43:19'),
(3630, 1015, 23, '2025-12-02 17:43:19'),
(3631, 1015, 24, '2025-12-02 17:43:19'),
(3632, 1015, 54, '2025-12-02 17:43:19'),
(3633, 1015, 64, '2025-12-02 17:43:19'),
(3634, 1015, 67, '2025-12-02 17:43:19'),
(3635, 1015, 69, '2025-12-02 17:43:19'),
(3636, 1015, 76, '2025-12-02 17:43:19'),
(3637, 1015, 82, '2025-12-02 17:43:19'),
(3638, 1016, 1, '2025-12-02 17:43:19'),
(3639, 1016, 3, '2025-12-02 17:43:19'),
(3640, 1016, 13, '2025-12-02 17:43:19'),
(3641, 1016, 15, '2025-12-02 17:43:19'),
(3642, 1016, 21, '2025-12-02 17:43:19'),
(3643, 1016, 23, '2025-12-02 17:43:19'),
(3644, 1016, 24, '2025-12-02 17:43:19'),
(3645, 1016, 54, '2025-12-02 17:43:19'),
(3646, 1016, 64, '2025-12-02 17:43:19'),
(3647, 1016, 67, '2025-12-02 17:43:19'),
(3648, 1016, 69, '2025-12-02 17:43:19'),
(3649, 1016, 76, '2025-12-02 17:43:19'),
(3650, 1016, 82, '2025-12-02 17:43:19'),
(3651, 1017, 1, '2025-12-02 17:43:19'),
(3652, 1017, 3, '2025-12-02 17:43:19'),
(3653, 1017, 13, '2025-12-02 17:43:19'),
(3654, 1017, 15, '2025-12-02 17:43:19'),
(3655, 1017, 21, '2025-12-02 17:43:19'),
(3656, 1017, 23, '2025-12-02 17:43:19'),
(3657, 1017, 24, '2025-12-02 17:43:19'),
(3658, 1017, 54, '2025-12-02 17:43:19'),
(3659, 1017, 64, '2025-12-02 17:43:19'),
(3660, 1017, 67, '2025-12-02 17:43:19'),
(3661, 1017, 69, '2025-12-02 17:43:19'),
(3662, 1017, 76, '2025-12-02 17:43:19'),
(3663, 1017, 82, '2025-12-02 17:43:19'),
(3664, 1018, 1, '2025-12-02 17:43:19'),
(3665, 1018, 3, '2025-12-02 17:43:19'),
(3666, 1018, 13, '2025-12-02 17:43:19'),
(3667, 1018, 15, '2025-12-02 17:43:19'),
(3668, 1018, 21, '2025-12-02 17:43:19'),
(3669, 1018, 23, '2025-12-02 17:43:19'),
(3670, 1018, 24, '2025-12-02 17:43:19'),
(3671, 1018, 54, '2025-12-02 17:43:19'),
(3672, 1018, 64, '2025-12-02 17:43:19'),
(3673, 1018, 67, '2025-12-02 17:43:19'),
(3674, 1018, 69, '2025-12-02 17:43:19'),
(3675, 1018, 76, '2025-12-02 17:43:19'),
(3676, 1018, 82, '2025-12-02 17:43:19'),
(3677, 1019, 1, '2025-12-02 17:43:19'),
(3678, 1019, 3, '2025-12-02 17:43:19'),
(3679, 1019, 7, '2025-12-02 17:43:19'),
(3680, 1019, 12, '2025-12-02 17:43:19'),
(3681, 1019, 13, '2025-12-02 17:43:19'),
(3682, 1019, 15, '2025-12-02 17:43:19'),
(3683, 1019, 21, '2025-12-02 17:43:19'),
(3684, 1019, 23, '2025-12-02 17:43:19'),
(3685, 1019, 24, '2025-12-02 17:43:19'),
(3686, 1019, 31, '2025-12-02 17:43:19'),
(3687, 1019, 34, '2025-12-02 17:43:19'),
(3688, 1019, 38, '2025-12-02 17:43:19'),
(3689, 1019, 48, '2025-12-02 17:43:19'),
(3690, 1019, 53, '2025-12-02 17:43:19'),
(3691, 1019, 54, '2025-12-02 17:43:19'),
(3692, 1019, 63, '2025-12-02 17:43:19'),
(3693, 1019, 64, '2025-12-02 17:43:19'),
(3694, 1019, 67, '2025-12-02 17:43:19'),
(3695, 1019, 69, '2025-12-02 17:43:19'),
(3696, 1019, 75, '2025-12-02 17:43:19'),
(3697, 1019, 76, '2025-12-02 17:43:19'),
(3698, 1019, 82, '2025-12-02 17:43:19'),
(3699, 1020, 1, '2025-12-02 17:43:19'),
(3700, 1020, 3, '2025-12-02 17:43:19'),
(3701, 1020, 7, '2025-12-02 17:43:19'),
(3702, 1020, 12, '2025-12-02 17:43:19'),
(3703, 1020, 13, '2025-12-02 17:43:19'),
(3704, 1020, 15, '2025-12-02 17:43:19'),
(3705, 1020, 21, '2025-12-02 17:43:19'),
(3706, 1020, 23, '2025-12-02 17:43:19'),
(3707, 1020, 24, '2025-12-02 17:43:19'),
(3708, 1020, 31, '2025-12-02 17:43:19'),
(3709, 1020, 34, '2025-12-02 17:43:19'),
(3710, 1020, 38, '2025-12-02 17:43:19'),
(3711, 1020, 48, '2025-12-02 17:43:19'),
(3712, 1020, 53, '2025-12-02 17:43:19'),
(3713, 1020, 54, '2025-12-02 17:43:19'),
(3714, 1020, 63, '2025-12-02 17:43:19'),
(3715, 1020, 64, '2025-12-02 17:43:19'),
(3716, 1020, 67, '2025-12-02 17:43:19'),
(3717, 1020, 69, '2025-12-02 17:43:19'),
(3718, 1020, 75, '2025-12-02 17:43:19'),
(3719, 1020, 76, '2025-12-02 17:43:19'),
(3720, 1020, 82, '2025-12-02 17:43:19'),
(3721, 1021, 1, '2025-12-02 17:43:19'),
(3722, 1021, 3, '2025-12-02 17:43:19'),
(3723, 1021, 7, '2025-12-02 17:43:19'),
(3724, 1021, 12, '2025-12-02 17:43:19'),
(3725, 1021, 13, '2025-12-02 17:43:19'),
(3726, 1021, 15, '2025-12-02 17:43:19'),
(3727, 1021, 21, '2025-12-02 17:43:19'),
(3728, 1021, 23, '2025-12-02 17:43:19'),
(3729, 1021, 24, '2025-12-02 17:43:19'),
(3730, 1021, 31, '2025-12-02 17:43:19'),
(3731, 1021, 34, '2025-12-02 17:43:19'),
(3732, 1021, 38, '2025-12-02 17:43:19'),
(3733, 1021, 48, '2025-12-02 17:43:19'),
(3734, 1021, 53, '2025-12-02 17:43:19'),
(3735, 1021, 54, '2025-12-02 17:43:19'),
(3736, 1021, 63, '2025-12-02 17:43:19'),
(3737, 1021, 64, '2025-12-02 17:43:19'),
(3738, 1021, 67, '2025-12-02 17:43:19'),
(3739, 1021, 69, '2025-12-02 17:43:19'),
(3740, 1021, 75, '2025-12-02 17:43:19'),
(3741, 1021, 76, '2025-12-02 17:43:19'),
(3742, 1021, 82, '2025-12-02 17:43:19'),
(3743, 1022, 1, '2025-12-02 17:43:19'),
(3744, 1022, 3, '2025-12-02 17:43:19'),
(3745, 1022, 7, '2025-12-02 17:43:19'),
(3746, 1022, 12, '2025-12-02 17:43:19'),
(3747, 1022, 13, '2025-12-02 17:43:19'),
(3748, 1022, 15, '2025-12-02 17:43:19'),
(3749, 1022, 21, '2025-12-02 17:43:19'),
(3750, 1022, 23, '2025-12-02 17:43:19'),
(3751, 1022, 24, '2025-12-02 17:43:19'),
(3752, 1022, 31, '2025-12-02 17:43:19'),
(3753, 1022, 34, '2025-12-02 17:43:19'),
(3754, 1022, 38, '2025-12-02 17:43:19'),
(3755, 1022, 48, '2025-12-02 17:43:19'),
(3756, 1022, 53, '2025-12-02 17:43:19'),
(3757, 1022, 54, '2025-12-02 17:43:19'),
(3758, 1022, 63, '2025-12-02 17:43:19'),
(3759, 1022, 64, '2025-12-02 17:43:19'),
(3760, 1022, 67, '2025-12-02 17:43:19'),
(3761, 1022, 69, '2025-12-02 17:43:19'),
(3762, 1022, 75, '2025-12-02 17:43:19'),
(3763, 1022, 76, '2025-12-02 17:43:19'),
(3764, 1022, 82, '2025-12-02 17:43:19'),
(3765, 1023, 1, '2025-12-02 17:43:19'),
(3766, 1023, 3, '2025-12-02 17:43:19'),
(3767, 1023, 7, '2025-12-02 17:43:19'),
(3768, 1023, 12, '2025-12-02 17:43:19'),
(3769, 1023, 13, '2025-12-02 17:43:19'),
(3770, 1023, 15, '2025-12-02 17:43:19'),
(3771, 1023, 21, '2025-12-02 17:43:19'),
(3772, 1023, 23, '2025-12-02 17:43:19'),
(3773, 1023, 24, '2025-12-02 17:43:19'),
(3774, 1023, 31, '2025-12-02 17:43:19'),
(3775, 1023, 34, '2025-12-02 17:43:19'),
(3776, 1023, 38, '2025-12-02 17:43:19'),
(3777, 1023, 48, '2025-12-02 17:43:19'),
(3778, 1023, 53, '2025-12-02 17:43:19'),
(3779, 1023, 54, '2025-12-02 17:43:19'),
(3780, 1023, 63, '2025-12-02 17:43:19'),
(3781, 1023, 64, '2025-12-02 17:43:19'),
(3782, 1023, 67, '2025-12-02 17:43:19'),
(3783, 1023, 69, '2025-12-02 17:43:19'),
(3784, 1023, 75, '2025-12-02 17:43:19'),
(3785, 1023, 76, '2025-12-02 17:43:19'),
(3786, 1023, 82, '2025-12-02 17:43:19'),
(3787, 1024, 1, '2025-12-02 17:43:19'),
(3788, 1024, 3, '2025-12-02 17:43:19'),
(3789, 1024, 7, '2025-12-02 17:43:19'),
(3790, 1024, 12, '2025-12-02 17:43:19'),
(3791, 1024, 13, '2025-12-02 17:43:19'),
(3792, 1024, 15, '2025-12-02 17:43:19'),
(3793, 1024, 21, '2025-12-02 17:43:19'),
(3794, 1024, 23, '2025-12-02 17:43:19'),
(3795, 1024, 24, '2025-12-02 17:43:19'),
(3796, 1024, 31, '2025-12-02 17:43:19'),
(3797, 1024, 34, '2025-12-02 17:43:19'),
(3798, 1024, 38, '2025-12-02 17:43:19'),
(3799, 1024, 48, '2025-12-02 17:43:19'),
(3800, 1024, 53, '2025-12-02 17:43:19'),
(3801, 1024, 54, '2025-12-02 17:43:19'),
(3802, 1024, 63, '2025-12-02 17:43:19'),
(3803, 1024, 64, '2025-12-02 17:43:19'),
(3804, 1024, 67, '2025-12-02 17:43:19'),
(3805, 1024, 69, '2025-12-02 17:43:19'),
(3806, 1024, 75, '2025-12-02 17:43:19'),
(3807, 1024, 76, '2025-12-02 17:43:19'),
(3808, 1024, 82, '2025-12-02 17:43:19'),
(3809, 1025, 1, '2025-12-02 17:43:19'),
(3810, 1025, 3, '2025-12-02 17:43:19'),
(3811, 1025, 7, '2025-12-02 17:43:19'),
(3812, 1025, 12, '2025-12-02 17:43:19'),
(3813, 1025, 13, '2025-12-02 17:43:19'),
(3814, 1025, 15, '2025-12-02 17:43:19'),
(3815, 1025, 21, '2025-12-02 17:43:19'),
(3816, 1025, 23, '2025-12-02 17:43:19'),
(3817, 1025, 24, '2025-12-02 17:43:19'),
(3818, 1025, 31, '2025-12-02 17:43:19'),
(3819, 1025, 34, '2025-12-02 17:43:19'),
(3820, 1025, 38, '2025-12-02 17:43:19'),
(3821, 1025, 48, '2025-12-02 17:43:19'),
(3822, 1025, 53, '2025-12-02 17:43:19'),
(3823, 1025, 54, '2025-12-02 17:43:19'),
(3824, 1025, 63, '2025-12-02 17:43:19'),
(3825, 1025, 64, '2025-12-02 17:43:19'),
(3826, 1025, 67, '2025-12-02 17:43:19'),
(3827, 1025, 69, '2025-12-02 17:43:19'),
(3828, 1025, 75, '2025-12-02 17:43:19'),
(3829, 1025, 76, '2025-12-02 17:43:19'),
(3830, 1025, 82, '2025-12-02 17:43:19'),
(3831, 1026, 1, '2025-12-02 17:43:19'),
(3832, 1026, 3, '2025-12-02 17:43:19'),
(3833, 1026, 7, '2025-12-02 17:43:19'),
(3834, 1026, 12, '2025-12-02 17:43:19'),
(3835, 1026, 13, '2025-12-02 17:43:19'),
(3836, 1026, 15, '2025-12-02 17:43:19'),
(3837, 1026, 21, '2025-12-02 17:43:19'),
(3838, 1026, 23, '2025-12-02 17:43:19'),
(3839, 1026, 24, '2025-12-02 17:43:19'),
(3840, 1026, 31, '2025-12-02 17:43:19'),
(3841, 1026, 34, '2025-12-02 17:43:19'),
(3842, 1026, 38, '2025-12-02 17:43:19'),
(3843, 1026, 48, '2025-12-02 17:43:19'),
(3844, 1026, 53, '2025-12-02 17:43:19'),
(3845, 1026, 54, '2025-12-02 17:43:19'),
(3846, 1026, 63, '2025-12-02 17:43:19'),
(3847, 1026, 64, '2025-12-02 17:43:19'),
(3848, 1026, 67, '2025-12-02 17:43:19'),
(3849, 1026, 69, '2025-12-02 17:43:19'),
(3850, 1026, 75, '2025-12-02 17:43:19'),
(3851, 1026, 76, '2025-12-02 17:43:19'),
(3852, 1026, 82, '2025-12-02 17:43:20'),
(3853, 1027, 1, '2025-12-02 17:43:20'),
(3854, 1027, 3, '2025-12-02 17:43:20'),
(3855, 1027, 7, '2025-12-02 17:43:20'),
(3856, 1027, 12, '2025-12-02 17:43:20'),
(3857, 1027, 13, '2025-12-02 17:43:20'),
(3858, 1027, 15, '2025-12-02 17:43:20'),
(3859, 1027, 21, '2025-12-02 17:43:20'),
(3860, 1027, 23, '2025-12-02 17:43:20'),
(3861, 1027, 24, '2025-12-02 17:43:20'),
(3862, 1027, 31, '2025-12-02 17:43:20'),
(3863, 1027, 34, '2025-12-02 17:43:20'),
(3864, 1027, 38, '2025-12-02 17:43:20'),
(3865, 1027, 48, '2025-12-02 17:43:20'),
(3866, 1027, 53, '2025-12-02 17:43:20'),
(3867, 1027, 54, '2025-12-02 17:43:20'),
(3868, 1027, 63, '2025-12-02 17:43:20'),
(3869, 1027, 64, '2025-12-02 17:43:20'),
(3870, 1027, 67, '2025-12-02 17:43:20'),
(3871, 1027, 69, '2025-12-02 17:43:20'),
(3872, 1027, 75, '2025-12-02 17:43:20'),
(3873, 1027, 76, '2025-12-02 17:43:20'),
(3874, 1027, 82, '2025-12-02 17:43:20'),
(3875, 1028, 1, '2025-12-02 17:43:20'),
(3876, 1028, 3, '2025-12-02 17:43:20'),
(3877, 1028, 7, '2025-12-02 17:43:20'),
(3878, 1028, 12, '2025-12-02 17:43:20'),
(3879, 1028, 13, '2025-12-02 17:43:20'),
(3880, 1028, 15, '2025-12-02 17:43:20'),
(3881, 1028, 21, '2025-12-02 17:43:20'),
(3882, 1028, 23, '2025-12-02 17:43:20'),
(3883, 1028, 24, '2025-12-02 17:43:20'),
(3884, 1028, 31, '2025-12-02 17:43:20'),
(3885, 1028, 34, '2025-12-02 17:43:20'),
(3886, 1028, 38, '2025-12-02 17:43:20'),
(3887, 1028, 48, '2025-12-02 17:43:20'),
(3888, 1028, 53, '2025-12-02 17:43:20'),
(3889, 1028, 54, '2025-12-02 17:43:20'),
(3890, 1028, 63, '2025-12-02 17:43:20'),
(3891, 1028, 64, '2025-12-02 17:43:20');
INSERT INTO `products_tax_rates_allocation` (`products_tax_rates_allocation_id`, `products_id`, `tax_rates_id`, `date_added`) VALUES
(3892, 1028, 67, '2025-12-02 17:43:20'),
(3893, 1028, 69, '2025-12-02 17:43:20'),
(3894, 1028, 75, '2025-12-02 17:43:20'),
(3895, 1028, 76, '2025-12-02 17:43:20'),
(3896, 1028, 82, '2025-12-02 17:43:20'),
(3897, 1029, 1, '2025-12-02 17:43:20'),
(3898, 1029, 3, '2025-12-02 17:43:20'),
(3899, 1029, 6, '2025-12-02 17:43:20'),
(3900, 1029, 10, '2025-12-02 17:43:20'),
(3901, 1029, 13, '2025-12-02 17:43:20'),
(3902, 1029, 15, '2025-12-02 17:43:20'),
(3903, 1029, 19, '2025-12-02 17:43:20'),
(3904, 1029, 21, '2025-12-02 17:43:20'),
(3905, 1029, 23, '2025-12-02 17:43:20'),
(3906, 1029, 24, '2025-12-02 17:43:20'),
(3907, 1029, 27, '2025-12-02 17:43:20'),
(3908, 1029, 30, '2025-12-02 17:43:20'),
(3909, 1029, 33, '2025-12-02 17:43:20'),
(3910, 1029, 36, '2025-12-02 17:43:20'),
(3911, 1029, 40, '2025-12-02 17:43:20'),
(3912, 1029, 43, '2025-12-02 17:43:20'),
(3913, 1029, 46, '2025-12-02 17:43:20'),
(3914, 1029, 51, '2025-12-02 17:43:20'),
(3915, 1029, 54, '2025-12-02 17:43:20'),
(3916, 1029, 58, '2025-12-02 17:43:20'),
(3917, 1029, 62, '2025-12-02 17:43:20'),
(3918, 1029, 64, '2025-12-02 17:43:20'),
(3919, 1029, 67, '2025-12-02 17:43:20'),
(3920, 1029, 69, '2025-12-02 17:43:20'),
(3921, 1029, 73, '2025-12-02 17:43:20'),
(3922, 1029, 76, '2025-12-02 17:43:20'),
(3923, 1029, 80, '2025-12-02 17:43:20'),
(3924, 1029, 82, '2025-12-02 17:43:20'),
(3925, 1029, 85, '2025-12-02 17:43:20'),
(3926, 1030, 1, '2025-12-02 17:43:20'),
(3927, 1030, 3, '2025-12-02 17:43:20'),
(3928, 1030, 6, '2025-12-02 17:43:20'),
(3929, 1030, 10, '2025-12-02 17:43:20'),
(3930, 1030, 13, '2025-12-02 17:43:20'),
(3931, 1030, 15, '2025-12-02 17:43:20'),
(3932, 1030, 19, '2025-12-02 17:43:20'),
(3933, 1030, 21, '2025-12-02 17:43:20'),
(3934, 1030, 23, '2025-12-02 17:43:20'),
(3935, 1030, 24, '2025-12-02 17:43:20'),
(3936, 1030, 27, '2025-12-02 17:43:20'),
(3937, 1030, 30, '2025-12-02 17:43:20'),
(3938, 1030, 33, '2025-12-02 17:43:20'),
(3939, 1030, 36, '2025-12-02 17:43:20'),
(3940, 1030, 40, '2025-12-02 17:43:20'),
(3941, 1030, 43, '2025-12-02 17:43:20'),
(3942, 1030, 46, '2025-12-02 17:43:20'),
(3943, 1030, 51, '2025-12-02 17:43:20'),
(3944, 1030, 54, '2025-12-02 17:43:20'),
(3945, 1030, 58, '2025-12-02 17:43:20'),
(3946, 1030, 62, '2025-12-02 17:43:20'),
(3947, 1030, 64, '2025-12-02 17:43:20'),
(3948, 1030, 67, '2025-12-02 17:43:20'),
(3949, 1030, 69, '2025-12-02 17:43:20'),
(3950, 1030, 73, '2025-12-02 17:43:20'),
(3951, 1030, 76, '2025-12-02 17:43:20'),
(3952, 1030, 80, '2025-12-02 17:43:20'),
(3953, 1030, 82, '2025-12-02 17:43:20'),
(3954, 1030, 85, '2025-12-02 17:43:20'),
(3955, 1031, 1, '2025-12-02 17:43:20'),
(3956, 1031, 3, '2025-12-02 17:43:20'),
(3957, 1031, 8, '2025-12-02 17:43:20'),
(3958, 1031, 13, '2025-12-02 17:43:20'),
(3959, 1031, 15, '2025-12-02 17:43:20'),
(3960, 1031, 21, '2025-12-02 17:43:20'),
(3961, 1031, 23, '2025-12-02 17:43:20'),
(3962, 1031, 24, '2025-12-02 17:43:20'),
(3963, 1031, 49, '2025-12-02 17:43:20'),
(3964, 1031, 54, '2025-12-02 17:43:20'),
(3965, 1031, 64, '2025-12-02 17:43:20'),
(3966, 1031, 67, '2025-12-02 17:43:20'),
(3967, 1031, 69, '2025-12-02 17:43:20'),
(3968, 1031, 76, '2025-12-02 17:43:20'),
(3969, 1031, 82, '2025-12-02 17:43:20'),
(3970, 1032, 1, '2025-12-02 17:43:20'),
(3971, 1032, 3, '2025-12-02 17:43:20'),
(3972, 1032, 8, '2025-12-02 17:43:20'),
(3973, 1032, 13, '2025-12-02 17:43:20'),
(3974, 1032, 15, '2025-12-02 17:43:20'),
(3975, 1032, 21, '2025-12-02 17:43:20'),
(3976, 1032, 23, '2025-12-02 17:43:20'),
(3977, 1032, 24, '2025-12-02 17:43:20'),
(3978, 1032, 49, '2025-12-02 17:43:20'),
(3979, 1032, 54, '2025-12-02 17:43:20'),
(3980, 1032, 64, '2025-12-02 17:43:20'),
(3981, 1032, 67, '2025-12-02 17:43:20'),
(3982, 1032, 69, '2025-12-02 17:43:20'),
(3983, 1032, 76, '2025-12-02 17:43:20'),
(3984, 1032, 82, '2025-12-02 17:43:20'),
(3985, 1033, 1, '2025-12-02 17:43:20'),
(3986, 1033, 3, '2025-12-02 17:43:20'),
(3987, 1033, 8, '2025-12-02 17:43:20'),
(3988, 1033, 13, '2025-12-02 17:43:20'),
(3989, 1033, 15, '2025-12-02 17:43:20'),
(3990, 1033, 21, '2025-12-02 17:43:20'),
(3991, 1033, 23, '2025-12-02 17:43:20'),
(3992, 1033, 24, '2025-12-02 17:43:20'),
(3993, 1033, 49, '2025-12-02 17:43:20'),
(3994, 1033, 54, '2025-12-02 17:43:20'),
(3995, 1033, 64, '2025-12-02 17:43:20'),
(3996, 1033, 67, '2025-12-02 17:43:20'),
(3997, 1033, 69, '2025-12-02 17:43:20'),
(3998, 1033, 76, '2025-12-02 17:43:20'),
(3999, 1033, 82, '2025-12-02 17:43:20'),
(4000, 1034, 1, '2025-12-02 17:43:20'),
(4001, 1034, 3, '2025-12-02 17:43:20'),
(4002, 1034, 8, '2025-12-02 17:43:20'),
(4003, 1034, 13, '2025-12-02 17:43:20'),
(4004, 1034, 15, '2025-12-02 17:43:20'),
(4005, 1034, 21, '2025-12-02 17:43:20'),
(4006, 1034, 23, '2025-12-02 17:43:20'),
(4007, 1034, 24, '2025-12-02 17:43:20'),
(4008, 1034, 49, '2025-12-02 17:43:20'),
(4009, 1034, 54, '2025-12-02 17:43:20'),
(4010, 1034, 64, '2025-12-02 17:43:20'),
(4011, 1034, 67, '2025-12-02 17:43:20'),
(4012, 1034, 69, '2025-12-02 17:43:20'),
(4013, 1034, 76, '2025-12-02 17:43:20'),
(4014, 1034, 82, '2025-12-02 17:43:20'),
(4015, 1035, 1, '2025-12-02 17:43:20'),
(4016, 1035, 3, '2025-12-02 17:43:20'),
(4017, 1035, 8, '2025-12-02 17:43:20'),
(4018, 1035, 13, '2025-12-02 17:43:20'),
(4019, 1035, 15, '2025-12-02 17:43:20'),
(4020, 1035, 21, '2025-12-02 17:43:20'),
(4021, 1035, 23, '2025-12-02 17:43:20'),
(4022, 1035, 24, '2025-12-02 17:43:20'),
(4023, 1035, 49, '2025-12-02 17:43:20'),
(4024, 1035, 54, '2025-12-02 17:43:20'),
(4025, 1035, 64, '2025-12-02 17:43:20'),
(4026, 1035, 67, '2025-12-02 17:43:20'),
(4027, 1035, 69, '2025-12-02 17:43:20'),
(4028, 1035, 76, '2025-12-02 17:43:20'),
(4029, 1035, 82, '2025-12-02 17:43:20'),
(4030, 1036, 1, '2025-12-02 17:43:20'),
(4031, 1036, 3, '2025-12-02 17:43:20'),
(4032, 1036, 8, '2025-12-02 17:43:20'),
(4033, 1036, 13, '2025-12-02 17:43:20'),
(4034, 1036, 15, '2025-12-02 17:43:20'),
(4035, 1036, 21, '2025-12-02 17:43:20'),
(4036, 1036, 23, '2025-12-02 17:43:20'),
(4037, 1036, 24, '2025-12-02 17:43:20'),
(4038, 1036, 49, '2025-12-02 17:43:20'),
(4039, 1036, 54, '2025-12-02 17:43:20'),
(4040, 1036, 64, '2025-12-02 17:43:20'),
(4041, 1036, 67, '2025-12-02 17:43:20'),
(4042, 1036, 69, '2025-12-02 17:43:20'),
(4043, 1036, 76, '2025-12-02 17:43:20'),
(4044, 1036, 82, '2025-12-02 17:43:20'),
(4045, 1037, 1, '2025-12-02 17:43:20'),
(4046, 1037, 3, '2025-12-02 17:43:20'),
(4047, 1037, 8, '2025-12-02 17:43:20'),
(4048, 1037, 13, '2025-12-02 17:43:20'),
(4049, 1037, 15, '2025-12-02 17:43:20'),
(4050, 1037, 21, '2025-12-02 17:43:20'),
(4051, 1037, 23, '2025-12-02 17:43:20'),
(4052, 1037, 24, '2025-12-02 17:43:20'),
(4053, 1037, 49, '2025-12-02 17:43:20'),
(4054, 1037, 54, '2025-12-02 17:43:20'),
(4055, 1037, 64, '2025-12-02 17:43:20'),
(4056, 1037, 67, '2025-12-02 17:43:20'),
(4057, 1037, 69, '2025-12-02 17:43:20'),
(4058, 1037, 76, '2025-12-02 17:43:20'),
(4059, 1037, 82, '2025-12-02 17:43:20'),
(4060, 1038, 1, '2025-12-02 17:43:20'),
(4061, 1038, 3, '2025-12-02 17:43:20'),
(4062, 1038, 8, '2025-12-02 17:43:20'),
(4063, 1038, 13, '2025-12-02 17:43:20'),
(4064, 1038, 15, '2025-12-02 17:43:20'),
(4065, 1038, 21, '2025-12-02 17:43:20'),
(4066, 1038, 23, '2025-12-02 17:43:20'),
(4067, 1038, 24, '2025-12-02 17:43:20'),
(4068, 1038, 49, '2025-12-02 17:43:20'),
(4069, 1038, 54, '2025-12-02 17:43:20'),
(4070, 1038, 64, '2025-12-02 17:43:20'),
(4071, 1038, 67, '2025-12-02 17:43:20'),
(4072, 1038, 69, '2025-12-02 17:43:20'),
(4073, 1038, 76, '2025-12-02 17:43:20'),
(4074, 1038, 82, '2025-12-02 17:43:20'),
(4075, 1039, 1, '2025-12-02 17:43:20'),
(4076, 1039, 3, '2025-12-02 17:43:20'),
(4077, 1039, 8, '2025-12-02 17:43:20'),
(4078, 1039, 13, '2025-12-02 17:43:20'),
(4079, 1039, 15, '2025-12-02 17:43:20'),
(4080, 1039, 21, '2025-12-02 17:43:20'),
(4081, 1039, 23, '2025-12-02 17:43:20'),
(4082, 1039, 24, '2025-12-02 17:43:20'),
(4083, 1039, 49, '2025-12-02 17:43:20'),
(4084, 1039, 54, '2025-12-02 17:43:20'),
(4085, 1039, 64, '2025-12-02 17:43:20'),
(4086, 1039, 67, '2025-12-02 17:43:20'),
(4087, 1039, 69, '2025-12-02 17:43:20'),
(4088, 1039, 76, '2025-12-02 17:43:20'),
(4089, 1039, 82, '2025-12-02 17:43:20'),
(4090, 1040, 1, '2025-12-02 17:43:20'),
(4091, 1040, 3, '2025-12-02 17:43:20'),
(4092, 1040, 8, '2025-12-02 17:43:20'),
(4093, 1040, 13, '2025-12-02 17:43:20'),
(4094, 1040, 15, '2025-12-02 17:43:20'),
(4095, 1040, 21, '2025-12-02 17:43:20'),
(4096, 1040, 23, '2025-12-02 17:43:20'),
(4097, 1040, 24, '2025-12-02 17:43:20'),
(4098, 1040, 49, '2025-12-02 17:43:20'),
(4099, 1040, 54, '2025-12-02 17:43:20'),
(4100, 1040, 64, '2025-12-02 17:43:20'),
(4101, 1040, 67, '2025-12-02 17:43:20'),
(4102, 1040, 69, '2025-12-02 17:43:20'),
(4103, 1040, 76, '2025-12-02 17:43:20'),
(4104, 1040, 82, '2025-12-02 17:43:20'),
(4105, 1041, 1, '2025-12-02 17:43:20'),
(4106, 1041, 3, '2025-12-02 17:43:20'),
(4107, 1041, 7, '2025-12-02 17:43:20'),
(4108, 1041, 11, '2025-12-02 17:43:20'),
(4109, 1041, 13, '2025-12-02 17:43:20'),
(4110, 1041, 15, '2025-12-02 17:43:20'),
(4111, 1041, 21, '2025-12-02 17:43:20'),
(4112, 1041, 23, '2025-12-02 17:43:20'),
(4113, 1041, 24, '2025-12-02 17:43:20'),
(4114, 1041, 28, '2025-12-02 17:43:20'),
(4115, 1041, 31, '2025-12-02 17:43:20'),
(4116, 1041, 34, '2025-12-02 17:43:20'),
(4117, 1041, 37, '2025-12-02 17:43:20'),
(4118, 1041, 41, '2025-12-02 17:43:20'),
(4119, 1041, 44, '2025-12-02 17:43:20'),
(4120, 1041, 47, '2025-12-02 17:43:20'),
(4121, 1041, 52, '2025-12-02 17:43:20'),
(4122, 1041, 54, '2025-12-02 17:43:20'),
(4123, 1041, 59, '2025-12-02 17:43:20'),
(4124, 1041, 63, '2025-12-02 17:43:20'),
(4125, 1041, 64, '2025-12-02 17:43:20'),
(4126, 1041, 67, '2025-12-02 17:43:20'),
(4127, 1041, 69, '2025-12-02 17:43:20'),
(4128, 1041, 74, '2025-12-02 17:43:20'),
(4129, 1041, 76, '2025-12-02 17:43:20'),
(4130, 1041, 81, '2025-12-02 17:43:20'),
(4131, 1041, 82, '2025-12-02 17:43:20'),
(4132, 1042, 1, '2025-12-02 17:43:20'),
(4133, 1042, 3, '2025-12-02 17:43:20'),
(4134, 1042, 7, '2025-12-02 17:43:20'),
(4135, 1042, 11, '2025-12-02 17:43:20'),
(4136, 1042, 13, '2025-12-02 17:43:20'),
(4137, 1042, 15, '2025-12-02 17:43:20'),
(4138, 1042, 21, '2025-12-02 17:43:20'),
(4139, 1042, 23, '2025-12-02 17:43:20'),
(4140, 1042, 24, '2025-12-02 17:43:20'),
(4141, 1042, 28, '2025-12-02 17:43:20'),
(4142, 1042, 31, '2025-12-02 17:43:20'),
(4143, 1042, 34, '2025-12-02 17:43:20'),
(4144, 1042, 37, '2025-12-02 17:43:20'),
(4145, 1042, 41, '2025-12-02 17:43:20'),
(4146, 1042, 44, '2025-12-02 17:43:20'),
(4147, 1042, 47, '2025-12-02 17:43:20'),
(4148, 1042, 52, '2025-12-02 17:43:20'),
(4149, 1042, 54, '2025-12-02 17:43:20'),
(4150, 1042, 59, '2025-12-02 17:43:20'),
(4151, 1042, 63, '2025-12-02 17:43:20'),
(4152, 1042, 64, '2025-12-02 17:43:20'),
(4153, 1042, 67, '2025-12-02 17:43:20'),
(4154, 1042, 69, '2025-12-02 17:43:20'),
(4155, 1042, 74, '2025-12-02 17:43:20'),
(4156, 1042, 76, '2025-12-02 17:43:20'),
(4157, 1042, 81, '2025-12-02 17:43:20'),
(4158, 1042, 82, '2025-12-02 17:43:20'),
(4159, 1043, 1, '2025-12-02 17:43:20'),
(4160, 1043, 3, '2025-12-02 17:43:20'),
(4161, 1043, 13, '2025-12-02 17:43:20'),
(4162, 1043, 15, '2025-12-02 17:43:20'),
(4163, 1043, 21, '2025-12-02 17:43:20'),
(4164, 1043, 23, '2025-12-02 17:43:20'),
(4165, 1043, 24, '2025-12-02 17:43:20'),
(4166, 1043, 54, '2025-12-02 17:43:20'),
(4167, 1043, 64, '2025-12-02 17:43:20'),
(4168, 1043, 67, '2025-12-02 17:43:20'),
(4169, 1043, 69, '2025-12-02 17:43:20'),
(4170, 1043, 76, '2025-12-02 17:43:20'),
(4171, 1043, 82, '2025-12-02 17:43:20'),
(4172, 1044, 1, '2025-12-02 17:43:20'),
(4173, 1044, 3, '2025-12-02 17:43:20'),
(4174, 1044, 13, '2025-12-02 17:43:20'),
(4175, 1044, 15, '2025-12-02 17:43:20'),
(4176, 1044, 21, '2025-12-02 17:43:20'),
(4177, 1044, 23, '2025-12-02 17:43:20'),
(4178, 1044, 24, '2025-12-02 17:43:20'),
(4179, 1044, 54, '2025-12-02 17:43:20'),
(4180, 1044, 64, '2025-12-02 17:43:20'),
(4181, 1044, 67, '2025-12-02 17:43:20'),
(4182, 1044, 69, '2025-12-02 17:43:20'),
(4183, 1044, 76, '2025-12-02 17:43:20'),
(4184, 1044, 82, '2025-12-02 17:43:20'),
(4185, 1045, 1, '2025-12-02 17:43:20'),
(4186, 1045, 3, '2025-12-02 17:43:20'),
(4187, 1045, 13, '2025-12-02 17:43:20'),
(4188, 1045, 15, '2025-12-02 17:43:20'),
(4189, 1045, 21, '2025-12-02 17:43:20'),
(4190, 1045, 23, '2025-12-02 17:43:20'),
(4191, 1045, 24, '2025-12-02 17:43:20'),
(4192, 1045, 54, '2025-12-02 17:43:20'),
(4193, 1045, 64, '2025-12-02 17:43:20'),
(4194, 1045, 67, '2025-12-02 17:43:20'),
(4195, 1045, 69, '2025-12-02 17:43:20'),
(4196, 1045, 76, '2025-12-02 17:43:20'),
(4197, 1045, 82, '2025-12-02 17:43:20'),
(4198, 1046, 1, '2025-12-02 17:43:20'),
(4199, 1046, 3, '2025-12-02 17:43:20'),
(4200, 1046, 13, '2025-12-02 17:43:20'),
(4201, 1046, 15, '2025-12-02 17:43:20'),
(4202, 1046, 21, '2025-12-02 17:43:20'),
(4203, 1046, 23, '2025-12-02 17:43:20'),
(4204, 1046, 24, '2025-12-02 17:43:20'),
(4205, 1046, 54, '2025-12-02 17:43:20'),
(4206, 1046, 64, '2025-12-02 17:43:20'),
(4207, 1046, 67, '2025-12-02 17:43:20'),
(4208, 1046, 69, '2025-12-02 17:43:20'),
(4209, 1046, 76, '2025-12-02 17:43:20'),
(4210, 1046, 82, '2025-12-02 17:43:20'),
(4211, 1047, 1, '2025-12-02 17:43:20'),
(4212, 1047, 3, '2025-12-02 17:43:20'),
(4213, 1047, 13, '2025-12-02 17:43:20'),
(4214, 1047, 15, '2025-12-02 17:43:20'),
(4215, 1047, 21, '2025-12-02 17:43:20'),
(4216, 1047, 23, '2025-12-02 17:43:20'),
(4217, 1047, 24, '2025-12-02 17:43:20'),
(4218, 1047, 54, '2025-12-02 17:43:20'),
(4219, 1047, 64, '2025-12-02 17:43:20'),
(4220, 1047, 67, '2025-12-02 17:43:20'),
(4221, 1047, 69, '2025-12-02 17:43:20'),
(4222, 1047, 76, '2025-12-02 17:43:20'),
(4223, 1047, 82, '2025-12-02 17:43:20'),
(4224, 1048, 1, '2025-12-02 17:43:20'),
(4225, 1048, 3, '2025-12-02 17:43:20'),
(4226, 1048, 13, '2025-12-02 17:43:20'),
(4227, 1048, 15, '2025-12-02 17:43:20'),
(4228, 1048, 21, '2025-12-02 17:43:20'),
(4229, 1048, 23, '2025-12-02 17:43:20'),
(4230, 1048, 24, '2025-12-02 17:43:20'),
(4231, 1048, 54, '2025-12-02 17:43:20'),
(4232, 1048, 64, '2025-12-02 17:43:20'),
(4233, 1048, 67, '2025-12-02 17:43:20'),
(4234, 1048, 69, '2025-12-02 17:43:20'),
(4235, 1048, 76, '2025-12-02 17:43:20'),
(4236, 1048, 82, '2025-12-02 17:43:20'),
(4237, 1049, 1, '2025-12-02 17:43:20'),
(4238, 1049, 3, '2025-12-02 17:43:20'),
(4239, 1049, 13, '2025-12-02 17:43:20'),
(4240, 1049, 15, '2025-12-02 17:43:20'),
(4241, 1049, 21, '2025-12-02 17:43:20'),
(4242, 1049, 23, '2025-12-02 17:43:20'),
(4243, 1049, 24, '2025-12-02 17:43:20'),
(4244, 1049, 54, '2025-12-02 17:43:20'),
(4245, 1049, 64, '2025-12-02 17:43:20'),
(4246, 1049, 67, '2025-12-02 17:43:20'),
(4247, 1049, 69, '2025-12-02 17:43:20'),
(4248, 1049, 76, '2025-12-02 17:43:20'),
(4249, 1049, 82, '2025-12-02 17:43:20'),
(4250, 1050, 1, '2025-12-02 17:43:20'),
(4251, 1050, 3, '2025-12-02 17:43:20'),
(4252, 1050, 13, '2025-12-02 17:43:20'),
(4253, 1050, 15, '2025-12-02 17:43:20'),
(4254, 1050, 21, '2025-12-02 17:43:20'),
(4255, 1050, 23, '2025-12-02 17:43:20'),
(4256, 1050, 24, '2025-12-02 17:43:20'),
(4257, 1050, 54, '2025-12-02 17:43:20'),
(4258, 1050, 64, '2025-12-02 17:43:20'),
(4259, 1050, 67, '2025-12-02 17:43:20'),
(4260, 1050, 69, '2025-12-02 17:43:20'),
(4261, 1050, 76, '2025-12-02 17:43:20'),
(4262, 1050, 82, '2025-12-02 17:43:20'),
(4263, 1051, 1, '2025-12-02 17:43:20'),
(4264, 1051, 3, '2025-12-02 17:43:20'),
(4265, 1051, 13, '2025-12-02 17:43:20'),
(4266, 1051, 15, '2025-12-02 17:43:20'),
(4267, 1051, 21, '2025-12-02 17:43:20'),
(4268, 1051, 23, '2025-12-02 17:43:20'),
(4269, 1051, 24, '2025-12-02 17:43:20'),
(4270, 1051, 54, '2025-12-02 17:43:20'),
(4271, 1051, 64, '2025-12-02 17:43:20'),
(4272, 1051, 67, '2025-12-02 17:43:20'),
(4273, 1051, 69, '2025-12-02 17:43:20'),
(4274, 1051, 76, '2025-12-02 17:43:20'),
(4275, 1051, 82, '2025-12-02 17:43:20'),
(4276, 1052, 1, '2025-12-02 17:43:20'),
(4277, 1052, 3, '2025-12-02 17:43:20'),
(4278, 1052, 13, '2025-12-02 17:43:20'),
(4279, 1052, 15, '2025-12-02 17:43:20'),
(4280, 1052, 21, '2025-12-02 17:43:20'),
(4281, 1052, 23, '2025-12-02 17:43:20'),
(4282, 1052, 24, '2025-12-02 17:43:20'),
(4283, 1052, 54, '2025-12-02 17:43:20'),
(4284, 1052, 64, '2025-12-02 17:43:20'),
(4285, 1052, 67, '2025-12-02 17:43:20'),
(4286, 1052, 69, '2025-12-02 17:43:20'),
(4287, 1052, 76, '2025-12-02 17:43:20'),
(4288, 1052, 82, '2025-12-02 17:43:20'),
(4289, 1053, 1, '2025-12-02 17:43:20'),
(4290, 1053, 3, '2025-12-02 17:43:20'),
(4291, 1053, 8, '2025-12-02 17:43:20'),
(4292, 1053, 12, '2025-12-02 17:43:20'),
(4293, 1053, 13, '2025-12-02 17:43:20'),
(4294, 1053, 15, '2025-12-02 17:43:20'),
(4295, 1053, 21, '2025-12-02 17:43:20'),
(4296, 1053, 23, '2025-12-02 17:43:20'),
(4297, 1053, 24, '2025-12-02 17:43:20'),
(4298, 1053, 38, '2025-12-02 17:43:20'),
(4299, 1053, 48, '2025-12-02 17:43:20'),
(4300, 1053, 53, '2025-12-02 17:43:20'),
(4301, 1053, 54, '2025-12-02 17:43:20'),
(4302, 1053, 60, '2025-12-02 17:43:20'),
(4303, 1053, 64, '2025-12-02 17:43:20'),
(4304, 1053, 67, '2025-12-02 17:43:20'),
(4305, 1053, 69, '2025-12-02 17:43:20'),
(4306, 1053, 75, '2025-12-02 17:43:20'),
(4307, 1053, 76, '2025-12-02 17:43:20'),
(4308, 1053, 82, '2025-12-02 17:43:20'),
(4309, 949, 1, '2025-12-02 17:43:20'),
(4310, 949, 3, '2025-12-02 17:43:20'),
(4311, 949, 8, '2025-12-02 17:43:20'),
(4312, 949, 12, '2025-12-02 17:43:20'),
(4313, 949, 13, '2025-12-02 17:43:20'),
(4314, 949, 15, '2025-12-02 17:43:20'),
(4315, 949, 21, '2025-12-02 17:43:20'),
(4316, 949, 23, '2025-12-02 17:43:20'),
(4317, 949, 24, '2025-12-02 17:43:20'),
(4318, 949, 38, '2025-12-02 17:43:20'),
(4319, 949, 48, '2025-12-02 17:43:20'),
(4320, 949, 53, '2025-12-02 17:43:20'),
(4321, 949, 54, '2025-12-02 17:43:20'),
(4322, 949, 60, '2025-12-02 17:43:20'),
(4323, 949, 64, '2025-12-02 17:43:20'),
(4324, 949, 67, '2025-12-02 17:43:20'),
(4325, 949, 69, '2025-12-02 17:43:20'),
(4326, 949, 75, '2025-12-02 17:43:20'),
(4327, 949, 76, '2025-12-02 17:43:20'),
(4328, 949, 82, '2025-12-02 17:43:20'),
(4329, 950, 1, '2025-12-02 17:43:20'),
(4330, 950, 3, '2025-12-02 17:43:20'),
(4331, 950, 13, '2025-12-02 17:43:20'),
(4332, 950, 15, '2025-12-02 17:43:20'),
(4333, 950, 21, '2025-12-02 17:43:20'),
(4334, 950, 23, '2025-12-02 17:43:20'),
(4335, 950, 24, '2025-12-02 17:43:20'),
(4336, 950, 54, '2025-12-02 17:43:20'),
(4337, 950, 64, '2025-12-02 17:43:20'),
(4338, 950, 67, '2025-12-02 17:43:20'),
(4339, 950, 69, '2025-12-02 17:43:20'),
(4340, 950, 76, '2025-12-02 17:43:20'),
(4341, 950, 82, '2025-12-02 17:43:20'),
(4342, 951, 1, '2025-12-02 17:43:20'),
(4343, 951, 3, '2025-12-02 17:43:20'),
(4344, 951, 13, '2025-12-02 17:43:20'),
(4345, 951, 15, '2025-12-02 17:43:20'),
(4346, 951, 21, '2025-12-02 17:43:20'),
(4347, 951, 23, '2025-12-02 17:43:20'),
(4348, 951, 24, '2025-12-02 17:43:20'),
(4349, 951, 54, '2025-12-02 17:43:20'),
(4350, 951, 64, '2025-12-02 17:43:20'),
(4351, 951, 67, '2025-12-02 17:43:20'),
(4352, 951, 69, '2025-12-02 17:43:20'),
(4353, 951, 76, '2025-12-02 17:43:20'),
(4354, 951, 82, '2025-12-02 17:43:20'),
(4355, 980, 1, '2025-12-02 17:43:20'),
(4356, 980, 3, '2025-12-02 17:43:20'),
(4357, 980, 13, '2025-12-02 17:43:20'),
(4358, 980, 15, '2025-12-02 17:43:20'),
(4359, 980, 21, '2025-12-02 17:43:20'),
(4360, 980, 23, '2025-12-02 17:43:20'),
(4361, 980, 24, '2025-12-02 17:43:20'),
(4362, 980, 54, '2025-12-02 17:43:20'),
(4363, 980, 64, '2025-12-02 17:43:20'),
(4364, 980, 67, '2025-12-02 17:43:20'),
(4365, 980, 69, '2025-12-02 17:43:20'),
(4366, 980, 76, '2025-12-02 17:43:20'),
(4367, 980, 82, '2025-12-02 17:43:20');

-- --------------------------------------------------------

--
-- Tabellenstruktur für Tabelle `products_to_categories`
--

CREATE TABLE `products_to_categories` (
  `products_id` int(11) NOT NULL DEFAULT '0',
  `categories_id` int(11) NOT NULL DEFAULT '0'
) ENGINE=MyISAM DEFAULT CHARSET=utf8;

--
-- Daten für Tabelle `products_to_categories`
--

INSERT INTO `products_to_categories` (`products_id`, `categories_id`) VALUES
(1, 30),
(2, 30),
(3, 30),
(4, 30),
(5, 30),
(6, 30),
(7, 30),
(8, 30),
(9, 30),
(10, 30),
(11, 30),
(12, 30),
(13, 30),
(14, 30),
(15, 30),
(16, 30),
(17, 30),
(18, 30),
(19, 30),
(20, 30),
(100, 52),
(102, 52),
(103, 52),
(104, 52),
(105, 52),
(106, 52),
(108, 52),
(109, 52),
(110, 52),
(111, 52),
(112, 52),
(113, 52),
(114, 52),
(115, 52),
(116, 52),
(117, 52),
(118, 52),
(119, 52),
(120, 52),
(121, 52),
(122, 52),
(123, 52),
(124, 52),
(125, 52),
(126, 52),
(127, 52),
(128, 52),
(129, 52),
(130, 52),
(131, 52),
(132, 52),
(133, 52),
(134, 52),
(135, 52),
(136, 52),
(137, 52),
(138, 52),
(139, 52),
(140, 52),
(141, 52),
(142, 52),
(143, 52),
(144, 52),
(145, 52),
(146, 52),
(147, 52),
(148, 52),
(149, 52),
(150, 52),
(151, 52),
(152, 52),
(153, 52),
(154, 52),
(155, 52),
(156, 52),
(157, 52),
(158, 52),
(159, 52),
(160, 52),
(161, 52),
(162, 52),
(163, 52),
(164, 52),
(165, 52),
(166, 52),
(167, 52),
(168, 52),
(169, 52),
(170, 52),
(171, 52),
(172, 52),
(173, 52),
(174, 52),
(175, 52),
(176, 52),
(177, 52),
(178, 52),
(179, 52),
(180, 52),
(181, 52),
(182, 52),
(183, 52),
(184, 52),
(185, 52),
(186, 52),
(187, 52),
(188, 52),
(189, 52),
(190, 52),
(191, 52),
(192, 52),
(193, 52),
(194, 52),
(195, 52),
(196, 52),
(197, 52),
(198, 52),
(199, 52),
(200, 52),
(201, 52),
(202, 52),
(203, 52),
(204, 52),
(205, 52),
(206, 52),
(207, 52),
(208, 52),
(209, 52),
(210, 52),
(211, 52),
(212, 52),
(213, 52),
(214, 52),
(215, 52),
(216, 52),
(217, 52),
(218, 52),
(219, 52),
(220, 52),
(221, 52),
(222, 52),
(223, 52),
(224, 52),
(225, 52),
(226, 52),
(227, 52),
(228, 52),
(229, 52),
(230, 52),
(231, 52),
(232, 52),
(233, 52),
(234, 52),
(235, 52),
(236, 52),
(237, 52),
(238, 52),
(239, 52),
(240, 52),
(241, 52),
(242, 52),
(243, 52),
(244, 52),
(245, 52),
(246, 52),
(247, 52),
(248, 52),
(249, 52),
(250, 52),
(251, 52),
(252, 52),
(253, 52),
(254, 52),
(255, 52),
(256, 52),
(257, 52),
(258, 52),
(259, 52),
(260, 52),
(261, 52),
(262, 52),
(263, 52),
(264, 52),
(265, 52),
(266, 52),
(267, 52),
(268, 52),
(269, 52),
(270, 52),
(271, 52),
(272, 52),
(273, 52),
(274, 52),
(275, 52),
(276, 52),
(277, 52),
(278, 52),
(279, 52),
(280, 52),
(281, 52),
(282, 52),
(283, 52),
(284, 52),
(285, 52),
(286, 52),
(287, 52),
(288, 52),
(289, 52),
(290, 52),
(291, 52),
(292, 52),
(293, 52),
(294, 52),
(295, 52),
(296, 52),
(297, 52),
(298, 52),
(299, 52),
(300, 52),
(301, 52),
(302, 52),
(303, 52),
(304, 52),
(305, 52),
(306, 52),
(307, 52),
(308, 52),
(309, 54),
(310, 54),
(311, 54),
(312, 54),
(313, 54),
(314, 54),
(315, 54),
(316, 54),
(317, 54),
(318, 54),
(319, 54),
(320, 54),
(321, 54),
(322, 54),
(323, 54),
(324, 54),
(325, 54),
(326, 54),
(327, 54),
(328, 54),
(329, 54),
(330, 54),
(331, 54),
(332, 54),
(333, 54),
(334, 54),
(335, 54),
(336, 54),
(337, 54),
(338, 54),
(339, 54),
(340, 54),
(341, 54),
(342, 54),
(343, 54),
(344, 54),
(345, 54),
(346, 54),
(347, 54),
(348, 54),
(349, 54),
(350, 54),
(351, 54),
(352, 54),
(353, 54),
(354, 54),
(355, 54),
(356, 54),
(357, 54),
(358, 54),
(359, 54),
(360, 54),
(361, 54),
(362, 54),
(363, 54),
(364, 54),
(365, 54),
(366, 54),
(367, 54),
(368, 54),
(369, 54),
(370, 54),
(371, 54),
(372, 54),
(373, 54),
(374, 54),
(375, 54),
(376, 54),
(377, 54),
(378, 54),
(379, 54),
(380, 54),
(381, 54),
(382, 54),
(383, 54),
(384, 54),
(385, 54),
(386, 54),
(387, 54),
(388, 54),
(389, 54),
(390, 54),
(391, 54),
(392, 54),
(393, 54),
(394, 54),
(395, 54),
(396, 54),
(397, 54),
(398, 54),
(399, 54),
(400, 54),
(401, 54),
(402, 54),
(403, 54),
(404, 54),
(405, 54),
(406, 54),
(407, 54),
(408, 54),
(409, 54),
(410, 54),
(411, 54),
(412, 54),
(413, 54),
(414, 54),
(415, 54),
(416, 54),
(417, 54),
(418, 54),
(419, 54),
(420, 54),
(421, 54),
(422, 54),
(423, 54),
(424, 54),
(425, 54),
(426, 54),
(427, 54),
(428, 54),
(429, 54),
(430, 54),
(431, 54),
(432, 54),
(433, 54),
(434, 54),
(435, 54),
(436, 54),
(437, 54),
(438, 54),
(439, 54),
(440, 54),
(441, 54),
(442, 54),
(443, 54),
(444, 54),
(445, 54),
(446, 54),
(447, 54),
(448, 54),
(449, 54),
(450, 54),
(451, 54),
(452, 54),
(453, 54),
(454, 54),
(455, 54),
(456, 54),
(457, 54),
(458, 54),
(459, 54),
(460, 54),
(461, 54),
(462, 54),
(463, 54),
(464, 54),
(465, 54),
(466, 54),
(467, 54),
(468, 54),
(469, 54),
(470, 54),
(471, 54),
(472, 54),
(473, 54),
(474, 54),
(475, 54),
(476, 54),
(477, 54),
(478, 54),
(479, 54),
(480, 54),
(481, 54),
(482, 54),
(483, 54),
(484, 54),
(485, 54),
(486, 54),
(487, 54),
(488, 54),
(489, 54),
(490, 54),
(491, 54),
(492, 54),
(493, 54),
(494, 54),
(495, 54),
(496, 54),
(497, 54),
(498, 54),
(499, 54),
(500, 54),
(501, 54),
(502, 54),
(503, 54),
(504, 54),
(505, 54),
(506, 54),
(507, 54),
(508, 54),
(509, 54),
(510, 54),
(511, 54),
(512, 54),
(513, 54),
(514, 54),
(515, 54),
(516, 54),
(517, 54),
(518, 54),
(519, 54),
(520, 54),
(521, 54),
(522, 54),
(523, 54),
(524, 54),
(525, 54),
(526, 54),
(527, 54),
(528, 54),
(529, 54),
(530, 54),
(531, 54),
(532, 54),
(533, 54),
(534, 54),
(535, 54),
(536, 54),
(537, 54),
(538, 54),
(539, 54),
(540, 54),
(541, 54),
(542, 54),
(543, 54),
(544, 54),
(545, 54),
(546, 54),
(547, 54),
(548, 54),
(549, 54),
(550, 54),
(551, 54),
(552, 54),
(553, 54),
(554, 54),
(555, 54),
(556, 54),
(557, 54),
(558, 54),
(559, 54),
(560, 54),
(561, 54),
(562, 54),
(563, 54),
(564, 54),
(565, 54),
(566, 54),
(567, 54),
(568, 54),
(569, 54),
(570, 54),
(571, 54),
(572, 54),
(573, 54),
(574, 54),
(575, 54),
(576, 54),
(577, 54),
(578, 54),
(579, 54),
(580, 54),
(581, 54),
(582, 54),
(583, 54),
(584, 54),
(585, 54),
(586, 54),
(587, 54),
(588, 54),
(589, 54),
(590, 54),
(591, 54),
(592, 54),
(593, 54),
(594, 54),
(595, 54),
(596, 54),
(597, 54),
(598, 54),
(599, 54),
(600, 54),
(601, 54),
(602, 54),
(603, 54),
(604, 54),
(605, 54),
(606, 54),
(607, 54),
(608, 54),
(609, 54),
(610, 54),
(611, 54),
(612, 54),
(613, 54),
(614, 54),
(615, 54),
(616, 54),
(617, 54),
(618, 54),
(619, 54),
(620, 54),
(621, 54),
(622, 54),
(623, 54),
(624, 54),
(625, 54),
(626, 54),
(627, 54),
(628, 54),
(629, 54),
(630, 54),
(631, 54),
(632, 54),
(633, 54),
(634, 54),
(635, 54),
(636, 54),
(637, 54),
(638, 54),
(639, 54),
(640, 54),
(641, 54),
(642, 54),
(643, 54),
(644, 54),
(645, 54),
(646, 54),
(647, 54),
(648, 54),
(649, 54),
(650, 54),
(651, 54),
(652, 54),
(653, 54),
(654, 54),
(655, 54),
(656, 54),
(657, 54),
(658, 54),
(659, 54),
(660, 54),
(661, 54),
(662, 54),
(663, 54),
(664, 54),
(665, 54),
(666, 54),
(667, 54),
(668, 54),
(669, 54),
(670, 54),
(671, 54),
(672, 54),
(673, 54),
(674, 54),
(675, 54),
(676, 54),
(677, 54),
(678, 54),
(679, 54),
(680, 54),
(681, 54),
(682, 54),
(683, 54),
(684, 54),
(685, 54),
(686, 54),
(687, 54),
(688, 54),
(689, 54),
(690, 54),
(691, 54),
(692, 54),
(693, 54),
(694, 54),
(695, 54),
(696, 54),
(697, 54),
(698, 54),
(699, 54),
(700, 54),
(701, 54),
(702, 54),
(703, 54),
(704, 54),
(705, 54),
(706, 54),
(707, 54),
(708, 54),
(709, 54),
(710, 54),
(711, 54),
(712, 54),
(713, 54),
(714, 54),
(715, 54),
(716, 54),
(717, 54),
(718, 54),
(719, 54),
(720, 54),
(721, 54),
(722, 54),
(723, 54),
(724, 54),
(725, 54),
(726, 54),
(727, 54),
(728, 54),
(729, 54),
(730, 54),
(731, 54),
(732, 54),
(733, 54),
(734, 54),
(735, 54),
(736, 54),
(737, 54),
(738, 54),
(739, 54),
(740, 54),
(741, 54),
(742, 54),
(743, 54),
(744, 54),
(745, 54),
(746, 54),
(747, 54),
(748, 54),
(749, 54),
(750, 54),
(751, 54),
(752, 54),
(753, 54),
(754, 54),
(755, 54),
(756, 54),
(757, 54),
(758, 54),
(759, 54),
(760, 54),
(761, 54),
(762, 54),
(763, 54),
(764, 54),
(765, 54),
(766, 54),
(767, 54),
(768, 54),
(769, 54),
(770, 54),
(771, 54),
(772, 54),
(773, 54),
(774, 54),
(775, 54),
(776, 54),
(777, 54),
(778, 54),
(779, 54),
(780, 54),
(781, 54),
(782, 54),
(783, 54),
(784, 54),
(785, 54),
(786, 54),
(787, 54),
(788, 54),
(789, 54),
(790, 54),
(791, 54),
(792, 54),
(793, 54),
(794, 54),
(795, 54),
(796, 54),
(797, 54),
(798, 54),
(799, 54),
(800, 54),
(801, 54),
(802, 54),
(803, 54),
(804, 54),
(805, 54),
(806, 54),
(807, 54),
(808, 54),
(809, 54),
(810, 54),
(811, 54),
(812, 54),
(813, 54),
(814, 54),
(815, 54),
(816, 54),
(817, 54),
(818, 54),
(819, 54),
(820, 54),
(821, 54),
(822, 54),
(823, 54),
(824, 54),
(825, 54),
(826, 54),
(827, 54),
(828, 54),
(829, 54),
(830, 54),
(831, 54),
(832, 54),
(833, 54),
(834, 54),
(835, 54),
(836, 54),
(837, 54),
(838, 54),
(839, 54),
(840, 54),
(841, 54),
(842, 54),
(843, 54),
(844, 54),
(845, 54),
(846, 54),
(847, 54),
(848, 54),
(849, 54),
(850, 54),
(851, 54),
(852, 54),
(853, 54),
(854, 54),
(855, 54),
(856, 54),
(857, 54),
(858, 54),
(859, 54),
(860, 54),
(861, 54),
(862, 54),
(863, 54),
(864, 54),
(865, 54),
(866, 54),
(867, 54),
(868, 54),
(869, 54),
(870, 54),
(871, 54),
(872, 54),
(873, 54),
(874, 54),
(875, 54),
(876, 54),
(877, 54),
(878, 54),
(879, 54),
(880, 54),
(881, 54),
(882, 54),
(883, 54),
(884, 54),
(885, 54),
(886, 54),
(887, 54),
(888, 54),
(889, 54),
(890, 54),
(891, 54),
(892, 54),
(893, 54),
(894, 54),
(895, 54),
(896, 54),
(897, 54),
(898, 54),
(899, 54),
(900, 54),
(901, 54),
(902, 54),
(903, 54),
(904, 54),
(905, 54),
(906, 54),
(907, 54),
(908, 54),
(909, 54),
(910, 54),
(911, 54),
(912, 54),
(913, 54),
(914, 54),
(915, 54),
(916, 54),
(917, 54),
(918, 54),
(919, 54),
(920, 54),
(921, 54),
(922, 54),
(923, 54),
(924, 54),
(925, 54),
(926, 54),
(927, 54),
(928, 54),
(929, 54),
(930, 54),
(931, 54),
(932, 54),
(933, 54),
(934, 54),
(935, 54),
(936, 54),
(937, 54),
(938, 54),
(939, 54),
(940, 54),
(941, 54),
(942, 54),
(943, 54),
(944, 54),
(945, 54),
(946, 54),
(947, 54),
(948, 54),
(949, 53),
(950, 53),
(951, 53),
(952, 57),
(953, 57),
(954, 57),
(955, 57),
(956, 57),
(957, 57),
(958, 57),
(959, 57),
(960, 57),
(961, 57),
(962, 57),
(963, 57),
(964, 57),
(965, 57),
(966, 57),
(967, 57),
(968, 57),
(969, 57),
(970, 57),
(971, 57),
(972, 57),
(973, 57),
(974, 57),
(975, 57),
(976, 57),
(977, 57),
(978, 57),
(979, 57),
(980, 53),
(981, 57),
(982, 57),
(983, 57),
(984, 57),
(985, 57),
(986, 57),
(987, 57),
(988, 57),
(989, 57),
(990, 57),
(991, 57),
(992, 57),
(993, 57),
(994, 57),
(995, 57),
(996, 57),
(997, 57),
(998, 57),
(999, 57),
(1000, 57),
(1001, 57),
(1002, 53),
(1002, 63),
(1003, 53),
(1003, 63),
(1004, 53),
(1004, 63),
(1005, 53),
(1005, 63),
(1006, 53),
(1006, 63),
(1007, 53),
(1007, 63),
(1008, 53),
(1008, 63),
(1009, 53),
(1009, 63),
(1010, 53),
(1010, 65),
(1011, 53),
(1011, 63),
(1011, 65),
(1012, 53),
(1012, 65),
(1013, 53),
(1013, 65),
(1014, 53),
(1014, 65),
(1015, 53),
(1015, 65),
(1016, 53),
(1016, 65),
(1017, 53),
(1017, 64),
(1018, 53),
(1018, 64),
(1019, 53),
(1019, 64),
(1020, 53),
(1020, 64),
(1021, 53),
(1021, 64),
(1022, 53),
(1022, 64),
(1023, 53),
(1023, 64),
(1024, 53),
(1024, 64),
(1025, 53),
(1025, 64),
(1026, 53),
(1026, 64),
(1027, 53),
(1027, 63),
(1028, 53),
(1028, 63),
(1029, 53),
(1030, 53),
(1031, 53),
(1032, 53),
(1033, 53),
(1034, 53),
(1035, 53),
(1036, 53),
(1037, 53),
(1038, 53),
(1039, 53),
(1040, 53),
(1040, 66),
(1041, 53),
(1041, 66),
(1042, 53),
(1042, 66),
(1043, 53),
(1043, 66),
(1044, 53),
(1045, 53),
(1046, 53),
(1047, 53),
(1048, 53),
(1049, 53),
(1050, 53),
(1051, 53),
(1052, 53),
(1053, 53),
(1054, 53),
(1055, 53),
(1056, 53),
(1057, 53),
(1058, 53),
(1059, 53),
(1060, 53),
(1061, 53),
(1062, 53),
(1062, 60),
(1063, 53),
(1064, 53),
(1065, 53),
(1066, 53),
(1067, 53),
(1068, 53),
(1069, 53),
(1069, 62),
(1070, 53),
(1070, 62),
(1071, 53),
(1071, 62),
(1072, 53),
(1072, 62),
(1073, 49),
(1073, 53),
(1073, 62),
(1074, 53),
(1075, 53),
(1076, 53),
(1077, 53),
(1078, 53),
(1079, 53),
(1080, 53),
(1081, 53),
(1082, 53),
(1083, 53),
(1084, 53),
(1085, 53),
(1086, 53),
(1087, 53),
(1088, 53),
(1089, 53),
(1090, 53),
(1091, 53),
(1092, 53),
(1093, 53),
(1094, 53),
(1095, 53),
(1096, 53),
(1097, 53),
(1098, 53),
(1099, 53),
(1100, 53),
(1101, 53),
(1102, 53),
(1103, 53),
(1104, 53),
(1105, 53),
(1106, 53),
(1107, 53),
(1108, 53),
(1109, 53),
(1110, 53),
(1111, 53),
(1112, 53),
(1113, 53),
(1114, 53),
(1115, 53),
(1116, 53),
(1117, 53),
(1118, 53),
(1119, 53),
(1120, 53),
(1121, 53),
(1122, 53),
(1123, 53),
(1124, 53),
(1125, 53),
(1126, 53),
(1127, 53),
(1128, 53),
(1129, 53),
(1130, 53),
(1131, 53),
(1132, 53),
(1133, 53),
(1134, 53),
(1135, 53),
(1136, 53),
(1137, 53),
(1138, 53),
(1139, 53),
(1140, 53),
(1141, 53),
(1142, 53),
(1143, 53),
(1144, 53),
(1145, 53),
(1146, 53),
(1147, 53),
(1148, 53),
(1149, 53),
(1150, 53);

-- --------------------------------------------------------

--
-- Tabellenstruktur für Tabelle `products_to_characteristics`
--

CREATE TABLE `products_to_characteristics` (
  `products_to_characteristics_id` int(11) NOT NULL,
  `products_id` int(11) NOT NULL DEFAULT '0',
  `products_characteristic_set_id` int(11) NOT NULL DEFAULT '0'
) ENGINE=MyISAM DEFAULT CHARSET=utf8;

--
-- Daten für Tabelle `products_to_characteristics`
--

INSERT INTO `products_to_characteristics` (`products_to_characteristics_id`, `products_id`, `products_characteristic_set_id`) VALUES
(327, 1002, 98),
(328, 1002, 100),
(329, 1002, 102);

-- --------------------------------------------------------

--
-- Tabellenstruktur für Tabelle `products_to_groups`
--

CREATE TABLE `products_to_groups` (
  `products_id` int(11) NOT NULL DEFAULT '0',
  `groups_id` int(11) NOT NULL DEFAULT '0'
) ENGINE=MyISAM DEFAULT CHARSET=utf8;

-- --------------------------------------------------------

--
-- Tabellenstruktur für Tabelle `products_vpe`
--

CREATE TABLE `products_vpe` (
  `products_vpe_id` int(11) NOT NULL DEFAULT '0',
  `language_id` int(11) NOT NULL DEFAULT '0',
  `products_vpe_name` varchar(32) NOT NULL
) ENGINE=MyISAM DEFAULT CHARSET=utf8;

-- --------------------------------------------------------

--
-- Tabellenstruktur für Tabelle `products_xsell`
--

CREATE TABLE `products_xsell` (
  `ID` int(10) NOT NULL,
  `products_id` int(10) UNSIGNED NOT NULL DEFAULT '1',
  `xsell_id` int(10) UNSIGNED NOT NULL DEFAULT '1',
  `sort_order` int(10) UNSIGNED NOT NULL DEFAULT '1',
  `reverse_cross_selling` int(1) NOT NULL
) ENGINE=MyISAM DEFAULT CHARSET=utf8;

-- --------------------------------------------------------

--
-- Tabellenstruktur für Tabelle `product_properties_xy_prices`
--

CREATE TABLE `product_properties_xy_prices` (
  `product_properties_xy_prices_id` int(11) NOT NULL,
  `products_id` int(11) NOT NULL,
  `products_properties_id_X` int(11) NOT NULL,
  `products_properties_id_Y` int(11) NOT NULL
) ENGINE=MyISAM DEFAULT CHARSET=utf8;

-- --------------------------------------------------------

--
-- Tabellenstruktur für Tabelle `product_properties_xy_prices_values`
--

CREATE TABLE `product_properties_xy_prices_values` (
  `product_properties_xy_prices_values_id` int(11) NOT NULL,
  `product_properties_xy_prices_id` int(11) NOT NULL,
  `val_X` int(11) NOT NULL,
  `val_Y` int(11) NOT NULL,
  `xy_price` float NOT NULL
) ENGINE=MyISAM DEFAULT CHARSET=utf8;

-- --------------------------------------------------------

--
-- Tabellenstruktur für Tabelle `product_properties_xy_prices_values_for_properties`
--

CREATE TABLE `product_properties_xy_prices_values_for_properties` (
  `product_properties_xy_prices_values_for_properties_id` int(11) NOT NULL,
  `product_properties_xy_prices_values_id` int(11) NOT NULL,
  `products_properties_id` int(11) NOT NULL,
  `price_netto` float NOT NULL
) ENGINE=MyISAM DEFAULT CHARSET=utf8;

-- --------------------------------------------------------

--
-- Tabellenstruktur für Tabelle `product_un_classification`
--

CREATE TABLE `product_un_classification` (
  `product_un_classification_id` int(11) NOT NULL,
  `products_id` int(11) NOT NULL,
  `un_classifications_id` int(11) NOT NULL,
  `ADR_Class` varchar(16) COLLATE utf8mb4_unicode_ci NOT NULL,
  `Packaging_Group` varchar(32) COLLATE utf8mb4_unicode_ci NOT NULL,
  `Bk` varchar(8) COLLATE utf8mb4_unicode_ci NOT NULL,
  `TUNNEL_CATEGORY` varchar(24) COLLATE utf8mb4_unicode_ci NOT NULL
) ENGINE=InnoDB DEFAULT CHARSET=utf8mb4 COLLATE=utf8mb4_unicode_ci;

-- --------------------------------------------------------

--
-- Tabellenstruktur für Tabelle `push_customer_allocations`
--

CREATE TABLE `push_customer_allocations` (
  `push_customer_allocations_id` int(11) NOT NULL,
  `customers_id` int(11) NOT NULL,
  `allocation` varchar(16) NOT NULL
) ENGINE=MyISAM DEFAULT CHARSET=utf8;

-- --------------------------------------------------------

--
-- Tabellenstruktur für Tabelle `reclamations`
--

CREATE TABLE `reclamations` (
  `reclamations_id` int(11) NOT NULL,
  `orders_id` int(11) NOT NULL DEFAULT '0',
  `customers_id` int(11) NOT NULL DEFAULT '0',
  `ebay_id` varchar(32) NOT NULL DEFAULT '',
  `customers_cid` varchar(32) DEFAULT NULL,
  `customers_vat_id` varchar(20) DEFAULT NULL,
  `customers_status` int(11) DEFAULT NULL,
  `customers_status_name` varchar(32) NOT NULL DEFAULT '',
  `customers_status_image` varchar(64) DEFAULT NULL,
  `customers_status_discount` decimal(4,2) DEFAULT NULL,
  `customers_name` varchar(64) NOT NULL DEFAULT '',
  `customers_company` varchar(128) DEFAULT NULL,
  `customers_street_address` varchar(64) NOT NULL DEFAULT '',
  `customers_suburb` varchar(64) DEFAULT NULL,
  `customers_city` varchar(64) NOT NULL,
  `customers_postcode` varchar(10) NOT NULL DEFAULT '',
  `customers_state` varchar(32) DEFAULT NULL,
  `customers_country` varchar(32) NOT NULL DEFAULT '',
  `customers_telephone` varchar(32) NOT NULL DEFAULT '',
  `customers_email_address` varchar(96) NOT NULL DEFAULT '',
  `customers_address_format_id` int(5) NOT NULL DEFAULT '0',
  `delivery_name` varchar(64) NOT NULL DEFAULT '',
  `delivery_company` varchar(128) DEFAULT NULL,
  `delivery_street_address` varchar(64) NOT NULL DEFAULT '',
  `delivery_suburb` varchar(64) DEFAULT NULL,
  `delivery_city` varchar(64) NOT NULL,
  `delivery_postcode` varchar(10) NOT NULL DEFAULT '',
  `delivery_state` varchar(32) DEFAULT NULL,
  `delivery_country` varchar(32) NOT NULL DEFAULT '',
  `delivery_address_format_id` int(5) NOT NULL DEFAULT '0',
  `billing_name` varchar(64) NOT NULL DEFAULT '',
  `billing_company` varchar(128) DEFAULT NULL,
  `billing_street_address` varchar(64) NOT NULL DEFAULT '',
  `billing_suburb` varchar(64) DEFAULT NULL,
  `billing_city` varchar(64) NOT NULL,
  `billing_postcode` varchar(10) NOT NULL DEFAULT '',
  `billing_state` varchar(32) DEFAULT NULL,
  `billing_country` varchar(32) NOT NULL DEFAULT '',
  `billing_address_format_id` int(5) NOT NULL DEFAULT '0',
  `payment_method` varchar(32) NOT NULL DEFAULT '',
  `comments` varchar(255) DEFAULT NULL,
  `last_modified` datetime DEFAULT NULL,
  `date_created` datetime DEFAULT NULL,
  `date_payment` datetime NOT NULL DEFAULT '0000-00-00 00:00:00',
  `reclamations_status` int(5) NOT NULL DEFAULT '0',
  `reclamations_type` int(11) NOT NULL DEFAULT '0',
  `reclamations_date_finished` datetime DEFAULT NULL,
  `currency` char(3) DEFAULT NULL,
  `currency_value` decimal(14,6) DEFAULT NULL,
  `account_type` int(1) NOT NULL DEFAULT '0',
  `language` varchar(32) NOT NULL DEFAULT '',
  `versender` varchar(32) NOT NULL DEFAULT '',
  `rueckerstattung` int(11) NOT NULL DEFAULT '0',
  `send` int(1) NOT NULL DEFAULT '0',
  `send_status` int(1) NOT NULL DEFAULT '0',
  `repair` int(1) NOT NULL DEFAULT '0',
  `kto_nummer` varchar(32) NOT NULL DEFAULT '',
  `kto_inhaber` varchar(128) NOT NULL DEFAULT '',
  `kto_blz` varchar(32) NOT NULL DEFAULT '',
  `kto_bank` varchar(128) NOT NULL DEFAULT '',
  `rueckerstattungsbetrag` float NOT NULL DEFAULT '0',
  `rueckerstattungsgrund` text NOT NULL,
  `block_shipping` int(1) NOT NULL DEFAULT '0',
  `versender_proposal` varchar(32) NOT NULL DEFAULT '',
  `shipping_comments` text NOT NULL,
  `block_shipping_comment` varchar(255) NOT NULL,
  `block_shipping_end_date` datetime NOT NULL
) ENGINE=MyISAM DEFAULT CHARSET=utf8;

-- --------------------------------------------------------

--
-- Tabellenstruktur für Tabelle `reclamations_bestandssperre`
--

CREATE TABLE `reclamations_bestandssperre` (
  `reclamations_bestandssperre_id` int(11) NOT NULL,
  `reclamations_id` int(11) NOT NULL DEFAULT '0',
  `products_id` int(11) NOT NULL DEFAULT '0',
  `storage_id` int(11) NOT NULL DEFAULT '0',
  `quantity` int(11) NOT NULL DEFAULT '0'
) ENGINE=MyISAM DEFAULT CHARSET=utf8;

-- --------------------------------------------------------

--
-- Tabellenstruktur für Tabelle `reclamations_products`
--

CREATE TABLE `reclamations_products` (
  `reclamations_products_id` int(11) NOT NULL,
  `reclamations_id` int(11) NOT NULL DEFAULT '0',
  `products_id` int(11) NOT NULL DEFAULT '0',
  `products_model` varchar(64) DEFAULT NULL,
  `products_name` varchar(128) NOT NULL DEFAULT '',
  `products_price` decimal(15,4) NOT NULL DEFAULT '0.0000',
  `products_discount_made` decimal(4,2) DEFAULT NULL,
  `final_price` decimal(15,4) NOT NULL DEFAULT '0.0000',
  `products_tax` decimal(7,4) NOT NULL DEFAULT '0.0000',
  `products_quantity` int(2) NOT NULL DEFAULT '0',
  `allow_tax` int(1) NOT NULL DEFAULT '0',
  `false_products_id` int(11) NOT NULL,
  `quantity_shipped` int(11) NOT NULL
) ENGINE=MyISAM DEFAULT CHARSET=utf8;

-- --------------------------------------------------------

--
-- Tabellenstruktur für Tabelle `reclamations_products_properties`
--

CREATE TABLE `reclamations_products_properties` (
  `reclamations_products_properties_id` int(11) NOT NULL,
  `reclamations_products_id` int(11) NOT NULL,
  `property_title` varchar(64) NOT NULL,
  `property_value` varchar(64) NOT NULL,
  `input_span` int(11) NOT NULL
) ENGINE=MyISAM DEFAULT CHARSET=utf8;

-- --------------------------------------------------------

--
-- Tabellenstruktur für Tabelle `reclamations_products_serials`
--

CREATE TABLE `reclamations_products_serials` (
  `reclamations_products_serials_id` int(11) NOT NULL,
  `reclamations_products_id` int(11) NOT NULL DEFAULT '0',
  `products_id` int(11) NOT NULL DEFAULT '0',
  `serial_number` varchar(128) NOT NULL DEFAULT ''
) ENGINE=MyISAM DEFAULT CHARSET=utf8;

-- --------------------------------------------------------

--
-- Tabellenstruktur für Tabelle `reclamations_reasons`
--

CREATE TABLE `reclamations_reasons` (
  `reclamations_reasons_id` int(11) NOT NULL,
  `reason` varchar(64) NOT NULL,
  `date_added` datetime NOT NULL
) ENGINE=MyISAM DEFAULT CHARSET=utf8;

--
-- Daten für Tabelle `reclamations_reasons`
--

INSERT INTO `reclamations_reasons` (`reclamations_reasons_id`, `reason`, `date_added`) VALUES
(1, 'Transportschaden', '2010-11-24 22:45:15'),
(2, 'Ware hat nicht gefallen', '2010-11-24 22:45:24'),
(3, 'Qualitätsproblem', '2010-11-24 22:45:46'),
(4, 'Durch Kunden beim aufbau beschädigt', '2010-11-24 22:46:01');

-- --------------------------------------------------------

--
-- Tabellenstruktur für Tabelle `reclamations_recalculate`
--

CREATE TABLE `reclamations_recalculate` (
  `reclamations_recalculate_id` int(11) NOT NULL,
  `reclamations_id` int(11) NOT NULL DEFAULT '0',
  `n_price` decimal(15,4) NOT NULL DEFAULT '0.0000',
  `b_price` decimal(15,4) NOT NULL DEFAULT '0.0000',
  `tax` decimal(15,4) NOT NULL DEFAULT '0.0000',
  `tax_rate` decimal(7,4) NOT NULL DEFAULT '0.0000',
  `class` varchar(32) NOT NULL DEFAULT ''
) ENGINE=MyISAM DEFAULT CHARSET=utf8;

-- --------------------------------------------------------

--
-- Tabellenstruktur für Tabelle `reclamations_status`
--

CREATE TABLE `reclamations_status` (
  `reclamations_status_id` int(11) NOT NULL DEFAULT '0',
  `language_id` int(11) NOT NULL DEFAULT '1',
  `reclamations_status_name` varchar(32) NOT NULL DEFAULT ''
) ENGINE=MyISAM DEFAULT CHARSET=utf8;

--
-- Daten für Tabelle `reclamations_status`
--

INSERT INTO `reclamations_status` (`reclamations_status_id`, `language_id`, `reclamations_status_name`) VALUES
(3, 2, 'Abgeschlossen'),
(1, 2, 'Eingeleitet'),
(2, 2, 'In Bearbeitung');

-- --------------------------------------------------------

--
-- Tabellenstruktur für Tabelle `reclamations_status_history`
--

CREATE TABLE `reclamations_status_history` (
  `reclamations_status_history_id` int(11) NOT NULL,
  `reclamations_id` int(11) NOT NULL DEFAULT '0',
  `reclamations_status_id` int(5) NOT NULL DEFAULT '0',
  `date_added` datetime NOT NULL DEFAULT '0000-00-00 00:00:00',
  `customer_notified` int(1) DEFAULT '0',
  `comments` text,
  `editor_id` int(11) NOT NULL DEFAULT '0'
) ENGINE=MyISAM DEFAULT CHARSET=utf8;

-- --------------------------------------------------------

--
-- Tabellenstruktur für Tabelle `reclamations_total`
--

CREATE TABLE `reclamations_total` (
  `reclamations_total_id` int(10) UNSIGNED NOT NULL,
  `reclamations_id` int(11) NOT NULL DEFAULT '0',
  `title` varchar(255) NOT NULL DEFAULT '',
  `text` varchar(255) NOT NULL DEFAULT '',
  `value` decimal(15,4) NOT NULL DEFAULT '0.0000',
  `class` varchar(32) NOT NULL DEFAULT '',
  `sort_order` int(11) NOT NULL DEFAULT '0'
) ENGINE=MyISAM DEFAULT CHARSET=utf8;

-- --------------------------------------------------------

--
-- Tabellenstruktur für Tabelle `reclamations_to_reclamations_reasons`
--

CREATE TABLE `reclamations_to_reclamations_reasons` (
  `reclamations_id` int(11) NOT NULL,
  `reclamations_reasons_id` int(11) NOT NULL
) ENGINE=MyISAM DEFAULT CHARSET=utf8;

-- --------------------------------------------------------

--
-- Tabellenstruktur für Tabelle `reclamations_types`
--

CREATE TABLE `reclamations_types` (
  `reclamations_types_id` int(11) NOT NULL,
  `reclamations_types_title` varchar(128) NOT NULL DEFAULT ''
) ENGINE=MyISAM DEFAULT CHARSET=utf8;

--
-- Daten für Tabelle `reclamations_types`
--

INSERT INTO `reclamations_types` (`reclamations_types_id`, `reclamations_types_title`) VALUES
(2, 'Widerruf | Ruecktritt'),
(3, 'Defekt | Ersatzversand'),
(4, 'Falschlieferung | Neuversand'),
(5, 'Falsche Adresse | Neuversand'),
(6, 'Vereinfachte Warenrücknahme');

-- --------------------------------------------------------

--
-- Tabellenstruktur für Tabelle `retouren`
--

CREATE TABLE `retouren` (
  `retoure_id` int(11) NOT NULL,
  `orders_id` int(11) NOT NULL DEFAULT '0',
  `reclamations_id` int(11) NOT NULL DEFAULT '0',
  `customers_id` int(11) NOT NULL DEFAULT '0',
  `shipping_company` varchar(128) NOT NULL DEFAULT '',
  `shipping_name` varchar(128) NOT NULL DEFAULT '',
  `shipping_name2` varchar(128) NOT NULL DEFAULT '',
  `shipping_street` varchar(128) NOT NULL DEFAULT '',
  `shipping_street2` varchar(128) NOT NULL DEFAULT '',
  `shipping_postcode` varchar(6) NOT NULL DEFAULT '',
  `shipping_city` varchar(128) NOT NULL DEFAULT '',
  `shipping_country` varchar(128) NOT NULL DEFAULT '',
  `date_created` datetime NOT NULL DEFAULT '0000-00-00 00:00:00',
  `date_initiated` datetime NOT NULL DEFAULT '0000-00-00 00:00:00',
  `date_finished` datetime NOT NULL DEFAULT '0000-00-00 00:00:00',
  `retoure_status` int(11) NOT NULL DEFAULT '0',
  `versender` varchar(32) NOT NULL DEFAULT '',
  `costs` float NOT NULL DEFAULT '0'
) ENGINE=MyISAM DEFAULT CHARSET=utf8;

-- --------------------------------------------------------

--
-- Tabellenstruktur für Tabelle `retoure_products`
--

CREATE TABLE `retoure_products` (
  `retoure_products_id` int(11) NOT NULL,
  `retoure_id` int(11) NOT NULL DEFAULT '0',
  `products_id` int(11) NOT NULL DEFAULT '0',
  `products_model` varchar(64) DEFAULT NULL,
  `products_name` varchar(64) NOT NULL DEFAULT '',
  `products_quantity` int(2) NOT NULL DEFAULT '0',
  `false_products_id` int(11) NOT NULL
) ENGINE=MyISAM DEFAULT CHARSET=utf8;

-- --------------------------------------------------------

--
-- Tabellenstruktur für Tabelle `retoure_products_properties`
--

CREATE TABLE `retoure_products_properties` (
  `retoure_products_properties_id` int(11) NOT NULL,
  `retoure_products_id` int(11) NOT NULL,
  `property_title` varchar(64) NOT NULL,
  `property_value` varchar(64) NOT NULL,
  `input_span` int(11) NOT NULL
) ENGINE=MyISAM DEFAULT CHARSET=utf8;

-- --------------------------------------------------------

--
-- Tabellenstruktur für Tabelle `retoure_products_serials`
--

CREATE TABLE `retoure_products_serials` (
  `retoure_products_serials_id` int(11) NOT NULL,
  `retoure_products_id` int(11) NOT NULL DEFAULT '0',
  `products_id` int(11) NOT NULL DEFAULT '0',
  `serial_number` varchar(128) NOT NULL DEFAULT ''
) ENGINE=MyISAM DEFAULT CHARSET=utf8;

-- --------------------------------------------------------

--
-- Tabellenstruktur für Tabelle `retoure_status`
--

CREATE TABLE `retoure_status` (
  `retoure_status_id` int(11) NOT NULL,
  `retoure_status_name` varchar(64) NOT NULL DEFAULT ''
) ENGINE=MyISAM DEFAULT CHARSET=utf8;

--
-- Daten für Tabelle `retoure_status`
--

INSERT INTO `retoure_status` (`retoure_status_id`, `retoure_status_name`) VALUES
(1, 'Angelegt'),
(2, 'Abholung angewiesen'),
(3, 'Beendet'),
(4, 'Fehlgeschlagen');

-- --------------------------------------------------------

--
-- Tabellenstruktur für Tabelle `retoure_status_history`
--

CREATE TABLE `retoure_status_history` (
  `retoure_status_history_id` int(11) NOT NULL,
  `retoure_id` int(11) NOT NULL DEFAULT '0',
  `retoure_status_id` int(5) NOT NULL DEFAULT '0',
  `date_added` datetime NOT NULL DEFAULT '0000-00-00 00:00:00',
  `customer_notified` int(1) DEFAULT '0',
  `comments` text,
  `editor_id` int(11) NOT NULL DEFAULT '0'
) ENGINE=MyISAM DEFAULT CHARSET=utf8;

--
-- Daten für Tabelle `retoure_status_history`
--

INSERT INTO `retoure_status_history` (`retoure_status_history_id`, `retoure_id`, `retoure_status_id`, `date_added`, `customer_notified`, `comments`, `editor_id`) VALUES
(1, 1, 1, '2010-03-25 22:13:04', 0, 'Aus der Reklamation 1 heraus angelegt.', 1),
(2, 1, 2, '2010-03-25 22:25:27', 0, 'Neuer Status. Keine Retoureinfo per Email versendet', 1),
(3, 1, 2, '2010-03-25 22:25:41', 0, 'Wareneingang wurde gebucht.', 1),
(4, 1, 3, '2010-03-25 22:25:41', 0, 'Auf neuen Status gesetzt.', 1),
(5, 2, 1, '2013-11-06 17:27:01', 0, 'Aus der Reklamation 2 heraus angelegt.', 1),
(6, 2, 2, '2013-11-06 17:27:49', 1, 'Retoureinfo per Email an system@yes-websolutions.de versendet', 1);

-- --------------------------------------------------------

--
-- Tabellenstruktur für Tabelle `reviews`
--

CREATE TABLE `reviews` (
  `reviews_id` int(11) NOT NULL,
  `products_id` int(11) NOT NULL DEFAULT '0',
  `customers_id` int(11) DEFAULT NULL,
  `customers_name` varchar(64) NOT NULL DEFAULT '',
  `reviews_rating` int(1) DEFAULT NULL,
  `date_added` datetime DEFAULT NULL,
  `last_modified` datetime DEFAULT NULL,
  `reviews_read` int(5) NOT NULL DEFAULT '0'
) ENGINE=MyISAM DEFAULT CHARSET=utf8;

-- --------------------------------------------------------

--
-- Tabellenstruktur für Tabelle `reviews_description`
--

CREATE TABLE `reviews_description` (
  `reviews_id` int(11) NOT NULL DEFAULT '0',
  `languages_id` int(11) NOT NULL DEFAULT '0',
  `reviews_text` text NOT NULL
) ENGINE=MyISAM DEFAULT CHARSET=utf8;

-- --------------------------------------------------------

--
-- Tabellenstruktur für Tabelle `rueckerstattungen_status`
--

CREATE TABLE `rueckerstattungen_status` (
  `rueckerstattungen_status_id` int(11) NOT NULL,
  `rueckerstattungen_status_title` varchar(32) NOT NULL DEFAULT ''
) ENGINE=MyISAM DEFAULT CHARSET=utf8;

--
-- Daten für Tabelle `rueckerstattungen_status`
--

INSERT INTO `rueckerstattungen_status` (`rueckerstattungen_status_id`, `rueckerstattungen_status_title`) VALUES
(1, 'Offen'),
(2, 'Ueberwiesen'),
(3, 'Keine Rueckerstattung'),
(4, 'In Bearbeitung');

-- --------------------------------------------------------

--
-- Tabellenstruktur für Tabelle `rueckerstattungen_status_history`
--

CREATE TABLE `rueckerstattungen_status_history` (
  `rueckerstattungen_status_history_id` int(11) NOT NULL,
  `rueckerstattungen_id` int(11) NOT NULL DEFAULT '0',
  `rueckerstattungen_status_id` int(5) NOT NULL DEFAULT '0',
  `date_added` datetime NOT NULL DEFAULT '0000-00-00 00:00:00',
  `customer_notified` int(1) DEFAULT '0',
  `comments` text,
  `editor_id` int(11) NOT NULL DEFAULT '0'
) ENGINE=MyISAM DEFAULT CHARSET=utf8;

-- --------------------------------------------------------

--
-- Tabellenstruktur für Tabelle `rueckerstattungen_types`
--

CREATE TABLE `rueckerstattungen_types` (
  `rueckerstattungen_type_id` int(11) NOT NULL,
  `rueckerstattungen_type_title` varchar(128) NOT NULL DEFAULT ''
) ENGINE=MyISAM DEFAULT CHARSET=utf8;

--
-- Daten für Tabelle `rueckerstattungen_types`
--

INSERT INTO `rueckerstattungen_types` (`rueckerstattungen_type_id`, `rueckerstattungen_type_title`) VALUES
(1, 'Keine Rückerstattung'),
(2, 'Bank/Überweisung'),
(3, 'Bar'),
(4, 'Paypal'),
(5, 'Kreditkarte'),
(6, 'Amazon');

-- --------------------------------------------------------

--
-- Tabellenstruktur für Tabelle `search_allocations`
--

CREATE TABLE `search_allocations` (
  `word` varchar(32) NOT NULL,
  `pid` text NOT NULL,
  `language_id` int(1) NOT NULL
) ENGINE=MyISAM DEFAULT CHARSET=utf8;

-- --------------------------------------------------------

--
-- Tabellenstruktur für Tabelle `secupay_payment_allocations`
--

CREATE TABLE `secupay_payment_allocations` (
  `secupay_payment_allocations_id` int(11) NOT NULL,
  `orders_id` int(11) NOT NULL,
  `payment_transaction_id` varchar(64) NOT NULL,
  `transaction_id` varchar(64) NOT NULL
) ENGINE=InnoDB DEFAULT CHARSET=utf8;

-- --------------------------------------------------------

--
-- Tabellenstruktur für Tabelle `shipper_profiles`
--

CREATE TABLE `shipper_profiles` (
  `shipper_profiles_id` int(11) NOT NULL,
  `profile_name` varchar(32) NOT NULL,
  `versender` varchar(16) NOT NULL,
  `versender_params` text NOT NULL
) ENGINE=InnoDB DEFAULT CHARSET=utf8;

--
-- Daten für Tabelle `shipper_profiles`
--

INSERT INTO `shipper_profiles` (`shipper_profiles_id`, `profile_name`, `versender`, `versender_params`) VALUES
(1, 'GLS', 'GLS', ''),
(2, 'DPD', 'DPD', '');

-- --------------------------------------------------------

--
-- Tabellenstruktur für Tabelle `shippings`
--

CREATE TABLE `shippings` (
  `id` int(11) NOT NULL,
  `orders_id` int(11) NOT NULL DEFAULT '0',
  `reclamations_id` int(11) NOT NULL DEFAULT '0',
  `customers_id` int(11) NOT NULL DEFAULT '0',
  `weight` float DEFAULT NULL,
  `packages` int(11) NOT NULL DEFAULT '0',
  `versender` varchar(128) NOT NULL DEFAULT '',
  `date_added` datetime NOT NULL DEFAULT '0000-00-00 00:00:00',
  `date_finished` datetime NOT NULL DEFAULT '0000-00-00 00:00:00',
  `name1` varchar(64) NOT NULL DEFAULT '',
  `name2` varchar(64) NOT NULL DEFAULT '',
  `company` varchar(128) DEFAULT NULL,
  `street1` varchar(64) NOT NULL DEFAULT '',
  `street2` varchar(64) NOT NULL DEFAULT '',
  `postcode` varchar(10) NOT NULL,
  `city` varchar(64) NOT NULL DEFAULT '',
  `country_id` int(11) NOT NULL DEFAULT '0',
  `country_name` varchar(64) NOT NULL DEFAULT '',
  `country_special` varchar(64) NOT NULL DEFAULT '',
  `ebay_id` varchar(20) NOT NULL DEFAULT '',
  `email` varchar(64) NOT NULL DEFAULT '',
  `status` int(1) NOT NULL DEFAULT '0',
  `csv_status` int(1) NOT NULL DEFAULT '0',
  `comments` text NOT NULL,
  `feedback_mail_sent` int(1) NOT NULL,
  `pdf_status` int(1) NOT NULL,
  `tracking_id` varchar(64) NOT NULL,
  `shipper_export_status` int(1) NOT NULL,
  `email_send_status` int(1) NOT NULL,
  `additional_params` text NOT NULL,
  `secupay_send_status` int(1) DEFAULT '0' COMMENT 'Wurde die Versandmeldung an secupay uebergeben?',
  `stop_recreate` int(1) NOT NULL COMMENT 'verhindern das geloeschte DHL Label im versandmodul gemeldet werden bzw neu erzeugt werden'
) ENGINE=MyISAM DEFAULT CHARSET=utf8;

-- --------------------------------------------------------

--
-- Tabellenstruktur für Tabelle `shippings_products`
--

CREATE TABLE `shippings_products` (
  `shippings_products_id` int(11) NOT NULL,
  `shippings_id` int(11) NOT NULL,
  `products_id` int(11) NOT NULL,
  `quantity` int(11) NOT NULL,
  `source_products_id` int(11) NOT NULL
) ENGINE=MyISAM DEFAULT CHARSET=utf8;

-- --------------------------------------------------------

--
-- Tabellenstruktur für Tabelle `shippings_tracking_numbers`
--

CREATE TABLE `shippings_tracking_numbers` (
  `shippings_tracking_numbers_id` int(11) NOT NULL,
  `shippings_id` int(11) NOT NULL,
  `tracking_number` varchar(64) NOT NULL,
  `date_added` datetime NOT NULL,
  `manifest` int(1) NOT NULL
) ENGINE=InnoDB DEFAULT CHARSET=utf8;

-- --------------------------------------------------------

--
-- Tabellenstruktur für Tabelle `shippings_tracking_numbers_temp`
--

CREATE TABLE `shippings_tracking_numbers_temp` (
  `shippings_tracking_numbers_temp_id` int(11) NOT NULL,
  `target_type` varchar(16) NOT NULL COMMENT 'zb order oder reclamation',
  `target_type_id` int(11) NOT NULL COMMENT 'die orders_id oder reclamations_id',
  `transaction_id` varchar(64) NOT NULL,
  `versender` varchar(16) NOT NULL,
  `date_added` datetime NOT NULL
) ENGINE=InnoDB DEFAULT CHARSET=utf8;

-- --------------------------------------------------------

--
-- Tabellenstruktur für Tabelle `shipping_graduation`
--

CREATE TABLE `shipping_graduation` (
  `shipping_graduation_id` int(11) NOT NULL,
  `value` int(11) NOT NULL DEFAULT '0'
) ENGINE=MyISAM DEFAULT CHARSET=utf8;

--
-- Daten für Tabelle `shipping_graduation`
--

INSERT INTO `shipping_graduation` (`shipping_graduation_id`, `value`) VALUES
(1, 1);

-- --------------------------------------------------------

--
-- Tabellenstruktur für Tabelle `shipping_graduation_countries`
--

CREATE TABLE `shipping_graduation_countries` (
  `shipping_graduation_countries_id` int(11) NOT NULL,
  `country_id` int(11) NOT NULL DEFAULT '0',
  `shipping_graduation_groups_id` int(11) NOT NULL DEFAULT '0'
) ENGINE=MyISAM DEFAULT CHARSET=utf8;

--
-- Daten für Tabelle `shipping_graduation_countries`
--

INSERT INTO `shipping_graduation_countries` (`shipping_graduation_countries_id`, `country_id`, `shipping_graduation_groups_id`) VALUES
(197, 73, 3),
(201, 222, 3),
(200, 204, 3),
(199, 203, 3),
(198, 105, 3),
(196, 150, 2),
(195, 124, 2),
(194, 57, 2),
(193, 21, 2),
(192, 14, 2),
(207, 81, 1),
(204, 195, 4),
(203, 171, 4),
(202, 72, 4),
(205, -1, 999999);

-- --------------------------------------------------------

--
-- Tabellenstruktur für Tabelle `shipping_graduation_groups`
--

CREATE TABLE `shipping_graduation_groups` (
  `shipping_graduation_groups_id` int(11) NOT NULL,
  `title` varchar(32) NOT NULL DEFAULT '',
  `shippingcosts_multiplikator` int(1) NOT NULL DEFAULT '0',
  `shippingcosts_products_multiplikator` int(1) NOT NULL DEFAULT '0',
  `shippingcosts_only_max` int(11) NOT NULL DEFAULT '0',
  `show_weight` int(1) NOT NULL DEFAULT '0',
  `not_ship` int(1) NOT NULL DEFAULT '0',
  `weight_calc` int(1) NOT NULL DEFAULT '0',
  `allow_cod` int(1) NOT NULL DEFAULT '0',
  `cod_fee` float NOT NULL DEFAULT '0'
) ENGINE=MyISAM DEFAULT CHARSET=utf8;

--
-- Daten für Tabelle `shipping_graduation_groups`
--

INSERT INTO `shipping_graduation_groups` (`shipping_graduation_groups_id`, `title`, `shippingcosts_multiplikator`, `shippingcosts_products_multiplikator`, `shippingcosts_only_max`, `show_weight`, `not_ship`, `weight_calc`, `allow_cod`, `cod_fee`) VALUES
(1, 'Gruppe 1', 0, 0, 1, 0, 0, 0, 0, 0),
(2, 'Gruppe 2', 0, 0, 0, 0, 0, 0, 0, 0),
(3, 'Gruppe 3', 0, 0, 0, 0, 0, 0, 0, 0),
(4, 'Gruppe 4', 0, 0, 0, 0, 0, 0, 0, 0),
(5, 'Gruppe 5', 0, 0, 0, 0, 0, 0, 0, 0),
(999999, 'Alle anderen LÃ¤nder', 0, 0, 0, 0, 1, 0, 0, 0);

-- --------------------------------------------------------

--
-- Tabellenstruktur für Tabelle `shipping_graduation_products`
--

CREATE TABLE `shipping_graduation_products` (
  `shipping_graduation_products_id` int(11) NOT NULL,
  `shipping_graduation_groups_id` int(11) NOT NULL DEFAULT '0',
  `graduation_id` int(11) NOT NULL DEFAULT '0',
  `products_id` int(11) NOT NULL DEFAULT '0',
  `value` float NOT NULL DEFAULT '0'
) ENGINE=MyISAM DEFAULT CHARSET=utf8;

-- --------------------------------------------------------

--
-- Tabellenstruktur für Tabelle `shipping_graduation_values`
--

CREATE TABLE `shipping_graduation_values` (
  `shipping_graduation_id` int(11) NOT NULL DEFAULT '0',
  `shipping_graduation_weights_id` int(11) NOT NULL DEFAULT '0',
  `shipping_graduation_groups_id` int(11) NOT NULL DEFAULT '0',
  `grad_value` float NOT NULL DEFAULT '0',
  `grad_value_cost` float NOT NULL
) ENGINE=MyISAM DEFAULT CHARSET=utf8;

--
-- Daten für Tabelle `shipping_graduation_values`
--

INSERT INTO `shipping_graduation_values` (`shipping_graduation_id`, `shipping_graduation_weights_id`, `shipping_graduation_groups_id`, `grad_value`, `grad_value_cost`) VALUES
(2, 1, 1, 10, 0),
(2, 1, 2, 11, 0),
(2, 1, 3, 12, 0),
(2, 1, 4, 13, 0),
(2, 2, 1, 20, 0),
(2, 2, 2, 21, 0),
(2, 2, 3, 22, 0),
(2, 2, 4, 23, 0),
(2, 3, 1, 34, 0),
(2, 3, 2, 35, 0),
(2, 3, 3, 36, 0),
(2, 3, 4, 37, 0),
(1, 6, 5, 124.95, 0),
(1, 6, 4, 78.95, 0),
(1, 6, 3, 67.95, 0),
(1, 6, 2, 56.95, 0),
(1, 6, 1, 24.95, 0),
(1, 2, 5, 94.95, 0),
(1, 2, 4, 53.95, 0),
(1, 2, 3, 39.95, 0),
(1, 2, 2, 34.95, 0),
(1, 2, 1, 14.95, 0),
(1, 5, 5, 79.9, 0),
(1, 5, 4, 38.9, 0),
(1, 5, 3, 13.5, 0),
(1, 5, 2, 13.5, 0),
(1, 5, 1, 6.5, 0),
(1, 8, 5, 0, 0),
(1, 8, 4, 0, 0),
(1, 8, 3, 0, 0),
(1, 8, 2, 6.5, 0),
(1, 8, 1, 4.96, 0),
(1, 9, 1, 29, 0),
(1, 9, 2, 65, 0),
(1, 9, 3, 80, 0),
(1, 9, 4, 90, 0),
(1, 9, 5, 140, 0),
(1, 10, 1, 35, 0),
(1, 10, 2, 75, 0),
(1, 10, 3, 90, 0),
(1, 10, 4, 100, 0),
(1, 10, 5, 150, 0),
(1, 11, 1, 45, 0),
(1, 11, 2, 90, 0),
(1, 11, 3, 100, 0),
(1, 11, 4, 120, 0),
(1, 11, 5, 180, 0);

-- --------------------------------------------------------

--
-- Tabellenstruktur für Tabelle `shipping_graduation_weights`
--

CREATE TABLE `shipping_graduation_weights` (
  `shipping_graduation_weights_id` int(11) NOT NULL,
  `weight` float NOT NULL DEFAULT '0'
) ENGINE=MyISAM DEFAULT CHARSET=utf8;

--
-- Daten für Tabelle `shipping_graduation_weights`
--

INSERT INTO `shipping_graduation_weights` (`shipping_graduation_weights_id`, `weight`) VALUES
(2, 20),
(5, 10),
(6, 40),
(8, 3),
(9, 60),
(10, 80),
(11, 100);

-- --------------------------------------------------------

--
-- Tabellenstruktur für Tabelle `shipping_status`
--

CREATE TABLE `shipping_status` (
  `shipping_status_id` int(11) NOT NULL DEFAULT '0',
  `language_id` int(11) NOT NULL DEFAULT '1',
  `shipping_status_name` varchar(32) NOT NULL DEFAULT '',
  `shipping_status_image` varchar(32) NOT NULL DEFAULT ''
) ENGINE=MyISAM DEFAULT CHARSET=utf8;

--
-- Daten für Tabelle `shipping_status`
--

INSERT INTO `shipping_status` (`shipping_status_id`, `language_id`, `shipping_status_name`, `shipping_status_image`) VALUES
(1, 1, '3-4 Days', ''),
(1, 2, 'after offer evaluation', ''),
(2, 1, '1 Week', ''),
(2, 2, 'Available for Pre-Order', '');

-- --------------------------------------------------------

--
-- Tabellenstruktur für Tabelle `specials`
--

CREATE TABLE `specials` (
  `specials_id` int(11) NOT NULL,
  `products_id` int(11) NOT NULL DEFAULT '0',
  `specials_quantity` int(4) NOT NULL DEFAULT '0',
  `specials_new_products_price` decimal(15,4) NOT NULL DEFAULT '0.0000',
  `specials_date_added` datetime DEFAULT NULL,
  `specials_last_modified` datetime DEFAULT NULL,
  `expires_date` datetime DEFAULT NULL,
  `date_status_change` datetime DEFAULT NULL,
  `status` int(1) NOT NULL DEFAULT '1',
  `start_date` datetime NOT NULL,
  `sell_to_v1null` int(1) NOT NULL,
  `ebay_price_revise` int(1) NOT NULL
) ENGINE=MyISAM DEFAULT CHARSET=utf8;

-- --------------------------------------------------------

--
-- Tabellenstruktur für Tabelle `specials_ebay_revise`
--

CREATE TABLE `specials_ebay_revise` (
  `specials_ebay_revise_id` int(11) NOT NULL,
  `specials_id` int(11) NOT NULL,
  `ebay_auctions_id` int(11) NOT NULL,
  `sku` varchar(64) NOT NULL,
  `orig_price` decimal(15,4) NOT NULL,
  `status` int(1) NOT NULL COMMENT 'wenn der np wieder gesetzt werden soll, auf 1',
  `original_price` decimal(13,4) NOT NULL,
  `special_price` decimal(13,4) NOT NULL,
  `is_revised` int(1) NOT NULL
) ENGINE=InnoDB DEFAULT CHARSET=utf8;

-- --------------------------------------------------------

--
-- Tabellenstruktur für Tabelle `storages`
--

CREATE TABLE `storages` (
  `id` int(11) NOT NULL,
  `name` varchar(128) NOT NULL DEFAULT '',
  `beschreibung` text NOT NULL,
  `schema_key` varchar(32) NOT NULL DEFAULT '',
  `schema_start` int(11) NOT NULL DEFAULT '0',
  `default_storage` enum('n','y') NOT NULL DEFAULT 'n',
  `storage_company` varchar(64) NOT NULL,
  `storage_suburb` varchar(64) NOT NULL,
  `storage_name` varchar(64) NOT NULL,
  `storage_street_address` varchar(64) NOT NULL,
  `storage_city` varchar(32) NOT NULL,
  `storage_postcode` varchar(10) NOT NULL,
  `storage_country` tinyint(4) NOT NULL,
  `storage_telephone` varchar(32) NOT NULL
) ENGINE=MyISAM DEFAULT CHARSET=utf8;

--
-- Daten für Tabelle `storages`
--

INSERT INTO `storages` (`id`, `name`, `beschreibung`, `schema_key`, `schema_start`, `default_storage`, `storage_company`, `storage_suburb`, `storage_name`, `storage_street_address`, `storage_city`, `storage_postcode`, `storage_country`, `storage_telephone`) VALUES
(1, '0. ONLINE', '', 'SHOP-', 0, 'n', '', '', '', '', '', '', 81, ''),
(2, 'EXW Kaarst - payment in advance -', '', 'KAA-', 1, 'n', '', '', '', '', '', '', 81, ''),
(3, 'FOB Shanghai - payment in advance -', '', 'HH-', 1, 'n', '', '', '', '', '', '', 81, ''),
(4, '3. SSC', '', 'SSC-', 1, 'n', '', '', '', '', '', '', 81, '');

-- --------------------------------------------------------

--
-- Tabellenstruktur für Tabelle `storage_numbers`
--

CREATE TABLE `storage_numbers` (
  `id` int(11) NOT NULL,
  `products_id` int(11) NOT NULL DEFAULT '0',
  `storage_id` int(11) NOT NULL DEFAULT '0',
  `nummer` varchar(64) NOT NULL DEFAULT ''
) ENGINE=MyISAM DEFAULT CHARSET=utf8;

-- --------------------------------------------------------

--
-- Tabellenstruktur für Tabelle `storage_places`
--

CREATE TABLE `storage_places` (
  `storage_places_id` int(11) NOT NULL,
  `storage_id` int(11) NOT NULL,
  `title` varchar(64) NOT NULL,
  `storage_type` int(1) NOT NULL,
  `description` text NOT NULL
) ENGINE=MyISAM DEFAULT CHARSET=utf8 COMMENT='lagerplaetze';

-- --------------------------------------------------------

--
-- Tabellenstruktur für Tabelle `storage_products`
--

CREATE TABLE `storage_products` (
  `id` int(11) NOT NULL,
  `storage_id` int(11) NOT NULL DEFAULT '0',
  `products_id` int(11) NOT NULL DEFAULT '0',
  `quantity` int(11) NOT NULL DEFAULT '0',
  `created` timestamp NOT NULL DEFAULT CURRENT_TIMESTAMP,
  `changed` datetime NOT NULL DEFAULT '0000-00-00 00:00:00',
  `storage_place` varchar(100) NOT NULL DEFAULT '',
  `priority` int(11) NOT NULL,
  `storage_places_id` int(11) NOT NULL
) ENGINE=MyISAM DEFAULT CHARSET=utf8;

-- --------------------------------------------------------

--
-- Tabellenstruktur für Tabelle `storage_products_transfer`
--

CREATE TABLE `storage_products_transfer` (
  `storage_products_transfer_id` int(11) NOT NULL,
  `source_storage_products_id` int(11) NOT NULL,
  `target_storage_products_id` int(11) NOT NULL,
  `quantity` int(11) NOT NULL,
  `editor` int(11) NOT NULL,
  `date_added` timestamp NOT NULL DEFAULT CURRENT_TIMESTAMP ON UPDATE CURRENT_TIMESTAMP,
  `reason_class` varchar(16) NOT NULL,
  `reason_id` int(11) NOT NULL,
  `reason_subclass` varchar(16) NOT NULL,
  `shipping_products_id` int(11) NOT NULL COMMENT 'wird bei versandabschluss gesetzt'
) ENGINE=MyISAM DEFAULT CHARSET=utf8;

--
-- Daten für Tabelle `storage_products_transfer`
--

INSERT INTO `storage_products_transfer` (`storage_products_transfer_id`, `source_storage_products_id`, `target_storage_products_id`, `quantity`, `editor`, `date_added`, `reason_class`, `reason_id`, `reason_subclass`, `shipping_products_id`) VALUES
(1, 0, 4, 20, 1, '2013-11-16 10:31:38', '', 0, '', 0),
(2, 0, 5, 10, 1, '2013-11-16 10:31:58', '', 0, '', 0),
(3, 0, 6, 40, 1, '2013-11-16 10:32:13', '', 0, '', 0),
(4, 0, 7, 30, 1, '2013-11-16 10:32:25', '', 0, '', 0);

-- --------------------------------------------------------

--
-- Tabellenstruktur für Tabelle `system_alerts_status`
--

CREATE TABLE `system_alerts_status` (
  `system_alerts_status_id` int(11) NOT NULL,
  `customers_id` int(11) NOT NULL,
  `guid` int(11) NOT NULL,
  `status_read` tinyint(1) NOT NULL,
  `status_read_date` datetime NOT NULL
) ENGINE=MyISAM DEFAULT CHARSET=utf8;

--
-- Daten für Tabelle `system_alerts_status`
--

INSERT INTO `system_alerts_status` (`system_alerts_status_id`, `customers_id`, `guid`, `status_read`, `status_read_date`) VALUES
(1, 1, 3, 1, '2008-11-26 08:31:35'),
(2, 1, 2, 1, '2008-11-26 08:31:37'),
(3, 1, 1, 1, '2008-11-26 08:31:38'),
(4, 1, 4, 1, '2009-01-24 10:34:12'),
(5, 4987, 4, 1, '2009-02-19 19:07:38'),
(6, 4987, 3, 1, '2009-02-19 19:07:42'),
(7, 4987, 2, 1, '2009-02-19 19:07:44'),
(8, 4987, 1, 1, '2009-02-19 19:07:35'),
(9, 4987, 5, 1, '2009-06-27 19:44:11'),
(10, 1, 6, 1, '2009-07-14 18:13:48'),
(11, 1, 5, 1, '2009-07-14 18:13:51'),
(12, 4987, 6, 1, '2009-07-15 12:59:55'),
(13, 4987, 7, 1, '2009-10-20 15:04:24'),
(14, 1, 7, 1, '2009-11-13 11:15:21'),
(15, 4988, 7, 1, '2010-03-18 18:43:05'),
(16, 4988, 6, 1, '2010-03-18 18:43:07'),
(17, 4988, 5, 1, '2010-03-18 18:43:08'),
(18, 4988, 4, 1, '2010-03-18 18:43:10'),
(19, 4988, 3, 1, '2010-03-18 18:43:11'),
(20, 4988, 2, 1, '2010-03-18 18:43:13'),
(21, 4988, 1, 1, '2010-03-18 18:43:04'),
(22, 1, 9, 1, '2011-09-28 17:18:02'),
(23, 1, 8, 1, '2011-09-28 17:18:05');

-- --------------------------------------------------------

--
-- Tabellenstruktur für Tabelle `table_lock`
--

CREATE TABLE `table_lock` (
  `id` int(11) NOT NULL,
  `action_key` varchar(64) NOT NULL DEFAULT '',
  `status` enum('locked','open') NOT NULL DEFAULT 'locked',
  `last_lock` datetime NOT NULL DEFAULT '0000-00-00 00:00:00'
) ENGINE=MyISAM DEFAULT CHARSET=utf8;

--
-- Daten für Tabelle `table_lock`
--

INSERT INTO `table_lock` (`id`, `action_key`, `status`, `last_lock`) VALUES
(1, 'addtimer', 'open', '2009-12-02 12:55:06');

-- --------------------------------------------------------

--
-- Tabellenstruktur für Tabelle `tags`
--

CREATE TABLE `tags` (
  `tags_id` int(11) NOT NULL,
  `tag` varchar(64) NOT NULL,
  `date_added` datetime NOT NULL,
  `editor_id` int(11) NOT NULL,
  `type` varchar(8) NOT NULL
) ENGINE=InnoDB DEFAULT CHARSET=utf8;

--
-- Daten für Tabelle `tags`
--

INSERT INTO `tags` (`tags_id`, `tag`, `date_added`, `editor_id`, `type`) VALUES
(1, '', '2025-09-15 16:19:53', 5000, 'product'),
(3, 'TEST', '2025-12-01 10:20:27', 1, 'product');

-- --------------------------------------------------------

--
-- Tabellenstruktur für Tabelle `tags_products`
--

CREATE TABLE `tags_products` (
  `tags_products_id` int(11) NOT NULL,
  `tags_id` int(11) NOT NULL,
  `products_id` int(11) NOT NULL
) ENGINE=MyISAM DEFAULT CHARSET=utf8;

--
-- Daten für Tabelle `tags_products`
--

INSERT INTO `tags_products` (`tags_products_id`, `tags_id`, `products_id`) VALUES
(1, 1, 308),
(2, 1, 307),
(1844, 1, 306),
(1843, 1, 305),
(1842, 1, 304),
(1837, 1, 299),
(1838, 1, 300),
(1839, 1, 301),
(1840, 1, 302),
(1841, 1, 303),
(1836, 1, 298),
(1832, 1, 294),
(1833, 1, 295),
(1834, 1, 296),
(1835, 1, 297),
(1831, 1, 293),
(1830, 1, 292),
(1829, 1, 291),
(1825, 1, 287),
(1826, 1, 288),
(1827, 1, 289),
(1828, 1, 290),
(1824, 1, 286),
(1820, 1, 282),
(1821, 1, 283),
(1822, 1, 284),
(1823, 1, 285),
(1819, 1, 281),
(1818, 1, 280),
(1817, 1, 279),
(1863, 1, 274),
(1864, 1, 275),
(1865, 1, 276),
(1866, 1, 277),
(1816, 1, 278),
(1862, 1, 273),
(1860, 1, 271),
(1861, 1, 272),
(1859, 1, 270),
(1858, 1, 269),
(1854, 1, 265),
(1855, 1, 266),
(1856, 1, 267),
(1857, 1, 268),
(1853, 1, 264),
(1849, 1, 260),
(1850, 1, 261),
(1851, 1, 262),
(1852, 1, 263),
(1845, 1, 256),
(1846, 1, 257),
(1847, 1, 258),
(1848, 1, 259),
(1879, 1, 255),
(1878, 1, 254),
(1877, 1, 253),
(1876, 1, 252),
(1875, 1, 251),
(1873, 1, 249),
(1874, 1, 250),
(1872, 1, 248),
(1871, 1, 247),
(1870, 1, 246),
(1869, 1, 245),
(1868, 1, 244),
(1867, 1, 243),
(1916, 1, 241),
(1917, 1, 242),
(1913, 1, 238),
(1914, 1, 239),
(1915, 1, 240),
(1912, 1, 237),
(1908, 1, 233),
(1909, 1, 234),
(1910, 1, 235),
(1911, 1, 236),
(1906, 1, 231),
(1907, 1, 232),
(1905, 1, 230),
(1904, 1, 229),
(1901, 1, 226),
(1902, 1, 227),
(1903, 1, 228),
(1900, 1, 225),
(1899, 1, 224),
(1898, 1, 223),
(1897, 1, 222),
(1896, 1, 221),
(1892, 1, 217),
(1893, 1, 218),
(1894, 1, 219),
(1895, 1, 220),
(1891, 1, 216),
(1889, 1, 214),
(1890, 1, 215),
(1887, 1, 212),
(1888, 1, 213),
(1886, 1, 211),
(1949, 1, 203),
(1950, 1, 204),
(1880, 1, 205),
(1881, 1, 206),
(1882, 1, 207),
(1883, 1, 208),
(1884, 1, 209),
(1885, 1, 210),
(1948, 1, 202),
(1939, 1, 193),
(1940, 1, 194),
(1941, 1, 195),
(1942, 1, 196),
(1943, 1, 197),
(1944, 1, 198),
(1945, 1, 199),
(1946, 1, 200),
(1947, 1, 201),
(1938, 1, 192),
(1937, 1, 191),
(1936, 1, 190),
(1935, 1, 189),
(1934, 1, 188),
(1933, 1, 187),
(1932, 1, 186),
(1929, 1, 183),
(1930, 1, 184),
(1931, 1, 185),
(1928, 1, 182),
(1923, 1, 177),
(1924, 1, 178),
(1925, 1, 179),
(1926, 1, 180),
(1927, 1, 181),
(1922, 1, 176),
(1985, 1, 170),
(1986, 1, 171),
(1918, 1, 172),
(1919, 1, 173),
(1920, 1, 174),
(1921, 1, 175),
(1982, 1, 167),
(1983, 1, 168),
(1984, 1, 169),
(1980, 1, 165),
(1979, 1, 164),
(1978, 1, 163),
(1977, 1, 162),
(1976, 1, 161),
(1975, 1, 160),
(1974, 1, 159),
(1973, 1, 158),
(1972, 1, 157),
(1971, 1, 156),
(1970, 1, 155),
(1969, 1, 154),
(1968, 1, 153),
(1967, 1, 152),
(1966, 1, 151),
(1965, 1, 150),
(1964, 1, 149),
(1963, 1, 148),
(1962, 1, 147),
(1961, 1, 146),
(1960, 1, 145),
(1959, 1, 144),
(1958, 1, 143),
(1957, 1, 142),
(1956, 1, 141),
(1955, 1, 140),
(1954, 1, 139),
(1953, 1, 138),
(1952, 1, 137),
(1951, 1, 136),
(2019, 1, 135),
(2018, 1, 134),
(2015, 1, 131),
(2016, 1, 132),
(2017, 1, 133),
(2014, 1, 130),
(2013, 1, 129),
(2012, 1, 128),
(2011, 1, 127),
(2010, 1, 126),
(2009, 1, 125),
(2008, 1, 124),
(2007, 1, 123),
(2006, 1, 122),
(2005, 1, 121),
(2004, 1, 120),
(2003, 1, 119),
(2002, 1, 118),
(2000, 1, 116),
(2001, 1, 117),
(1999, 1, 115),
(1997, 1, 113),
(1998, 1, 114),
(1996, 1, 112),
(1995, 1, 111),
(1994, 1, 110),
(1993, 1, 109),
(1991, 1, 107),
(1992, 1, 108),
(1990, 1, 106),
(2021, 1, 102),
(1987, 1, 103),
(1988, 1, 104),
(1989, 1, 105),
(2020, 1, 101),
(2027, 1, 16),
(2028, 1, 17),
(2029, 1, 18),
(2030, 1, 19),
(2031, 1, 20),
(2026, 1, 15),
(2024, 1, 13),
(2025, 1, 14),
(2023, 1, 12),
(2040, 1, 10),
(2022, 1, 11),
(2039, 1, 9),
(2038, 1, 8),
(2037, 1, 7),
(2036, 1, 6),
(2035, 1, 5),
(2034, 1, 4),
(2033, 1, 3),
(2032, 1, 2),
(2041, 1, 1),
(1063, 1, 1073),
(1064, 1, 1072),
(1065, 1, 1071),
(1066, 1, 1070),
(1067, 1, 1069),
(1068, 1, 1068),
(1069, 1, 1067),
(1070, 1, 1066),
(1071, 1, 1065),
(1072, 1, 1064),
(1073, 1, 1063),
(1074, 1, 1062),
(1075, 1, 1061),
(1076, 1, 1060),
(1077, 1, 1059),
(1078, 1, 1058),
(1079, 1, 1057),
(1080, 1, 1056),
(1081, 1, 1055),
(1082, 1, 1054),
(1083, 1, 1053),
(1084, 1, 1052),
(1085, 1, 1051),
(1086, 1, 1050),
(1087, 1, 1049),
(1088, 1, 1048),
(1089, 1, 1047),
(1090, 1, 1046),
(1091, 1, 1045),
(1092, 1, 1044),
(1093, 1, 1043),
(1094, 1, 1042),
(1095, 1, 1041),
(1096, 1, 1040),
(1097, 1, 1039),
(1098, 1, 1038),
(1099, 1, 1037),
(1100, 1, 1036),
(1101, 1, 1035),
(1102, 1, 1034),
(1103, 1, 1033),
(1104, 1, 1032),
(1105, 1, 1031),
(1106, 1, 1030),
(1107, 1, 1029),
(1108, 1, 1028),
(1109, 1, 1027),
(1110, 1, 1026),
(1111, 1, 1025),
(1112, 1, 1024),
(1113, 1, 1023),
(1114, 1, 1022),
(1115, 1, 1021),
(1116, 1, 1020),
(1117, 1, 1019),
(1118, 1, 1018),
(1119, 1, 1017),
(1120, 1, 1016),
(1121, 1, 1015),
(1122, 1, 1014),
(1123, 1, 1013),
(1124, 1, 1012),
(1125, 1, 1011),
(1126, 1, 1010),
(1127, 1, 1009),
(1128, 1, 1008),
(1129, 1, 1007),
(1130, 1, 1006),
(1131, 1, 1005),
(1132, 1, 1004),
(1133, 1, 1003),
(991, 1, 1146),
(1136, 1, 1001),
(990, 1, 1145),
(989, 1, 1144),
(988, 1, 1143),
(987, 1, 1142),
(986, 1, 1141),
(1134, 1, 1002),
(1059, 1, 1077),
(1060, 1, 1076),
(1061, 1, 1075),
(1062, 1, 1074),
(992, 1, 1147),
(993, 1, 1148),
(994, 1, 1149),
(995, 1, 1150),
(996, 1, 1113),
(997, 1, 1114),
(998, 1, 1115),
(999, 1, 1116),
(1000, 1, 1117),
(1001, 1, 1118),
(1002, 1, 1119),
(1003, 1, 1120),
(1004, 1, 1121),
(1005, 1, 1122),
(1006, 1, 1123),
(1007, 1, 1124),
(1008, 1, 1125),
(1009, 1, 1126),
(1010, 1, 1127),
(1011, 1, 1128),
(1012, 1, 1129),
(1013, 1, 1130),
(1014, 1, 1131),
(1015, 1, 1132),
(1016, 1, 1133),
(1017, 1, 1134),
(1018, 1, 1135),
(1019, 1, 1136),
(1020, 1, 1137),
(1021, 1, 1138),
(1022, 1, 1139),
(1023, 1, 1140),
(1024, 1, 1084),
(1025, 1, 1085),
(1026, 1, 1086),
(1027, 1, 1087),
(1028, 1, 1088),
(1029, 1, 1089),
(1030, 1, 1090),
(1031, 1, 1091),
(1032, 1, 1092),
(1033, 1, 1093),
(1034, 1, 1094),
(1035, 1, 1095),
(1036, 1, 1096),
(1037, 1, 1097),
(1038, 1, 1098),
(1039, 1, 1099),
(1040, 1, 1100),
(1041, 1, 1101),
(1042, 1, 1102),
(1043, 1, 1103),
(1044, 1, 1104),
(1045, 1, 1105),
(1046, 1, 1106),
(1047, 1, 1107),
(1048, 1, 1108),
(1049, 1, 1109),
(1050, 1, 1110),
(1051, 1, 1111),
(1052, 1, 1112),
(1053, 1, 1080),
(1054, 1, 1081),
(1055, 1, 1082),
(1056, 1, 1083),
(1057, 1, 1079),
(1058, 1, 1078),
(1137, 1, 996),
(1138, 1, 997),
(1139, 1, 998),
(1140, 1, 999),
(1141, 1, 980),
(1142, 1, 981),
(1143, 1, 982),
(1144, 1, 983),
(1145, 1, 984),
(1146, 1, 985),
(1147, 1, 986),
(1148, 1, 987),
(1149, 1, 988),
(1150, 1, 989),
(1151, 1, 990),
(1152, 1, 991),
(1153, 1, 992),
(1154, 1, 993),
(1155, 1, 994),
(1156, 1, 995),
(1158, 1, 949),
(1159, 1, 950),
(1160, 1, 951),
(1161, 1, 952),
(1162, 1, 953),
(1163, 1, 954),
(1164, 1, 955),
(1165, 1, 956),
(1166, 1, 957),
(1167, 1, 958),
(1168, 1, 959),
(1169, 1, 960),
(1170, 1, 961),
(1171, 1, 962),
(1172, 1, 963),
(1173, 1, 964),
(1174, 1, 965),
(1175, 1, 966),
(1176, 1, 967),
(1177, 1, 968),
(1178, 1, 969),
(1179, 1, 970),
(1180, 1, 971),
(1181, 1, 972),
(1182, 1, 973),
(1183, 1, 974),
(1184, 1, 975),
(1185, 1, 976),
(1186, 1, 977),
(1187, 1, 978),
(1188, 1, 979),
(1135, 1, 1000),
(1157, 1, 948),
(1189, 1, 917),
(1190, 1, 918),
(1191, 1, 919),
(1192, 1, 920),
(1193, 1, 921),
(1194, 1, 922),
(1195, 1, 923),
(1196, 1, 924),
(1197, 1, 925),
(1198, 1, 926),
(1199, 1, 927),
(1200, 1, 928),
(1201, 1, 929),
(1202, 1, 930),
(1203, 1, 931),
(1204, 1, 932),
(1205, 1, 933),
(1206, 1, 934),
(1207, 1, 935),
(1208, 1, 936),
(1209, 1, 937),
(1210, 1, 938),
(1211, 1, 939),
(1212, 1, 940),
(1213, 1, 941),
(1214, 1, 942),
(1215, 1, 943),
(1216, 1, 944),
(1217, 1, 945),
(1218, 1, 946),
(1219, 1, 947),
(1220, 1, 916),
(1221, 1, 899),
(1222, 1, 900),
(1223, 1, 901),
(1224, 1, 902),
(1225, 1, 903),
(1226, 1, 904),
(1227, 1, 905),
(1228, 1, 906),
(1229, 1, 907),
(1230, 1, 908),
(1231, 1, 909),
(1232, 1, 910),
(1233, 1, 911),
(1234, 1, 912),
(1235, 1, 913),
(1236, 1, 914),
(1237, 1, 915),
(1238, 1, 866),
(1239, 1, 867),
(1240, 1, 868),
(1241, 1, 869),
(1242, 1, 870),
(1243, 1, 871),
(1244, 1, 872),
(1245, 1, 873),
(1246, 1, 874),
(1247, 1, 875),
(1248, 1, 876),
(1249, 1, 877),
(1250, 1, 878),
(1251, 1, 879),
(1252, 1, 880),
(1253, 1, 881),
(1254, 1, 882),
(1255, 1, 883),
(1256, 1, 884),
(1257, 1, 885),
(1258, 1, 886),
(1259, 1, 887),
(1260, 1, 888),
(1261, 1, 889),
(1262, 1, 890),
(1263, 1, 891),
(1264, 1, 892),
(1265, 1, 893),
(1266, 1, 894),
(1267, 1, 895),
(1268, 1, 896),
(1269, 1, 897),
(1270, 1, 898),
(1271, 1, 834),
(1272, 1, 835),
(1273, 1, 836),
(1274, 1, 837),
(1275, 1, 838),
(1276, 1, 839),
(1277, 1, 840),
(1278, 1, 841),
(1279, 1, 842),
(1280, 1, 843),
(1281, 1, 844),
(1282, 1, 845),
(1283, 1, 846),
(1284, 1, 847),
(1285, 1, 848),
(1286, 1, 849),
(1287, 1, 850),
(1288, 1, 851),
(1289, 1, 852),
(1290, 1, 853),
(1291, 1, 854),
(1292, 1, 855),
(1293, 1, 856),
(1294, 1, 857),
(1295, 1, 858),
(1296, 1, 859),
(1297, 1, 860),
(1298, 1, 861),
(1299, 1, 862),
(1300, 1, 863),
(1301, 1, 864),
(1302, 1, 865),
(1303, 1, 803),
(1304, 1, 804),
(1305, 1, 805),
(1306, 1, 806),
(1307, 1, 807),
(1308, 1, 808),
(1309, 1, 809),
(1310, 1, 810),
(1311, 1, 811),
(1312, 1, 812),
(1313, 1, 813),
(1314, 1, 814),
(1315, 1, 815),
(1316, 1, 816),
(1317, 1, 817),
(1318, 1, 818),
(1319, 1, 819),
(1320, 1, 820),
(1321, 1, 821),
(1322, 1, 822),
(1323, 1, 823),
(1324, 1, 824),
(1325, 1, 825),
(1326, 1, 826),
(1327, 1, 827),
(1328, 1, 828),
(1329, 1, 829),
(1330, 1, 830),
(1331, 1, 831),
(1332, 1, 832),
(1333, 1, 833),
(1334, 1, 772),
(1335, 1, 773),
(1336, 1, 774),
(1337, 1, 775),
(1338, 1, 776),
(1339, 1, 777),
(1340, 1, 778),
(1341, 1, 779),
(1342, 1, 780),
(1343, 1, 781),
(1344, 1, 782),
(1345, 1, 783),
(1346, 1, 784),
(1347, 1, 785),
(1348, 1, 786),
(1349, 1, 787),
(1350, 1, 788),
(1351, 1, 789),
(1352, 1, 790),
(1353, 1, 791),
(1354, 1, 792),
(1355, 1, 793),
(1356, 1, 794),
(1357, 1, 795),
(1358, 1, 796),
(1359, 1, 797),
(1360, 1, 798),
(1361, 1, 799),
(1362, 1, 800),
(1363, 1, 801),
(1364, 1, 802),
(1365, 1, 768),
(1366, 1, 769),
(1367, 1, 770),
(1368, 1, 771),
(1369, 1, 740),
(1370, 1, 741),
(1371, 1, 742),
(1372, 1, 743),
(1373, 1, 744),
(1374, 1, 745),
(1375, 1, 746),
(1376, 1, 747),
(1377, 1, 748),
(1378, 1, 749),
(1379, 1, 750),
(1380, 1, 751),
(1381, 1, 752),
(1382, 1, 753),
(1383, 1, 754),
(1384, 1, 755),
(1385, 1, 756),
(1386, 1, 757),
(1387, 1, 758),
(1388, 1, 759),
(1389, 1, 760),
(1390, 1, 761),
(1391, 1, 762),
(1392, 1, 763),
(1393, 1, 764),
(1394, 1, 765),
(1395, 1, 766),
(1396, 1, 767),
(1397, 1, 709),
(1398, 1, 710),
(1399, 1, 711),
(1400, 1, 712),
(1401, 1, 713),
(1402, 1, 714),
(1403, 1, 715),
(1404, 1, 716),
(1405, 1, 717),
(1406, 1, 718),
(1407, 1, 719),
(1408, 1, 720),
(1409, 1, 721),
(1410, 1, 722),
(1411, 1, 723),
(1412, 1, 724),
(1413, 1, 725),
(1414, 1, 726),
(1415, 1, 727),
(1416, 1, 728),
(1417, 1, 729),
(1418, 1, 730),
(1419, 1, 731),
(1420, 1, 732),
(1421, 1, 733),
(1422, 1, 734),
(1423, 1, 735),
(1424, 1, 736),
(1425, 1, 737),
(1426, 1, 738),
(1427, 1, 739),
(1428, 1, 677),
(1429, 1, 678),
(1430, 1, 679),
(1431, 1, 680),
(1432, 1, 681),
(1433, 1, 682),
(1434, 1, 683),
(1435, 1, 684),
(1436, 1, 685),
(1437, 1, 686),
(1438, 1, 687),
(1439, 1, 688),
(1440, 1, 689),
(1441, 1, 690),
(1442, 1, 691),
(1443, 1, 692),
(1444, 1, 693),
(1445, 1, 694),
(1446, 1, 695),
(1447, 1, 696),
(1448, 1, 697),
(1449, 1, 698),
(1450, 1, 699),
(1451, 1, 700),
(1452, 1, 701),
(1453, 1, 702),
(1454, 1, 703),
(1455, 1, 704),
(1456, 1, 705),
(1457, 1, 706),
(1458, 1, 707),
(1459, 1, 708),
(1460, 1, 643),
(1461, 1, 644),
(1462, 1, 645),
(1463, 1, 646),
(1464, 1, 647),
(1465, 1, 648),
(1466, 1, 649),
(1467, 1, 650),
(1468, 1, 651),
(1469, 1, 652),
(1470, 1, 653),
(1471, 1, 654),
(1472, 1, 655),
(1473, 1, 656),
(1474, 1, 657),
(1475, 1, 658),
(1476, 1, 659),
(1477, 1, 660),
(1478, 1, 661),
(1479, 1, 662),
(1480, 1, 663),
(1481, 1, 664),
(1482, 1, 665),
(1483, 1, 666),
(1484, 1, 667),
(1485, 1, 668),
(1486, 1, 669),
(1487, 1, 670),
(1488, 1, 671),
(1489, 1, 672),
(1490, 1, 673),
(1491, 1, 674),
(1492, 1, 675),
(1493, 1, 676),
(1494, 1, 616),
(1495, 1, 617),
(1496, 1, 618),
(1497, 1, 619),
(1498, 1, 620),
(1499, 1, 621),
(1500, 1, 622),
(1501, 1, 623),
(1502, 1, 624),
(1503, 1, 625),
(1504, 1, 626),
(1505, 1, 627),
(1506, 1, 628),
(1507, 1, 629),
(1508, 1, 630),
(1509, 1, 631),
(1510, 1, 632),
(1511, 1, 633),
(1512, 1, 634),
(1513, 1, 635),
(1514, 1, 636),
(1515, 1, 637),
(1516, 1, 638),
(1517, 1, 639),
(1518, 1, 640),
(1519, 1, 641),
(1520, 1, 642),
(1521, 1, 615),
(1522, 1, 614),
(1523, 1, 613),
(1524, 1, 612),
(1525, 1, 611),
(1526, 1, 610),
(1527, 1, 609),
(1528, 1, 608),
(1529, 1, 607),
(1530, 1, 606),
(1531, 1, 605),
(1532, 1, 604),
(1533, 1, 603),
(1534, 1, 602),
(1535, 1, 601),
(1536, 1, 600),
(1537, 1, 599),
(1538, 1, 598),
(1539, 1, 597),
(1540, 1, 596),
(1541, 1, 595),
(1542, 1, 594),
(1543, 1, 593),
(1544, 1, 592),
(1545, 1, 591),
(1546, 1, 590),
(1547, 1, 584),
(1548, 1, 585),
(1549, 1, 586),
(1550, 1, 587),
(1551, 1, 588),
(1552, 1, 589),
(1553, 1, 583),
(1554, 1, 582),
(1555, 1, 581),
(1556, 1, 580),
(1557, 1, 579),
(1558, 1, 578),
(1559, 1, 577),
(1560, 1, 576),
(1561, 1, 575),
(1562, 1, 574),
(1563, 1, 573),
(1564, 1, 572),
(1565, 1, 571),
(1566, 1, 570),
(1567, 1, 569),
(1568, 1, 568),
(1569, 1, 567),
(1570, 1, 566),
(1571, 1, 565),
(1572, 1, 564),
(1573, 1, 563),
(1574, 1, 562),
(1575, 1, 561),
(1576, 1, 560),
(1577, 1, 559),
(1578, 1, 558),
(1579, 1, 553),
(1580, 1, 554),
(1581, 1, 555),
(1582, 1, 556),
(1583, 1, 557),
(1584, 1, 552),
(1585, 1, 551),
(1586, 1, 550),
(1587, 1, 549),
(1588, 1, 548),
(1589, 1, 547),
(1590, 1, 546),
(1591, 1, 545),
(1592, 1, 544),
(1593, 1, 543),
(1594, 1, 542),
(1595, 1, 541),
(1596, 1, 540),
(1597, 1, 539),
(1598, 1, 538),
(1599, 1, 537),
(1600, 1, 536),
(1601, 1, 535),
(1602, 1, 534),
(1603, 1, 533),
(1604, 1, 532),
(1605, 1, 531),
(1606, 1, 530),
(1607, 1, 529),
(1608, 1, 528),
(1609, 1, 527),
(1610, 1, 526),
(1611, 1, 525),
(1612, 3, 524),
(1613, 1, 523),
(1614, 1, 522),
(1615, 1, 515),
(1616, 1, 516),
(1617, 1, 517),
(1618, 1, 518),
(1619, 1, 519),
(1620, 1, 520),
(1621, 1, 521),
(1622, 1, 512),
(1623, 1, 513),
(1624, 1, 514),
(1625, 1, 501),
(1626, 1, 502),
(1627, 1, 503),
(1628, 1, 504),
(1629, 1, 505),
(1630, 1, 506),
(1631, 1, 507),
(1632, 1, 508),
(1633, 1, 509),
(1634, 1, 510),
(1635, 1, 511),
(1636, 1, 483),
(1637, 1, 484),
(1638, 1, 485),
(1639, 1, 486),
(1640, 1, 487),
(1641, 1, 488),
(1642, 1, 489),
(1643, 1, 490),
(1644, 1, 491),
(1645, 1, 492),
(1646, 1, 493),
(1647, 1, 494),
(1648, 1, 495),
(1649, 1, 496),
(1650, 1, 497),
(1651, 1, 498),
(1652, 1, 499),
(1653, 1, 500),
(1654, 1, 462),
(1655, 1, 463),
(1656, 1, 464),
(1657, 1, 465),
(1658, 1, 466),
(1659, 1, 467),
(1660, 1, 468),
(1661, 1, 469),
(1662, 1, 470),
(1663, 1, 471),
(1664, 1, 472),
(1665, 1, 473),
(1666, 1, 474),
(1667, 1, 475),
(1668, 1, 476),
(1669, 1, 477),
(1670, 1, 478),
(1671, 1, 479),
(1672, 1, 480),
(1673, 1, 481),
(1674, 1, 482),
(1675, 1, 440),
(1676, 1, 441),
(1677, 1, 442),
(1678, 1, 443),
(1679, 1, 444),
(1680, 1, 445),
(1681, 1, 446),
(1682, 1, 447),
(1683, 1, 448),
(1684, 1, 449),
(1685, 1, 450),
(1686, 1, 451),
(1687, 1, 452),
(1688, 1, 453),
(1689, 1, 454),
(1690, 1, 455),
(1691, 1, 456),
(1692, 1, 457),
(1693, 1, 458),
(1694, 1, 459),
(1695, 1, 460),
(1696, 1, 461),
(1697, 1, 423),
(1698, 1, 424),
(1699, 1, 425),
(1700, 1, 426),
(1701, 1, 427),
(1702, 1, 428),
(1703, 1, 429),
(1704, 1, 430),
(1705, 1, 431),
(1706, 1, 432),
(1707, 1, 433),
(1708, 1, 434),
(1709, 1, 435),
(1710, 1, 436),
(1711, 1, 437),
(1712, 1, 438),
(1713, 1, 439),
(1714, 1, 422),
(1715, 1, 421),
(1716, 1, 403),
(1717, 1, 404),
(1718, 1, 405),
(1719, 1, 406),
(1720, 1, 407),
(1721, 1, 408),
(1722, 1, 409),
(1723, 1, 410),
(1724, 1, 411),
(1725, 1, 412),
(1726, 1, 413),
(1727, 1, 414),
(1728, 1, 415),
(1729, 1, 416),
(1730, 1, 417),
(1731, 1, 418),
(1732, 1, 419),
(1733, 1, 420),
(1734, 1, 372),
(1735, 1, 373),
(1736, 1, 374),
(1737, 1, 375),
(1738, 1, 376),
(1739, 1, 377),
(1740, 1, 378),
(1741, 1, 379),
(1742, 1, 380),
(1743, 1, 381),
(1744, 1, 382),
(1745, 1, 383),
(1746, 1, 384),
(1747, 1, 385),
(1748, 1, 386),
(1749, 1, 387),
(1750, 1, 388),
(1751, 1, 389),
(1752, 1, 390),
(1753, 1, 391),
(1754, 1, 392),
(1755, 1, 393),
(1756, 1, 394),
(1757, 1, 395),
(1758, 1, 396),
(1759, 1, 397),
(1760, 1, 398),
(1761, 1, 399),
(1762, 1, 400),
(1763, 1, 401),
(1764, 1, 402),
(1765, 1, 341),
(1766, 1, 342),
(1767, 1, 343),
(1768, 1, 344),
(1769, 1, 345),
(1770, 1, 346),
(1771, 1, 347),
(1772, 1, 348),
(1773, 1, 349),
(1774, 1, 350),
(1775, 1, 351),
(1776, 1, 352),
(1777, 1, 353),
(1778, 1, 354),
(1779, 1, 355),
(1780, 1, 356),
(1781, 1, 357),
(1782, 1, 358),
(1783, 1, 359),
(1784, 1, 360),
(1785, 1, 361),
(1786, 1, 362),
(1787, 1, 363),
(1788, 1, 364),
(1789, 1, 365),
(1790, 1, 366),
(1791, 1, 367),
(1792, 1, 368),
(1793, 1, 369),
(1794, 1, 370),
(1795, 1, 371),
(1796, 1, 321),
(1797, 1, 322),
(1798, 1, 323),
(1799, 1, 324),
(1800, 1, 325),
(1801, 1, 326),
(1802, 1, 327),
(1803, 1, 328),
(1804, 1, 329),
(1805, 1, 330),
(1806, 1, 331),
(1807, 1, 332),
(1808, 1, 333),
(1809, 1, 334),
(1810, 1, 335),
(1811, 1, 336),
(1812, 1, 337),
(1813, 1, 338),
(1814, 1, 339),
(1815, 1, 340),
(1981, 1, 166);

-- --------------------------------------------------------

--
-- Tabellenstruktur für Tabelle `tax_class`
--

CREATE TABLE `tax_class` (
  `tax_class_id` int(11) NOT NULL,
  `tax_class_title` varchar(32) NOT NULL DEFAULT '',
  `tax_class_description` varchar(255) NOT NULL DEFAULT '',
  `last_modified` datetime DEFAULT NULL,
  `date_added` datetime NOT NULL DEFAULT '0000-00-00 00:00:00'
) ENGINE=MyISAM DEFAULT CHARSET=utf8;

--
-- Daten für Tabelle `tax_class`
--

INSERT INTO `tax_class` (`tax_class_id`, `tax_class_title`, `tax_class_description`, `last_modified`, `date_added`) VALUES
(1, 'Standardsatz', '', '0000-00-00 00:00:00', '2004-09-15 10:00:46'),
(2, 'ermaeßigter Steuersatz', '', '2013-04-30 17:49:09', '2004-09-15 10:00:46'),
(3, 'ermäßigt 2', '', '2022-08-10 11:44:33', '2022-08-10 11:44:33'),
(4, 'stark ermäßigt', '', '2022-08-10 11:44:41', '2022-08-10 11:44:41'),
(5, 'stark ermäßigt 2', '', '2022-08-10 11:44:51', '2022-08-10 11:44:51'),
(6, 'zwischensatz', '', '2022-08-10 11:44:59', '2022-08-10 11:44:59');

-- --------------------------------------------------------

--
-- Tabellenstruktur für Tabelle `tax_rates`
--

CREATE TABLE `tax_rates` (
  `tax_rates_id` int(11) NOT NULL,
  `tax_zone_id` int(11) NOT NULL DEFAULT '0',
  `tax_class_id` int(11) NOT NULL DEFAULT '0',
  `tax_priority` int(5) DEFAULT '1',
  `tax_rate` decimal(7,4) NOT NULL DEFAULT '0.0000',
  `tax_description` varchar(255) NOT NULL DEFAULT '',
  `last_modified` datetime DEFAULT NULL,
  `date_added` datetime NOT NULL DEFAULT '0000-00-00 00:00:00'
) ENGINE=MyISAM DEFAULT CHARSET=utf8;

--
-- Daten für Tabelle `tax_rates`
--

INSERT INTO `tax_rates` (`tax_rates_id`, `tax_zone_id`, `tax_class_id`, `tax_priority`, `tax_rate`, `tax_description`, `last_modified`, `date_added`) VALUES
(1, 5, 1, 1, 19.0000, 'UST 19%', '2006-12-27 10:39:14', '0000-00-00 00:00:00'),
(2, 5, 2, 1, 7.0000, 'UST 7%', '0000-00-00 00:00:00', '0000-00-00 00:00:00'),
(3, 6, 1, 1, 19.0000, 'USt. 19%', '2022-08-10 11:46:05', '0000-00-00 00:00:00'),
(4, 6, 2, 1, 7.0000, 'USt. 7%', '2022-08-10 11:46:19', '0000-00-00 00:00:00'),
(5, 8, 1, 1, 20.0000, 'USt. (AT) 20,00%', '0000-00-00 00:00:00', '2022-08-10 11:45:47'),
(6, 8, 2, 1, 10.0000, 'USt. (AT) 10,00%', '0000-00-00 00:00:00', '2022-08-10 11:45:47'),
(7, 8, 3, 1, 13.0000, 'USt. (AT) 13,00%', '0000-00-00 00:00:00', '2022-08-10 11:45:47'),
(8, 8, 6, 1, 13.0000, 'USt. (AT) 13,00%', '0000-00-00 00:00:00', '2022-08-10 11:45:47'),
(9, 9, 1, 1, 21.0000, 'USt. (BE) 21,00%', '0000-00-00 00:00:00', '2022-08-10 11:45:47'),
(10, 9, 2, 1, 6.0000, 'USt. (BE) 6,00%', '0000-00-00 00:00:00', '2022-08-10 11:45:47'),
(11, 9, 3, 1, 12.0000, 'USt. (BE) 12,00%', '0000-00-00 00:00:00', '2022-08-10 11:45:47'),
(12, 9, 6, 1, 12.0000, 'USt. (BE) 12,00%', '0000-00-00 00:00:00', '2022-08-10 11:45:47'),
(13, 10, 1, 1, 20.0000, 'USt. (BG) 20,00%', '0000-00-00 00:00:00', '2022-08-10 11:45:47'),
(14, 10, 2, 1, 9.0000, 'USt. (BG) 9,00%', '0000-00-00 00:00:00', '2022-08-10 11:45:47'),
(15, 11, 1, 1, 19.0000, 'USt. (CY) 19,00%', '0000-00-00 00:00:00', '2022-08-10 11:45:47'),
(16, 11, 2, 1, 5.0000, 'USt. (CY) 5,00%', '0000-00-00 00:00:00', '2022-08-10 11:45:47'),
(17, 11, 3, 1, 9.0000, 'USt. (CY) 9,00%', '0000-00-00 00:00:00', '2022-08-10 11:45:47'),
(18, 12, 1, 1, 21.0000, 'USt. (CZ) 21,00%', '0000-00-00 00:00:00', '2022-08-10 11:45:47'),
(19, 12, 2, 1, 12.0000, 'USt. (CZ) 12,00%', '2024-08-14 16:18:39', '2022-08-10 11:45:47'),
(21, 13, 1, 1, 19.0000, 'USt. (DE) 19,00%', '0000-00-00 00:00:00', '2022-08-10 11:45:47'),
(22, 13, 2, 1, 7.0000, 'USt. (DE) 7,00%', '0000-00-00 00:00:00', '2022-08-10 11:45:47'),
(23, 14, 1, 1, 25.0000, 'USt. (DK) 25,00%', '0000-00-00 00:00:00', '2022-08-10 11:45:47'),
(24, 15, 1, 1, 22.0000, 'USt. (EE) 22,00%', '2024-08-14 16:19:36', '2022-08-10 11:45:47'),
(25, 15, 2, 1, 9.0000, 'USt. (EE) 9,00%', '0000-00-00 00:00:00', '2022-08-10 11:45:47'),
(26, 16, 1, 1, 24.0000, 'USt. (GR) 24,00%', '0000-00-00 00:00:00', '2022-08-10 11:45:47'),
(27, 16, 2, 1, 6.0000, 'USt. (GR) 6,00%', '0000-00-00 00:00:00', '2022-08-10 11:45:47'),
(28, 16, 3, 1, 13.0000, 'USt. (GR) 13,00%', '0000-00-00 00:00:00', '2022-08-10 11:45:47'),
(29, 17, 1, 1, 21.0000, 'USt. (ES) 21,00%', '0000-00-00 00:00:00', '2022-08-10 11:45:47'),
(30, 17, 2, 1, 10.0000, 'USt. (ES) 10,00%', '0000-00-00 00:00:00', '2022-08-10 11:45:47'),
(31, 17, 4, 1, 4.0000, 'USt. (ES) 4,00%', '0000-00-00 00:00:00', '2022-08-10 11:45:47'),
(32, 18, 1, 1, 24.0000, 'USt. (FI) 24,00%', '0000-00-00 00:00:00', '2022-08-10 11:45:47'),
(33, 18, 2, 1, 10.0000, 'USt. (FI) 10,00%', '0000-00-00 00:00:00', '2022-08-10 11:45:47'),
(34, 18, 3, 1, 14.0000, 'USt. (FI) 14,00%', '0000-00-00 00:00:00', '2022-08-10 11:45:47'),
(35, 19, 1, 1, 20.0000, 'USt. (FR) 20,00%', '0000-00-00 00:00:00', '2022-08-10 11:45:47'),
(36, 19, 2, 1, 5.5000, 'USt. (FR) 5,50%', '0000-00-00 00:00:00', '2022-08-10 11:45:47'),
(37, 19, 3, 1, 10.0000, 'USt. (FR) 10,00%', '0000-00-00 00:00:00', '2022-08-10 11:45:47'),
(38, 19, 4, 1, 2.1000, 'USt. (FR) 2,10%', '0000-00-00 00:00:00', '2022-08-10 11:45:47'),
(39, 20, 1, 1, 25.0000, 'USt. (HR) 25,00%', '0000-00-00 00:00:00', '2022-08-10 11:45:47'),
(40, 20, 2, 1, 5.0000, 'USt. (HR) 5,00%', '0000-00-00 00:00:00', '2022-08-10 11:45:47'),
(41, 20, 3, 1, 13.0000, 'USt. (HR) 13,00%', '0000-00-00 00:00:00', '2022-08-10 11:45:47'),
(42, 21, 1, 1, 27.0000, 'USt. (HU) 27,00%', '0000-00-00 00:00:00', '2022-08-10 11:45:47'),
(43, 21, 2, 1, 5.0000, 'USt. (HU) 5,00%', '0000-00-00 00:00:00', '2022-08-10 11:45:47'),
(44, 21, 3, 1, 18.0000, 'USt. (HU) 18,00%', '0000-00-00 00:00:00', '2022-08-10 11:45:47'),
(45, 22, 1, 1, 23.0000, 'USt. (IE) 23,00%', '0000-00-00 00:00:00', '2022-08-10 11:45:47'),
(46, 22, 2, 1, 9.0000, 'USt. (IE) 9,00%', '0000-00-00 00:00:00', '2022-08-10 11:45:47'),
(47, 22, 3, 1, 13.5000, 'USt. (IE) 13,50%', '0000-00-00 00:00:00', '2022-08-10 11:45:47'),
(48, 22, 4, 1, 4.8000, 'USt. (IE) 4,80%', '0000-00-00 00:00:00', '2022-08-10 11:45:47'),
(49, 22, 6, 1, 13.5000, 'USt. (IE) 13,50%', '0000-00-00 00:00:00', '2022-08-10 11:45:47'),
(50, 23, 1, 1, 22.0000, 'USt. (IT) 22,00%', '0000-00-00 00:00:00', '2022-08-10 11:45:47'),
(51, 23, 2, 1, 5.0000, 'USt. (IT) 5,00%', '0000-00-00 00:00:00', '2022-08-10 11:45:47'),
(52, 23, 3, 1, 10.0000, 'USt. (IT) 10,00%', '0000-00-00 00:00:00', '2022-08-10 11:45:47'),
(53, 23, 4, 1, 4.0000, 'USt. (IT) 4,00%', '0000-00-00 00:00:00', '2022-08-10 11:45:47'),
(54, 24, 1, 1, 21.0000, 'USt. (LT) 21,00%', '0000-00-00 00:00:00', '2022-08-10 11:45:47'),
(55, 24, 2, 1, 5.0000, 'USt. (LT) 5,00%', '0000-00-00 00:00:00', '2022-08-10 11:45:47'),
(56, 24, 3, 1, 9.0000, 'USt. (LT) 9,00%', '0000-00-00 00:00:00', '2022-08-10 11:45:47'),
(57, 25, 1, 1, 17.0000, 'USt. (LU) 17,00%', '0000-00-00 00:00:00', '2022-08-10 11:45:47'),
(58, 25, 2, 1, 8.0000, 'USt. (LU) 8,00%', '0000-00-00 00:00:00', '2022-08-10 11:45:47'),
(59, 25, 4, 1, 3.0000, 'USt. (LU) 3,00%', '0000-00-00 00:00:00', '2022-08-10 11:45:47'),
(60, 25, 6, 1, 14.0000, 'USt. (LU) 14,00%', '0000-00-00 00:00:00', '2022-08-10 11:45:47'),
(61, 26, 1, 1, 21.0000, 'USt. (LV) 21,00%', '0000-00-00 00:00:00', '2022-08-10 11:45:47'),
(62, 26, 2, 1, 12.0000, 'USt. (LV) 12,00%', '0000-00-00 00:00:00', '2022-08-10 11:45:47'),
(63, 26, 3, 1, 5.0000, 'USt. (LV) 5,00%', '0000-00-00 00:00:00', '2022-08-10 11:45:47'),
(64, 27, 1, 1, 18.0000, 'USt. (MT) 18,00%', '0000-00-00 00:00:00', '2022-08-10 11:45:47'),
(65, 27, 2, 1, 5.0000, 'USt. (MT) 5,00%', '0000-00-00 00:00:00', '2022-08-10 11:45:47'),
(66, 27, 3, 1, 7.0000, 'USt. (MT) 7,00%', '0000-00-00 00:00:00', '2022-08-10 11:45:47'),
(67, 28, 1, 1, 21.0000, 'USt. (NL) 21,00%', '0000-00-00 00:00:00', '2022-08-10 11:45:47'),
(68, 28, 2, 1, 9.0000, 'USt. (NL) 9,00%', '0000-00-00 00:00:00', '2022-08-10 11:45:47'),
(69, 29, 1, 1, 23.0000, 'USt. (PL) 23,00%', '0000-00-00 00:00:00', '2022-08-10 11:45:47'),
(70, 29, 2, 1, 5.0000, 'USt. (PL) 5,00%', '0000-00-00 00:00:00', '2022-08-10 11:45:47'),
(71, 29, 3, 1, 8.0000, 'USt. (PL) 8,00%', '0000-00-00 00:00:00', '2022-08-10 11:45:47'),
(72, 30, 1, 1, 23.0000, 'USt. (PT) 23,00%', '0000-00-00 00:00:00', '2022-08-10 11:45:47'),
(73, 30, 2, 1, 6.0000, 'USt. (PT) 6,00%', '0000-00-00 00:00:00', '2022-08-10 11:45:47'),
(74, 30, 3, 1, 13.0000, 'USt. (PT) 13,00%', '0000-00-00 00:00:00', '2022-08-10 11:45:47'),
(75, 30, 6, 1, 13.0000, 'USt. (PT) 13,00%', '0000-00-00 00:00:00', '2022-08-10 11:45:47'),
(76, 31, 1, 1, 19.0000, 'USt. (RO) 19,00%', '0000-00-00 00:00:00', '2022-08-10 11:45:47'),
(77, 31, 2, 1, 5.0000, 'USt. (RO) 5,00%', '0000-00-00 00:00:00', '2022-08-10 11:45:47'),
(78, 31, 3, 1, 9.0000, 'USt. (RO) 9,00%', '0000-00-00 00:00:00', '2022-08-10 11:45:47'),
(79, 32, 1, 1, 25.0000, 'USt. (SE) 25,00%', '0000-00-00 00:00:00', '2022-08-10 11:45:47'),
(80, 32, 2, 1, 6.0000, 'USt. (SE) 6,00%', '0000-00-00 00:00:00', '2022-08-10 11:45:47'),
(81, 32, 3, 1, 12.0000, 'USt. (SE) 12,00%', '0000-00-00 00:00:00', '2022-08-10 11:45:47'),
(82, 33, 1, 1, 22.0000, 'USt. (SI) 22,00%', '0000-00-00 00:00:00', '2022-08-10 11:45:47'),
(83, 33, 2, 1, 9.5000, 'USt. (SI) 9,50%', '0000-00-00 00:00:00', '2022-08-10 11:45:47'),
(84, 34, 1, 1, 20.0000, 'USt. (SK) 20,00%', '0000-00-00 00:00:00', '2022-08-10 11:45:47'),
(85, 34, 2, 1, 10.0000, 'USt. (SK) 10,00%', '0000-00-00 00:00:00', '2022-08-10 11:45:47');

-- --------------------------------------------------------

--
-- Tabellenstruktur für Tabelle `testeo`
--

CREATE TABLE `testeo` (
  `yourID` int(11) NOT NULL DEFAULT '0',
  `testeoGrade` varchar(64) NOT NULL DEFAULT '',
  `sourceCode` text NOT NULL
) ENGINE=MyISAM DEFAULT CHARSET=utf8;

-- --------------------------------------------------------

--
-- Tabellenstruktur für Tabelle `units`
--

CREATE TABLE `units` (
  `units_id` int(11) NOT NULL,
  `units_title` varchar(64) NOT NULL DEFAULT ''
) ENGINE=MyISAM DEFAULT CHARSET=utf8;

--
-- Daten für Tabelle `units`
--

INSERT INTO `units` (`units_id`, `units_title`) VALUES
(1, '2er'),
(2, '4er'),
(3, '6er');

-- --------------------------------------------------------

--
-- Tabellenstruktur für Tabelle `units_description`
--

CREATE TABLE `units_description` (
  `units_description_id` int(11) NOT NULL,
  `units_id` int(11) NOT NULL DEFAULT '0',
  `language_id` int(11) NOT NULL DEFAULT '0',
  `units_value` varchar(64) NOT NULL DEFAULT ''
) ENGINE=MyISAM DEFAULT CHARSET=utf8;

--
-- Daten für Tabelle `units_description`
--

INSERT INTO `units_description` (`units_description_id`, `units_id`, `language_id`, `units_value`) VALUES
(1, 1, 2, '2'),
(2, 2, 2, '4'),
(3, 3, 2, '6');

-- --------------------------------------------------------

--
-- Tabellenstruktur für Tabelle `un_classifications`
--

CREATE TABLE `un_classifications` (
  `un_classifications_id` int(11) NOT NULL,
  `un_title` varchar(128) COLLATE utf8mb4_unicode_ci NOT NULL,
  `un_description` text COLLATE utf8mb4_unicode_ci NOT NULL,
  `un_image` varchar(255) COLLATE utf8mb4_unicode_ci NOT NULL
) ENGINE=InnoDB DEFAULT CHARSET=utf8mb4 COLLATE=utf8mb4_unicode_ci;

--
-- Daten für Tabelle `un_classifications`
--

INSERT INTO `un_classifications` (`un_classifications_id`, `un_title`, `un_description`, `un_image`) VALUES
(1, 'UN3480', 'Lithium Ion Battery', '');

-- --------------------------------------------------------

--
-- Tabellenstruktur für Tabelle `userprofile_emailfilter_addresses`
--

CREATE TABLE `userprofile_emailfilter_addresses` (
  `userprofile_emailfilter_addresses_id` int(11) NOT NULL,
  `customers_id` int(11) NOT NULL COMMENT 'wer hat die addresse hinterlegt',
  `email_address` varchar(255) NOT NULL,
  `date_added` date NOT NULL
) ENGINE=MyISAM DEFAULT CHARSET=utf8;

-- --------------------------------------------------------

--
-- Tabellenstruktur für Tabelle `wishlist_attributes`
--

CREATE TABLE `wishlist_attributes` (
  `attributes_id` int(11) NOT NULL,
  `customers_id` int(11) NOT NULL DEFAULT '0',
  `wishlist_products_id` int(11) NOT NULL DEFAULT '0',
  `products_options_id` int(11) NOT NULL DEFAULT '0',
  `products_options_value_id` int(11) NOT NULL DEFAULT '0'
) ENGINE=MyISAM DEFAULT CHARSET=utf8;

-- --------------------------------------------------------

--
-- Tabellenstruktur für Tabelle `wishlist_customers`
--

CREATE TABLE `wishlist_customers` (
  `id` int(11) NOT NULL,
  `customers_id` int(11) NOT NULL DEFAULT '0',
  `create_date` datetime NOT NULL DEFAULT '0000-00-00 00:00:00',
  `memo` text NOT NULL
) ENGINE=InnoDB DEFAULT CHARSET=utf8;

--
-- Daten für Tabelle `wishlist_customers`
--

INSERT INTO `wishlist_customers` (`id`, `customers_id`, `create_date`, `memo`) VALUES
(1, 1, '2019-04-23 13:38:20', '');

-- --------------------------------------------------------

--
-- Tabellenstruktur für Tabelle `wishlist_products`
--

CREATE TABLE `wishlist_products` (
  `id` int(11) NOT NULL,
  `wishlist_customers_id` int(11) NOT NULL DEFAULT '0',
  `products_id` int(11) NOT NULL DEFAULT '0',
  `quantity` int(11) NOT NULL DEFAULT '0',
  `memo` text NOT NULL,
  `wishstatus` int(1) NOT NULL DEFAULT '0',
  `ordered` int(3) NOT NULL DEFAULT '0',
  `create_date` datetime NOT NULL DEFAULT '0000-00-00 00:00:00'
) ENGINE=InnoDB DEFAULT CHARSET=utf8;

--
-- Daten für Tabelle `wishlist_products`
--

INSERT INTO `wishlist_products` (`id`, `wishlist_customers_id`, `products_id`, `quantity`, `memo`, `wishstatus`, `ordered`, `create_date`) VALUES
(1, 1, 108, 1, '', 0, 0, '2019-04-23 13:38:20');

-- --------------------------------------------------------

--
-- Tabellenstruktur für Tabelle `wrapping_counter`
--

CREATE TABLE `wrapping_counter` (
  `wrapping_counter_id` int(11) NOT NULL,
  `orders_id` int(11) NOT NULL DEFAULT '0',
  `branches_id` int(11) NOT NULL DEFAULT '0',
  `date_added` datetime NOT NULL DEFAULT '0000-00-00 00:00:00',
  `date_fetched` datetime NOT NULL DEFAULT '0000-00-00 00:00:00'
) ENGINE=MyISAM DEFAULT CHARSET=utf8;

--
-- Daten für Tabelle `wrapping_counter`
--

INSERT INTO `wrapping_counter` (`wrapping_counter_id`, `orders_id`, `branches_id`, `date_added`, `date_fetched`) VALUES
(1, 8, 0, '2010-01-02 18:44:12', '0000-00-00 00:00:00'),
(2, 12, 0, '2010-03-25 19:52:43', '0000-00-00 00:00:00'),
(3, 19, 0, '2013-11-06 17:25:57', '0000-00-00 00:00:00');

-- --------------------------------------------------------

--
-- Tabellenstruktur für Tabelle `yes_amazon_pay_refunds`
--

CREATE TABLE `yes_amazon_pay_refunds` (
  `yes_amazon_pay_refunds_id` int(11) NOT NULL,
  `AmazonRefundId` varchar(32) NOT NULL,
  `RefundReferenceId` varchar(32) NOT NULL,
  `SellerRefundNote` text NOT NULL,
  `RefundType` varchar(32) NOT NULL,
  `Currency` varchar(3) NOT NULL,
  `RefundedAmount` decimal(15,4) NOT NULL,
  `FeeRefunded` decimal(15,4) NOT NULL,
  `RefundStatus` varchar(16) NOT NULL,
  `date_created` datetime NOT NULL,
  `yes_amazon_pay_reference_id` varchar(32) NOT NULL
) ENGINE=InnoDB DEFAULT CHARSET=utf8;

-- --------------------------------------------------------

--
-- Tabellenstruktur für Tabelle `yes_cron_exports`
--

CREATE TABLE `yes_cron_exports` (
  `yes_cron_exports_id` int(11) NOT NULL,
  `name` varchar(64) NOT NULL,
  `date_added` datetime NOT NULL,
  `last_export` datetime NOT NULL,
  `use_heading_row` int(1) NOT NULL,
  `ini_file` varchar(64) NOT NULL,
  `current_export` int(1) NOT NULL,
  `current_export_page` int(2) NOT NULL,
  `export_filename` varchar(64) NOT NULL,
  `export_linked_products` int(1) NOT NULL,
  `cat` varchar(255) NOT NULL,
  `allCat` int(1) NOT NULL,
  `distributors_id` int(11) NOT NULL,
  `export_interval_in_hours` int(11) NOT NULL
) ENGINE=InnoDB DEFAULT CHARSET=utf8;

-- --------------------------------------------------------

--
-- Tabellenstruktur für Tabelle `yes_cron_export_heading_rows`
--

CREATE TABLE `yes_cron_export_heading_rows` (
  `yes_cron_export_heading_rows_id` int(11) NOT NULL,
  `yes_cron_exports_id` int(11) NOT NULL,
  `sort_order` int(11) NOT NULL,
  `name` varchar(128) NOT NULL
) ENGINE=InnoDB DEFAULT CHARSET=utf8;

-- --------------------------------------------------------

--
-- Tabellenstruktur für Tabelle `yes_help`
--

CREATE TABLE `yes_help` (
  `help_id` int(11) NOT NULL,
  `help_title` varchar(128) NOT NULL DEFAULT '',
  `help_text` text NOT NULL,
  `last_change` timestamp NOT NULL DEFAULT CURRENT_TIMESTAMP
) ENGINE=MyISAM DEFAULT CHARSET=utf8;

-- --------------------------------------------------------

--
-- Tabellenstruktur für Tabelle `yes_xmlrpc_import_config`
--

CREATE TABLE `yes_xmlrpc_import_config` (
  `yes_xmlrpc_import_config_id` int(11) NOT NULL,
  `yes_xmlrpc_remote_token_id` int(11) NOT NULL,
  `languages` text NOT NULL,
  `manufacturers` text NOT NULL,
  `import_categories_id` int(11) NOT NULL,
  `shipping_statuses` text NOT NULL,
  `units` text NOT NULL,
  `products_vpe` text NOT NULL
) ENGINE=InnoDB DEFAULT CHARSET=utf8;

-- --------------------------------------------------------

--
-- Tabellenstruktur für Tabelle `yes_xmlrpc_products`
--

CREATE TABLE `yes_xmlrpc_products` (
  `yes_xmlrpc_products_id` int(11) NOT NULL,
  `yes_xmlrpc_remote_token_id` int(11) NOT NULL,
  `products_id` int(11) NOT NULL,
  `remote_products_id` int(11) NOT NULL,
  `date_added` datetime NOT NULL,
  `imported` int(1) NOT NULL,
  `remote_set_id` varchar(32) NOT NULL
) ENGINE=InnoDB DEFAULT CHARSET=utf8;

-- --------------------------------------------------------

--
-- Tabellenstruktur für Tabelle `zones`
--

CREATE TABLE `zones` (
  `zone_id` int(11) NOT NULL,
  `zone_country_id` int(11) NOT NULL DEFAULT '0',
  `zone_code` varchar(32) NOT NULL DEFAULT '',
  `zone_name` varchar(32) NOT NULL DEFAULT ''
) ENGINE=MyISAM DEFAULT CHARSET=utf8;

--
-- Daten für Tabelle `zones`
--

INSERT INTO `zones` (`zone_id`, `zone_country_id`, `zone_code`, `zone_name`) VALUES
(1, 223, 'AL', 'Alabama'),
(2, 223, 'AK', 'Alaska'),
(3, 223, 'AS', 'American Samoa'),
(4, 223, 'AZ', 'Arizona'),
(5, 223, 'AR', 'Arkansas'),
(6, 223, 'AF', 'Armed Forces Africa'),
(7, 223, 'AA', 'Armed Forces Americas'),
(8, 223, 'AC', 'Armed Forces Canada'),
(9, 223, 'AE', 'Armed Forces Europe'),
(10, 223, 'AM', 'Armed Forces Middle East'),
(11, 223, 'AP', 'Armed Forces Pacific'),
(12, 223, 'CA', 'California'),
(13, 223, 'CO', 'Colorado'),
(14, 223, 'CT', 'Connecticut'),
(15, 223, 'DE', 'Delaware'),
(16, 223, 'DC', 'District of Columbia'),
(17, 223, 'FM', 'Federated States Of Micronesia'),
(18, 223, 'FL', 'Florida'),
(19, 223, 'GA', 'Georgia'),
(20, 223, 'GU', 'Guam'),
(21, 223, 'HI', 'Hawaii'),
(22, 223, 'ID', 'Idaho'),
(23, 223, 'IL', 'Illinois'),
(24, 223, 'IN', 'Indiana'),
(25, 223, 'IA', 'Iowa'),
(26, 223, 'KS', 'Kansas'),
(27, 223, 'KY', 'Kentucky'),
(28, 223, 'LA', 'Louisiana'),
(29, 223, 'ME', 'Maine'),
(30, 223, 'MH', 'Marshall Islands'),
(31, 223, 'MD', 'Maryland'),
(32, 223, 'MA', 'Massachusetts'),
(33, 223, 'MI', 'Michigan'),
(34, 223, 'MN', 'Minnesota'),
(35, 223, 'MS', 'Mississippi'),
(36, 223, 'MO', 'Missouri'),
(37, 223, 'MT', 'Montana'),
(38, 223, 'NE', 'Nebraska'),
(39, 223, 'NV', 'Nevada'),
(40, 223, 'NH', 'New Hampshire'),
(41, 223, 'NJ', 'New Jersey'),
(42, 223, 'NM', 'New Mexico'),
(43, 223, 'NY', 'New York'),
(44, 223, 'NC', 'North Carolina'),
(45, 223, 'ND', 'North Dakota'),
(46, 223, 'MP', 'Northern Mariana Islands'),
(47, 223, 'OH', 'Ohio'),
(48, 223, 'OK', 'Oklahoma'),
(49, 223, 'OR', 'Oregon'),
(50, 223, 'PW', 'Palau'),
(51, 223, 'PA', 'Pennsylvania'),
(52, 223, 'PR', 'Puerto Rico'),
(53, 223, 'RI', 'Rhode Island'),
(54, 223, 'SC', 'South Carolina'),
(55, 223, 'SD', 'South Dakota'),
(56, 223, 'TN', 'Tennessee'),
(57, 223, 'TX', 'Texas'),
(58, 223, 'UT', 'Utah'),
(59, 223, 'VT', 'Vermont'),
(60, 223, 'VI', 'Virgin Islands'),
(61, 223, 'VA', 'Virginia'),
(62, 223, 'WA', 'Washington'),
(63, 223, 'WV', 'West Virginia'),
(64, 223, 'WI', 'Wisconsin'),
(65, 223, 'WY', 'Wyoming'),
(66, 38, 'AB', 'Alberta'),
(67, 38, 'BC', 'British Columbia'),
(68, 38, 'MB', 'Manitoba'),
(69, 38, 'NF', 'Newfoundland'),
(70, 38, 'NB', 'New Brunswick'),
(71, 38, 'NS', 'Nova Scotia'),
(72, 38, 'NT', 'Northwest Territories'),
(73, 38, 'NU', 'Nunavut'),
(74, 38, 'ON', 'Ontario'),
(75, 38, 'PE', 'Prince Edward Island'),
(76, 38, 'QC', 'Quebec'),
(77, 38, 'SK', 'Saskatchewan'),
(78, 38, 'YT', 'Yukon Territory'),
(79, 81, 'NDS', 'Niedersachsen'),
(80, 81, 'BAW', 'Baden-Württemberg'),
(81, 81, 'BAY', 'Bayern'),
(82, 81, 'BER', 'Berlin'),
(83, 81, 'BRG', 'Brandenburg'),
(84, 81, 'BRE', 'Bremen'),
(85, 81, 'HAM', 'Hamburg'),
(86, 81, 'HES', 'Hessen'),
(87, 81, 'MEC', 'Mecklenburg-Vorpommern'),
(88, 81, 'NRW', 'Nordrhein-Westfalen'),
(89, 81, 'RHE', 'Rheinland-Pfalz'),
(90, 81, 'SAR', 'Saarland'),
(91, 81, 'SAS', 'Sachsen'),
(92, 81, 'SAC', 'Sachsen-Anhalt'),
(93, 81, 'SCN', 'Schleswig-Holstein'),
(94, 81, 'THE', 'Thüringen'),
(95, 14, 'WI', 'Wien'),
(96, 14, 'NO', 'NiederÃƒÆ’Ã‚Æ’Ãƒââ'),
(97, 14, 'OO', 'OberÃƒÆ’Ã‚Æ’Ãƒâ€'),
(98, 14, 'SB', 'Salzburg'),
(99, 14, 'KN', 'KÃƒÆ’Ã‚Æ’Ãƒâ€šÃ'),
(100, 14, 'ST', 'Steiermark'),
(101, 14, 'TI', 'Tirol'),
(102, 14, 'BL', 'Burgenland'),
(103, 14, 'VB', 'Voralberg'),
(104, 204, 'AG', 'Aargau'),
(105, 204, 'AI', 'Appenzell Innerrhoden'),
(106, 204, 'AR', 'Appenzell Ausserrhoden'),
(107, 204, 'BE', 'Bern'),
(108, 204, 'BL', 'Basel-Landschaft'),
(109, 204, 'BS', 'Basel-Stadt'),
(110, 204, 'FR', 'Freiburg'),
(111, 204, 'GE', 'Genf'),
(112, 204, 'GL', 'Glarus'),
(113, 204, 'JU', 'GraubÃƒÆ’Ã‚Æ’Ãƒââ‚'),
(114, 204, 'JU', 'Jura'),
(115, 204, 'LU', 'Luzern'),
(116, 204, 'NE', 'Neuenburg'),
(117, 204, 'NW', 'Nidwalden'),
(118, 204, 'OW', 'Obwalden'),
(119, 204, 'SG', 'St. Gallen'),
(120, 204, 'SH', 'Schaffhausen'),
(121, 204, 'SO', 'Solothurn'),
(122, 204, 'SZ', 'Schwyz'),
(123, 204, 'TG', 'Thurgau'),
(124, 204, 'TI', 'Tessin'),
(125, 204, 'UR', 'Uri'),
(126, 204, 'VD', 'Waadt'),
(127, 204, 'VS', 'Wallis'),
(128, 204, 'ZG', 'Zug'),
(129, 204, 'ZH', 'ZÃƒÆ’Ã‚Æ’Ãƒâ€šÃ'),
(130, 195, 'A CoruÃƒÆ’Ã‚Æ’Ãƒââ', 'A CoruÃƒÆ’Ã‚Æ’Ãƒââ'),
(131, 195, 'Alava', 'Alava'),
(132, 195, 'Albacete', 'Albacete'),
(133, 195, 'Alicante', 'Alicante'),
(134, 195, 'Almeria', 'Almeria'),
(135, 195, 'Asturias', 'Asturias'),
(136, 195, 'Avila', 'Avila'),
(137, 195, 'Badajoz', 'Badajoz'),
(138, 195, 'Baleares', 'Baleares'),
(139, 195, 'Barcelona', 'Barcelona'),
(140, 195, 'Burgos', 'Burgos'),
(141, 195, 'Caceres', 'Caceres'),
(142, 195, 'Cadiz', 'Cadiz'),
(143, 195, 'Cantabria', 'Cantabria'),
(144, 195, 'Castellon', 'Castellon'),
(145, 195, 'Ceuta', 'Ceuta'),
(146, 195, 'Ciudad Real', 'Ciudad Real'),
(147, 195, 'Cordoba', 'Cordoba'),
(148, 195, 'Cuenca', 'Cuenca'),
(149, 195, 'Girona', 'Girona'),
(150, 195, 'Granada', 'Granada'),
(151, 195, 'Guadalajara', 'Guadalajara'),
(152, 195, 'Guipuzcoa', 'Guipuzcoa'),
(153, 195, 'Huelva', 'Huelva'),
(154, 195, 'Huesca', 'Huesca'),
(155, 195, 'Jaen', 'Jaen'),
(156, 195, 'La Rioja', 'La Rioja'),
(157, 195, 'Las Palmas', 'Las Palmas'),
(158, 195, 'Leon', 'Leon'),
(159, 195, 'Lleida', 'Lleida'),
(160, 195, 'Lugo', 'Lugo'),
(161, 195, 'Madrid', 'Madrid'),
(162, 195, 'Malaga', 'Malaga'),
(163, 195, 'Melilla', 'Melilla'),
(164, 195, 'Murcia', 'Murcia'),
(165, 195, 'Navarra', 'Navarra'),
(166, 195, 'Ourense', 'Ourense'),
(167, 195, 'Palencia', 'Palencia'),
(168, 195, 'Pontevedra', 'Pontevedra'),
(169, 195, 'Salamanca', 'Salamanca'),
(170, 195, 'Santa Cruz de Tenerife', 'Santa Cruz de Tenerife'),
(171, 195, 'Segovia', 'Segovia'),
(172, 195, 'Sevilla', 'Sevilla'),
(173, 195, 'Soria', 'Soria'),
(174, 195, 'Tarragona', 'Tarragona'),
(175, 195, 'Teruel', 'Teruel'),
(176, 195, 'Toledo', 'Toledo'),
(177, 195, 'Valencia', 'Valencia'),
(178, 195, 'Valladolid', 'Valladolid'),
(179, 195, 'Vizcaya', 'Vizcaya'),
(180, 195, 'Zamora', 'Zamora'),
(181, 195, 'Zaragoza', 'Zaragoza'),
(182, 13, 'NSW', 'New South Wales'),
(183, 13, 'VIC', 'Victoria'),
(184, 13, 'QLD', 'Queensland'),
(185, 13, 'NT', 'Northern Territory'),
(186, 13, 'WA', 'Western Australia'),
(187, 13, 'SA', 'South Australia'),
(188, 13, 'TAS', 'Tasmania'),
(189, 13, 'ACT', 'Australian Capital Territory'),
(190, 153, 'Northland', 'Northland'),
(191, 153, 'Auckland', 'Auckland'),
(192, 153, 'Waikato', 'Waikato'),
(193, 153, 'Bay of Plenty', 'Bay of Plenty'),
(194, 153, 'Gisborne', 'Gisborne'),
(195, 153, 'Hawkes Bay', 'Hawkes Bay'),
(196, 153, 'Taranaki', 'Taranaki'),
(197, 153, 'Manawatu-Wanganui', 'Manawatu-Wanganui'),
(198, 153, 'Wellington', 'Wellington'),
(199, 153, 'West Coast', 'West Coast'),
(200, 153, 'Canterbury', 'Canterbury'),
(201, 153, 'Otago', 'Otago'),
(202, 153, 'Southland', 'Southland'),
(203, 153, 'Tasman', 'Tasman'),
(204, 153, 'Nelson', 'Nelson'),
(205, 153, 'Marlborough', 'Marlborough'),
(206, 30, 'SP', 'SÃƒÆ’Ã‚Æ’Ãƒâ€šÃ'),
(207, 30, 'RJ', 'Rio de Janeiro'),
(208, 30, 'PE', 'Pernanbuco'),
(209, 30, 'BA', 'Bahia'),
(210, 30, 'AM', 'Amazonas'),
(211, 30, 'MG', 'Minas Gerais'),
(212, 30, 'ES', 'Espirito Santo'),
(213, 30, 'RS', 'Rio Grande do Sul'),
(214, 30, 'PR', 'ParanÃƒÆ’Ã‚Æ’Ãƒââ‚'),
(215, 30, 'SC', 'Santa Catarina'),
(216, 30, 'RG', 'Rio Grande do Norte'),
(217, 30, 'MS', 'Mato Grosso do Sul'),
(218, 30, 'MT', 'Mato Grosso'),
(219, 30, 'GO', 'Goias'),
(220, 30, 'TO', 'Tocantins'),
(221, 30, 'DF', 'Distrito Federal'),
(222, 30, 'RO', 'Rondonia'),
(223, 30, 'AC', 'Acre'),
(224, 30, 'AP', 'Amapa'),
(225, 30, 'RO', 'Roraima'),
(226, 30, 'AL', 'Alagoas'),
(227, 30, 'CE', 'CearÃƒÆ’Ã‚Æ’Ãƒâ€'),
(228, 30, 'MA', 'MaranhÃƒÆ’Ã‚Æ’Ãƒââ'),
(229, 30, 'PA', 'ParÃƒÆ’Ã‚Æ’Ãƒâ€Å'),
(230, 30, 'PB', 'ParaÃƒÆ’Ã‚Æ’Ãƒâ€'),
(231, 30, 'PI', 'PiauÃƒÆ’Ã‚Æ’Ãƒâ€'),
(232, 30, 'SE', 'Sergipe'),
(233, 43, 'I', 'I RegiÃƒÆ’Ã‚Æ’Ãƒââ'),
(234, 43, 'II', 'II RegiÃƒÆ’Ã‚Æ’Ãƒâ'),
(235, 43, 'III', 'III RegiÃƒÆ’Ã‚Æ’ÃƒÃ'),
(236, 43, 'IV', 'IV RegiÃƒÆ’Ã‚Æ’Ãƒâ'),
(237, 43, 'V', 'V RegiÃƒÆ’Ã‚Æ’Ãƒââ'),
(238, 43, 'RM', 'RegiÃƒÆ’Ã‚Æ’Ãƒâ€'),
(239, 43, 'VI', 'VI RegiÃƒÆ’Ã‚Æ’Ãƒâ'),
(240, 43, 'VII', 'VII RegiÃƒÆ’Ã‚Æ’ÃƒÃ'),
(241, 43, 'VIII', 'VIII RegiÃƒÆ’Ã‚Æ’Ãƒ'),
(242, 43, 'IX', 'IX RegiÃƒÆ’Ã‚Æ’Ãƒâ'),
(243, 43, 'X', 'X RegiÃƒÆ’Ã‚Æ’Ãƒââ'),
(244, 43, 'XI', 'XI RegiÃƒÆ’Ã‚Æ’Ãƒâ'),
(245, 43, 'XII', 'XII RegiÃƒÆ’Ã‚Æ’ÃƒÃ'),
(246, 47, 'AMA', 'Amazonas'),
(247, 47, 'ANT', 'Antioquia'),
(248, 47, 'ARA', 'Arauca'),
(249, 47, 'ATL', 'Atlantico'),
(250, 47, 'BOL', 'Bolivar'),
(251, 47, 'BOY', 'Boyaca'),
(252, 47, 'CAL', 'Caldas'),
(253, 47, 'CAQ', 'Caqueta'),
(254, 47, 'CAS', 'Casanare'),
(255, 47, 'CAU', 'Cauca'),
(256, 47, 'CES', 'Cesar'),
(257, 47, 'CHO', 'Choco'),
(258, 47, 'COR', 'Cordoba'),
(259, 47, 'CUN', 'Cundinamarca'),
(260, 47, 'HUI', 'Huila'),
(261, 47, 'GUA', 'Guainia'),
(262, 47, 'GUA', 'Guajira'),
(263, 47, 'GUV', 'Guaviare'),
(264, 47, 'MAG', 'Magdalena'),
(265, 47, 'MET', 'Meta'),
(266, 47, 'NAR', 'Narino'),
(267, 47, 'NDS', 'Norte de Santander'),
(268, 47, 'PUT', 'Putumayo'),
(269, 47, 'QUI', 'Quindio'),
(270, 47, 'RIS', 'Risaralda'),
(271, 47, 'SAI', 'San Andres Islas'),
(272, 47, 'SAN', 'Santander'),
(273, 47, 'SUC', 'Sucre'),
(274, 47, 'TOL', 'Tolima'),
(275, 47, 'VAL', 'Valle'),
(276, 47, 'VAU', 'Vaupes'),
(277, 47, 'VIC', 'Vichada'),
(278, 73, 'Et', 'Etranger'),
(279, 73, '01', 'Ain'),
(280, 73, '02', 'Aisne'),
(281, 73, '03', 'Allier'),
(282, 73, '04', 'Alpes de Haute Provence'),
(283, 73, '05', 'Hautes-Alpes'),
(284, 73, '06', 'Alpes Maritimes'),
(285, 73, '07', 'Ard?che'),
(286, 73, '08', 'Ardennes'),
(287, 73, '09', 'Ari?ge'),
(288, 73, '10', 'Aube'),
(289, 73, '11', 'Aude'),
(290, 73, '12', 'Aveyron'),
(291, 73, '13', 'Bouches du Rh?ne'),
(292, 73, '14', 'Calvados'),
(293, 73, '15', 'Cantal'),
(294, 73, '16', 'Charente'),
(295, 73, '17', 'Charente Maritime'),
(296, 73, '18', 'Cher'),
(297, 73, '19', 'Corr?ze'),
(298, 73, '2A', 'Corse du Sud'),
(299, 73, '2B', 'Haute Corse'),
(300, 73, '21', 'C?te d\'or'),
(301, 73, '22', 'C?tes d\'Armor'),
(302, 73, '23', 'Creuse'),
(303, 73, '24', 'Dordogne'),
(304, 73, '25', 'Doubs'),
(305, 73, '26', 'Dr?me'),
(306, 73, '27', 'Eure'),
(307, 73, '28', 'Eure et Loir'),
(308, 73, '29', 'Finist?re'),
(309, 73, '30', 'Gard'),
(310, 73, '31', 'Haute Garonne'),
(311, 73, '32', 'Gers'),
(312, 73, '33', 'Gironde'),
(313, 73, '34', 'H?rault'),
(314, 73, '35', 'Ille et Vilaine'),
(315, 73, '36', 'Indre'),
(316, 73, '37', 'Indre et Loire'),
(317, 73, '38', 'Is?re'),
(318, 73, '39', 'Jura'),
(319, 73, '40', 'Landes'),
(320, 73, '41', 'Loir et Cher'),
(321, 73, '42', 'Loire'),
(322, 73, '43', 'Haute Loire'),
(323, 73, '44', 'Loire Atlantique'),
(324, 73, '45', 'Loiret'),
(325, 73, '46', 'Lot'),
(326, 73, '47', 'Lot et Garonne'),
(327, 73, '48', 'Loz?re'),
(328, 73, '49', 'Maine et Loire'),
(329, 73, '50', 'Manche'),
(330, 73, '51', 'Marne'),
(331, 73, '52', 'Haute Marne'),
(332, 73, '53', 'Mayenne'),
(333, 73, '54', 'Meurthe et Moselle'),
(334, 73, '55', 'Meuse'),
(335, 73, '56', 'Morbihan'),
(336, 73, '57', 'Moselle'),
(337, 73, '58', 'Ni?vre'),
(338, 73, '59', 'Nord'),
(339, 73, '60', 'Oise'),
(340, 73, '61', 'Orne'),
(341, 73, '62', 'Pas de Calais'),
(342, 73, '63', 'Puy de D?me'),
(343, 73, '64', 'Pyr?n?es Atlantiques'),
(344, 73, '65', 'Hautes Pyr?n?es'),
(345, 73, '66', 'Pyr?n?es Orientales'),
(346, 73, '67', 'Bas Rhin'),
(347, 73, '68', 'Haut Rhin'),
(348, 73, '69', 'Rh?ne'),
(349, 73, '70', 'Haute Sa?ne'),
(350, 73, '71', 'Sa?ne et Loire'),
(351, 73, '72', 'Sarthe'),
(352, 73, '73', 'Savoie'),
(353, 73, '74', 'Haute Savoie'),
(354, 73, '75', 'Paris'),
(355, 73, '76', 'Seine Maritime'),
(356, 73, '77', 'Seine et Marne'),
(357, 73, '78', 'Yvelines'),
(358, 73, '79', 'Deux S?vres'),
(359, 73, '80', 'Somme'),
(360, 73, '81', 'Tarn'),
(361, 73, '82', 'Tarn et Garonne'),
(362, 73, '83', 'Var'),
(363, 73, '84', 'Vaucluse'),
(364, 73, '85', 'Vend?e'),
(365, 73, '86', 'Vienne'),
(366, 73, '87', 'Haute Vienne'),
(367, 73, '88', 'Vosges'),
(368, 73, '89', 'Yonne'),
(369, 73, '90', 'Territoire de Belfort'),
(370, 73, '91', 'Essonne'),
(371, 73, '92', 'Hauts de Seine'),
(372, 73, '93', 'Seine St-Denis'),
(373, 73, '94', 'Val de Marne'),
(374, 73, '95', 'Val d\'Oise'),
(375, 73, '971 (DOM)', 'Guadeloupe'),
(376, 73, '972 (DOM)', 'Martinique'),
(377, 73, '973 (DOM)', 'Guyane'),
(378, 73, '974 (DOM)', 'Saint Denis'),
(379, 73, '975 (DOM)', 'St-Pierre de Miquelon'),
(380, 73, '976 (TOM)', 'Mayotte'),
(381, 73, '984 (TOM)', 'Terres australes et Antartiques'),
(382, 73, '985 (TOM)', 'Nouvelle Cal?donie'),
(383, 73, '986 (TOM)', 'Wallis et Futuna'),
(384, 73, '987 (TOM)', 'Polyn?sie fran?aise'),
(385, 99, 'DL', 'Delhi'),
(386, 99, 'MH', 'Maharashtra'),
(387, 99, 'TN', 'Tamil Nadu'),
(388, 99, 'KL', 'Kerala'),
(389, 99, 'AP', 'Andhra Pradesh'),
(390, 99, 'KA', 'Karnataka'),
(391, 99, 'GA', 'Goa'),
(392, 99, 'MP', 'Madhya Pradesh'),
(393, 99, 'PY', 'Pondicherry'),
(394, 99, 'GJ', 'Gujarat'),
(395, 99, 'OR', 'Orrisa'),
(396, 99, 'CA', 'Chhatisgarh'),
(397, 99, 'JH', 'Jharkhand'),
(398, 99, 'BR', 'Bihar'),
(399, 99, 'WB', 'West Bengal'),
(400, 99, 'UP', 'Uttar Pradesh'),
(401, 99, 'RJ', 'Rajasthan'),
(402, 99, 'PB', 'Punjab'),
(403, 99, 'HR', 'Haryana'),
(404, 99, 'CH', 'Chandigarh'),
(405, 99, 'JK', 'Jammu & Kashmir'),
(406, 99, 'HP', 'Himachal Pradesh'),
(407, 99, 'UA', 'Uttaranchal'),
(408, 99, 'LK', 'Lakshadweep'),
(409, 99, 'AN', 'Andaman & Nicobar'),
(410, 99, 'MG', 'Meghalaya'),
(411, 99, 'AS', 'Assam'),
(412, 99, 'DR', 'Dadra & Nagar Haveli'),
(413, 99, 'DN', 'Daman & Diu'),
(414, 99, 'SK', 'Sikkim'),
(415, 99, 'TR', 'Tripura'),
(416, 99, 'MZ', 'Mizoram'),
(417, 99, 'MN', 'Manipur'),
(418, 99, 'NL', 'Nagaland'),
(419, 99, 'AR', 'Arunachal Pradesh'),
(420, 105, 'AG', 'Agrigento'),
(421, 105, 'AL', 'Alessandria'),
(422, 105, 'AN', 'Ancona'),
(423, 105, 'AO', 'Aosta'),
(424, 105, 'AR', 'Arezzo'),
(425, 105, 'AP', 'Ascoli Piceno'),
(426, 105, 'AT', 'Asti'),
(427, 105, 'AV', 'Avellino'),
(428, 105, 'BA', 'Bari'),
(429, 105, 'BL', 'Belluno'),
(430, 105, 'BN', 'Benevento'),
(431, 105, 'BG', 'Bergamo'),
(432, 105, 'BI', 'Biella'),
(433, 105, 'BO', 'Bologna'),
(434, 105, 'BZ', 'Bolzano'),
(435, 105, 'BS', 'Brescia'),
(436, 105, 'BR', 'Brindisi'),
(437, 105, 'CA', 'Cagliari'),
(438, 105, 'CL', 'Caltanissetta'),
(439, 105, 'CB', 'Campobasso'),
(440, 105, 'CE', 'Caserta'),
(441, 105, 'CT', 'Catania'),
(442, 105, 'CZ', 'Catanzaro'),
(443, 105, 'CH', 'Chieti'),
(444, 105, 'CO', 'Como'),
(445, 105, 'CS', 'Cosenza'),
(446, 105, 'CR', 'Cremona'),
(447, 105, 'KR', 'Crotone'),
(448, 105, 'CN', 'Cuneo'),
(449, 105, 'EN', 'Enna'),
(450, 105, 'FE', 'Ferrara'),
(451, 105, 'FI', 'Firenze'),
(452, 105, 'FG', 'Foggia'),
(453, 105, 'FO', 'ForlÃƒÆ’Ã‚Æ’Ãƒâ€'),
(454, 105, 'FR', 'Frosinone'),
(455, 105, 'GE', 'Genova'),
(456, 105, 'GO', 'Gorizia'),
(457, 105, 'GR', 'Grosseto'),
(458, 105, 'IM', 'Imperia'),
(459, 105, 'IS', 'Isernia'),
(460, 105, 'AQ', 'Aquila'),
(461, 105, 'SP', 'La Spezia'),
(462, 105, 'LT', 'Latina'),
(463, 105, 'LE', 'Lecce'),
(464, 105, 'LC', 'Lecco'),
(465, 105, 'LI', 'Livorno'),
(466, 105, 'LO', 'Lodi'),
(467, 105, 'LU', 'Lucca'),
(468, 105, 'MC', 'Macerata'),
(469, 105, 'MN', 'Mantova'),
(470, 105, 'MS', 'Massa-Carrara'),
(471, 105, 'MT', 'Matera'),
(472, 105, 'ME', 'Messina'),
(473, 105, 'MI', 'Milano'),
(474, 105, 'MO', 'Modena'),
(475, 105, 'NA', 'Napoli'),
(476, 105, 'NO', 'Novara'),
(477, 105, 'NU', 'Nuoro'),
(478, 105, 'OR', 'Oristano'),
(479, 105, 'PD', 'Padova'),
(480, 105, 'PA', 'Palermo'),
(481, 105, 'PR', 'Parma'),
(482, 105, 'PG', 'Perugia'),
(483, 105, 'PV', 'Pavia'),
(484, 105, 'PS', 'Pesaro e Urbino'),
(485, 105, 'PE', 'Pescara'),
(486, 105, 'PC', 'Piacenza'),
(487, 105, 'PI', 'Pisa'),
(488, 105, 'PT', 'Pistoia'),
(489, 105, 'PN', 'Pordenone'),
(490, 105, 'PZ', 'Potenza'),
(491, 105, 'PO', 'Prato'),
(492, 105, 'RG', 'Ragusa'),
(493, 105, 'RA', 'Ravenna'),
(494, 105, 'RC', 'Reggio di Calabria'),
(495, 105, 'RE', 'Reggio Emilia'),
(496, 105, 'RI', 'Rieti'),
(497, 105, 'RN', 'Rimini'),
(498, 105, 'RM', 'Roma'),
(499, 105, 'RO', 'Rovigo'),
(500, 105, 'SA', 'Salerno'),
(501, 105, 'SS', 'Sassari'),
(502, 105, 'SV', 'Savona'),
(503, 105, 'SI', 'Siena'),
(504, 105, 'SR', 'Siracusa'),
(505, 105, 'SO', 'Sondrio'),
(506, 105, 'TA', 'Taranto'),
(507, 105, 'TE', 'Teramo'),
(508, 105, 'TR', 'Terni'),
(509, 105, 'TO', 'Torino'),
(510, 105, 'TP', 'Trapani'),
(511, 105, 'TN', 'Trento'),
(512, 105, 'TV', 'Treviso'),
(513, 105, 'TS', 'Trieste'),
(514, 105, 'UD', 'Udine'),
(515, 105, 'VA', 'Varese'),
(516, 105, 'VE', 'Venezia'),
(517, 105, 'VB', 'Verbania'),
(518, 105, 'VC', 'Vercelli'),
(519, 105, 'VR', 'Verona'),
(520, 105, 'VV', 'Vibo Valentia'),
(521, 105, 'VI', 'Vicenza'),
(522, 105, 'VT', 'Viterbo'),
(523, 107, 'Niigata', 'Niigata'),
(524, 107, 'Toyama', 'Toyama'),
(525, 107, 'Ishikawa', 'Ishikawa'),
(526, 107, 'Fukui', 'Fukui'),
(527, 107, 'Yamanashi', 'Yamanashi'),
(528, 107, 'Nagano', 'Nagano'),
(529, 107, 'Gifu', 'Gifu'),
(530, 107, 'Shizuoka', 'Shizuoka'),
(531, 107, 'Aichi', 'Aichi'),
(532, 107, 'Mie', 'Mie'),
(533, 107, 'Shiga', 'Shiga'),
(534, 107, 'Kyoto', 'Kyoto'),
(535, 107, 'Osaka', 'Osaka'),
(536, 107, 'Hyogo', 'Hyogo'),
(537, 107, 'Nara', 'Nara'),
(538, 107, 'Wakayama', 'Wakayama'),
(539, 107, 'Tottori', 'Tottori'),
(540, 107, 'Shimane', 'Shimane'),
(541, 107, 'Okayama', 'Okayama'),
(542, 107, 'Hiroshima', 'Hiroshima'),
(543, 107, 'Yamaguchi', 'Yamaguchi'),
(544, 107, 'Tokushima', 'Tokushima'),
(545, 107, 'Kagawa', 'Kagawa'),
(546, 107, 'Ehime', 'Ehime'),
(547, 107, 'Kochi', 'Kochi'),
(548, 107, 'Fukuoka', 'Fukuoka'),
(549, 107, 'Saga', 'Saga'),
(550, 107, 'Nagasaki', 'Nagasaki'),
(551, 107, 'Kumamoto', 'Kumamoto'),
(552, 107, 'Oita', 'Oita'),
(553, 107, 'Miyazaki', 'Miyazaki'),
(554, 107, 'Kagoshima', 'Kagoshima'),
(555, 129, 'JOH', 'Johor'),
(556, 129, 'KDH', 'Kedah'),
(557, 129, 'KEL', 'Kelantan'),
(558, 129, 'KL', 'Kuala Lumpur'),
(559, 129, 'MEL', 'Melaka'),
(560, 129, 'NS', 'Negeri Sembilan'),
(561, 129, 'PAH', 'Pahang'),
(562, 129, 'PRK', 'Perak'),
(563, 129, 'PER', 'Perlis'),
(564, 129, 'PP', 'Pulau Pinang'),
(565, 129, 'SAB', 'Sabah'),
(566, 129, 'SWK', 'Sarawak'),
(567, 129, 'SEL', 'Selangor'),
(568, 129, 'TER', 'Terengganu'),
(569, 129, 'LAB', 'W.P.Labuan'),
(570, 138, 'AGS', 'Aguascalientes'),
(571, 138, 'BC', 'Baja California'),
(572, 138, 'BCS', 'Baja California Sur'),
(573, 138, 'CAM', 'Campeche'),
(574, 138, 'COA', 'Coahuila'),
(575, 138, 'COL', 'Colima'),
(576, 138, 'CHI', 'Chiapas'),
(577, 138, 'CHIH', 'Chihuahua'),
(578, 138, 'DF', 'Distrito Federal'),
(579, 138, 'DGO', 'Durango'),
(580, 138, 'MEX', 'Estado de Mexico'),
(581, 138, 'GTO', 'Guanajuato'),
(582, 138, 'GRO', 'Guerrero'),
(583, 138, 'HGO', 'Hidalgo'),
(584, 138, 'JAL', 'Jalisco'),
(585, 138, 'MCH', 'Michoacan'),
(586, 138, 'MOR', 'Morelos'),
(587, 138, 'NAY', 'Nayarit'),
(588, 138, 'NL', 'Nuevo Leon'),
(589, 138, 'OAX', 'Oaxaca'),
(590, 138, 'PUE', 'Puebla'),
(591, 138, 'QRO', 'Queretaro'),
(592, 138, 'QR', 'Quintana Roo'),
(593, 138, 'SLP', 'San Luis Potosi'),
(594, 138, 'SIN', 'Sinaloa'),
(595, 138, 'SON', 'Sonora'),
(596, 138, 'TAB', 'Tabasco'),
(597, 138, 'TMPS', 'Tamaulipas'),
(598, 138, 'TLAX', 'Tlaxcala'),
(599, 138, 'VER', 'Veracruz'),
(600, 138, 'YUC', 'Yucatan'),
(601, 138, 'ZAC', 'Zacatecas'),
(602, 160, 'OSL', 'Oslo'),
(603, 160, 'AKE', 'Akershus'),
(604, 160, 'AUA', 'Aust-Agder'),
(605, 160, 'BUS', 'Buskerud'),
(606, 160, 'FIN', 'Finnmark'),
(607, 160, 'HED', 'Hedmark'),
(608, 160, 'HOR', 'Hordaland'),
(609, 160, 'MOR', 'MÃƒÆ’Ã‚Æ’Ãƒâ€šÃ'),
(610, 160, 'NOR', 'Nordland'),
(611, 160, 'NTR', 'Nord-TrÃƒÆ’Ã‚Æ’Ãƒâ'),
(612, 160, 'OPP', 'Oppland'),
(613, 160, 'ROG', 'Rogaland'),
(614, 160, 'SOF', 'Sogn og Fjordane'),
(615, 160, 'STR', 'SÃƒÆ’Ã‚Æ’Ãƒâ€šÃ'),
(616, 160, 'TEL', 'Telemark'),
(617, 160, 'TRO', 'Troms'),
(618, 160, 'VEA', 'Vest-Agder'),
(619, 160, 'OST', 'ÃƒÆ’Ã‚Æ’Ãƒâ€šÃ'),
(620, 160, 'SVA', 'Svalbard'),
(621, 99, 'KHI', 'Karachi'),
(622, 99, 'LH', 'Lahore'),
(623, 99, 'ISB', 'Islamabad'),
(624, 99, 'QUE', 'Quetta'),
(625, 99, 'PSH', 'Peshawar'),
(626, 99, 'GUJ', 'Gujrat'),
(627, 99, 'SAH', 'Sahiwal'),
(628, 99, 'FSB', 'Faisalabad'),
(629, 99, 'RIP', 'Rawal Pindi'),
(630, 175, 'AB', 'Alba'),
(631, 175, 'AR', 'Arad'),
(632, 175, 'AG', 'Arges'),
(633, 175, 'BC', 'Bacau'),
(634, 175, 'BH', 'Bihor'),
(635, 175, 'BN', 'Bistrita-Nasaud'),
(636, 175, 'BT', 'Botosani'),
(637, 175, 'BV', 'Brasov'),
(638, 175, 'BR', 'Braila'),
(639, 175, 'B', 'Bucuresti'),
(640, 175, 'BZ', 'Buzau'),
(641, 175, 'CS', 'Caras-Severin'),
(642, 175, 'CL', 'Calarasi'),
(643, 175, 'CJ', 'Cluj'),
(644, 175, 'CT', 'Constanta'),
(645, 175, 'CV', 'Covasna'),
(646, 175, 'DB', 'Dimbovita'),
(647, 175, 'DJ', 'Dolj'),
(648, 175, 'GL', 'Galati'),
(649, 175, 'GR', 'Giurgiu'),
(650, 175, 'GJ', 'Gorj'),
(651, 175, 'HR', 'Harghita'),
(652, 175, 'HD', 'Hunedoara'),
(653, 175, 'IL', 'Ialomita'),
(654, 175, 'IS', 'Iasi'),
(655, 175, 'IF', 'Ilfov'),
(656, 175, 'MM', 'Maramures'),
(657, 175, 'MH', 'Mehedint'),
(658, 175, 'MS', 'Mures'),
(659, 175, 'NT', 'Neamt'),
(660, 175, 'OT', 'Olt'),
(661, 175, 'PH', 'Prahova'),
(662, 175, 'SM', 'Satu-Mare'),
(663, 175, 'SJ', 'Salaj'),
(664, 175, 'SB', 'Sibiu'),
(665, 175, 'SV', 'Suceava'),
(666, 175, 'TR', 'Teleorman'),
(667, 175, 'TM', 'Timis'),
(668, 175, 'TL', 'Tulcea'),
(669, 175, 'VS', 'Vaslui'),
(670, 175, 'VL', 'Valcea'),
(671, 175, 'VN', 'Vrancea'),
(672, 193, 'WP', 'Western Cape'),
(673, 193, 'GP', 'Gauteng'),
(674, 193, 'KZN', 'Kwazulu-Natal'),
(675, 193, 'NC', 'Northern-Cape'),
(676, 193, 'EC', 'Eastern-Cape'),
(677, 193, 'MP', 'Mpumalanga'),
(678, 193, 'NW', 'North-West'),
(679, 193, 'FS', 'Free State'),
(680, 193, 'NP', 'Northern Province'),
(681, 215, 'ADANA', 'ADANA'),
(682, 215, 'ADIYAMAN', 'ADIYAMAN'),
(683, 215, 'AFYON', 'AFYON'),
(684, 215, 'AGRI', 'AGRI'),
(685, 215, 'AMASYA', 'AMASYA'),
(686, 215, 'ANKARA', 'ANKARA'),
(687, 215, 'ANTALYA', 'ANTALYA'),
(688, 215, 'ARTVIN', 'ARTVIN'),
(689, 215, 'AYDIN', 'AYDIN'),
(690, 215, 'BALIKESIR', 'BALIKESIR'),
(691, 215, 'BILECIK', 'BILECIK'),
(692, 215, 'BINGÃƒÆ’Ã‚Æ’Ãƒâ€', 'BINGÃƒÆ’Ã‚Æ’Ãƒâ€'),
(693, 215, 'BITLIS', 'BITLIS'),
(694, 215, 'BOLU', 'BOLU'),
(695, 215, 'BURDUR', 'BURDUR'),
(696, 215, 'BURSA', 'BURSA'),
(697, 215, 'ÃƒÆ’Ã‚Æ’Ãƒâ€šÃ', 'ÃƒÆ’Ã‚Æ’Ãƒâ€šÃ'),
(698, 215, 'ÃƒÆ’Ã‚Æ’Ãƒâ€šÃ', 'ÃƒÆ’Ã‚Æ’Ãƒâ€šÃ'),
(699, 215, 'ÃƒÆ’Ã‚Æ’Ãƒâ€šÃ', 'ÃƒÆ’Ã‚Æ’Ãƒâ€šÃ'),
(700, 215, 'DENIZLI', 'DENIZLI'),
(701, 215, 'DIYARBAKIR', 'DIYARBAKIR'),
(702, 215, 'EDIRNE', 'EDIRNE'),
(703, 215, 'ELAZIG', 'ELAZIG'),
(704, 215, 'ERZINCAN', 'ERZINCAN'),
(705, 215, 'ERZURUM', 'ERZURUM'),
(706, 215, 'ESKISEHIR', 'ESKISEHIR'),
(707, 215, 'GAZIANTEP', 'GAZIANTEP'),
(708, 215, 'GIRESUN', 'GIRESUN'),
(709, 215, 'GÃƒÆ’Ã‚Æ’Ãƒâ€šÃ', 'GÃƒÆ’Ã‚Æ’Ãƒâ€šÃ'),
(710, 215, 'HAKKARI', 'HAKKARI'),
(711, 215, 'HATAY', 'HATAY'),
(712, 215, 'ISPARTA', 'ISPARTA'),
(713, 215, 'IÃƒÆ’Ã‚Æ’Ãƒâ€šÃ', 'IÃƒÆ’Ã‚Æ’Ãƒâ€šÃ'),
(714, 215, 'ISTANBUL', 'ISTANBUL'),
(715, 215, 'IZMIR', 'IZMIR'),
(716, 215, 'KARS', 'KARS'),
(717, 215, 'KASTAMONU', 'KASTAMONU'),
(718, 215, 'KAYSERI', 'KAYSERI'),
(719, 215, 'KIRKLARELI', 'KIRKLARELI'),
(720, 215, 'KIRSEHIR', 'KIRSEHIR'),
(721, 215, 'KOCAELI', 'KOCAELI'),
(722, 215, 'KONYA', 'KONYA'),
(723, 215, 'KÃƒÆ’Ã‚Æ’Ãƒâ€šÃ', 'KÃƒÆ’Ã‚Æ’Ãƒâ€šÃ'),
(724, 215, 'MALATYA', 'MALATYA'),
(725, 215, 'MANISA', 'MANISA'),
(726, 215, 'KAHRAMANMARAS', 'KAHRAMANMARAS'),
(727, 215, 'MARDIN', 'MARDIN'),
(728, 215, 'MUGLA', 'MUGLA'),
(729, 215, 'MUS', 'MUS'),
(730, 215, 'NEVSEHIR', 'NEVSEHIR'),
(731, 215, 'NIGDE', 'NIGDE'),
(732, 215, 'ORDU', 'ORDU'),
(733, 215, 'RIZE', 'RIZE'),
(734, 215, 'SAKARYA', 'SAKARYA'),
(735, 215, 'SAMSUN', 'SAMSUN'),
(736, 215, 'SIIRT', 'SIIRT'),
(737, 215, 'SINOP', 'SINOP'),
(738, 215, 'SIVAS', 'SIVAS'),
(739, 215, 'TEKIRDAG', 'TEKIRDAG'),
(740, 215, 'TOKAT', 'TOKAT'),
(741, 215, 'TRABZON', 'TRABZON'),
(742, 215, 'TUNCELI', 'TUNCELI'),
(743, 215, 'SANLIURFA', 'SANLIURFA'),
(744, 215, 'USAK', 'USAK'),
(745, 215, 'VAN', 'VAN'),
(746, 215, 'YOZGAT', 'YOZGAT'),
(747, 215, 'ZONGULDAK', 'ZONGULDAK'),
(748, 215, 'AKSARAY', 'AKSARAY'),
(749, 215, 'BAYBURT', 'BAYBURT'),
(750, 215, 'KARAMAN', 'KARAMAN'),
(751, 215, 'KIRIKKALE', 'KIRIKKALE'),
(752, 215, 'BATMAN', 'BATMAN'),
(753, 215, 'SIRNAK', 'SIRNAK'),
(754, 215, 'BARTIN', 'BARTIN'),
(755, 215, 'ARDAHAN', 'ARDAHAN'),
(756, 215, 'IGDIR', 'IGDIR'),
(757, 215, 'YALOVA', 'YALOVA'),
(758, 215, 'KARABÃƒÆ’Ã‚Æ’Ãƒââ‚', 'KARABÃƒÆ’Ã‚Æ’Ãƒââ‚'),
(759, 215, 'KILIS', 'KILIS'),
(760, 215, 'OSMANIYE', 'OSMANIYE'),
(761, 215, 'DÃƒÆ’Ã‚Æ’Ãƒâ€šÃ', 'DÃƒÆ’Ã‚Æ’Ãƒâ€šÃ'),
(762, 229, 'AM', 'Amazonas'),
(763, 229, 'AN', 'AnzoÃƒÆ’Ã‚Æ’Ãƒâ€'),
(764, 229, 'AR', 'Aragua'),
(765, 229, 'AP', 'Apure'),
(766, 229, 'BA', 'Barinas'),
(767, 229, 'BO', 'BolÃƒÆ’Ã‚Æ’Ãƒâ€Å'),
(768, 229, 'CA', 'Carabobo'),
(769, 229, 'CO', 'Cojedes'),
(770, 229, 'DA', 'Delta Amacuro'),
(771, 229, 'DC', 'Distrito Capital'),
(772, 229, 'FA', 'FalcÃƒÆ’Ã‚Æ’Ãƒâ€'),
(773, 229, 'GA', 'GuÃƒÆ’Ã‚Æ’Ãƒâ€š'),
(774, 229, 'GU', 'Guayana'),
(775, 229, 'LA', 'Lara'),
(776, 229, 'ME', 'MÃƒÆ’Ã‚Æ’Ãƒâ€šÃ'),
(777, 229, 'MI', 'Miranda'),
(778, 229, 'MO', 'Monagas'),
(779, 229, 'NE', 'Nueva Esparta'),
(780, 229, 'PO', 'Portuguesa'),
(781, 229, 'SU', 'Sucre'),
(782, 229, 'TA', 'TÃƒÆ’Ã‚Æ’Ãƒâ€šÃ'),
(783, 229, 'TU', 'Trujillo'),
(784, 229, 'VA', 'Vargas'),
(785, 229, 'YA', 'Yaracuy'),
(786, 229, 'ZU', 'Zulia'),
(787, 222, 'AVON', 'Avon'),
(788, 222, 'BEDS', 'Bedfordshire'),
(789, 222, 'BERK', 'Berkshire'),
(790, 222, 'BIRM', 'Birmingham'),
(791, 222, 'BORD', 'Borders'),
(792, 222, 'BUCK', 'Buckinghamshire'),
(793, 222, 'CAMB', 'Cambridgeshire'),
(794, 222, 'CENT', 'Central'),
(795, 222, 'CHES', 'Cheshire'),
(796, 222, 'CLEV', 'Cleveland'),
(797, 222, 'CLWY', 'Clwyd'),
(798, 222, 'CORN', 'Cornwall'),
(799, 222, 'CUMB', 'Cumbria'),
(800, 222, 'DERB', 'Derbyshire'),
(801, 222, 'DEVO', 'Devon'),
(802, 222, 'DORS', 'Dorset'),
(803, 222, 'DUMF', 'Dumfries & Galloway'),
(804, 222, 'DURH', 'Durham'),
(805, 222, 'DYFE', 'Dyfed'),
(806, 222, 'ESUS', 'East Sussex'),
(807, 222, 'ESSE', 'Essex'),
(808, 222, 'FIFE', 'Fife'),
(809, 222, 'GLAM', 'Glamorgan'),
(810, 222, 'GLOU', 'Gloucestershire'),
(811, 222, 'GRAM', 'Grampian'),
(812, 222, 'GWEN', 'Gwent'),
(813, 222, 'GWYN', 'Gwynedd'),
(814, 222, 'HAMP', 'Hampshire'),
(815, 222, 'HERE', 'Hereford & Worcester'),
(816, 222, 'HERT', 'Hertfordshire'),
(817, 222, 'HUMB', 'Humberside'),
(818, 222, 'KENT', 'Kent'),
(819, 222, 'LANC', 'Lancashire'),
(820, 222, 'LEIC', 'Leicestershire'),
(821, 222, 'LINC', 'Lincolnshire'),
(822, 222, 'LOND', 'London'),
(823, 222, 'LOTH', 'Lothian'),
(824, 222, 'MANC', 'Manchester'),
(825, 222, 'MERS', 'Merseyside'),
(826, 222, 'NORF', 'Norfolk'),
(827, 222, 'NYOR', 'North Yorkshire'),
(828, 222, 'NWHI', 'North west Highlands'),
(829, 222, 'NHAM', 'Northamptonshire'),
(830, 222, 'NUMB', 'Northumberland'),
(831, 222, 'NOTT', 'Nottinghamshire'),
(832, 222, 'OXFO', 'Oxfordshire'),
(833, 222, 'POWY', 'Powys'),
(834, 222, 'SHRO', 'Shropshire'),
(835, 222, 'SOME', 'Somerset'),
(836, 222, 'SYOR', 'South Yorkshire'),
(837, 222, 'STAF', 'Staffordshire'),
(838, 222, 'STRA', 'Strathclyde'),
(839, 222, 'SUFF', 'Suffolk'),
(840, 222, 'SURR', 'Surrey'),
(841, 222, 'WSUS', 'West Sussex'),
(842, 222, 'TAYS', 'Tayside'),
(843, 222, 'TYWE', 'Tyne & Wear'),
(844, 222, 'WARW', 'Warwickshire'),
(845, 222, 'WISL', 'West Isles'),
(846, 222, 'WYOR', 'West Yorkshire'),
(847, 222, 'WILT', 'Wiltshire');

-- --------------------------------------------------------

--
-- Tabellenstruktur für Tabelle `zones_to_geo_zones`
--

CREATE TABLE `zones_to_geo_zones` (
  `association_id` int(11) NOT NULL,
  `zone_country_id` int(11) NOT NULL DEFAULT '0',
  `zone_id` int(11) DEFAULT NULL,
  `geo_zone_id` int(11) DEFAULT NULL,
  `last_modified` datetime DEFAULT NULL,
  `date_added` datetime NOT NULL DEFAULT '0000-00-00 00:00:00'
) ENGINE=MyISAM DEFAULT CHARSET=utf8;

--
-- Daten für Tabelle `zones_to_geo_zones`
--

INSERT INTO `zones_to_geo_zones` (`association_id`, `zone_country_id`, `zone_id`, `geo_zone_id`, `last_modified`, `date_added`) VALUES
(239, 57, 0, 14, '0000-00-00 00:00:00', '2022-08-10 11:45:47'),
(234, 21, 0, 9, '0000-00-00 00:00:00', '2022-08-10 11:45:47'),
(243, 72, 0, 18, '0000-00-00 00:00:00', '2022-08-10 11:45:47'),
(244, 73, 0, 19, '0000-00-00 00:00:00', '2022-08-10 11:45:47'),
(241, 84, 0, 16, '0000-00-00 00:00:00', '2022-08-10 11:45:47'),
(247, 103, 0, 22, '0000-00-00 00:00:00', '2022-08-10 11:45:47'),
(248, 105, 0, 23, '0000-00-00 00:00:00', '2022-08-10 11:45:47'),
(250, 124, 0, 25, '0000-00-00 00:00:00', '2022-08-10 11:45:47'),
(253, 150, 0, 28, '0000-00-00 00:00:00', '2022-08-10 11:45:47'),
(233, 14, 0, 8, '0000-00-00 00:00:00', '2022-08-10 11:45:47'),
(255, 171, 0, 30, '0000-00-00 00:00:00', '2022-08-10 11:45:47'),
(242, 195, 0, 17, '0000-00-00 00:00:00', '2022-08-10 11:45:47'),
(16, 222, 0, 5, NULL, '2004-09-15 10:00:46'),
(257, 203, 0, 32, '0000-00-00 00:00:00', '2022-08-10 11:45:47'),
(238, 81, 0, 13, '0000-00-00 00:00:00', '2022-08-10 11:45:47'),
(19, 1, 0, 6, NULL, '2004-09-15 10:00:46'),
(20, 2, 0, 6, NULL, '2004-09-15 10:00:46'),
(21, 3, 0, 6, NULL, '2004-09-15 10:00:46'),
(22, 4, 0, 6, NULL, '2004-09-15 10:00:46'),
(23, 5, 0, 5, NULL, '2004-09-15 10:00:46'),
(24, 6, NULL, 6, NULL, '2004-09-15 10:00:46'),
(25, 7, 0, 6, NULL, '2004-09-15 10:00:46'),
(26, 8, 0, 6, NULL, '2004-09-15 10:00:46'),
(27, 9, 0, 6, NULL, '2004-09-15 10:00:46'),
(28, 10, 0, 6, NULL, '2004-09-15 10:00:46'),
(29, 11, 0, 6, NULL, '2004-09-15 10:00:46'),
(30, 13, 0, 6, NULL, '2004-09-15 10:00:46'),
(31, 15, 0, 6, NULL, '2004-09-15 10:00:46'),
(32, 16, 0, 6, NULL, '2004-09-15 10:00:46'),
(33, 17, 0, 6, NULL, '2004-09-15 10:00:46'),
(34, 19, 0, 6, NULL, '2004-09-15 10:00:46'),
(35, 20, 0, 6, NULL, '2004-09-15 10:00:46'),
(36, 22, 0, 6, NULL, '2004-09-15 10:00:46'),
(37, 23, 0, 6, NULL, '2004-09-15 10:00:46'),
(38, 24, 0, 6, NULL, '2004-09-15 10:00:46'),
(39, 25, 0, 6, NULL, '2004-09-15 10:00:46'),
(40, 27, 0, 6, NULL, '2004-09-15 10:00:46'),
(41, 26, 0, 6, NULL, '2004-09-15 10:00:46'),
(42, 28, 0, 6, NULL, '2004-09-15 10:00:46'),
(43, 29, 0, 6, NULL, '2004-09-15 10:00:46'),
(44, 30, 0, 6, NULL, '2004-09-15 10:00:46'),
(45, 31, 0, 6, NULL, '2004-09-15 10:00:46'),
(46, 32, 0, 6, NULL, '2004-09-15 10:00:46'),
(235, 33, 0, 10, '0000-00-00 00:00:00', '2022-08-10 11:45:47'),
(48, 34, 0, 6, NULL, '2004-09-15 10:00:46'),
(49, 35, 0, 6, NULL, '2004-09-15 10:00:46'),
(50, 36, 0, 6, NULL, '2004-09-15 10:00:46'),
(51, 37, 0, 6, NULL, '2004-09-15 10:00:46'),
(52, 39, NULL, 6, NULL, '2004-09-15 10:00:46'),
(53, 38, 0, 6, NULL, '2004-09-15 10:00:46'),
(54, 40, 0, 6, NULL, '2004-09-15 10:00:46'),
(55, 41, 0, 6, NULL, '2004-09-15 10:00:46'),
(56, 42, 0, 6, NULL, '2004-09-15 10:00:46'),
(57, 43, 0, 6, NULL, '2004-09-15 10:00:46'),
(58, 44, 0, 6, NULL, '2004-09-15 10:00:46'),
(59, 45, 0, 6, NULL, '2004-09-15 10:00:46'),
(60, 47, 0, 6, NULL, '2004-09-15 10:00:46'),
(61, 48, 0, 6, NULL, '2004-09-15 10:00:46'),
(62, 49, 0, 6, NULL, '2004-09-15 10:00:46'),
(63, 50, 0, 6, NULL, '2004-09-15 10:00:46'),
(64, 51, 0, 6, NULL, '2004-09-15 10:00:46'),
(65, 52, 0, 6, NULL, '2004-09-15 10:00:46'),
(245, 53, 0, 20, '0000-00-00 00:00:00', '2022-08-10 11:45:47'),
(67, 54, 0, 6, NULL, '2004-09-15 10:00:46'),
(236, 55, 0, 11, '0000-00-00 00:00:00', '2022-08-10 11:45:47'),
(237, 56, 0, 12, '0000-00-00 00:00:00', '2022-08-10 11:45:47'),
(70, 58, 0, 6, NULL, '2004-09-15 10:00:46'),
(71, 59, 0, 6, NULL, '2004-09-15 10:00:46'),
(72, 60, 0, 6, NULL, '2004-09-15 10:00:46'),
(73, 61, 0, 6, NULL, '2004-09-15 10:00:46'),
(74, 62, 0, 6, NULL, '2004-09-15 10:00:46'),
(75, 63, 0, 6, NULL, '2004-09-15 10:00:46'),
(76, 64, 0, 6, NULL, '2004-09-15 10:00:46'),
(77, 65, 0, 6, NULL, '2004-09-15 10:00:46'),
(78, 66, 0, 6, NULL, '2004-09-15 10:00:46'),
(240, 67, 0, 15, '0000-00-00 00:00:00', '2022-08-10 11:45:47'),
(80, 68, 0, 6, NULL, '2004-09-15 10:00:46'),
(81, 69, 0, 6, NULL, '2004-09-15 10:00:46'),
(82, 70, 0, 6, NULL, '2004-09-15 10:00:46'),
(83, 71, 0, 6, NULL, '2004-09-15 10:00:46'),
(84, 74, 0, 6, NULL, '2004-09-15 10:00:46'),
(85, 75, 0, 6, NULL, '2004-09-15 10:00:46'),
(86, 76, 0, 6, NULL, '2004-09-15 10:00:46'),
(87, 77, 0, 6, NULL, '2004-09-15 10:00:46'),
(88, 78, 0, 6, NULL, '2004-09-15 10:00:46'),
(89, 79, 0, 6, NULL, '2004-09-15 10:00:46'),
(90, 82, 0, 6, NULL, '2004-09-15 10:00:46'),
(91, 83, 0, 6, NULL, '2004-09-15 10:00:46'),
(92, 86, 0, 6, NULL, '2004-09-15 10:00:46'),
(93, 87, 0, 6, NULL, '2004-09-15 10:00:46'),
(94, 88, 0, 6, NULL, '2004-09-15 10:00:46'),
(95, 89, 0, 6, NULL, '2004-09-15 10:00:46'),
(96, 90, 0, 6, NULL, '2004-09-15 10:00:46'),
(97, 91, 0, 6, NULL, '2004-09-15 10:00:46'),
(98, 92, 0, 6, NULL, '2004-09-15 10:00:46'),
(99, 93, 0, 6, NULL, '2004-09-15 10:00:46'),
(100, 94, 0, 6, NULL, '2004-09-15 10:00:46'),
(101, 95, 0, 6, NULL, '2004-09-15 10:00:46'),
(102, 96, 0, 6, NULL, '2004-09-15 10:00:46'),
(246, 97, 0, 21, '0000-00-00 00:00:00', '2022-08-10 11:45:47'),
(104, 99, 0, 6, NULL, '2004-09-15 10:00:46'),
(105, 100, 0, 6, NULL, '2004-09-15 10:00:46'),
(106, 101, 0, 6, NULL, '2004-09-15 10:00:46'),
(107, 102, 0, 6, NULL, '2004-09-15 10:00:46'),
(108, 104, 0, 6, NULL, '2004-09-15 10:00:46'),
(109, 106, 0, 6, NULL, '2004-09-15 10:00:46'),
(110, 107, 0, 6, NULL, '2004-09-15 10:00:46'),
(111, 109, 0, 6, NULL, '2004-09-15 10:00:46'),
(112, 110, 0, 6, NULL, '2004-09-15 10:00:46'),
(113, 111, 0, 6, NULL, '2004-09-15 10:00:46'),
(114, 112, 0, 6, NULL, '2004-09-15 10:00:46'),
(115, 113, 0, 6, NULL, '2004-09-15 10:00:46'),
(116, 114, 0, 6, NULL, '2004-09-15 10:00:46'),
(117, 115, 0, 6, NULL, '2004-09-15 10:00:46'),
(118, 116, 0, 6, NULL, '2004-09-15 10:00:46'),
(251, 117, 0, 26, '0000-00-00 00:00:00', '2022-08-10 11:45:47'),
(120, 118, 0, 6, NULL, '2004-09-15 10:00:46'),
(121, 119, 0, 6, NULL, '2004-09-15 10:00:46'),
(122, 120, 0, 6, NULL, '2004-09-15 10:00:46'),
(123, 121, 0, 6, NULL, '2004-09-15 10:00:46'),
(124, 122, 0, 5, NULL, '2004-09-15 10:00:46'),
(125, 125, 0, 6, NULL, '2004-09-15 10:00:46'),
(126, 126, 0, 6, NULL, '2004-09-15 10:00:46'),
(127, 127, 0, 6, NULL, '2004-09-15 10:00:46'),
(128, 128, 0, 6, NULL, '2004-09-15 10:00:46'),
(129, 129, 0, 6, NULL, '2004-09-15 10:00:46'),
(130, 130, 0, 6, NULL, '2004-09-15 10:00:46'),
(131, 131, 0, 6, NULL, '2004-09-15 10:00:46'),
(252, 132, 0, 27, '0000-00-00 00:00:00', '2022-08-10 11:45:47'),
(133, 133, 0, 6, NULL, '2004-09-15 10:00:46'),
(134, 134, 0, 6, NULL, '2004-09-15 10:00:46'),
(135, 135, 0, 6, NULL, '2004-09-15 10:00:46'),
(136, 136, 0, 6, NULL, '2004-09-15 10:00:46'),
(137, 137, 0, 6, NULL, '2004-09-15 10:00:46'),
(138, 138, 0, 6, NULL, '2004-09-15 10:00:46'),
(139, 139, 0, 6, NULL, '2004-09-15 10:00:46'),
(140, 140, 0, 6, NULL, '2004-09-15 10:00:46'),
(141, 141, 0, 6, NULL, '2004-09-15 10:00:46'),
(142, 142, 0, 6, NULL, '2004-09-15 10:00:46'),
(143, 143, 0, 6, NULL, '2004-09-15 10:00:46'),
(144, 144, 0, 6, NULL, '2004-09-15 10:00:46'),
(145, 145, 0, 6, NULL, '2004-09-15 10:00:46'),
(146, 146, 0, 6, NULL, '2004-09-15 10:00:46'),
(147, 147, 0, 6, NULL, '2004-09-15 10:00:46'),
(148, 148, 0, 6, NULL, '2004-09-15 10:00:46'),
(149, 149, 0, 6, NULL, '2004-09-15 10:00:46'),
(150, 151, 0, 6, NULL, '2004-09-15 10:00:46'),
(151, 152, 0, 6, NULL, '2004-09-15 10:00:46'),
(152, 153, 0, 6, NULL, '2004-09-15 10:00:46'),
(153, 154, 0, 6, NULL, '2004-09-15 10:00:46'),
(154, 155, 0, 6, NULL, '2004-09-15 10:00:46'),
(155, 156, 0, 6, NULL, '2004-09-15 10:00:46'),
(156, 157, 0, 6, NULL, '2004-09-15 10:00:46'),
(157, 158, 0, 6, NULL, '2004-09-15 10:00:46'),
(158, 159, 0, 6, NULL, '2004-09-15 10:00:46'),
(159, 160, 0, 6, NULL, '2004-09-15 10:00:46'),
(160, 161, 0, 6, NULL, '2004-09-15 10:00:46'),
(161, 162, 0, 6, NULL, '2004-09-15 10:00:46'),
(162, 164, 0, 6, NULL, '2004-09-15 10:00:46'),
(163, 165, 0, 6, NULL, '2004-09-15 10:00:46'),
(164, 166, 0, 6, NULL, '2004-09-15 10:00:46'),
(165, 167, 0, 6, NULL, '2004-09-15 10:00:46'),
(166, 168, 0, 6, NULL, '2004-09-15 10:00:46'),
(167, 169, 0, 6, NULL, '2004-09-15 10:00:46'),
(254, 170, 0, 29, '0000-00-00 00:00:00', '2022-08-10 11:45:47'),
(169, 172, 0, 6, NULL, '2004-09-15 10:00:46'),
(170, 173, 0, 6, NULL, '2004-09-15 10:00:46'),
(171, 174, 0, 6, NULL, '2004-09-15 10:00:46'),
(172, 176, 0, 6, NULL, '2004-09-15 10:00:46'),
(173, 177, 0, 6, NULL, '2004-09-15 10:00:46'),
(174, 178, 0, 6, NULL, '2004-09-15 10:00:46'),
(175, 179, 0, 6, NULL, '2004-09-15 10:00:46'),
(176, 180, 0, 6, NULL, '2004-09-15 10:00:46'),
(177, 181, 0, 6, NULL, '2004-09-15 10:00:46'),
(178, 182, 0, 6, NULL, '2004-09-15 10:00:46'),
(179, 183, 0, 6, NULL, '2004-09-15 10:00:46'),
(180, 184, 0, 6, NULL, '2004-09-15 10:00:46'),
(181, 185, 0, 6, NULL, '2004-09-15 10:00:46'),
(182, 186, 0, 6, NULL, '2004-09-15 10:00:46'),
(183, 187, 0, 6, NULL, '2004-09-15 10:00:46'),
(184, 188, 0, 6, NULL, '2004-09-15 10:00:46'),
(259, 189, 0, 34, '0000-00-00 00:00:00', '2022-08-10 11:45:47'),
(258, 190, 0, 33, '0000-00-00 00:00:00', '2022-08-10 11:45:47'),
(187, 191, 0, 6, NULL, '2004-09-15 10:00:46'),
(188, 193, 0, 6, NULL, '2004-09-15 10:00:46'),
(189, 194, 0, 6, NULL, '2004-09-15 10:00:46'),
(190, 192, 0, 6, NULL, '2004-09-15 10:00:46'),
(191, 196, 0, 6, NULL, '2004-09-15 10:00:46'),
(192, 197, 0, 6, NULL, '2004-09-15 10:00:46'),
(193, 198, 0, 6, NULL, '2004-09-15 10:00:46'),
(194, 199, 0, 6, NULL, '2004-09-15 10:00:46'),
(195, 200, 0, 6, NULL, '2004-09-15 10:00:46'),
(196, 201, 0, 6, NULL, '2004-09-15 10:00:46'),
(197, 202, 0, 6, NULL, '2004-09-15 10:00:46'),
(198, 204, 0, 6, NULL, '2004-09-15 10:00:46'),
(199, 205, 0, 6, NULL, '2004-09-15 10:00:46'),
(200, 206, 0, 6, NULL, '2004-09-15 10:00:46'),
(201, 207, 0, 6, NULL, '2004-09-15 10:00:46'),
(202, 208, 0, 6, NULL, '2004-09-15 10:00:46'),
(203, 209, 0, 6, NULL, '2004-09-15 10:00:46'),
(204, 210, 0, 6, NULL, '2004-09-15 10:00:46'),
(205, 211, 0, 6, NULL, '2004-09-15 10:00:46'),
(206, 212, 0, 6, NULL, '2004-09-15 10:00:46'),
(207, 213, 0, 6, NULL, '2004-09-15 10:00:46'),
(208, 214, 0, 6, NULL, '2004-09-15 10:00:46'),
(209, 215, 0, 6, NULL, '2004-09-15 10:00:46'),
(210, 216, 0, 6, NULL, '2004-09-15 10:00:46'),
(211, 217, 0, 6, NULL, '2004-09-15 10:00:46'),
(212, 218, 0, 6, NULL, '2004-09-15 10:00:46'),
(213, 219, 0, 6, NULL, '2004-09-15 10:00:46'),
(214, 221, 0, 6, NULL, '2004-09-15 10:00:46'),
(215, 223, 0, 6, NULL, '2004-09-15 10:00:46'),
(216, 224, 0, 6, NULL, '2004-09-15 10:00:46'),
(217, 225, 0, 6, NULL, '2004-09-15 10:00:46'),
(218, 226, 0, 6, NULL, '2004-09-15 10:00:46'),
(219, 227, 0, 6, NULL, '2004-09-15 10:00:46'),
(220, 228, 0, 6, NULL, '2004-09-15 10:00:46'),
(221, 229, 0, 6, NULL, '2004-09-15 10:00:46'),
(222, 230, 0, 6, NULL, '2004-09-15 10:00:46'),
(223, 231, 0, 6, NULL, '2004-09-15 10:00:46'),
(224, 232, 0, 6, NULL, '2004-09-15 10:00:46'),
(225, 233, 0, 6, NULL, '2004-09-15 10:00:46'),
(226, 234, 0, 6, NULL, '2004-09-15 10:00:46'),
(227, 235, 0, 6, NULL, '2004-09-15 10:00:46'),
(228, 236, 0, 6, NULL, '2004-09-15 10:00:46'),
(229, 237, 0, 6, NULL, '2004-09-15 10:00:46'),
(230, 238, 0, 6, NULL, '2004-09-15 10:00:46'),
(231, 239, 0, 6, NULL, '2004-09-15 10:00:46'),
(256, 175, 0, 31, '0000-00-00 00:00:00', '2022-08-10 11:45:47'),
(249, 123, 0, 24, '0000-00-00 00:00:00', '2022-08-10 11:45:47');

--
-- Indizes der exportierten Tabellen
--

--
-- Indizes für die Tabelle `address_book`
--
ALTER TABLE `address_book`
  ADD PRIMARY KEY (`address_book_id`),
  ADD KEY `customers_id` (`customers_id`);

--
-- Indizes für die Tabelle `address_format`
--
ALTER TABLE `address_format`
  ADD PRIMARY KEY (`address_format_id`);

--
-- Indizes für die Tabelle `admin_access_scheme`
--
ALTER TABLE `admin_access_scheme`
  ADD PRIMARY KEY (`admin_access_scheme_id`);

--
-- Indizes für die Tabelle `admin_access_scheme_values`
--
ALTER TABLE `admin_access_scheme_values`
  ADD PRIMARY KEY (`admin_access_scheme_values_id`),
  ADD KEY `admin_access_scheme_id` (`admin_access_scheme_id`);

--
-- Indizes für die Tabelle `after_shipping_payment_orders`
--
ALTER TABLE `after_shipping_payment_orders`
  ADD PRIMARY KEY (`after_shipping_payment_orders_id`);

--
-- Indizes für die Tabelle `amazon_feeds`
--
ALTER TABLE `amazon_feeds`
  ADD PRIMARY KEY (`amazon_feeds_id`),
  ADD KEY `merchant_id` (`merchant_id`);

--
-- Indizes für die Tabelle `amazon_feeds_order_fulfillments`
--
ALTER TABLE `amazon_feeds_order_fulfillments`
  ADD PRIMARY KEY (`amazon_feeds_order_fulfillments_id`),
  ADD KEY `amazon_feeds_id` (`amazon_feeds_id`);

--
-- Indizes für die Tabelle `amazon_feeds_price_items`
--
ALTER TABLE `amazon_feeds_price_items`
  ADD PRIMARY KEY (`amazon_feeds_price_items_id`),
  ADD KEY `amazon_feeds_price_id` (`amazon_feeds_id`);

--
-- Indizes für die Tabelle `amazon_feeds_product_listing`
--
ALTER TABLE `amazon_feeds_product_listing`
  ADD PRIMARY KEY (`amazon_feeds_product_listing_id`),
  ADD KEY `amazon_feeds_id` (`amazon_feeds_id`,`products_id`);

--
-- Indizes für die Tabelle `amazon_feeds_quantity_items`
--
ALTER TABLE `amazon_feeds_quantity_items`
  ADD PRIMARY KEY (`amazon_feeds_quantity_items_id`),
  ADD KEY `amazon_feeds_quantity_id` (`amazon_feeds_id`);

--
-- Indizes für die Tabelle `amazon_feeds_upload_vat_invoice`
--
ALTER TABLE `amazon_feeds_upload_vat_invoice`
  ADD PRIMARY KEY (`amazon_feeds_upload_vat_invoice_id`),
  ADD KEY `amazon_feeds_id` (`amazon_feeds_id`);

--
-- Indizes für die Tabelle `amazon_feed_collector`
--
ALTER TABLE `amazon_feed_collector`
  ADD PRIMARY KEY (`amazon_feed_collector_id`),
  ADD KEY `selling_partner_id` (`selling_partner_id`);

--
-- Indizes für die Tabelle `amazon_orders`
--
ALTER TABLE `amazon_orders`
  ADD PRIMARY KEY (`amazon_orders_id`),
  ADD KEY `orders_id` (`orders_id`),
  ADD KEY `customers_id` (`customers_id`),
  ADD KEY `buyer_email_address` (`buyer_email_address`),
  ADD KEY `merchant_id` (`merchant_id`);

--
-- Indizes für die Tabelle `amazon_orders_fba`
--
ALTER TABLE `amazon_orders_fba`
  ADD PRIMARY KEY (`amazon_orders_fba_id`),
  ADD KEY `orders_id` (`orders_id`,`amazon_order_id`,`amazon_order_item_id`);

--
-- Indizes für die Tabelle `amazon_orders_products`
--
ALTER TABLE `amazon_orders_products`
  ADD PRIMARY KEY (`amazon_orders_products_id`),
  ADD KEY `amazon_orders_id` (`amazon_orders_id`);

--
-- Indizes für die Tabelle `amazon_products`
--
ALTER TABLE `amazon_products`
  ADD PRIMARY KEY (`amazon_products_id`),
  ADD KEY `products_id` (`products_id`),
  ADD KEY `sku` (`sku`),
  ADD KEY `merchant_id` (`merchant_id`);

--
-- Indizes für die Tabelle `amazon_products_fba`
--
ALTER TABLE `amazon_products_fba`
  ADD PRIMARY KEY (`amazon_products_fba_id`),
  ADD KEY `products_id` (`products_id`,`asin`);

--
-- Indizes für die Tabelle `amazon_settlements`
--
ALTER TABLE `amazon_settlements`
  ADD PRIMARY KEY (`amazon_settlements_id`),
  ADD KEY `order_id` (`order_id`),
  ADD KEY `merchant_id` (`merchant_id`);

--
-- Indizes für die Tabelle `amz_products_excluded`
--
ALTER TABLE `amz_products_excluded`
  ADD PRIMARY KEY (`amz_products_excluded_id`);

--
-- Indizes für die Tabelle `amz_transactions`
--
ALTER TABLE `amz_transactions`
  ADD PRIMARY KEY (`amz_tx_id`),
  ADD UNIQUE KEY `amz_tx_amz_id` (`amz_tx_amz_id`),
  ADD KEY `amz_tx_order_reference` (`amz_tx_order_reference`),
  ADD KEY `amz_tx_type` (`amz_tx_type`);

--
-- Indizes für die Tabelle `banktransfer`
--
ALTER TABLE `banktransfer`
  ADD KEY `orders_id` (`orders_id`);

--
-- Indizes für die Tabelle `banners`
--
ALTER TABLE `banners`
  ADD PRIMARY KEY (`banners_id`);

--
-- Indizes für die Tabelle `banners_history`
--
ALTER TABLE `banners_history`
  ADD PRIMARY KEY (`banners_history_id`);

--
-- Indizes für die Tabelle `branches`
--
ALTER TABLE `branches`
  ADD PRIMARY KEY (`branches_id`);

--
-- Indizes für die Tabelle `branches_history`
--
ALTER TABLE `branches_history`
  ADD PRIMARY KEY (`branches_history_id`),
  ADD KEY `branches_id` (`branches_id`);

--
-- Indizes für die Tabelle `branches_orders_fibunumbers`
--
ALTER TABLE `branches_orders_fibunumbers`
  ADD PRIMARY KEY (`branches_orders_fibunumbers`),
  ADD KEY `orders_id` (`orders_id`,`branches_id`);

--
-- Indizes für die Tabelle `branches_products`
--
ALTER TABLE `branches_products`
  ADD PRIMARY KEY (`branches_products_id`),
  ADD KEY `branches_id` (`branches_id`),
  ADD KEY `products_id` (`products_id`);

--
-- Indizes für die Tabelle `branches_products_serials`
--
ALTER TABLE `branches_products_serials`
  ADD PRIMARY KEY (`branches_products_serials_id`),
  ADD KEY `branches_products_id` (`branches_products_id`),
  ADD KEY `products_id` (`products_id`);

--
-- Indizes für die Tabelle `branches_to_customers`
--
ALTER TABLE `branches_to_customers`
  ADD PRIMARY KEY (`branches_to_customers_id`),
  ADD KEY `branches_id` (`branches_id`),
  ADD KEY `customers_id` (`customers_id`);

--
-- Indizes für die Tabelle `branches_transfer`
--
ALTER TABLE `branches_transfer`
  ADD PRIMARY KEY (`branches_transfer_id`),
  ADD KEY `branches_id` (`branches_id`),
  ADD KEY `target_branches_id` (`target_branches_id`);

--
-- Indizes für die Tabelle `branches_transfer_products`
--
ALTER TABLE `branches_transfer_products`
  ADD PRIMARY KEY (`branches_transfer_products_id`),
  ADD KEY `branches_transfer_id` (`branches_transfer_id`),
  ADD KEY `products_id` (`products_id`);

--
-- Indizes für die Tabelle `branches_transfer_status`
--
ALTER TABLE `branches_transfer_status`
  ADD PRIMARY KEY (`branches_transfer_status_id`);

--
-- Indizes für die Tabelle `branches_transfer_status_history`
--
ALTER TABLE `branches_transfer_status_history`
  ADD PRIMARY KEY (`branches_transfer_status_history_id`),
  ADD KEY `branches_transfer_id` (`branches_transfer_id`);

--
-- Indizes für die Tabelle `cancel_auctions`
--
ALTER TABLE `cancel_auctions`
  ADD PRIMARY KEY (`cancel_auctions_id`),
  ADD KEY `products_id` (`products_id`);

--
-- Indizes für die Tabelle `categories`
--
ALTER TABLE `categories`
  ADD PRIMARY KEY (`categories_id`),
  ADD KEY `parent_id` (`parent_id`),
  ADD KEY `categories_status` (`categories_status`);

--
-- Indizes für die Tabelle `categories_description`
--
ALTER TABLE `categories_description`
  ADD PRIMARY KEY (`categories_id`,`language_id`),
  ADD KEY `categories_name` (`categories_name`);

--
-- Indizes für die Tabelle `categories_exclude`
--
ALTER TABLE `categories_exclude`
  ADD PRIMARY KEY (`categories_exclude_id`),
  ADD KEY `categories_id` (`categories_id`),
  ADD KEY `customers_id` (`customers_id`);

--
-- Indizes für die Tabelle `categories_to_groups`
--
ALTER TABLE `categories_to_groups`
  ADD PRIMARY KEY (`categories_to_groups_id`),
  ADD KEY `categories_id` (`categories_id`,`groups_id`);

--
-- Indizes für die Tabelle `categories_to_groups_characteristics`
--
ALTER TABLE `categories_to_groups_characteristics`
  ADD PRIMARY KEY (`categories_to_groups_characteristics_id`),
  ADD KEY `categories_to_groups_id` (`categories_to_groups_id`,`characteristics_id`);

--
-- Indizes für die Tabelle `change_status_history`
--
ALTER TABLE `change_status_history`
  ADD PRIMARY KEY (`id`);

--
-- Indizes für die Tabelle `cm_file_flags`
--
ALTER TABLE `cm_file_flags`
  ADD PRIMARY KEY (`file_flag`);

--
-- Indizes für die Tabelle `configuration`
--
ALTER TABLE `configuration`
  ADD PRIMARY KEY (`configuration_id`),
  ADD KEY `configuration_group_id` (`configuration_group_id`);

--
-- Indizes für die Tabelle `configuration_group`
--
ALTER TABLE `configuration_group`
  ADD PRIMARY KEY (`configuration_group_id`);

--
-- Indizes für die Tabelle `content_manager`
--
ALTER TABLE `content_manager`
  ADD PRIMARY KEY (`content_id`);
ALTER TABLE `content_manager` ADD FULLTEXT KEY `content_meta_title` (`content_meta_title`,`content_meta_description`,`content_meta_keywords`);

--
-- Indizes für die Tabelle `costs`
--
ALTER TABLE `costs`
  ADD PRIMARY KEY (`costs_id`),
  ADD KEY `orders_id` (`orders_id`);

--
-- Indizes für die Tabelle `countries`
--
ALTER TABLE `countries`
  ADD PRIMARY KEY (`countries_id`),
  ADD KEY `IDX_COUNTRIES_NAME` (`countries_name`),
  ADD KEY `countries_name` (`countries_name`);

--
-- Indizes für die Tabelle `countries_allocations`
--
ALTER TABLE `countries_allocations`
  ADD KEY `countries_id` (`countries_id`);

--
-- Indizes für die Tabelle `coupons`
--
ALTER TABLE `coupons`
  ADD PRIMARY KEY (`coupon_id`);

--
-- Indizes für die Tabelle `coupons_description`
--
ALTER TABLE `coupons_description`
  ADD KEY `coupon_id` (`coupon_id`);

--
-- Indizes für die Tabelle `coupon_email_track`
--
ALTER TABLE `coupon_email_track`
  ADD PRIMARY KEY (`unique_id`);

--
-- Indizes für die Tabelle `coupon_gv_customer`
--
ALTER TABLE `coupon_gv_customer`
  ADD PRIMARY KEY (`customer_id`),
  ADD KEY `customer_id` (`customer_id`);

--
-- Indizes für die Tabelle `coupon_gv_queue`
--
ALTER TABLE `coupon_gv_queue`
  ADD PRIMARY KEY (`unique_id`),
  ADD KEY `uid` (`unique_id`,`customer_id`,`order_id`),
  ADD KEY `unique_id` (`unique_id`),
  ADD KEY `customer_id` (`customer_id`),
  ADD KEY `order_id` (`order_id`);

--
-- Indizes für die Tabelle `coupon_redeem_track`
--
ALTER TABLE `coupon_redeem_track`
  ADD PRIMARY KEY (`unique_id`);

--
-- Indizes für die Tabelle `currencies`
--
ALTER TABLE `currencies`
  ADD PRIMARY KEY (`currencies_id`);

--
-- Indizes für die Tabelle `customers_basket`
--
ALTER TABLE `customers_basket`
  ADD PRIMARY KEY (`customers_basket_id`),
  ADD KEY `customers_id` (`customers_id`);

--
-- Indizes für die Tabelle `customers_basket_attributes`
--
ALTER TABLE `customers_basket_attributes`
  ADD PRIMARY KEY (`customers_basket_attributes_id`);

--
-- Indizes für die Tabelle `customers_email_aliases`
--
ALTER TABLE `customers_email_aliases`
  ADD PRIMARY KEY (`customers_email_aliases_id`),
  ADD KEY `customers_id` (`customers_id`);

--
-- Indizes für die Tabelle `customers_email_filter`
--
ALTER TABLE `customers_email_filter`
  ADD PRIMARY KEY (`customers_email_filter_id`),
  ADD KEY `customers_id` (`customers_id`);

--
-- Indizes für die Tabelle `customers_info`
--
ALTER TABLE `customers_info`
  ADD PRIMARY KEY (`customers_info_id`);

--
-- Indizes für die Tabelle `customers_ip`
--
ALTER TABLE `customers_ip`
  ADD PRIMARY KEY (`customers_ip_id`),
  ADD KEY `customers_id` (`customers_id`);

--
-- Indizes für die Tabelle `customers_memo`
--
ALTER TABLE `customers_memo`
  ADD PRIMARY KEY (`memo_id`),
  ADD KEY `customers_id` (`customers_id`);

--
-- Indizes für die Tabelle `customers_status`
--
ALTER TABLE `customers_status`
  ADD PRIMARY KEY (`customers_status_id`,`language_id`),
  ADD KEY `customers_status_name` (`customers_status_name`);

--
-- Indizes für die Tabelle `customers_status_history`
--
ALTER TABLE `customers_status_history`
  ADD PRIMARY KEY (`customers_status_history_id`),
  ADD KEY `customers_id` (`customers_id`);

--
-- Indizes für die Tabelle `default_products_master_keys`
--
ALTER TABLE `default_products_master_keys`
  ADD PRIMARY KEY (`default_products_master_keys_id`);

--
-- Indizes für die Tabelle `default_products_master_keys_description`
--
ALTER TABLE `default_products_master_keys_description`
  ADD PRIMARY KEY (`default_products_master_keys_description_id`),
  ADD KEY `default_products_master_keys_id` (`default_products_master_keys_id`);

--
-- Indizes für die Tabelle `default_products_master_slave_values`
--
ALTER TABLE `default_products_master_slave_values`
  ADD PRIMARY KEY (`default_products_master_slave_values_id`),
  ADD KEY `default_products_master_key_id` (`default_products_master_keys_description_id`);

--
-- Indizes für die Tabelle `distributors`
--
ALTER TABLE `distributors`
  ADD PRIMARY KEY (`id`);

--
-- Indizes für die Tabelle `distributor_contacts`
--
ALTER TABLE `distributor_contacts`
  ADD PRIMARY KEY (`distributor_contacts_id`),
  ADD KEY `distributor_id` (`distributor_id`);

--
-- Indizes für die Tabelle `distributor_invoices`
--
ALTER TABLE `distributor_invoices`
  ADD PRIMARY KEY (`distributor_invoices_id`),
  ADD KEY `distributor_id` (`distributor_id`);

--
-- Indizes für die Tabelle `distributor_invoices_entries`
--
ALTER TABLE `distributor_invoices_entries`
  ADD PRIMARY KEY (`distributor_invoices_entries_id`),
  ADD KEY `distributor_invoices_id` (`distributor_invoices_id`);

--
-- Indizes für die Tabelle `distributor_invoices_installments`
--
ALTER TABLE `distributor_invoices_installments`
  ADD PRIMARY KEY (`distributor_invoices_installments_id`),
  ADD KEY `distributor_invoices_id` (`distributor_invoices_id`);

--
-- Indizes für die Tabelle `distributor_invoices_products`
--
ALTER TABLE `distributor_invoices_products`
  ADD PRIMARY KEY (`distributor_invoices_products_id`),
  ADD KEY `distributor_invoices_id` (`distributor_invoices_id`);

--
-- Indizes für die Tabelle `distributor_invoices_products_properties`
--
ALTER TABLE `distributor_invoices_products_properties`
  ADD PRIMARY KEY (`distributor_invoices_products_properties_id`),
  ADD KEY `distributor_invoices_products_id` (`distributor_invoices_products_id`);

--
-- Indizes für die Tabelle `distributor_invoices_reasons`
--
ALTER TABLE `distributor_invoices_reasons`
  ADD PRIMARY KEY (`distributor_invoices_reasons_id`);

--
-- Indizes für die Tabelle `distributor_invoices_status`
--
ALTER TABLE `distributor_invoices_status`
  ADD PRIMARY KEY (`distributor_invoices_status_id`,`language_id`);

--
-- Indizes für die Tabelle `distributor_invoices_status_history`
--
ALTER TABLE `distributor_invoices_status_history`
  ADD PRIMARY KEY (`distributor_invoices_status_history_id`),
  ADD KEY `distributor_invoices_id` (`distributor_invoices_id`);

--
-- Indizes für die Tabelle `distributor_invoices_total`
--
ALTER TABLE `distributor_invoices_total`
  ADD PRIMARY KEY (`distributor_invoices_total_id`),
  ADD KEY `distributor_invoices_id` (`distributor_invoices_id`);

--
-- Indizes für die Tabelle `distributor_orders`
--
ALTER TABLE `distributor_orders`
  ADD PRIMARY KEY (`distributor_orders_id`),
  ADD KEY `distributor_id` (`distributor_id`),
  ADD KEY `orders_id` (`orders_id`);

--
-- Indizes für die Tabelle `distributor_orders_products`
--
ALTER TABLE `distributor_orders_products`
  ADD PRIMARY KEY (`distributor_orders_products_id`),
  ADD KEY `distributor_orders_id` (`distributor_orders_id`),
  ADD KEY `products_id` (`products_id`);

--
-- Indizes für die Tabelle `distributor_orders_products_attributes`
--
ALTER TABLE `distributor_orders_products_attributes`
  ADD PRIMARY KEY (`distributor_orders_products_attributes_id`);

--
-- Indizes für die Tabelle `distributor_orders_products_properties`
--
ALTER TABLE `distributor_orders_products_properties`
  ADD PRIMARY KEY (`distributor_orders_products_properties_id`),
  ADD KEY `distributor_orders_products_id` (`distributor_orders_products_id`);

--
-- Indizes für die Tabelle `distributor_orders_recalculate`
--
ALTER TABLE `distributor_orders_recalculate`
  ADD PRIMARY KEY (`orders_recalculate_id`);

--
-- Indizes für die Tabelle `distributor_orders_status`
--
ALTER TABLE `distributor_orders_status`
  ADD PRIMARY KEY (`orders_status_id`,`language_id`),
  ADD KEY `orders_status_name` (`orders_status_name`);

--
-- Indizes für die Tabelle `distributor_orders_status_history`
--
ALTER TABLE `distributor_orders_status_history`
  ADD PRIMARY KEY (`orders_status_history_id`),
  ADD KEY `distributor_orders_id` (`distributor_orders_id`);

--
-- Indizes für die Tabelle `distributor_orders_total`
--
ALTER TABLE `distributor_orders_total`
  ADD PRIMARY KEY (`orders_total_id`),
  ADD KEY `orders_id` (`orders_id`);

--
-- Indizes für die Tabelle `distributor_product_prices`
--
ALTER TABLE `distributor_product_prices`
  ADD PRIMARY KEY (`distributor_product_prices_id`),
  ADD KEY `distributor_id` (`distributor_id`),
  ADD KEY `products_id` (`products_id`);

--
-- Indizes für die Tabelle `ebayapi_favorites`
--
ALTER TABLE `ebayapi_favorites`
  ADD PRIMARY KEY (`favorite_id`),
  ADD KEY `favorite_id` (`favorite_id`),
  ADD KEY `favorite_ebayid` (`favorite_ebayid`);

--
-- Indizes für die Tabelle `ebayapi_favorites_characteristics`
--
ALTER TABLE `ebayapi_favorites_characteristics`
  ADD PRIMARY KEY (`ebayapi_favorites_characteristics_id`),
  ADD KEY `ebayapi_favorites_id` (`ebayapi_favorites_id`);

--
-- Indizes für die Tabelle `ebayapi_favorites_itemconditions`
--
ALTER TABLE `ebayapi_favorites_itemconditions`
  ADD PRIMARY KEY (`ebayapi_favorites_itemconditions_id`),
  ADD KEY `favorite_ebayid` (`favorite_ebayid`);

--
-- Indizes für die Tabelle `ebay_auctions`
--
ALTER TABLE `ebay_auctions`
  ADD PRIMARY KEY (`id`),
  ADD KEY `ebay_id` (`ebay_id`),
  ADD KEY `products_id` (`products_id`),
  ADD KEY `ebay_products_id` (`ebay_products_id`),
  ADD KEY `end_time` (`end_time`),
  ADD KEY `cronstart` (`cronstart`),
  ADD KEY `start_time` (`start_time`),
  ADD KEY `status` (`status`);

--
-- Indizes für die Tabelle `ebay_auctions_characteristics`
--
ALTER TABLE `ebay_auctions_characteristics`
  ADD PRIMARY KEY (`ebay_auctions_characteristics_id`),
  ADD KEY `ebay_auctions_id` (`ebay_auctions_id`);

--
-- Indizes für die Tabelle `ebay_auctions_energy_efficiency`
--
ALTER TABLE `ebay_auctions_energy_efficiency`
  ADD PRIMARY KEY (`ebay_auctions_energy_efficiency_id`),
  ADD KEY `ebay_auctions_id` (`ebay_auctions_id`);

--
-- Indizes für die Tabelle `ebay_auctions_fees`
--
ALTER TABLE `ebay_auctions_fees`
  ADD PRIMARY KEY (`ebay_auctions_fees_id`),
  ADD KEY `ebay_auctions_id` (`ebay_auctions_id`);

--
-- Indizes für die Tabelle `ebay_auctions_itemspecifics`
--
ALTER TABLE `ebay_auctions_itemspecifics`
  ADD PRIMARY KEY (`ebay_auctions_itemspecifics_id`),
  ADD KEY `ebay_auctions_id` (`ebay_auctions_id`);

--
-- Indizes für die Tabelle `ebay_auctions_manufacturers`
--
ALTER TABLE `ebay_auctions_manufacturers`
  ADD PRIMARY KEY (`ebay_auctions_manufacturers_id`),
  ADD KEY `ebay_auctions_id` (`ebay_auctions_id`);

--
-- Indizes für die Tabelle `ebay_auctions_payments`
--
ALTER TABLE `ebay_auctions_payments`
  ADD PRIMARY KEY (`ebay_auctions_payments_id`),
  ADD KEY `ebay_auctions_id` (`ebay_auctions_id`);

--
-- Indizes für die Tabelle `ebay_auctions_price_revise`
--
ALTER TABLE `ebay_auctions_price_revise`
  ADD PRIMARY KEY (`ebay_auctions_price_revise_id`),
  ADD KEY `ebay_auctions_id` (`ebay_auctions_id`);

--
-- Indizes für die Tabelle `ebay_auctions_price_revise_auctions`
--
ALTER TABLE `ebay_auctions_price_revise_auctions`
  ADD PRIMARY KEY (`ebay_auctions_price_revise_auctions_id`),
  ADD KEY `ebay_auctions_id` (`ebay_auctions_id`),
  ADD KEY `products_id` (`products_id`);

--
-- Indizes für die Tabelle `ebay_auctions_productsafety`
--
ALTER TABLE `ebay_auctions_productsafety`
  ADD PRIMARY KEY (`ebay_auctions_productsafety_id`),
  ADD KEY `ebay_auctions_id` (`ebay_auctions_id`);

--
-- Indizes für die Tabelle `ebay_auctions_properties`
--
ALTER TABLE `ebay_auctions_properties`
  ADD PRIMARY KEY (`ebay_auctions_properties_id`),
  ADD KEY `ebay_auctions_id` (`ebay_auctions_id`);

--
-- Indizes für die Tabelle `ebay_auctions_properties_description`
--
ALTER TABLE `ebay_auctions_properties_description`
  ADD PRIMARY KEY (`ebay_auctions_properties_description_id`),
  ADD KEY `ebay_auctions_properties_id` (`ebay_auctions_properties_id`);

--
-- Indizes für die Tabelle `ebay_auctions_properties_values`
--
ALTER TABLE `ebay_auctions_properties_values`
  ADD PRIMARY KEY (`ebay_auctions_properties_values_id`),
  ADD KEY `ebay_auctions_properties_description_id` (`ebay_auctions_properties_id`);

--
-- Indizes für die Tabelle `ebay_auctions_properties_values_description`
--
ALTER TABLE `ebay_auctions_properties_values_description`
  ADD PRIMARY KEY (`ebay_auctions_properties_values_description_id`),
  ADD KEY `ebay_auctions_properties_description_id` (`ebay_auctions_properties_values_id`);

--
-- Indizes für die Tabelle `ebay_auctions_quantity_history`
--
ALTER TABLE `ebay_auctions_quantity_history`
  ADD PRIMARY KEY (`ebay_auctions_quantity_history_id`),
  ADD KEY `ebay_auctions_id` (`ebay_auctions_id`);

--
-- Indizes für die Tabelle `ebay_auctions_regulatory_documents`
--
ALTER TABLE `ebay_auctions_regulatory_documents`
  ADD PRIMARY KEY (`ebay_auctions_regulatory_documents_id`),
  ADD KEY `ebay_auctions_id` (`ebay_auctions_id`);

--
-- Indizes für die Tabelle `ebay_auctions_regulatory_hazmats`
--
ALTER TABLE `ebay_auctions_regulatory_hazmats`
  ADD PRIMARY KEY (`ebay_auctions_regulatory_hazmats_id`),
  ADD KEY `ebay_auctions_id` (`ebay_auctions_id`);

--
-- Indizes für die Tabelle `ebay_auctions_responsible_persons`
--
ALTER TABLE `ebay_auctions_responsible_persons`
  ADD PRIMARY KEY (`ebay_auctions_responsible_persons_id`),
  ADD KEY `ebay_auctions_id` (`ebay_auctions_id`);

--
-- Indizes für die Tabelle `ebay_auctions_shippings`
--
ALTER TABLE `ebay_auctions_shippings`
  ADD PRIMARY KEY (`ebay_auctions_shippings_id`),
  ADD KEY `ebay_auctions_id` (`ebay_auctions_id`);

--
-- Indizes für die Tabelle `ebay_auctions_shippings_locations`
--
ALTER TABLE `ebay_auctions_shippings_locations`
  ADD PRIMARY KEY (`ebay_auctions_shippings_locations_id`),
  ADD KEY `ebay_auctions_shippings_id` (`ebay_auctions_shippings_id`);

--
-- Indizes für die Tabelle `ebay_auctions_variations`
--
ALTER TABLE `ebay_auctions_variations`
  ADD PRIMARY KEY (`ebay_auctions_variations_id`),
  ADD KEY `products_id` (`products_id`),
  ADD KEY `ebay_auctions_id` (`ebay_auctions_id`);

--
-- Indizes für die Tabelle `ebay_auctions_videos`
--
ALTER TABLE `ebay_auctions_videos`
  ADD PRIMARY KEY (`ebay_auctions_videos_id`),
  ADD KEY `ebay_auctions_id` (`ebay_auctions_id`);

--
-- Indizes für die Tabelle `ebay_auth`
--
ALTER TABLE `ebay_auth`
  ADD PRIMARY KEY (`Id`);

--
-- Indizes für die Tabelle `ebay_automatics`
--
ALTER TABLE `ebay_automatics`
  ADD PRIMARY KEY (`ebay_automatics_id`),
  ADD KEY `ebay_products_id` (`ebay_products_id`);

--
-- Indizes für die Tabelle `ebay_automatics_daily`
--
ALTER TABLE `ebay_automatics_daily`
  ADD PRIMARY KEY (`ebay_automatics_daily_id`),
  ADD KEY `ebay_automatics_id` (`ebay_automatics_id`);

--
-- Indizes für die Tabelle `ebay_bestoffer_matrix`
--
ALTER TABLE `ebay_bestoffer_matrix`
  ADD PRIMARY KEY (`ebay_bestoffer_matrix_id`),
  ADD KEY `ebay_products_id` (`ebay_products_id`);

--
-- Indizes für die Tabelle `ebay_brand_aliases`
--
ALTER TABLE `ebay_brand_aliases`
  ADD PRIMARY KEY (`ebay_brand_aliases_id`);

--
-- Indizes für die Tabelle `ebay_calls`
--
ALTER TABLE `ebay_calls`
  ADD PRIMARY KEY (`id`);

--
-- Indizes für die Tabelle `ebay_customers`
--
ALTER TABLE `ebay_customers`
  ADD PRIMARY KEY (`id`);

--
-- Indizes für die Tabelle `ebay_default_characteristics`
--
ALTER TABLE `ebay_default_characteristics`
  ADD PRIMARY KEY (`ebay_default_characteristics_id`),
  ADD KEY `ebay_sammler_id` (`ebay_sammler_id`);

--
-- Indizes für die Tabelle `ebay_default_itemspecifics`
--
ALTER TABLE `ebay_default_itemspecifics`
  ADD PRIMARY KEY (`ebay_default_itemspecifics_id`);

--
-- Indizes für die Tabelle `ebay_default_payments`
--
ALTER TABLE `ebay_default_payments`
  ADD PRIMARY KEY (`ebay_default_payments_id`);

--
-- Indizes für die Tabelle `ebay_default_shippings`
--
ALTER TABLE `ebay_default_shippings`
  ADD PRIMARY KEY (`ebay_default_shippings_id`);

--
-- Indizes für die Tabelle `ebay_default_shippings_locations`
--
ALTER TABLE `ebay_default_shippings_locations`
  ADD PRIMARY KEY (`ebay_default_shippings_locations_id`),
  ADD KEY `ebay_default_shippings_id` (`ebay_default_shippings_id`);

--
-- Indizes für die Tabelle `ebay_disputes`
--
ALTER TABLE `ebay_disputes`
  ADD PRIMARY KEY (`id`);

--
-- Indizes für die Tabelle `ebay_durations`
--
ALTER TABLE `ebay_durations`
  ADD PRIMARY KEY (`id`);

--
-- Indizes für die Tabelle `ebay_emails`
--
ALTER TABLE `ebay_emails`
  ADD PRIMARY KEY (`id`),
  ADD KEY `email_body_id` (`email_body_id`),
  ADD KEY `customers_id` (`customers_id`),
  ADD KEY `messageid` (`messageid`);

--
-- Indizes für die Tabelle `ebay_email_attachments`
--
ALTER TABLE `ebay_email_attachments`
  ADD PRIMARY KEY (`ebay_email_attachments_id`),
  ADD KEY `email_id` (`email_id`);

--
-- Indizes für die Tabelle `ebay_email_bodys`
--
ALTER TABLE `ebay_email_bodys`
  ADD PRIMARY KEY (`email_id`);

--
-- Indizes für die Tabelle `ebay_external_payments`
--
ALTER TABLE `ebay_external_payments`
  ADD PRIMARY KEY (`ebay_external_payments_id`),
  ADD KEY `orders_id` (`orders_id`);

--
-- Indizes für die Tabelle `ebay_feedback`
--
ALTER TABLE `ebay_feedback`
  ADD PRIMARY KEY (`id`),
  ADD KEY `ItemNumber` (`ItemNumber`),
  ADD KEY `TransactionId` (`TransactionId`);

--
-- Indizes für die Tabelle `ebay_import_variations_images`
--
ALTER TABLE `ebay_import_variations_images`
  ADD PRIMARY KEY (`ebay_import_variations_images_id`);

--
-- Indizes für die Tabelle `ebay_libri_filters`
--
ALTER TABLE `ebay_libri_filters`
  ADD PRIMARY KEY (`ebay_libri_filters_id`);

--
-- Indizes für die Tabelle `ebay_media_documents`
--
ALTER TABLE `ebay_media_documents`
  ADD PRIMARY KEY (`ebay_media_documents_id`);

--
-- Indizes für die Tabelle `ebay_media_videos`
--
ALTER TABLE `ebay_media_videos`
  ADD PRIMARY KEY (`ebay_media_videos_id`);

--
-- Indizes für die Tabelle `ebay_mpn_aliases`
--
ALTER TABLE `ebay_mpn_aliases`
  ADD PRIMARY KEY (`ebay_mpn_aliases_id`);

--
-- Indizes für die Tabelle `ebay_multi_edit`
--
ALTER TABLE `ebay_multi_edit`
  ADD PRIMARY KEY (`ebay_multi_edit_id`);

--
-- Indizes für die Tabelle `ebay_multi_edit_items`
--
ALTER TABLE `ebay_multi_edit_items`
  ADD PRIMARY KEY (`ebay_multi_edit_items_id`),
  ADD KEY `ebay_auctions_id` (`ebay_auctions_id`),
  ADD KEY `ebay_multi_edit_id` (`ebay_multi_edit_id`);

--
-- Indizes für die Tabelle `ebay_multi_edit_price_revise`
--
ALTER TABLE `ebay_multi_edit_price_revise`
  ADD PRIMARY KEY (`ebay_multi_edit_price_revise_id`),
  ADD KEY `ebay_auctions_id` (`ebay_auctions_id`);

--
-- Indizes für die Tabelle `ebay_mymessage`
--
ALTER TABLE `ebay_mymessage`
  ADD PRIMARY KEY (`ebay_mymessage_id`);

--
-- Indizes für die Tabelle `ebay_mymessage_reply`
--
ALTER TABLE `ebay_mymessage_reply`
  ADD PRIMARY KEY (`ebay_mymessage_reply_id`);

--
-- Indizes für die Tabelle `ebay_orders`
--
ALTER TABLE `ebay_orders`
  ADD PRIMARY KEY (`ebay_orders_id`),
  ADD KEY `orders_id` (`orders_id`);

--
-- Indizes für die Tabelle `ebay_orders_items`
--
ALTER TABLE `ebay_orders_items`
  ADD PRIMARY KEY (`ebay_orders_items_id`),
  ADD KEY `ebay_orders_id` (`ebay_orders_id`),
  ADD KEY `products_id` (`products_id`);

--
-- Indizes für die Tabelle `ebay_orders_oos`
--
ALTER TABLE `ebay_orders_oos`
  ADD PRIMARY KEY (`ebay_orders_oos_id`);

--
-- Indizes für die Tabelle `ebay_payments`
--
ALTER TABLE `ebay_payments`
  ADD PRIMARY KEY (`ebay_payments_id`);

--
-- Indizes für die Tabelle `ebay_personal_offers`
--
ALTER TABLE `ebay_personal_offers`
  ADD PRIMARY KEY (`ebay_personal_offers`),
  ADD KEY `ebay_id` (`ebay_id`);

--
-- Indizes für die Tabelle `ebay_products`
--
ALTER TABLE `ebay_products`
  ADD PRIMARY KEY (`id`),
  ADD KEY `products_id` (`products_id`),
  ADD KEY `ebay_sammler_id` (`ebay_sammler_id`),
  ADD KEY `ebay_variations_id` (`ebay_variations_id`);

--
-- Indizes für die Tabelle `ebay_products_characteristics`
--
ALTER TABLE `ebay_products_characteristics`
  ADD PRIMARY KEY (`ebay_products_characteristics_id`),
  ADD KEY `ebay_products_id` (`ebay_products_id`);

--
-- Indizes für die Tabelle `ebay_products_energy_efficiency`
--
ALTER TABLE `ebay_products_energy_efficiency`
  ADD PRIMARY KEY (`ebay_products_energy_efficiency_id`),
  ADD KEY `ebay_products_id` (`ebay_products_id`);

--
-- Indizes für die Tabelle `ebay_products_history`
--
ALTER TABLE `ebay_products_history`
  ADD PRIMARY KEY (`ebay_products_history_id`),
  ADD KEY `ebay_products_id` (`ebay_products_id`);

--
-- Indizes für die Tabelle `ebay_products_itemspecifics`
--
ALTER TABLE `ebay_products_itemspecifics`
  ADD PRIMARY KEY (`ebay_products_itemspecifics_id`),
  ADD KEY `ebay_products_id` (`ebay_products_id`);

--
-- Indizes für die Tabelle `ebay_products_itemspecifics_recommendations`
--
ALTER TABLE `ebay_products_itemspecifics_recommendations`
  ADD PRIMARY KEY (`ebay_products_itemspecifics_recommendations_id`),
  ADD KEY `ebay_products_id` (`ebay_products_id`);

--
-- Indizes für die Tabelle `ebay_products_manufacturers`
--
ALTER TABLE `ebay_products_manufacturers`
  ADD PRIMARY KEY (`ebay_products_manufacturers_id`),
  ADD KEY `ebay_products_id` (`ebay_products_id`);

--
-- Indizes für die Tabelle `ebay_products_payments`
--
ALTER TABLE `ebay_products_payments`
  ADD PRIMARY KEY (`ebay_products_payments_id`),
  ADD KEY `ebay_products_id` (`ebay_products_id`);

--
-- Indizes für die Tabelle `ebay_products_productsafety`
--
ALTER TABLE `ebay_products_productsafety`
  ADD PRIMARY KEY (`ebay_products_productsafety_id`),
  ADD KEY `ebay_products_id` (`ebay_products_id`);

--
-- Indizes für die Tabelle `ebay_products_properties`
--
ALTER TABLE `ebay_products_properties`
  ADD PRIMARY KEY (`ebay_products_properties_id`),
  ADD KEY `ebay_products_id` (`ebay_products_id`);

--
-- Indizes für die Tabelle `ebay_products_properties_description`
--
ALTER TABLE `ebay_products_properties_description`
  ADD PRIMARY KEY (`ebay_products_properties_description_id`),
  ADD KEY `ebay_products_properties_id` (`ebay_products_properties_id`);

--
-- Indizes für die Tabelle `ebay_products_properties_values`
--
ALTER TABLE `ebay_products_properties_values`
  ADD PRIMARY KEY (`ebay_products_properties_values_id`),
  ADD KEY `ebay_products_properties_description_id` (`ebay_products_properties_id`);

--
-- Indizes für die Tabelle `ebay_products_properties_values_description`
--
ALTER TABLE `ebay_products_properties_values_description`
  ADD PRIMARY KEY (`ebay_products_properties_values_description_id`),
  ADD KEY `ebay_products_properties_description_id` (`ebay_products_properties_values_id`);

--
-- Indizes für die Tabelle `ebay_products_regulatory_documents`
--
ALTER TABLE `ebay_products_regulatory_documents`
  ADD PRIMARY KEY (`ebay_products_regulatory_documents_id`),
  ADD KEY `ebay_products_id` (`ebay_products_id`);

--
-- Indizes für die Tabelle `ebay_products_regulatory_hazmats`
--
ALTER TABLE `ebay_products_regulatory_hazmats`
  ADD PRIMARY KEY (`ebay_products_regulatory_hazmats_id`),
  ADD KEY `ebay_products_id` (`ebay_products_id`);

--
-- Indizes für die Tabelle `ebay_products_responsible_persons`
--
ALTER TABLE `ebay_products_responsible_persons`
  ADD PRIMARY KEY (`ebay_products_responsible_persons_id`),
  ADD KEY `ebay_products_id` (`ebay_products_id`);

--
-- Indizes für die Tabelle `ebay_products_shippings`
--
ALTER TABLE `ebay_products_shippings`
  ADD PRIMARY KEY (`ebay_products_shippings_id`),
  ADD KEY `ebay_products_id` (`ebay_products_id`);

--
-- Indizes für die Tabelle `ebay_products_shippings_locations`
--
ALTER TABLE `ebay_products_shippings_locations`
  ADD PRIMARY KEY (`ebay_products_shippings_locations_id`),
  ADD KEY `ebay_products_shippings_id` (`ebay_products_shippings_id`);

--
-- Indizes für die Tabelle `ebay_products_to_categories`
--
ALTER TABLE `ebay_products_to_categories`
  ADD PRIMARY KEY (`id`),
  ADD KEY `products_id` (`products_id`),
  ADD KEY `category_id` (`category_id`);

--
-- Indizes für die Tabelle `ebay_products_variations`
--
ALTER TABLE `ebay_products_variations`
  ADD PRIMARY KEY (`ebay_products_variations_id`),
  ADD KEY `ebay_products_id` (`ebay_products_id`);

--
-- Indizes für die Tabelle `ebay_products_videos`
--
ALTER TABLE `ebay_products_videos`
  ADD PRIMARY KEY (`ebay_products_videos_id`),
  ADD KEY `ebay_products_id` (`ebay_products_id`);

--
-- Indizes für die Tabelle `ebay_sammler`
--
ALTER TABLE `ebay_sammler`
  ADD PRIMARY KEY (`id`);

--
-- Indizes für die Tabelle `ebay_sammler_characteristics`
--
ALTER TABLE `ebay_sammler_characteristics`
  ADD PRIMARY KEY (`ebay_sammler_characteristics_id`),
  ADD KEY `ebay_sammler_id` (`ebay_sammler_id`);

--
-- Indizes für die Tabelle `ebay_sammler_copy`
--
ALTER TABLE `ebay_sammler_copy`
  ADD PRIMARY KEY (`ebay_sammler_copy_id`),
  ADD KEY `ebay_sammler_id` (`ebay_sammler_id`);

--
-- Indizes für die Tabelle `ebay_sammler_itemspecifics`
--
ALTER TABLE `ebay_sammler_itemspecifics`
  ADD PRIMARY KEY (`ebay_sammler_itemspecifics_id`),
  ADD KEY `ebay_sammler_id` (`ebay_sammler_id`);

--
-- Indizes für die Tabelle `ebay_sammler_itemspecifics_recommendations`
--
ALTER TABLE `ebay_sammler_itemspecifics_recommendations`
  ADD PRIMARY KEY (`ebay_sammler_itemspecifics_recommendations_id`),
  ADD KEY `ebay_sammler_id` (`ebay_sammler_id`);

--
-- Indizes für die Tabelle `ebay_sammler_payments`
--
ALTER TABLE `ebay_sammler_payments`
  ADD PRIMARY KEY (`ebay_sammler_payments_id`),
  ADD KEY `ebay_sammler_id` (`ebay_sammler_id`);

--
-- Indizes für die Tabelle `ebay_sammler_shippings`
--
ALTER TABLE `ebay_sammler_shippings`
  ADD PRIMARY KEY (`ebay_sammler_shippings_id`),
  ADD KEY `ebay_sammler_id` (`ebay_sammler_id`);

--
-- Indizes für die Tabelle `ebay_sammler_shippings_locations`
--
ALTER TABLE `ebay_sammler_shippings_locations`
  ADD PRIMARY KEY (`ebay_sammler_shippings_locations_id`),
  ADD KEY `ebay_sammler_shippings_id` (`ebay_sammler_shippings_id`);

--
-- Indizes für die Tabelle `ebay_seller_profiles`
--
ALTER TABLE `ebay_seller_profiles`
  ADD PRIMARY KEY (`ebay_seller_profiles_id`);

--
-- Indizes für die Tabelle `ebay_shippingoptions`
--
ALTER TABLE `ebay_shippingoptions`
  ADD PRIMARY KEY (`id`);

--
-- Indizes für die Tabelle `ebay_sitecodes`
--
ALTER TABLE `ebay_sitecodes`
  ADD PRIMARY KEY (`ebay_sitecodes_id`);

--
-- Indizes für die Tabelle `ebay_template_excludes`
--
ALTER TABLE `ebay_template_excludes`
  ADD PRIMARY KEY (`id`),
  ADD KEY `ebay_products_id` (`ebay_products_id`);

--
-- Indizes für die Tabelle `ebay_textitems`
--
ALTER TABLE `ebay_textitems`
  ADD PRIMARY KEY (`id`);

--
-- Indizes für die Tabelle `ebay_textitems_user`
--
ALTER TABLE `ebay_textitems_user`
  ADD KEY `customers_id` (`customers_id`),
  ADD KEY `ebay_textitems_id` (`ebay_textitems_id`);

--
-- Indizes für die Tabelle `ebay_timingdelays`
--
ALTER TABLE `ebay_timingdelays`
  ADD PRIMARY KEY (`timing_delay_id`);

--
-- Indizes für die Tabelle `ebay_transactions`
--
ALTER TABLE `ebay_transactions`
  ADD PRIMARY KEY (`id`),
  ADD KEY `ebayid` (`ebayid`),
  ADD KEY `products_id` (`products_id`),
  ADD KEY `transactiondate` (`transactiondate`),
  ADD KEY `orders_id` (`orders_id`);

--
-- Indizes für die Tabelle `ebay_uuid`
--
ALTER TABLE `ebay_uuid`
  ADD PRIMARY KEY (`UUID`);

--
-- Indizes für die Tabelle `ebay_variations`
--
ALTER TABLE `ebay_variations`
  ADD PRIMARY KEY (`ebay_variations_id`),
  ADD KEY `ebay_variations_sets_id` (`ebay_variations_sets_id`),
  ADD KEY `products_id` (`products_id`);

--
-- Indizes für die Tabelle `ebay_variationspecificssets`
--
ALTER TABLE `ebay_variationspecificssets`
  ADD PRIMARY KEY (`ebay_variationspecificssets_id`),
  ADD KEY `ebay_variations_sets_id` (`ebay_variations_sets_id`);

--
-- Indizes für die Tabelle `ebay_variations_pictures`
--
ALTER TABLE `ebay_variations_pictures`
  ADD PRIMARY KEY (`ebay_variations_pictures_id`),
  ADD KEY `ebay_variations_id` (`ebay_variations_id`),
  ADD KEY `ebay_variations_sets_id` (`ebay_variations_sets_id`);

--
-- Indizes für die Tabelle `ebay_variations_pictures_sets`
--
ALTER TABLE `ebay_variations_pictures_sets`
  ADD PRIMARY KEY (`ebay_variations_pictures_sets_id`),
  ADD KEY `ebay_variations_pictures_id` (`ebay_variations_pictures_id`);

--
-- Indizes für die Tabelle `ebay_variations_pictures_sets_urls`
--
ALTER TABLE `ebay_variations_pictures_sets_urls`
  ADD PRIMARY KEY (`ebay_variations_pictures_sets_urls_id`),
  ADD KEY `ebay_variations_pictures_sets_id` (`ebay_variations_pictures_sets_id`);

--
-- Indizes für die Tabelle `ebay_variations_sets`
--
ALTER TABLE `ebay_variations_sets`
  ADD PRIMARY KEY (`ebay_variations_sets_id`),
  ADD KEY `ebay_products_id` (`ebay_products_id`);

--
-- Indizes für die Tabelle `ebay_variations_variationspecifics`
--
ALTER TABLE `ebay_variations_variationspecifics`
  ADD PRIMARY KEY (`ebay_variations_variationspecifics_id`),
  ADD KEY `ebay_variations_id` (`ebay_variations_id`);

--
-- Indizes für die Tabelle `ebay_warning_history`
--
ALTER TABLE `ebay_warning_history`
  ADD PRIMARY KEY (`id`),
  ADD KEY `orders_id` (`orders_id`),
  ADD KEY `customers_id` (`customers_id`);

--
-- Indizes für die Tabelle `email_staff_allocation`
--
ALTER TABLE `email_staff_allocation`
  ADD PRIMARY KEY (`email_staff_allocation_id`),
  ADD KEY `email_id` (`email_id`),
  ADD KEY `customers_id` (`customers_id`);

--
-- Indizes für die Tabelle `email_staff_allocation_history`
--
ALTER TABLE `email_staff_allocation_history`
  ADD PRIMARY KEY (`email_staff_allocation_history_id`),
  ADD KEY `email_id` (`email_id`),
  ADD KEY `customers_id` (`customers_id`),
  ADD KEY `sender_id` (`sender_id`);

--
-- Indizes für die Tabelle `event`
--
ALTER TABLE `event`
  ADD PRIMARY KEY (`event_id`),
  ADD KEY `products_id` (`products_id`);

--
-- Indizes für die Tabelle `events_to_event_tickets`
--
ALTER TABLE `events_to_event_tickets`
  ADD PRIMARY KEY (`events_to_event_tickets_id`),
  ADD KEY `events_id` (`events_id`),
  ADD KEY `event_tickets_id` (`event_tickets_id`);

--
-- Indizes für die Tabelle `event_dates`
--
ALTER TABLE `event_dates`
  ADD PRIMARY KEY (`event_dates_id`),
  ADD KEY `event_id` (`event_id`);

--
-- Indizes für die Tabelle `event_dates_timer`
--
ALTER TABLE `event_dates_timer`
  ADD PRIMARY KEY (`event_dates_timer_id`),
  ADD KEY `event_dates_id` (`event_dates_id`);

--
-- Indizes für die Tabelle `event_tickets`
--
ALTER TABLE `event_tickets`
  ADD PRIMARY KEY (`event_tickets_id`);

--
-- Indizes für die Tabelle `event_tickets_description`
--
ALTER TABLE `event_tickets_description`
  ADD PRIMARY KEY (`event_tickets_description_id`),
  ADD KEY `event_tickets_id` (`event_tickets_id`);

--
-- Indizes für die Tabelle `feedback_reminder`
--
ALTER TABLE `feedback_reminder`
  ADD PRIMARY KEY (`feedback_reminder_id`),
  ADD KEY `orders_id` (`orders_id`);

--
-- Indizes für die Tabelle `flashpoint_import_configuration`
--
ALTER TABLE `flashpoint_import_configuration`
  ADD PRIMARY KEY (`flashpoint_import_configuration_id`);

--
-- Indizes für die Tabelle `geo_zones`
--
ALTER TABLE `geo_zones`
  ADD PRIMARY KEY (`geo_zone_id`);

--
-- Indizes für die Tabelle `groups`
--
ALTER TABLE `groups`
  ADD PRIMARY KEY (`groups_id`);

--
-- Indizes für die Tabelle `groups_allocations`
--
ALTER TABLE `groups_allocations`
  ADD KEY `products_id` (`products_id`),
  ADD KEY `groups_id` (`groups_id`);

--
-- Indizes für die Tabelle `groups_tax_rates_allocation`
--
ALTER TABLE `groups_tax_rates_allocation`
  ADD PRIMARY KEY (`groups_tax_rates_allocation_id`),
  ADD KEY `groups_id` (`groups_id`),
  ADD KEY `tax_rates_id` (`tax_rates_id`);

--
-- Indizes für die Tabelle `group_history`
--
ALTER TABLE `group_history`
  ADD PRIMARY KEY (`group_history_id`),
  ADD KEY `group_id` (`group_id`);

--
-- Indizes für die Tabelle `hermes`
--
ALTER TABLE `hermes`
  ADD PRIMARY KEY (`id`);

--
-- Indizes für die Tabelle `hermes_countries`
--
ALTER TABLE `hermes_countries`
  ADD PRIMARY KEY (`id`);

--
-- Indizes für die Tabelle `hermes_status_dispos`
--
ALTER TABLE `hermes_status_dispos`
  ADD PRIMARY KEY (`hermes_status_dispos_id`);

--
-- Indizes für die Tabelle `hermes_status_itemstock`
--
ALTER TABLE `hermes_status_itemstock`
  ADD PRIMARY KEY (`hermes_status_itemstock_id`);

--
-- Indizes für die Tabelle `hermes_status_orderstat`
--
ALTER TABLE `hermes_status_orderstat`
  ADD PRIMARY KEY (`hermes_status_orderstat_id`);

--
-- Indizes für die Tabelle `history`
--
ALTER TABLE `history`
  ADD PRIMARY KEY (`history_id`),
  ADD KEY `editor_id` (`editor_id`);

--
-- Indizes für die Tabelle `history_bestand`
--
ALTER TABLE `history_bestand`
  ADD PRIMARY KEY (`id`),
  ADD KEY `products_id` (`products_id`);

--
-- Indizes für die Tabelle `incoming_payments`
--
ALTER TABLE `incoming_payments`
  ADD PRIMARY KEY (`id`),
  ADD UNIQUE KEY `id` (`id`),
  ADD KEY `betrag` (`betrag`),
  ADD KEY `buchungstag` (`buchungstag`);

--
-- Indizes für die Tabelle `incoming_payment_mask`
--
ALTER TABLE `incoming_payment_mask`
  ADD PRIMARY KEY (`Id`);

--
-- Indizes für die Tabelle `kasse`
--
ALTER TABLE `kasse`
  ADD PRIMARY KEY (`id`),
  ADD KEY `customers_id` (`customers_id`),
  ADD KEY `orders_id` (`orders_id`),
  ADD KEY `branches_id` (`branches_id`),
  ADD KEY `rueckerstattungen_id` (`rueckerstattungen_id`);

--
-- Indizes für die Tabelle `kasse_payments`
--
ALTER TABLE `kasse_payments`
  ADD PRIMARY KEY (`kasse_payments_id`);

--
-- Indizes für die Tabelle `languages`
--
ALTER TABLE `languages`
  ADD PRIMARY KEY (`languages_id`),
  ADD KEY `IDX_LANGUAGES_NAME` (`name`),
  ADD KEY `name` (`name`);

--
-- Indizes für die Tabelle `lawyer_export`
--
ALTER TABLE `lawyer_export`
  ADD PRIMARY KEY (`lawyer_export_id`);

--
-- Indizes für die Tabelle `libri_warengruppen`
--
ALTER TABLE `libri_warengruppen`
  ADD PRIMARY KEY (`libri_warengruppen_id`),
  ADD KEY `categories_id` (`categories_id`,`warengruppe`);

--
-- Indizes für die Tabelle `manufacturers`
--
ALTER TABLE `manufacturers`
  ADD PRIMARY KEY (`manufacturers_id`),
  ADD KEY `IDX_MANUFACTURERS_NAME` (`manufacturers_name`),
  ADD KEY `manufacturers_name` (`manufacturers_name`);

--
-- Indizes für die Tabelle `manufacturers_info`
--
ALTER TABLE `manufacturers_info`
  ADD PRIMARY KEY (`manufacturers_id`,`languages_id`);

--
-- Indizes für die Tabelle `media_content`
--
ALTER TABLE `media_content`
  ADD PRIMARY KEY (`file_id`);

--
-- Indizes für die Tabelle `module_newsletter`
--
ALTER TABLE `module_newsletter`
  ADD PRIMARY KEY (`newsletter_id`);

--
-- Indizes für die Tabelle `module_newsletter_temp_1`
--
ALTER TABLE `module_newsletter_temp_1`
  ADD PRIMARY KEY (`id`);

--
-- Indizes für die Tabelle `newsletters`
--
ALTER TABLE `newsletters`
  ADD PRIMARY KEY (`newsletters_id`);

--
-- Indizes für die Tabelle `newsletters_history`
--
ALTER TABLE `newsletters_history`
  ADD PRIMARY KEY (`news_hist_id`);

--
-- Indizes für die Tabelle `newsletter_recipients`
--
ALTER TABLE `newsletter_recipients`
  ADD PRIMARY KEY (`mail_id`);

--
-- Indizes für die Tabelle `nmedia_serien`
--
ALTER TABLE `nmedia_serien`
  ADD PRIMARY KEY (`nmedia_serien_id`),
  ADD KEY `serie_nr` (`serie_nr`);

--
-- Indizes für die Tabelle `Notice_folders`
--
ALTER TABLE `Notice_folders`
  ADD PRIMARY KEY (`Notice_folders_id`),
  ADD KEY `customers_id` (`customers_id`);

--
-- Indizes für die Tabelle `Notice_notes`
--
ALTER TABLE `Notice_notes`
  ADD PRIMARY KEY (`id`),
  ADD KEY `usr` (`usr`);

--
-- Indizes für die Tabelle `Notice_reminder`
--
ALTER TABLE `Notice_reminder`
  ADD PRIMARY KEY (`Notice_reminder_id`),
  ADD KEY `Notice_notes_id` (`Notice_notes_id`);

--
-- Indizes für die Tabelle `Notice_rules`
--
ALTER TABLE `Notice_rules`
  ADD PRIMARY KEY (`Notice_rules_id`),
  ADD KEY `customers_id` (`customers_id`);

--
-- Indizes für die Tabelle `Notice_status`
--
ALTER TABLE `Notice_status`
  ADD KEY `notes_id` (`notes_id`),
  ADD KEY `Notice_folders_id` (`Notice_folders_id`),
  ADD KEY `usr` (`usr`);

--
-- Indizes für die Tabelle `orders_costs`
--
ALTER TABLE `orders_costs`
  ADD PRIMARY KEY (`orders_costs_id`),
  ADD KEY `orders_id` (`orders_id`);

--
-- Indizes für die Tabelle `orders_dhl_paketsteuerung`
--
ALTER TABLE `orders_dhl_paketsteuerung`
  ADD PRIMARY KEY (`orders_dhl_paketsteuerung_id`),
  ADD KEY `orders_id` (`orders_id`);

--
-- Indizes für die Tabelle `orders_pallets`
--
ALTER TABLE `orders_pallets`
  ADD PRIMARY KEY (`orders_pallets_id`);

--
-- Indizes für die Tabelle `orders_pallets_items`
--
ALTER TABLE `orders_pallets_items`
  ADD PRIMARY KEY (`orders_pallets_items_id`);

--
-- Indizes für die Tabelle `orders_paymentinstructions`
--
ALTER TABLE `orders_paymentinstructions`
  ADD PRIMARY KEY (`orders_paymentinstructions_id`),
  ADD KEY `orders_id` (`orders_id`);

--
-- Indizes für die Tabelle `orders_products`
--
ALTER TABLE `orders_products`
  ADD PRIMARY KEY (`orders_products_id`),
  ADD KEY `orders_id` (`orders_id`),
  ADD KEY `products_id` (`products_id`),
  ADD KEY `orders_id_2` (`orders_id`),
  ADD KEY `products_id_2` (`products_id`);

--
-- Indizes für die Tabelle `orders_products_attributes`
--
ALTER TABLE `orders_products_attributes`
  ADD PRIMARY KEY (`orders_products_attributes_id`);

--
-- Indizes für die Tabelle `orders_products_download`
--
ALTER TABLE `orders_products_download`
  ADD PRIMARY KEY (`orders_products_download_id`);

--
-- Indizes für die Tabelle `orders_products_events`
--
ALTER TABLE `orders_products_events`
  ADD KEY `events_to_event_tickets_id` (`events_to_event_tickets_id`);

--
-- Indizes für die Tabelle `orders_products_price_fixing`
--
ALTER TABLE `orders_products_price_fixing`
  ADD PRIMARY KEY (`orders_products_price_fixing_id`),
  ADD KEY `orders_products_id` (`orders_products_id`),
  ADD KEY `collie_products_id` (`collie_products_id`);

--
-- Indizes für die Tabelle `orders_products_properties`
--
ALTER TABLE `orders_products_properties`
  ADD PRIMARY KEY (`orders_products_properties_id`),
  ADD KEY `orders_products_id` (`orders_products_id`);

--
-- Indizes für die Tabelle `orders_products_serials`
--
ALTER TABLE `orders_products_serials`
  ADD PRIMARY KEY (`orders_products_serials_id`),
  ADD KEY `orders_products_id` (`orders_products_id`),
  ADD KEY `products_id` (`products_id`);

--
-- Indizes für die Tabelle `orders_recalculate`
--
ALTER TABLE `orders_recalculate`
  ADD PRIMARY KEY (`orders_recalculate_id`);

--
-- Indizes für die Tabelle `orders_status`
--
ALTER TABLE `orders_status`
  ADD PRIMARY KEY (`orders_status_id`,`language_id`),
  ADD KEY `orders_status_name` (`orders_status_name`);

--
-- Indizes für die Tabelle `orders_status_history`
--
ALTER TABLE `orders_status_history`
  ADD PRIMARY KEY (`orders_status_history_id`),
  ADD KEY `orders_id` (`orders_id`);

--
-- Indizes für die Tabelle `orders_total`
--
ALTER TABLE `orders_total`
  ADD PRIMARY KEY (`orders_total_id`),
  ADD KEY `orders_id` (`orders_id`),
  ADD KEY `class` (`class`),
  ADD KEY `idx_class_ordersid` (`class`,`orders_id`);

--
-- Indizes für die Tabelle `otc`
--
ALTER TABLE `otc`
  ADD PRIMARY KEY (`otc_id`),
  ADD KEY `orders_id` (`orders_id`),
  ADD KEY `reclamations_id` (`reclamations_id`);

--
-- Indizes für die Tabelle `packages_calc`
--
ALTER TABLE `packages_calc`
  ADD PRIMARY KEY (`id`),
  ADD KEY `orders_id` (`orders_id`),
  ADD KEY `reclamations_id` (`reclamations_id`);

--
-- Indizes für die Tabelle `packages_calc_dpd`
--
ALTER TABLE `packages_calc_dpd`
  ADD PRIMARY KEY (`packages_calc_dpd`);

--
-- Indizes für die Tabelle `packages_calc_easylog`
--
ALTER TABLE `packages_calc_easylog`
  ADD PRIMARY KEY (`packages_calc_easylog_id`);

--
-- Indizes für die Tabelle `packages_calc_fix`
--
ALTER TABLE `packages_calc_fix`
  ADD PRIMARY KEY (`id`);

--
-- Indizes für die Tabelle `packages_calc_hermesweb`
--
ALTER TABLE `packages_calc_hermesweb`
  ADD PRIMARY KEY (`packages_calc_hermesweb_id`);

--
-- Indizes für die Tabelle `packages_calc_UPS`
--
ALTER TABLE `packages_calc_UPS`
  ADD PRIMARY KEY (`packages_calc_ups_id`);

--
-- Indizes für die Tabelle `packages_easytosend_calc`
--
ALTER TABLE `packages_easytosend_calc`
  ADD PRIMARY KEY (`id`),
  ADD KEY `orders_id` (`orders_id`),
  ADD KEY `reclamations_id` (`reclamations_id`);

--
-- Indizes für die Tabelle `packages_postpaket_calc`
--
ALTER TABLE `packages_postpaket_calc`
  ADD PRIMARY KEY (`id`),
  ADD KEY `orders_id` (`orders_id`),
  ADD KEY `reclamations_id` (`reclamations_id`);

--
-- Indizes für die Tabelle `packagings`
--
ALTER TABLE `packagings`
  ADD PRIMARY KEY (`packagings_id`);

--
-- Indizes für die Tabelle `pangora`
--
ALTER TABLE `pangora`
  ADD PRIMARY KEY (`id`);

--
-- Indizes für die Tabelle `payment_moneybookers`
--
ALTER TABLE `payment_moneybookers`
  ADD PRIMARY KEY (`mb_TRID`);

--
-- Indizes für die Tabelle `payment_moneybookers_countries`
--
ALTER TABLE `payment_moneybookers_countries`
  ADD PRIMARY KEY (`osc_cID`);

--
-- Indizes für die Tabelle `payment_moneybookers_currencies`
--
ALTER TABLE `payment_moneybookers_currencies`
  ADD PRIMARY KEY (`mb_currID`);

--
-- Indizes für die Tabelle `payment_orders`
--
ALTER TABLE `payment_orders`
  ADD PRIMARY KEY (`payment_order_id`),
  ADD KEY `orders_id` (`orders_id`),
  ADD KEY `payment_id` (`payment_id`);

--
-- Indizes für die Tabelle `payment_qenta`
--
ALTER TABLE `payment_qenta`
  ADD PRIMARY KEY (`q_TRID`);

--
-- Indizes für die Tabelle `paypal_status_history`
--
ALTER TABLE `paypal_status_history`
  ADD PRIMARY KEY (`payment_status_history_id`),
  ADD KEY `paypal_ipn_id` (`paypal_ipn_id`);

--
-- Indizes für die Tabelle `personal_offers_by_customers_status_0`
--
ALTER TABLE `personal_offers_by_customers_status_0`
  ADD PRIMARY KEY (`price_id`);

--
-- Indizes für die Tabelle `personal_offers_by_customers_status_1`
--
ALTER TABLE `personal_offers_by_customers_status_1`
  ADD PRIMARY KEY (`price_id`);

--
-- Indizes für die Tabelle `personal_offers_by_customers_status_2`
--
ALTER TABLE `personal_offers_by_customers_status_2`
  ADD PRIMARY KEY (`price_id`);

--
-- Indizes für die Tabelle `personal_offers_by_customers_status_3`
--
ALTER TABLE `personal_offers_by_customers_status_3`
  ADD PRIMARY KEY (`price_id`);

--
-- Indizes für die Tabelle `personal_offers_by_customers_status_4`
--
ALTER TABLE `personal_offers_by_customers_status_4`
  ADD PRIMARY KEY (`price_id`);

--
-- Indizes für die Tabelle `personal_offers_by_customers_status_5`
--
ALTER TABLE `personal_offers_by_customers_status_5`
  ADD PRIMARY KEY (`price_id`);

--
-- Indizes für die Tabelle `personal_offers_by_customers_status_6`
--
ALTER TABLE `personal_offers_by_customers_status_6`
  ADD PRIMARY KEY (`price_id`);

--
-- Indizes für die Tabelle `personal_offers_by_customers_status_9`
--
ALTER TABLE `personal_offers_by_customers_status_9`
  ADD PRIMARY KEY (`price_id`),
  ADD KEY `products_id` (`products_id`);

--
-- Indizes für die Tabelle `personal_offers_by_customers_status_10`
--
ALTER TABLE `personal_offers_by_customers_status_10`
  ADD PRIMARY KEY (`price_id`),
  ADD KEY `products_id` (`products_id`);

--
-- Indizes für die Tabelle `personal_offers_by_customers_status_11`
--
ALTER TABLE `personal_offers_by_customers_status_11`
  ADD PRIMARY KEY (`price_id`),
  ADD KEY `products_id` (`products_id`);

--
-- Indizes für die Tabelle `personal_offers_by_customers_status_12`
--
ALTER TABLE `personal_offers_by_customers_status_12`
  ADD PRIMARY KEY (`price_id`),
  ADD KEY `products_id` (`products_id`);

--
-- Indizes für die Tabelle `personal_offers_by_customers_status_13`
--
ALTER TABLE `personal_offers_by_customers_status_13`
  ADD PRIMARY KEY (`price_id`),
  ADD KEY `products_id` (`products_id`);

--
-- Indizes für die Tabelle `personal_offers_by_customers_status_14`
--
ALTER TABLE `personal_offers_by_customers_status_14`
  ADD PRIMARY KEY (`price_id`),
  ADD KEY `products_id` (`products_id`);

--
-- Indizes für die Tabelle `personal_offers_by_customers_status_15`
--
ALTER TABLE `personal_offers_by_customers_status_15`
  ADD PRIMARY KEY (`price_id`),
  ADD KEY `products_id` (`products_id`);

--
-- Indizes für die Tabelle `personal_offers_by_customers_status_16`
--
ALTER TABLE `personal_offers_by_customers_status_16`
  ADD PRIMARY KEY (`price_id`),
  ADD KEY `products_id` (`products_id`);

--
-- Indizes für die Tabelle `personal_offers_by_customers_status_17`
--
ALTER TABLE `personal_offers_by_customers_status_17`
  ADD PRIMARY KEY (`price_id`),
  ADD KEY `products_id` (`products_id`);

--
-- Indizes für die Tabelle `personal_offers_by_customers_status_18`
--
ALTER TABLE `personal_offers_by_customers_status_18`
  ADD PRIMARY KEY (`price_id`),
  ADD KEY `products_id` (`products_id`);

--
-- Indizes für die Tabelle `personal_offers_by_customers_status_19`
--
ALTER TABLE `personal_offers_by_customers_status_19`
  ADD PRIMARY KEY (`price_id`),
  ADD KEY `products_id` (`products_id`);

--
-- Indizes für die Tabelle `personal_offers_by_customers_status_20`
--
ALTER TABLE `personal_offers_by_customers_status_20`
  ADD PRIMARY KEY (`price_id`),
  ADD KEY `products_id` (`products_id`);

--
-- Indizes für die Tabelle `personal_offers_by_customers_status_21`
--
ALTER TABLE `personal_offers_by_customers_status_21`
  ADD PRIMARY KEY (`price_id`),
  ADD KEY `products_id` (`products_id`);

--
-- Indizes für die Tabelle `personal_offers_by_customers_status_22`
--
ALTER TABLE `personal_offers_by_customers_status_22`
  ADD PRIMARY KEY (`price_id`),
  ADD KEY `products_id` (`products_id`);

--
-- Indizes für die Tabelle `personal_offers_by_customers_status_23`
--
ALTER TABLE `personal_offers_by_customers_status_23`
  ADD PRIMARY KEY (`price_id`),
  ADD KEY `products_id` (`products_id`);

--
-- Indizes für die Tabelle `personal_offers_by_customers_status_24`
--
ALTER TABLE `personal_offers_by_customers_status_24`
  ADD PRIMARY KEY (`price_id`),
  ADD KEY `products_id` (`products_id`);

--
-- Indizes für die Tabelle `personal_offers_by_customers_status_25`
--
ALTER TABLE `personal_offers_by_customers_status_25`
  ADD PRIMARY KEY (`price_id`),
  ADD KEY `products_id` (`products_id`);

--
-- Indizes für die Tabelle `products`
--
ALTER TABLE `products`
  ADD PRIMARY KEY (`products_id`),
  ADD KEY `products_ean` (`products_ean`),
  ADD KEY `products_date_added` (`products_date_added`),
  ADD KEY `products_status` (`products_status`),
  ADD KEY `products_master` (`products_master`),
  ADD KEY `manufacturers_id` (`manufacturers_id`),
  ADD KEY `products_status_2` (`products_status`),
  ADD KEY `manufacturers_id_2` (`manufacturers_id`),
  ADD KEY `products_status_3` (`products_status`),
  ADD KEY `packagings_id` (`packagings_id`);

--
-- Indizes für die Tabelle `products_attributes`
--
ALTER TABLE `products_attributes`
  ADD PRIMARY KEY (`products_attributes_id`),
  ADD KEY `products_id` (`products_id`);

--
-- Indizes für die Tabelle `products_attributes_download`
--
ALTER TABLE `products_attributes_download`
  ADD PRIMARY KEY (`products_attributes_id`);

--
-- Indizes für die Tabelle `products_characteristic`
--
ALTER TABLE `products_characteristic`
  ADD PRIMARY KEY (`products_characteristic_id`),
  ADD KEY `groups_id` (`groups_id`);

--
-- Indizes für die Tabelle `products_characteristic_description`
--
ALTER TABLE `products_characteristic_description`
  ADD PRIMARY KEY (`products_characteristic_description_id`),
  ADD KEY `products_characteristic_id` (`products_characteristic_id`),
  ADD KEY `language_id` (`language_id`);

--
-- Indizes für die Tabelle `products_characteristic_set`
--
ALTER TABLE `products_characteristic_set`
  ADD PRIMARY KEY (`products_characteristic_set_id`),
  ADD KEY `products_characteristic_id` (`products_characteristic_id`);

--
-- Indizes für die Tabelle `products_characteristic_set_description`
--
ALTER TABLE `products_characteristic_set_description`
  ADD PRIMARY KEY (`products_characteristic_set_description`),
  ADD KEY `products_characteristic_set_id` (`products_characteristic_set_id`),
  ADD KEY `language_id` (`language_id`);

--
-- Indizes für die Tabelle `products_characteristic_text_values`
--
ALTER TABLE `products_characteristic_text_values`
  ADD PRIMARY KEY (`products_characteristic_text_values_id`),
  ADD KEY `products_id` (`products_id`),
  ADD KEY `products_characteristic_id` (`products_characteristic_id`);

--
-- Indizes für die Tabelle `products_collies`
--
ALTER TABLE `products_collies`
  ADD PRIMARY KEY (`products_collies_id`),
  ADD KEY `products_id` (`products_id`),
  ADD KEY `collie_products_id` (`collie_products_id`);

--
-- Indizes für die Tabelle `products_conditions`
--
ALTER TABLE `products_conditions`
  ADD PRIMARY KEY (`products_conditions_id`);

--
-- Indizes für die Tabelle `products_conditions_description`
--
ALTER TABLE `products_conditions_description`
  ADD PRIMARY KEY (`products_conditions_description_id`),
  ADD KEY `products_conditions_id` (`products_conditions_id`);

--
-- Indizes für die Tabelle `products_content`
--
ALTER TABLE `products_content`
  ADD PRIMARY KEY (`content_id`);

--
-- Indizes für die Tabelle `products_content_description`
--
ALTER TABLE `products_content_description`
  ADD PRIMARY KEY (`products_content_description_id`),
  ADD KEY `content_id` (`content_id`);

--
-- Indizes für die Tabelle `products_default_shipper`
--
ALTER TABLE `products_default_shipper`
  ADD PRIMARY KEY (`products_default_shipper_id`),
  ADD KEY `products_id` (`products_id`),
  ADD KEY `shipper_profile` (`shipper_profile`);

--
-- Indizes für die Tabelle `products_description`
--
ALTER TABLE `products_description`
  ADD KEY `products_name` (`products_name`),
  ADD KEY `products_id` (`products_id`);

--
-- Indizes für die Tabelle `products_distributors`
--
ALTER TABLE `products_distributors`
  ADD PRIMARY KEY (`id`),
  ADD KEY `products_id` (`products_id`),
  ADD KEY `distributor_id` (`distributor_id`);

--
-- Indizes für die Tabelle `products_distributors_stock`
--
ALTER TABLE `products_distributors_stock`
  ADD PRIMARY KEY (`products_distributors_stock_id`),
  ADD KEY `distributor_id` (`distributor_id`),
  ADD KEY `products_id` (`products_id`);

--
-- Indizes für die Tabelle `products_fake_sets`
--
ALTER TABLE `products_fake_sets`
  ADD PRIMARY KEY (`products_fake_sets_id`),
  ADD KEY `products_id` (`products_id`);

--
-- Indizes für die Tabelle `products_google_feed_apparel`
--
ALTER TABLE `products_google_feed_apparel`
  ADD PRIMARY KEY (`products_google_feed_apparel_id`),
  ADD KEY `products_id` (`products_id`);

--
-- Indizes für die Tabelle `products_google_feed_data`
--
ALTER TABLE `products_google_feed_data`
  ADD PRIMARY KEY (`products_google_feed_data_id`),
  ADD KEY `products_id` (`products_id`);

--
-- Indizes für die Tabelle `products_graduated_prices`
--
ALTER TABLE `products_graduated_prices`
  ADD KEY `products_id` (`products_id`);

--
-- Indizes für die Tabelle `products_history`
--
ALTER TABLE `products_history`
  ADD PRIMARY KEY (`products_history_id`),
  ADD KEY `products_id` (`products_id`);

--
-- Indizes für die Tabelle `products_images`
--
ALTER TABLE `products_images`
  ADD PRIMARY KEY (`image_id`),
  ADD KEY `products_id` (`products_id`);

--
-- Indizes für die Tabelle `products_master_keys`
--
ALTER TABLE `products_master_keys`
  ADD PRIMARY KEY (`products_master_keys_id`),
  ADD KEY `products_id` (`products_id`);

--
-- Indizes für die Tabelle `products_master_keys_description`
--
ALTER TABLE `products_master_keys_description`
  ADD PRIMARY KEY (`products_master_keys_description_id`),
  ADD KEY `products_master_keys_id` (`products_master_keys_id`);

--
-- Indizes für die Tabelle `products_meldebestand_customers`
--
ALTER TABLE `products_meldebestand_customers`
  ADD PRIMARY KEY (`products_meldebestand_customers_id`),
  ADD KEY `products_id` (`products_id`,`customers_id`);

--
-- Indizes für die Tabelle `products_notifications`
--
ALTER TABLE `products_notifications`
  ADD PRIMARY KEY (`products_id`,`customers_id`);

--
-- Indizes für die Tabelle `products_options`
--
ALTER TABLE `products_options`
  ADD PRIMARY KEY (`products_options_id`,`language_id`);

--
-- Indizes für die Tabelle `products_options_values`
--
ALTER TABLE `products_options_values`
  ADD PRIMARY KEY (`products_options_values_id`,`language_id`);

--
-- Indizes für die Tabelle `products_options_values_to_products_options`
--
ALTER TABLE `products_options_values_to_products_options`
  ADD PRIMARY KEY (`products_options_values_to_products_options_id`);

--
-- Indizes für die Tabelle `products_properties`
--
ALTER TABLE `products_properties`
  ADD PRIMARY KEY (`products_properties_id`),
  ADD KEY `products_id` (`products_id`);

--
-- Indizes für die Tabelle `products_properties_description`
--
ALTER TABLE `products_properties_description`
  ADD PRIMARY KEY (`products_properties_description_id`),
  ADD KEY `products_properties_id` (`products_properties_id`);

--
-- Indizes für die Tabelle `products_properties_values`
--
ALTER TABLE `products_properties_values`
  ADD PRIMARY KEY (`products_properties_values_id`),
  ADD KEY `products_properties_description_id` (`products_properties_id`);

--
-- Indizes für die Tabelle `products_properties_values_description`
--
ALTER TABLE `products_properties_values_description`
  ADD PRIMARY KEY (`products_properties_values_description_id`),
  ADD KEY `products_properties_description_id` (`products_properties_values_id`);

--
-- Indizes für die Tabelle `products_questions`
--
ALTER TABLE `products_questions`
  ADD PRIMARY KEY (`products_questions_id`);

--
-- Indizes für die Tabelle `products_serials`
--
ALTER TABLE `products_serials`
  ADD PRIMARY KEY (`products_serials_id`),
  ADD KEY `products_id` (`products_id`);

--
-- Indizes für die Tabelle `products_shipping_extra_charge`
--
ALTER TABLE `products_shipping_extra_charge`
  ADD PRIMARY KEY (`products_shipping_extra_charge_id`),
  ADD KEY `products_id` (`products_id`),
  ADD KEY `shipping_graduation_groups_id` (`shipping_graduation_groups_id`);

--
-- Indizes für die Tabelle `products_storages`
--
ALTER TABLE `products_storages`
  ADD PRIMARY KEY (`id`),
  ADD KEY `products_id` (`products_id`),
  ADD KEY `storage_id` (`storage_id`);

--
-- Indizes für die Tabelle `products_storages_history`
--
ALTER TABLE `products_storages_history`
  ADD PRIMARY KEY (`id`),
  ADD KEY `products_id` (`products_id`),
  ADD KEY `storage_id` (`storage_id`);

--
-- Indizes für die Tabelle `products_tax_rates_allocation`
--
ALTER TABLE `products_tax_rates_allocation`
  ADD PRIMARY KEY (`products_tax_rates_allocation_id`),
  ADD KEY `products_id` (`products_id`),
  ADD KEY `tax_rates_id` (`tax_rates_id`);

--
-- Indizes für die Tabelle `products_to_categories`
--
ALTER TABLE `products_to_categories`
  ADD PRIMARY KEY (`products_id`,`categories_id`),
  ADD KEY `categories_id` (`categories_id`);

--
-- Indizes für die Tabelle `products_to_characteristics`
--
ALTER TABLE `products_to_characteristics`
  ADD PRIMARY KEY (`products_to_characteristics_id`),
  ADD KEY `products_id` (`products_id`),
  ADD KEY `products_characteristic_set_id` (`products_characteristic_set_id`);

--
-- Indizes für die Tabelle `products_to_groups`
--
ALTER TABLE `products_to_groups`
  ADD KEY `products_id` (`products_id`),
  ADD KEY `groups_id` (`groups_id`);

--
-- Indizes für die Tabelle `products_vpe`
--
ALTER TABLE `products_vpe`
  ADD KEY `language_id` (`language_id`);

--
-- Indizes für die Tabelle `products_xsell`
--
ALTER TABLE `products_xsell`
  ADD PRIMARY KEY (`ID`),
  ADD KEY `products_id` (`products_id`),
  ADD KEY `xsell_id` (`xsell_id`);

--
-- Indizes für die Tabelle `product_properties_xy_prices`
--
ALTER TABLE `product_properties_xy_prices`
  ADD PRIMARY KEY (`product_properties_xy_prices_id`),
  ADD KEY `products_id` (`products_id`);

--
-- Indizes für die Tabelle `product_properties_xy_prices_values`
--
ALTER TABLE `product_properties_xy_prices_values`
  ADD PRIMARY KEY (`product_properties_xy_prices_values_id`),
  ADD KEY `product_properties_xy_prices_id` (`product_properties_xy_prices_id`);

--
-- Indizes für die Tabelle `product_properties_xy_prices_values_for_properties`
--
ALTER TABLE `product_properties_xy_prices_values_for_properties`
  ADD PRIMARY KEY (`product_properties_xy_prices_values_for_properties_id`),
  ADD KEY `product_properties_xy_prices_values_id` (`product_properties_xy_prices_values_id`),
  ADD KEY `products_properties_id` (`products_properties_id`);

--
-- Indizes für die Tabelle `product_un_classification`
--
ALTER TABLE `product_un_classification`
  ADD PRIMARY KEY (`product_un_classification_id`),
  ADD KEY `product_un_classification_products_id_IDX` (`products_id`) USING BTREE;

--
-- Indizes für die Tabelle `push_customer_allocations`
--
ALTER TABLE `push_customer_allocations`
  ADD PRIMARY KEY (`push_customer_allocations_id`),
  ADD KEY `customers_id` (`customers_id`);

--
-- Indizes für die Tabelle `reclamations`
--
ALTER TABLE `reclamations`
  ADD PRIMARY KEY (`reclamations_id`),
  ADD KEY `orders_id` (`orders_id`),
  ADD KEY `customers_id` (`customers_id`);

--
-- Indizes für die Tabelle `reclamations_bestandssperre`
--
ALTER TABLE `reclamations_bestandssperre`
  ADD PRIMARY KEY (`reclamations_bestandssperre_id`),
  ADD KEY `reclamations_id` (`reclamations_id`),
  ADD KEY `products_id` (`products_id`);

--
-- Indizes für die Tabelle `reclamations_products`
--
ALTER TABLE `reclamations_products`
  ADD PRIMARY KEY (`reclamations_products_id`),
  ADD KEY `reclamations_id` (`reclamations_id`),
  ADD KEY `products_id` (`products_id`);

--
-- Indizes für die Tabelle `reclamations_products_properties`
--
ALTER TABLE `reclamations_products_properties`
  ADD PRIMARY KEY (`reclamations_products_properties_id`),
  ADD KEY `reclamations_products_id` (`reclamations_products_id`);

--
-- Indizes für die Tabelle `reclamations_products_serials`
--
ALTER TABLE `reclamations_products_serials`
  ADD PRIMARY KEY (`reclamations_products_serials_id`),
  ADD KEY `reclamations_products_id` (`reclamations_products_id`),
  ADD KEY `products_id` (`products_id`);

--
-- Indizes für die Tabelle `reclamations_reasons`
--
ALTER TABLE `reclamations_reasons`
  ADD PRIMARY KEY (`reclamations_reasons_id`);

--
-- Indizes für die Tabelle `reclamations_recalculate`
--
ALTER TABLE `reclamations_recalculate`
  ADD PRIMARY KEY (`reclamations_recalculate_id`);

--
-- Indizes für die Tabelle `reclamations_status`
--
ALTER TABLE `reclamations_status`
  ADD PRIMARY KEY (`reclamations_status_id`,`language_id`),
  ADD KEY `reclamations_status_name` (`reclamations_status_name`);

--
-- Indizes für die Tabelle `reclamations_status_history`
--
ALTER TABLE `reclamations_status_history`
  ADD PRIMARY KEY (`reclamations_status_history_id`),
  ADD KEY `reclamations_id` (`reclamations_id`);

--
-- Indizes für die Tabelle `reclamations_total`
--
ALTER TABLE `reclamations_total`
  ADD PRIMARY KEY (`reclamations_total_id`),
  ADD KEY `reclamations_id` (`reclamations_id`);

--
-- Indizes für die Tabelle `reclamations_to_reclamations_reasons`
--
ALTER TABLE `reclamations_to_reclamations_reasons`
  ADD KEY `reclamations_id` (`reclamations_id`),
  ADD KEY `reclamations_reasons_id` (`reclamations_reasons_id`);

--
-- Indizes für die Tabelle `reclamations_types`
--
ALTER TABLE `reclamations_types`
  ADD PRIMARY KEY (`reclamations_types_id`);

--
-- Indizes für die Tabelle `retouren`
--
ALTER TABLE `retouren`
  ADD PRIMARY KEY (`retoure_id`),
  ADD KEY `orders_id` (`orders_id`),
  ADD KEY `reclamations_id` (`reclamations_id`),
  ADD KEY `customers_id` (`customers_id`);

--
-- Indizes für die Tabelle `retoure_products`
--
ALTER TABLE `retoure_products`
  ADD PRIMARY KEY (`retoure_products_id`),
  ADD KEY `retoure_id` (`retoure_id`),
  ADD KEY `products_id` (`products_id`);

--
-- Indizes für die Tabelle `retoure_products_properties`
--
ALTER TABLE `retoure_products_properties`
  ADD PRIMARY KEY (`retoure_products_properties_id`),
  ADD KEY `retoure_products_id` (`retoure_products_id`);

--
-- Indizes für die Tabelle `retoure_products_serials`
--
ALTER TABLE `retoure_products_serials`
  ADD PRIMARY KEY (`retoure_products_serials_id`),
  ADD KEY `retoure_products_id` (`retoure_products_id`),
  ADD KEY `products_id` (`products_id`);

--
-- Indizes für die Tabelle `retoure_status`
--
ALTER TABLE `retoure_status`
  ADD PRIMARY KEY (`retoure_status_id`);

--
-- Indizes für die Tabelle `retoure_status_history`
--
ALTER TABLE `retoure_status_history`
  ADD PRIMARY KEY (`retoure_status_history_id`),
  ADD KEY `retoure_id` (`retoure_id`);

--
-- Indizes für die Tabelle `reviews`
--
ALTER TABLE `reviews`
  ADD PRIMARY KEY (`reviews_id`);

--
-- Indizes für die Tabelle `reviews_description`
--
ALTER TABLE `reviews_description`
  ADD PRIMARY KEY (`reviews_id`,`languages_id`);

--
-- Indizes für die Tabelle `rueckerstattungen_status`
--
ALTER TABLE `rueckerstattungen_status`
  ADD PRIMARY KEY (`rueckerstattungen_status_id`);

--
-- Indizes für die Tabelle `rueckerstattungen_status_history`
--
ALTER TABLE `rueckerstattungen_status_history`
  ADD PRIMARY KEY (`rueckerstattungen_status_history_id`),
  ADD KEY `rueckerstattungen_id` (`rueckerstattungen_id`);

--
-- Indizes für die Tabelle `rueckerstattungen_types`
--
ALTER TABLE `rueckerstattungen_types`
  ADD PRIMARY KEY (`rueckerstattungen_type_id`);

--
-- Indizes für die Tabelle `search_allocations`
--
ALTER TABLE `search_allocations`
  ADD KEY `word` (`word`);

--
-- Indizes für die Tabelle `secupay_payment_allocations`
--
ALTER TABLE `secupay_payment_allocations`
  ADD PRIMARY KEY (`secupay_payment_allocations_id`),
  ADD KEY `orders_id` (`orders_id`);

--
-- Indizes für die Tabelle `shipper_profiles`
--
ALTER TABLE `shipper_profiles`
  ADD PRIMARY KEY (`shipper_profiles_id`),
  ADD UNIQUE KEY `profile_name` (`profile_name`) USING BTREE;

--
-- Indizes für die Tabelle `shippings`
--
ALTER TABLE `shippings`
  ADD PRIMARY KEY (`id`),
  ADD KEY `orders_id` (`orders_id`),
  ADD KEY `reclamations_id` (`reclamations_id`),
  ADD KEY `customers_id` (`customers_id`);

--
-- Indizes für die Tabelle `shippings_products`
--
ALTER TABLE `shippings_products`
  ADD PRIMARY KEY (`shippings_products_id`),
  ADD KEY `shippings_id` (`shippings_id`,`products_id`,`source_products_id`);

--
-- Indizes für die Tabelle `shippings_tracking_numbers`
--
ALTER TABLE `shippings_tracking_numbers`
  ADD PRIMARY KEY (`shippings_tracking_numbers_id`),
  ADD KEY `shippings_id` (`shippings_id`);

--
-- Indizes für die Tabelle `shippings_tracking_numbers_temp`
--
ALTER TABLE `shippings_tracking_numbers_temp`
  ADD PRIMARY KEY (`shippings_tracking_numbers_temp_id`),
  ADD KEY `target_type_id` (`target_type_id`);

--
-- Indizes für die Tabelle `shipping_graduation`
--
ALTER TABLE `shipping_graduation`
  ADD PRIMARY KEY (`shipping_graduation_id`);

--
-- Indizes für die Tabelle `shipping_graduation_countries`
--
ALTER TABLE `shipping_graduation_countries`
  ADD PRIMARY KEY (`shipping_graduation_countries_id`),
  ADD KEY `country_id` (`country_id`),
  ADD KEY `shipping_graduation_groups_id` (`shipping_graduation_groups_id`);

--
-- Indizes für die Tabelle `shipping_graduation_groups`
--
ALTER TABLE `shipping_graduation_groups`
  ADD PRIMARY KEY (`shipping_graduation_groups_id`);

--
-- Indizes für die Tabelle `shipping_graduation_products`
--
ALTER TABLE `shipping_graduation_products`
  ADD PRIMARY KEY (`shipping_graduation_products_id`),
  ADD KEY `shipping_graduation_groups_id` (`shipping_graduation_groups_id`),
  ADD KEY `products_id` (`products_id`);

--
-- Indizes für die Tabelle `shipping_graduation_values`
--
ALTER TABLE `shipping_graduation_values`
  ADD KEY `shipping_graduation_id` (`shipping_graduation_id`),
  ADD KEY `shipping_graduation_weights_id` (`shipping_graduation_weights_id`),
  ADD KEY `shipping_graduation_groups_id` (`shipping_graduation_groups_id`);

--
-- Indizes für die Tabelle `shipping_graduation_weights`
--
ALTER TABLE `shipping_graduation_weights`
  ADD PRIMARY KEY (`shipping_graduation_weights_id`);

--
-- Indizes für die Tabelle `shipping_status`
--
ALTER TABLE `shipping_status`
  ADD PRIMARY KEY (`shipping_status_id`,`language_id`),
  ADD KEY `shipping_status_name` (`shipping_status_name`);

--
-- Indizes für die Tabelle `specials`
--
ALTER TABLE `specials`
  ADD PRIMARY KEY (`specials_id`),
  ADD KEY `products_id` (`products_id`),
  ADD KEY `specials_date_added` (`specials_date_added`),
  ADD KEY `products_id_2` (`products_id`);

--
-- Indizes für die Tabelle `specials_ebay_revise`
--
ALTER TABLE `specials_ebay_revise`
  ADD PRIMARY KEY (`specials_ebay_revise_id`),
  ADD KEY `specials_id` (`specials_id`),
  ADD KEY `ebay_auctions_id` (`ebay_auctions_id`);

--
-- Indizes für die Tabelle `storages`
--
ALTER TABLE `storages`
  ADD PRIMARY KEY (`id`);

--
-- Indizes für die Tabelle `storage_numbers`
--
ALTER TABLE `storage_numbers`
  ADD PRIMARY KEY (`id`),
  ADD KEY `products_id` (`products_id`),
  ADD KEY `storage_id` (`storage_id`);

--
-- Indizes für die Tabelle `storage_places`
--
ALTER TABLE `storage_places`
  ADD PRIMARY KEY (`storage_places_id`),
  ADD KEY `storage_id` (`storage_id`);

--
-- Indizes für die Tabelle `storage_products`
--
ALTER TABLE `storage_products`
  ADD PRIMARY KEY (`id`),
  ADD KEY `storage_id` (`storage_id`),
  ADD KEY `products_id` (`products_id`),
  ADD KEY `storage_place` (`storage_place`),
  ADD KEY `storage_places_id` (`storage_places_id`);

--
-- Indizes für die Tabelle `storage_products_transfer`
--
ALTER TABLE `storage_products_transfer`
  ADD PRIMARY KEY (`storage_products_transfer_id`),
  ADD KEY `source_storage_products_id` (`source_storage_products_id`,`target_storage_products_id`,`quantity`),
  ADD KEY `shipping_products_id` (`shipping_products_id`);

--
-- Indizes für die Tabelle `system_alerts_status`
--
ALTER TABLE `system_alerts_status`
  ADD PRIMARY KEY (`system_alerts_status_id`),
  ADD KEY `customers_id` (`customers_id`);

--
-- Indizes für die Tabelle `table_lock`
--
ALTER TABLE `table_lock`
  ADD PRIMARY KEY (`id`);

--
-- Indizes für die Tabelle `tags`
--
ALTER TABLE `tags`
  ADD PRIMARY KEY (`tags_id`),
  ADD KEY `type` (`type`);

--
-- Indizes für die Tabelle `tags_products`
--
ALTER TABLE `tags_products`
  ADD PRIMARY KEY (`tags_products_id`),
  ADD KEY `tags_id` (`tags_id`,`products_id`);

--
-- Indizes für die Tabelle `tax_class`
--
ALTER TABLE `tax_class`
  ADD PRIMARY KEY (`tax_class_id`);

--
-- Indizes für die Tabelle `tax_rates`
--
ALTER TABLE `tax_rates`
  ADD PRIMARY KEY (`tax_rates_id`),
  ADD KEY `tax_class_id` (`tax_class_id`),
  ADD KEY `tax_zone_id` (`tax_zone_id`);

--
-- Indizes für die Tabelle `testeo`
--
ALTER TABLE `testeo`
  ADD PRIMARY KEY (`yourID`);

--
-- Indizes für die Tabelle `units`
--
ALTER TABLE `units`
  ADD PRIMARY KEY (`units_id`);

--
-- Indizes für die Tabelle `units_description`
--
ALTER TABLE `units_description`
  ADD PRIMARY KEY (`units_description_id`),
  ADD KEY `units_id` (`units_id`);

--
-- Indizes für die Tabelle `un_classifications`
--
ALTER TABLE `un_classifications`
  ADD PRIMARY KEY (`un_classifications_id`);

--
-- Indizes für die Tabelle `wishlist_attributes`
--
ALTER TABLE `wishlist_attributes`
  ADD PRIMARY KEY (`attributes_id`);

--
-- Indizes für die Tabelle `wishlist_customers`
--
ALTER TABLE `wishlist_customers`
  ADD PRIMARY KEY (`id`),
  ADD KEY `customers_id` (`customers_id`);

--
-- Indizes für die Tabelle `wishlist_products`
--
ALTER TABLE `wishlist_products`
  ADD PRIMARY KEY (`id`),
  ADD KEY `wishlist_customers_id` (`wishlist_customers_id`),
  ADD KEY `products_id` (`products_id`);

--
-- Indizes für die Tabelle `wrapping_counter`
--
ALTER TABLE `wrapping_counter`
  ADD PRIMARY KEY (`wrapping_counter_id`),
  ADD KEY `orders_id` (`orders_id`);

--
-- Indizes für die Tabelle `yes_amazon_pay_refunds`
--
ALTER TABLE `yes_amazon_pay_refunds`
  ADD PRIMARY KEY (`yes_amazon_pay_refunds_id`),
  ADD KEY `yes_amazon_pay_reference_id` (`yes_amazon_pay_reference_id`);

--
-- Indizes für die Tabelle `yes_cron_exports`
--
ALTER TABLE `yes_cron_exports`
  ADD PRIMARY KEY (`yes_cron_exports_id`);

--
-- Indizes für die Tabelle `yes_cron_export_heading_rows`
--
ALTER TABLE `yes_cron_export_heading_rows`
  ADD PRIMARY KEY (`yes_cron_export_heading_rows_id`),
  ADD KEY `yes_cron_exports_id` (`yes_cron_exports_id`);

--
-- Indizes für die Tabelle `yes_help`
--
ALTER TABLE `yes_help`
  ADD PRIMARY KEY (`help_id`);

--
-- Indizes für die Tabelle `yes_xmlrpc_import_config`
--
ALTER TABLE `yes_xmlrpc_import_config`
  ADD PRIMARY KEY (`yes_xmlrpc_import_config_id`),
  ADD KEY `yes_xmlrpc_token_id` (`yes_xmlrpc_remote_token_id`);

--
-- Indizes für die Tabelle `yes_xmlrpc_products`
--
ALTER TABLE `yes_xmlrpc_products`
  ADD PRIMARY KEY (`yes_xmlrpc_products_id`),
  ADD KEY `yes_xmlrpc_remote_token_id` (`yes_xmlrpc_remote_token_id`);

--
-- Indizes für die Tabelle `zones`
--
ALTER TABLE `zones`
  ADD PRIMARY KEY (`zone_id`);

--
-- Indizes für die Tabelle `zones_to_geo_zones`
--
ALTER TABLE `zones_to_geo_zones`
  ADD PRIMARY KEY (`association_id`),
  ADD KEY `zone_country_id` (`zone_country_id`),
  ADD KEY `zone_id` (`zone_id`),
  ADD KEY `geo_zone_id` (`geo_zone_id`);

--
-- AUTO_INCREMENT für exportierte Tabellen
--

--
-- AUTO_INCREMENT für Tabelle `address_book`
--
ALTER TABLE `address_book`
  MODIFY `address_book_id` int(11) NOT NULL AUTO_INCREMENT, AUTO_INCREMENT=5006;

--
-- AUTO_INCREMENT für Tabelle `address_format`
--
ALTER TABLE `address_format`
  MODIFY `address_format_id` int(11) NOT NULL AUTO_INCREMENT, AUTO_INCREMENT=6;

--
-- AUTO_INCREMENT für Tabelle `admin_access_scheme`
--
ALTER TABLE `admin_access_scheme`
  MODIFY `admin_access_scheme_id` int(11) NOT NULL AUTO_INCREMENT, AUTO_INCREMENT=26;

--
-- AUTO_INCREMENT für Tabelle `admin_access_scheme_values`
--
ALTER TABLE `admin_access_scheme_values`
  MODIFY `admin_access_scheme_values_id` int(11) NOT NULL AUTO_INCREMENT, AUTO_INCREMENT=9952;

--
-- AUTO_INCREMENT für Tabelle `after_shipping_payment_orders`
--
ALTER TABLE `after_shipping_payment_orders`
  MODIFY `after_shipping_payment_orders_id` int(11) NOT NULL AUTO_INCREMENT;

--
-- AUTO_INCREMENT für Tabelle `amazon_feeds`
--
ALTER TABLE `amazon_feeds`
  MODIFY `amazon_feeds_id` int(11) NOT NULL AUTO_INCREMENT;

--
-- AUTO_INCREMENT für Tabelle `amazon_feeds_order_fulfillments`
--
ALTER TABLE `amazon_feeds_order_fulfillments`
  MODIFY `amazon_feeds_order_fulfillments_id` int(11) NOT NULL AUTO_INCREMENT;

--
-- AUTO_INCREMENT für Tabelle `amazon_feeds_price_items`
--
ALTER TABLE `amazon_feeds_price_items`
  MODIFY `amazon_feeds_price_items_id` int(11) NOT NULL AUTO_INCREMENT;

--
-- AUTO_INCREMENT für Tabelle `amazon_feeds_product_listing`
--
ALTER TABLE `amazon_feeds_product_listing`
  MODIFY `amazon_feeds_product_listing_id` int(11) NOT NULL AUTO_INCREMENT;

--
-- AUTO_INCREMENT für Tabelle `amazon_feeds_quantity_items`
--
ALTER TABLE `amazon_feeds_quantity_items`
  MODIFY `amazon_feeds_quantity_items_id` int(11) NOT NULL AUTO_INCREMENT;

--
-- AUTO_INCREMENT für Tabelle `amazon_feeds_upload_vat_invoice`
--
ALTER TABLE `amazon_feeds_upload_vat_invoice`
  MODIFY `amazon_feeds_upload_vat_invoice_id` int(11) NOT NULL AUTO_INCREMENT;

--
-- AUTO_INCREMENT für Tabelle `amazon_feed_collector`
--
ALTER TABLE `amazon_feed_collector`
  MODIFY `amazon_feed_collector_id` int(11) NOT NULL AUTO_INCREMENT;

--
-- AUTO_INCREMENT für Tabelle `amazon_orders`
--
ALTER TABLE `amazon_orders`
  MODIFY `amazon_orders_id` int(11) NOT NULL AUTO_INCREMENT;

--
-- AUTO_INCREMENT für Tabelle `amazon_orders_fba`
--
ALTER TABLE `amazon_orders_fba`
  MODIFY `amazon_orders_fba_id` int(11) NOT NULL AUTO_INCREMENT;

--
-- AUTO_INCREMENT für Tabelle `amazon_orders_products`
--
ALTER TABLE `amazon_orders_products`
  MODIFY `amazon_orders_products_id` int(11) NOT NULL AUTO_INCREMENT;

--
-- AUTO_INCREMENT für Tabelle `amazon_products`
--
ALTER TABLE `amazon_products`
  MODIFY `amazon_products_id` int(11) NOT NULL AUTO_INCREMENT;

--
-- AUTO_INCREMENT für Tabelle `amazon_products_fba`
--
ALTER TABLE `amazon_products_fba`
  MODIFY `amazon_products_fba_id` int(11) NOT NULL AUTO_INCREMENT;

--
-- AUTO_INCREMENT für Tabelle `amazon_settlements`
--
ALTER TABLE `amazon_settlements`
  MODIFY `amazon_settlements_id` int(11) NOT NULL AUTO_INCREMENT;

--
-- AUTO_INCREMENT für Tabelle `amz_products_excluded`
--
ALTER TABLE `amz_products_excluded`
  MODIFY `amz_products_excluded_id` int(11) NOT NULL AUTO_INCREMENT;

--
-- AUTO_INCREMENT für Tabelle `amz_transactions`
--
ALTER TABLE `amz_transactions`
  MODIFY `amz_tx_id` int(11) NOT NULL AUTO_INCREMENT;

--
-- AUTO_INCREMENT für Tabelle `banners`
--
ALTER TABLE `banners`
  MODIFY `banners_id` int(11) NOT NULL AUTO_INCREMENT;

--
-- AUTO_INCREMENT für Tabelle `banners_history`
--
ALTER TABLE `banners_history`
  MODIFY `banners_history_id` int(11) NOT NULL AUTO_INCREMENT;

--
-- AUTO_INCREMENT für Tabelle `branches`
--
ALTER TABLE `branches`
  MODIFY `branches_id` int(11) NOT NULL AUTO_INCREMENT, AUTO_INCREMENT=2;

--
-- AUTO_INCREMENT für Tabelle `branches_history`
--
ALTER TABLE `branches_history`
  MODIFY `branches_history_id` int(11) NOT NULL AUTO_INCREMENT, AUTO_INCREMENT=6;

--
-- AUTO_INCREMENT für Tabelle `branches_orders_fibunumbers`
--
ALTER TABLE `branches_orders_fibunumbers`
  MODIFY `branches_orders_fibunumbers` int(11) NOT NULL AUTO_INCREMENT;

--
-- AUTO_INCREMENT für Tabelle `branches_products`
--
ALTER TABLE `branches_products`
  MODIFY `branches_products_id` int(11) NOT NULL AUTO_INCREMENT;

--
-- AUTO_INCREMENT für Tabelle `branches_products_serials`
--
ALTER TABLE `branches_products_serials`
  MODIFY `branches_products_serials_id` int(11) NOT NULL AUTO_INCREMENT;

--
-- AUTO_INCREMENT für Tabelle `branches_to_customers`
--
ALTER TABLE `branches_to_customers`
  MODIFY `branches_to_customers_id` int(11) NOT NULL AUTO_INCREMENT;

--
-- AUTO_INCREMENT für Tabelle `branches_transfer`
--
ALTER TABLE `branches_transfer`
  MODIFY `branches_transfer_id` int(11) NOT NULL AUTO_INCREMENT, AUTO_INCREMENT=3;

--
-- AUTO_INCREMENT für Tabelle `branches_transfer_products`
--
ALTER TABLE `branches_transfer_products`
  MODIFY `branches_transfer_products_id` int(11) NOT NULL AUTO_INCREMENT, AUTO_INCREMENT=4;

--
-- AUTO_INCREMENT für Tabelle `branches_transfer_status`
--
ALTER TABLE `branches_transfer_status`
  MODIFY `branches_transfer_status_id` int(11) NOT NULL AUTO_INCREMENT, AUTO_INCREMENT=5;

--
-- AUTO_INCREMENT für Tabelle `branches_transfer_status_history`
--
ALTER TABLE `branches_transfer_status_history`
  MODIFY `branches_transfer_status_history_id` int(11) NOT NULL AUTO_INCREMENT, AUTO_INCREMENT=7;

--
-- AUTO_INCREMENT für Tabelle `cancel_auctions`
--
ALTER TABLE `cancel_auctions`
  MODIFY `cancel_auctions_id` int(11) NOT NULL AUTO_INCREMENT;

--
-- AUTO_INCREMENT für Tabelle `categories`
--
ALTER TABLE `categories`
  MODIFY `categories_id` int(11) NOT NULL AUTO_INCREMENT, AUTO_INCREMENT=67;

--
-- AUTO_INCREMENT für Tabelle `categories_exclude`
--
ALTER TABLE `categories_exclude`
  MODIFY `categories_exclude_id` int(1) NOT NULL AUTO_INCREMENT;

--
-- AUTO_INCREMENT für Tabelle `categories_to_groups`
--
ALTER TABLE `categories_to_groups`
  MODIFY `categories_to_groups_id` int(11) NOT NULL AUTO_INCREMENT, AUTO_INCREMENT=2;

--
-- AUTO_INCREMENT für Tabelle `categories_to_groups_characteristics`
--
ALTER TABLE `categories_to_groups_characteristics`
  MODIFY `categories_to_groups_characteristics_id` int(11) NOT NULL AUTO_INCREMENT;

--
-- AUTO_INCREMENT für Tabelle `change_status_history`
--
ALTER TABLE `change_status_history`
  MODIFY `id` int(11) NOT NULL AUTO_INCREMENT;

--
-- AUTO_INCREMENT für Tabelle `configuration`
--
ALTER TABLE `configuration`
  MODIFY `configuration_id` int(11) NOT NULL AUTO_INCREMENT, AUTO_INCREMENT=830;

--
-- AUTO_INCREMENT für Tabelle `configuration_group`
--
ALTER TABLE `configuration_group`
  MODIFY `configuration_group_id` int(11) NOT NULL AUTO_INCREMENT, AUTO_INCREMENT=114;

--
-- AUTO_INCREMENT für Tabelle `content_manager`
--
ALTER TABLE `content_manager`
  MODIFY `content_id` int(11) NOT NULL AUTO_INCREMENT, AUTO_INCREMENT=87;

--
-- AUTO_INCREMENT für Tabelle `costs`
--
ALTER TABLE `costs`
  MODIFY `costs_id` int(11) NOT NULL AUTO_INCREMENT;

--
-- AUTO_INCREMENT für Tabelle `countries`
--
ALTER TABLE `countries`
  MODIFY `countries_id` int(11) NOT NULL AUTO_INCREMENT, AUTO_INCREMENT=242;

--
-- AUTO_INCREMENT für Tabelle `coupons`
--
ALTER TABLE `coupons`
  MODIFY `coupon_id` int(11) NOT NULL AUTO_INCREMENT;

--
-- AUTO_INCREMENT für Tabelle `coupon_email_track`
--
ALTER TABLE `coupon_email_track`
  MODIFY `unique_id` int(11) NOT NULL AUTO_INCREMENT;

--
-- AUTO_INCREMENT für Tabelle `coupon_gv_queue`
--
ALTER TABLE `coupon_gv_queue`
  MODIFY `unique_id` int(5) NOT NULL AUTO_INCREMENT;

--
-- AUTO_INCREMENT für Tabelle `coupon_redeem_track`
--
ALTER TABLE `coupon_redeem_track`
  MODIFY `unique_id` int(11) NOT NULL AUTO_INCREMENT;

--
-- AUTO_INCREMENT für Tabelle `currencies`
--
ALTER TABLE `currencies`
  MODIFY `currencies_id` int(11) NOT NULL AUTO_INCREMENT, AUTO_INCREMENT=3;

--
-- AUTO_INCREMENT für Tabelle `customers_basket`
--
ALTER TABLE `customers_basket`
  MODIFY `customers_basket_id` int(11) NOT NULL AUTO_INCREMENT, AUTO_INCREMENT=70;

--
-- AUTO_INCREMENT für Tabelle `customers_basket_attributes`
--
ALTER TABLE `customers_basket_attributes`
  MODIFY `customers_basket_attributes_id` int(11) NOT NULL AUTO_INCREMENT;

--
-- AUTO_INCREMENT für Tabelle `customers_email_aliases`
--
ALTER TABLE `customers_email_aliases`
  MODIFY `customers_email_aliases_id` int(11) NOT NULL AUTO_INCREMENT;

--
-- AUTO_INCREMENT für Tabelle `customers_email_filter`
--
ALTER TABLE `customers_email_filter`
  MODIFY `customers_email_filter_id` int(11) NOT NULL AUTO_INCREMENT;

--
-- AUTO_INCREMENT für Tabelle `customers_ip`
--
ALTER TABLE `customers_ip`
  MODIFY `customers_ip_id` int(11) NOT NULL AUTO_INCREMENT, AUTO_INCREMENT=225;

--
-- AUTO_INCREMENT für Tabelle `customers_memo`
--
ALTER TABLE `customers_memo`
  MODIFY `memo_id` int(11) NOT NULL AUTO_INCREMENT, AUTO_INCREMENT=17;

--
-- AUTO_INCREMENT für Tabelle `customers_status_history`
--
ALTER TABLE `customers_status_history`
  MODIFY `customers_status_history_id` int(11) NOT NULL AUTO_INCREMENT, AUTO_INCREMENT=3;

--
-- AUTO_INCREMENT für Tabelle `default_products_master_keys`
--
ALTER TABLE `default_products_master_keys`
  MODIFY `default_products_master_keys_id` int(11) NOT NULL AUTO_INCREMENT;

--
-- AUTO_INCREMENT für Tabelle `default_products_master_keys_description`
--
ALTER TABLE `default_products_master_keys_description`
  MODIFY `default_products_master_keys_description_id` int(11) NOT NULL AUTO_INCREMENT;

--
-- AUTO_INCREMENT für Tabelle `default_products_master_slave_values`
--
ALTER TABLE `default_products_master_slave_values`
  MODIFY `default_products_master_slave_values_id` int(11) NOT NULL AUTO_INCREMENT;

--
-- AUTO_INCREMENT für Tabelle `distributors`
--
ALTER TABLE `distributors`
  MODIFY `id` int(11) NOT NULL AUTO_INCREMENT, AUTO_INCREMENT=8;

--
-- AUTO_INCREMENT für Tabelle `distributor_contacts`
--
ALTER TABLE `distributor_contacts`
  MODIFY `distributor_contacts_id` int(11) NOT NULL AUTO_INCREMENT;

--
-- AUTO_INCREMENT für Tabelle `distributor_invoices`
--
ALTER TABLE `distributor_invoices`
  MODIFY `distributor_invoices_id` int(11) NOT NULL AUTO_INCREMENT;

--
-- AUTO_INCREMENT für Tabelle `distributor_invoices_entries`
--
ALTER TABLE `distributor_invoices_entries`
  MODIFY `distributor_invoices_entries_id` int(11) NOT NULL AUTO_INCREMENT;

--
-- AUTO_INCREMENT für Tabelle `distributor_invoices_installments`
--
ALTER TABLE `distributor_invoices_installments`
  MODIFY `distributor_invoices_installments_id` int(11) NOT NULL AUTO_INCREMENT;

--
-- AUTO_INCREMENT für Tabelle `distributor_invoices_products`
--
ALTER TABLE `distributor_invoices_products`
  MODIFY `distributor_invoices_products_id` int(11) NOT NULL AUTO_INCREMENT;

--
-- AUTO_INCREMENT für Tabelle `distributor_invoices_products_properties`
--
ALTER TABLE `distributor_invoices_products_properties`
  MODIFY `distributor_invoices_products_properties_id` int(11) NOT NULL AUTO_INCREMENT;

--
-- AUTO_INCREMENT für Tabelle `distributor_invoices_reasons`
--
ALTER TABLE `distributor_invoices_reasons`
  MODIFY `distributor_invoices_reasons_id` int(11) NOT NULL AUTO_INCREMENT;

--
-- AUTO_INCREMENT für Tabelle `distributor_invoices_status`
--
ALTER TABLE `distributor_invoices_status`
  MODIFY `distributor_invoices_status_id` int(11) NOT NULL AUTO_INCREMENT, AUTO_INCREMENT=4;

--
-- AUTO_INCREMENT für Tabelle `distributor_invoices_status_history`
--
ALTER TABLE `distributor_invoices_status_history`
  MODIFY `distributor_invoices_status_history_id` int(11) NOT NULL AUTO_INCREMENT;

--
-- AUTO_INCREMENT für Tabelle `distributor_invoices_total`
--
ALTER TABLE `distributor_invoices_total`
  MODIFY `distributor_invoices_total_id` int(10) UNSIGNED NOT NULL AUTO_INCREMENT;

--
-- AUTO_INCREMENT für Tabelle `distributor_orders`
--
ALTER TABLE `distributor_orders`
  MODIFY `distributor_orders_id` int(11) NOT NULL AUTO_INCREMENT;

--
-- AUTO_INCREMENT für Tabelle `distributor_orders_products`
--
ALTER TABLE `distributor_orders_products`
  MODIFY `distributor_orders_products_id` int(11) NOT NULL AUTO_INCREMENT;

--
-- AUTO_INCREMENT für Tabelle `distributor_orders_products_attributes`
--
ALTER TABLE `distributor_orders_products_attributes`
  MODIFY `distributor_orders_products_attributes_id` int(11) NOT NULL AUTO_INCREMENT;

--
-- AUTO_INCREMENT für Tabelle `distributor_orders_products_properties`
--
ALTER TABLE `distributor_orders_products_properties`
  MODIFY `distributor_orders_products_properties_id` int(11) NOT NULL AUTO_INCREMENT;

--
-- AUTO_INCREMENT für Tabelle `distributor_orders_recalculate`
--
ALTER TABLE `distributor_orders_recalculate`
  MODIFY `orders_recalculate_id` int(11) NOT NULL AUTO_INCREMENT, AUTO_INCREMENT=29;

--
-- AUTO_INCREMENT für Tabelle `distributor_orders_status_history`
--
ALTER TABLE `distributor_orders_status_history`
  MODIFY `orders_status_history_id` int(11) NOT NULL AUTO_INCREMENT;

--
-- AUTO_INCREMENT für Tabelle `distributor_orders_total`
--
ALTER TABLE `distributor_orders_total`
  MODIFY `orders_total_id` int(10) UNSIGNED NOT NULL AUTO_INCREMENT;

--
-- AUTO_INCREMENT für Tabelle `distributor_product_prices`
--
ALTER TABLE `distributor_product_prices`
  MODIFY `distributor_product_prices_id` int(11) NOT NULL AUTO_INCREMENT, AUTO_INCREMENT=17;

--
-- AUTO_INCREMENT für Tabelle `ebayapi_favorites`
--
ALTER TABLE `ebayapi_favorites`
  MODIFY `favorite_id` int(11) NOT NULL AUTO_INCREMENT;

--
-- AUTO_INCREMENT für Tabelle `ebayapi_favorites_characteristics`
--
ALTER TABLE `ebayapi_favorites_characteristics`
  MODIFY `ebayapi_favorites_characteristics_id` int(11) NOT NULL AUTO_INCREMENT;

--
-- AUTO_INCREMENT für Tabelle `ebayapi_favorites_itemconditions`
--
ALTER TABLE `ebayapi_favorites_itemconditions`
  MODIFY `ebayapi_favorites_itemconditions_id` int(11) NOT NULL AUTO_INCREMENT;

--
-- AUTO_INCREMENT für Tabelle `ebay_auctions`
--
ALTER TABLE `ebay_auctions`
  MODIFY `id` int(11) NOT NULL AUTO_INCREMENT;

--
-- AUTO_INCREMENT für Tabelle `ebay_auctions_characteristics`
--
ALTER TABLE `ebay_auctions_characteristics`
  MODIFY `ebay_auctions_characteristics_id` int(11) NOT NULL AUTO_INCREMENT;

--
-- AUTO_INCREMENT für Tabelle `ebay_auctions_energy_efficiency`
--
ALTER TABLE `ebay_auctions_energy_efficiency`
  MODIFY `ebay_auctions_energy_efficiency_id` int(11) NOT NULL AUTO_INCREMENT;

--
-- AUTO_INCREMENT für Tabelle `ebay_auctions_fees`
--
ALTER TABLE `ebay_auctions_fees`
  MODIFY `ebay_auctions_fees_id` int(11) NOT NULL AUTO_INCREMENT;

--
-- AUTO_INCREMENT für Tabelle `ebay_auctions_itemspecifics`
--
ALTER TABLE `ebay_auctions_itemspecifics`
  MODIFY `ebay_auctions_itemspecifics_id` int(11) NOT NULL AUTO_INCREMENT;

--
-- AUTO_INCREMENT für Tabelle `ebay_auctions_manufacturers`
--
ALTER TABLE `ebay_auctions_manufacturers`
  MODIFY `ebay_auctions_manufacturers_id` int(11) NOT NULL AUTO_INCREMENT;

--
-- AUTO_INCREMENT für Tabelle `ebay_auctions_payments`
--
ALTER TABLE `ebay_auctions_payments`
  MODIFY `ebay_auctions_payments_id` int(11) NOT NULL AUTO_INCREMENT;

--
-- AUTO_INCREMENT für Tabelle `ebay_auctions_price_revise`
--
ALTER TABLE `ebay_auctions_price_revise`
  MODIFY `ebay_auctions_price_revise_id` int(11) NOT NULL AUTO_INCREMENT;

--
-- AUTO_INCREMENT für Tabelle `ebay_auctions_price_revise_auctions`
--
ALTER TABLE `ebay_auctions_price_revise_auctions`
  MODIFY `ebay_auctions_price_revise_auctions_id` int(11) NOT NULL AUTO_INCREMENT;

--
-- AUTO_INCREMENT für Tabelle `ebay_auctions_productsafety`
--
ALTER TABLE `ebay_auctions_productsafety`
  MODIFY `ebay_auctions_productsafety_id` int(11) NOT NULL AUTO_INCREMENT;

--
-- AUTO_INCREMENT für Tabelle `ebay_auctions_properties`
--
ALTER TABLE `ebay_auctions_properties`
  MODIFY `ebay_auctions_properties_id` int(11) NOT NULL AUTO_INCREMENT;

--
-- AUTO_INCREMENT für Tabelle `ebay_auctions_properties_description`
--
ALTER TABLE `ebay_auctions_properties_description`
  MODIFY `ebay_auctions_properties_description_id` int(11) NOT NULL AUTO_INCREMENT;

--
-- AUTO_INCREMENT für Tabelle `ebay_auctions_properties_values`
--
ALTER TABLE `ebay_auctions_properties_values`
  MODIFY `ebay_auctions_properties_values_id` int(11) NOT NULL AUTO_INCREMENT;

--
-- AUTO_INCREMENT für Tabelle `ebay_auctions_properties_values_description`
--
ALTER TABLE `ebay_auctions_properties_values_description`
  MODIFY `ebay_auctions_properties_values_description_id` int(11) NOT NULL AUTO_INCREMENT;

--
-- AUTO_INCREMENT für Tabelle `ebay_auctions_quantity_history`
--
ALTER TABLE `ebay_auctions_quantity_history`
  MODIFY `ebay_auctions_quantity_history_id` int(11) NOT NULL AUTO_INCREMENT;

--
-- AUTO_INCREMENT für Tabelle `ebay_auctions_regulatory_documents`
--
ALTER TABLE `ebay_auctions_regulatory_documents`
  MODIFY `ebay_auctions_regulatory_documents_id` int(11) NOT NULL AUTO_INCREMENT;

--
-- AUTO_INCREMENT für Tabelle `ebay_auctions_regulatory_hazmats`
--
ALTER TABLE `ebay_auctions_regulatory_hazmats`
  MODIFY `ebay_auctions_regulatory_hazmats_id` int(11) NOT NULL AUTO_INCREMENT;

--
-- AUTO_INCREMENT für Tabelle `ebay_auctions_responsible_persons`
--
ALTER TABLE `ebay_auctions_responsible_persons`
  MODIFY `ebay_auctions_responsible_persons_id` int(11) NOT NULL AUTO_INCREMENT;

--
-- AUTO_INCREMENT für Tabelle `ebay_auctions_shippings`
--
ALTER TABLE `ebay_auctions_shippings`
  MODIFY `ebay_auctions_shippings_id` int(11) NOT NULL AUTO_INCREMENT;

--
-- AUTO_INCREMENT für Tabelle `ebay_auctions_shippings_locations`
--
ALTER TABLE `ebay_auctions_shippings_locations`
  MODIFY `ebay_auctions_shippings_locations_id` int(11) NOT NULL AUTO_INCREMENT;

--
-- AUTO_INCREMENT für Tabelle `ebay_auctions_variations`
--
ALTER TABLE `ebay_auctions_variations`
  MODIFY `ebay_auctions_variations_id` int(11) NOT NULL AUTO_INCREMENT;

--
-- AUTO_INCREMENT für Tabelle `ebay_auctions_videos`
--
ALTER TABLE `ebay_auctions_videos`
  MODIFY `ebay_auctions_videos_id` int(11) NOT NULL AUTO_INCREMENT;

--
-- AUTO_INCREMENT für Tabelle `ebay_auth`
--
ALTER TABLE `ebay_auth`
  MODIFY `Id` int(6) UNSIGNED NOT NULL AUTO_INCREMENT, AUTO_INCREMENT=4;

--
-- AUTO_INCREMENT für Tabelle `ebay_automatics`
--
ALTER TABLE `ebay_automatics`
  MODIFY `ebay_automatics_id` int(11) NOT NULL AUTO_INCREMENT;

--
-- AUTO_INCREMENT für Tabelle `ebay_automatics_daily`
--
ALTER TABLE `ebay_automatics_daily`
  MODIFY `ebay_automatics_daily_id` int(11) NOT NULL AUTO_INCREMENT;

--
-- AUTO_INCREMENT für Tabelle `ebay_bestoffer_matrix`
--
ALTER TABLE `ebay_bestoffer_matrix`
  MODIFY `ebay_bestoffer_matrix_id` int(11) NOT NULL AUTO_INCREMENT;

--
-- AUTO_INCREMENT für Tabelle `ebay_brand_aliases`
--
ALTER TABLE `ebay_brand_aliases`
  MODIFY `ebay_brand_aliases_id` int(11) NOT NULL AUTO_INCREMENT;

--
-- AUTO_INCREMENT für Tabelle `ebay_calls`
--
ALTER TABLE `ebay_calls`
  MODIFY `id` int(11) NOT NULL AUTO_INCREMENT;

--
-- AUTO_INCREMENT für Tabelle `ebay_customers`
--
ALTER TABLE `ebay_customers`
  MODIFY `id` int(11) NOT NULL AUTO_INCREMENT;

--
-- AUTO_INCREMENT für Tabelle `ebay_default_characteristics`
--
ALTER TABLE `ebay_default_characteristics`
  MODIFY `ebay_default_characteristics_id` int(11) NOT NULL AUTO_INCREMENT;

--
-- AUTO_INCREMENT für Tabelle `ebay_default_itemspecifics`
--
ALTER TABLE `ebay_default_itemspecifics`
  MODIFY `ebay_default_itemspecifics_id` int(11) NOT NULL AUTO_INCREMENT;

--
-- AUTO_INCREMENT für Tabelle `ebay_default_payments`
--
ALTER TABLE `ebay_default_payments`
  MODIFY `ebay_default_payments_id` int(11) NOT NULL AUTO_INCREMENT, AUTO_INCREMENT=2;

--
-- AUTO_INCREMENT für Tabelle `ebay_default_shippings`
--
ALTER TABLE `ebay_default_shippings`
  MODIFY `ebay_default_shippings_id` int(11) NOT NULL AUTO_INCREMENT, AUTO_INCREMENT=2;

--
-- AUTO_INCREMENT für Tabelle `ebay_default_shippings_locations`
--
ALTER TABLE `ebay_default_shippings_locations`
  MODIFY `ebay_default_shippings_locations_id` int(11) NOT NULL AUTO_INCREMENT;

--
-- AUTO_INCREMENT für Tabelle `ebay_disputes`
--
ALTER TABLE `ebay_disputes`
  MODIFY `id` int(11) NOT NULL AUTO_INCREMENT;

--
-- AUTO_INCREMENT für Tabelle `ebay_emails`
--
ALTER TABLE `ebay_emails`
  MODIFY `id` int(11) NOT NULL AUTO_INCREMENT, AUTO_INCREMENT=41;

--
-- AUTO_INCREMENT für Tabelle `ebay_email_attachments`
--
ALTER TABLE `ebay_email_attachments`
  MODIFY `ebay_email_attachments_id` int(11) NOT NULL AUTO_INCREMENT;

--
-- AUTO_INCREMENT für Tabelle `ebay_external_payments`
--
ALTER TABLE `ebay_external_payments`
  MODIFY `ebay_external_payments_id` int(11) NOT NULL AUTO_INCREMENT;

--
-- AUTO_INCREMENT für Tabelle `ebay_feedback`
--
ALTER TABLE `ebay_feedback`
  MODIFY `id` int(11) NOT NULL AUTO_INCREMENT, AUTO_INCREMENT=2;

--
-- AUTO_INCREMENT für Tabelle `ebay_import_variations_images`
--
ALTER TABLE `ebay_import_variations_images`
  MODIFY `ebay_import_variations_images_id` int(11) NOT NULL AUTO_INCREMENT;

--
-- AUTO_INCREMENT für Tabelle `ebay_libri_filters`
--
ALTER TABLE `ebay_libri_filters`
  MODIFY `ebay_libri_filters_id` int(11) NOT NULL AUTO_INCREMENT;

--
-- AUTO_INCREMENT für Tabelle `ebay_media_documents`
--
ALTER TABLE `ebay_media_documents`
  MODIFY `ebay_media_documents_id` int(11) NOT NULL AUTO_INCREMENT;

--
-- AUTO_INCREMENT für Tabelle `ebay_media_videos`
--
ALTER TABLE `ebay_media_videos`
  MODIFY `ebay_media_videos_id` int(11) NOT NULL AUTO_INCREMENT;

--
-- AUTO_INCREMENT für Tabelle `ebay_mpn_aliases`
--
ALTER TABLE `ebay_mpn_aliases`
  MODIFY `ebay_mpn_aliases_id` int(11) NOT NULL AUTO_INCREMENT;

--
-- AUTO_INCREMENT für Tabelle `ebay_multi_edit`
--
ALTER TABLE `ebay_multi_edit`
  MODIFY `ebay_multi_edit_id` int(11) NOT NULL AUTO_INCREMENT;

--
-- AUTO_INCREMENT für Tabelle `ebay_multi_edit_items`
--
ALTER TABLE `ebay_multi_edit_items`
  MODIFY `ebay_multi_edit_items_id` int(11) NOT NULL AUTO_INCREMENT;

--
-- AUTO_INCREMENT für Tabelle `ebay_multi_edit_price_revise`
--
ALTER TABLE `ebay_multi_edit_price_revise`
  MODIFY `ebay_multi_edit_price_revise_id` int(11) NOT NULL AUTO_INCREMENT;

--
-- AUTO_INCREMENT für Tabelle `ebay_mymessage`
--
ALTER TABLE `ebay_mymessage`
  MODIFY `ebay_mymessage_id` int(11) NOT NULL AUTO_INCREMENT;

--
-- AUTO_INCREMENT für Tabelle `ebay_mymessage_reply`
--
ALTER TABLE `ebay_mymessage_reply`
  MODIFY `ebay_mymessage_reply_id` int(11) NOT NULL AUTO_INCREMENT;

--
-- AUTO_INCREMENT für Tabelle `ebay_orders`
--
ALTER TABLE `ebay_orders`
  MODIFY `ebay_orders_id` int(11) NOT NULL AUTO_INCREMENT;

--
-- AUTO_INCREMENT für Tabelle `ebay_orders_items`
--
ALTER TABLE `ebay_orders_items`
  MODIFY `ebay_orders_items_id` int(11) NOT NULL AUTO_INCREMENT;

--
-- AUTO_INCREMENT für Tabelle `ebay_orders_oos`
--
ALTER TABLE `ebay_orders_oos`
  MODIFY `ebay_orders_oos_id` int(11) NOT NULL AUTO_INCREMENT;

--
-- AUTO_INCREMENT für Tabelle `ebay_payments`
--
ALTER TABLE `ebay_payments`
  MODIFY `ebay_payments_id` int(11) NOT NULL AUTO_INCREMENT;

--
-- AUTO_INCREMENT für Tabelle `ebay_personal_offers`
--
ALTER TABLE `ebay_personal_offers`
  MODIFY `ebay_personal_offers` int(11) NOT NULL AUTO_INCREMENT;

--
-- AUTO_INCREMENT für Tabelle `ebay_products`
--
ALTER TABLE `ebay_products`
  MODIFY `id` int(11) NOT NULL AUTO_INCREMENT, AUTO_INCREMENT=21;

--
-- AUTO_INCREMENT für Tabelle `ebay_products_characteristics`
--
ALTER TABLE `ebay_products_characteristics`
  MODIFY `ebay_products_characteristics_id` int(11) NOT NULL AUTO_INCREMENT;

--
-- AUTO_INCREMENT für Tabelle `ebay_products_energy_efficiency`
--
ALTER TABLE `ebay_products_energy_efficiency`
  MODIFY `ebay_products_energy_efficiency_id` int(11) NOT NULL AUTO_INCREMENT;

--
-- AUTO_INCREMENT für Tabelle `ebay_products_history`
--
ALTER TABLE `ebay_products_history`
  MODIFY `ebay_products_history_id` int(11) NOT NULL AUTO_INCREMENT, AUTO_INCREMENT=35;

--
-- AUTO_INCREMENT für Tabelle `ebay_products_itemspecifics`
--
ALTER TABLE `ebay_products_itemspecifics`
  MODIFY `ebay_products_itemspecifics_id` int(11) NOT NULL AUTO_INCREMENT, AUTO_INCREMENT=13;

--
-- AUTO_INCREMENT für Tabelle `ebay_products_itemspecifics_recommendations`
--
ALTER TABLE `ebay_products_itemspecifics_recommendations`
  MODIFY `ebay_products_itemspecifics_recommendations_id` int(11) NOT NULL AUTO_INCREMENT;

--
-- AUTO_INCREMENT für Tabelle `ebay_products_manufacturers`
--
ALTER TABLE `ebay_products_manufacturers`
  MODIFY `ebay_products_manufacturers_id` int(11) NOT NULL AUTO_INCREMENT;

--
-- AUTO_INCREMENT für Tabelle `ebay_products_payments`
--
ALTER TABLE `ebay_products_payments`
  MODIFY `ebay_products_payments_id` int(11) NOT NULL AUTO_INCREMENT, AUTO_INCREMENT=103;

--
-- AUTO_INCREMENT für Tabelle `ebay_products_productsafety`
--
ALTER TABLE `ebay_products_productsafety`
  MODIFY `ebay_products_productsafety_id` int(11) NOT NULL AUTO_INCREMENT;

--
-- AUTO_INCREMENT für Tabelle `ebay_products_properties`
--
ALTER TABLE `ebay_products_properties`
  MODIFY `ebay_products_properties_id` int(11) NOT NULL AUTO_INCREMENT;

--
-- AUTO_INCREMENT für Tabelle `ebay_products_properties_description`
--
ALTER TABLE `ebay_products_properties_description`
  MODIFY `ebay_products_properties_description_id` int(11) NOT NULL AUTO_INCREMENT;

--
-- AUTO_INCREMENT für Tabelle `ebay_products_properties_values`
--
ALTER TABLE `ebay_products_properties_values`
  MODIFY `ebay_products_properties_values_id` int(11) NOT NULL AUTO_INCREMENT;

--
-- AUTO_INCREMENT für Tabelle `ebay_products_properties_values_description`
--
ALTER TABLE `ebay_products_properties_values_description`
  MODIFY `ebay_products_properties_values_description_id` int(11) NOT NULL AUTO_INCREMENT;

--
-- AUTO_INCREMENT für Tabelle `ebay_products_regulatory_documents`
--
ALTER TABLE `ebay_products_regulatory_documents`
  MODIFY `ebay_products_regulatory_documents_id` int(11) NOT NULL AUTO_INCREMENT;

--
-- AUTO_INCREMENT für Tabelle `ebay_products_regulatory_hazmats`
--
ALTER TABLE `ebay_products_regulatory_hazmats`
  MODIFY `ebay_products_regulatory_hazmats_id` int(11) NOT NULL AUTO_INCREMENT;

--
-- AUTO_INCREMENT für Tabelle `ebay_products_responsible_persons`
--
ALTER TABLE `ebay_products_responsible_persons`
  MODIFY `ebay_products_responsible_persons_id` int(11) NOT NULL AUTO_INCREMENT;

--
-- AUTO_INCREMENT für Tabelle `ebay_products_shippings`
--
ALTER TABLE `ebay_products_shippings`
  MODIFY `ebay_products_shippings_id` int(11) NOT NULL AUTO_INCREMENT, AUTO_INCREMENT=12;

--
-- AUTO_INCREMENT für Tabelle `ebay_products_shippings_locations`
--
ALTER TABLE `ebay_products_shippings_locations`
  MODIFY `ebay_products_shippings_locations_id` int(11) NOT NULL AUTO_INCREMENT;

--
-- AUTO_INCREMENT für Tabelle `ebay_products_to_categories`
--
ALTER TABLE `ebay_products_to_categories`
  MODIFY `id` int(11) NOT NULL AUTO_INCREMENT;

--
-- AUTO_INCREMENT für Tabelle `ebay_products_variations`
--
ALTER TABLE `ebay_products_variations`
  MODIFY `ebay_products_variations_id` int(11) NOT NULL AUTO_INCREMENT;

--
-- AUTO_INCREMENT für Tabelle `ebay_products_videos`
--
ALTER TABLE `ebay_products_videos`
  MODIFY `ebay_products_videos_id` int(11) NOT NULL AUTO_INCREMENT;

--
-- AUTO_INCREMENT für Tabelle `ebay_sammler`
--
ALTER TABLE `ebay_sammler`
  MODIFY `id` int(11) NOT NULL AUTO_INCREMENT, AUTO_INCREMENT=6;

--
-- AUTO_INCREMENT für Tabelle `ebay_sammler_characteristics`
--
ALTER TABLE `ebay_sammler_characteristics`
  MODIFY `ebay_sammler_characteristics_id` int(11) NOT NULL AUTO_INCREMENT;

--
-- AUTO_INCREMENT für Tabelle `ebay_sammler_copy`
--
ALTER TABLE `ebay_sammler_copy`
  MODIFY `ebay_sammler_copy_id` int(11) NOT NULL AUTO_INCREMENT, AUTO_INCREMENT=18;

--
-- AUTO_INCREMENT für Tabelle `ebay_sammler_itemspecifics`
--
ALTER TABLE `ebay_sammler_itemspecifics`
  MODIFY `ebay_sammler_itemspecifics_id` int(11) NOT NULL AUTO_INCREMENT, AUTO_INCREMENT=8;

--
-- AUTO_INCREMENT für Tabelle `ebay_sammler_itemspecifics_recommendations`
--
ALTER TABLE `ebay_sammler_itemspecifics_recommendations`
  MODIFY `ebay_sammler_itemspecifics_recommendations_id` int(11) NOT NULL AUTO_INCREMENT;

--
-- AUTO_INCREMENT für Tabelle `ebay_sammler_payments`
--
ALTER TABLE `ebay_sammler_payments`
  MODIFY `ebay_sammler_payments_id` int(11) NOT NULL AUTO_INCREMENT, AUTO_INCREMENT=63;

--
-- AUTO_INCREMENT für Tabelle `ebay_sammler_shippings`
--
ALTER TABLE `ebay_sammler_shippings`
  MODIFY `ebay_sammler_shippings_id` int(11) NOT NULL AUTO_INCREMENT, AUTO_INCREMENT=4;

--
-- AUTO_INCREMENT für Tabelle `ebay_sammler_shippings_locations`
--
ALTER TABLE `ebay_sammler_shippings_locations`
  MODIFY `ebay_sammler_shippings_locations_id` int(11) NOT NULL AUTO_INCREMENT;

--
-- AUTO_INCREMENT für Tabelle `ebay_seller_profiles`
--
ALTER TABLE `ebay_seller_profiles`
  MODIFY `ebay_seller_profiles_id` int(11) NOT NULL AUTO_INCREMENT;

--
-- AUTO_INCREMENT für Tabelle `ebay_sitecodes`
--
ALTER TABLE `ebay_sitecodes`
  MODIFY `ebay_sitecodes_id` int(11) NOT NULL AUTO_INCREMENT, AUTO_INCREMENT=24;

--
-- AUTO_INCREMENT für Tabelle `ebay_template_excludes`
--
ALTER TABLE `ebay_template_excludes`
  MODIFY `id` int(11) NOT NULL AUTO_INCREMENT;

--
-- AUTO_INCREMENT für Tabelle `ebay_textitems`
--
ALTER TABLE `ebay_textitems`
  MODIFY `id` int(11) NOT NULL AUTO_INCREMENT, AUTO_INCREMENT=10;

--
-- AUTO_INCREMENT für Tabelle `ebay_timingdelays`
--
ALTER TABLE `ebay_timingdelays`
  MODIFY `timing_delay_id` int(11) NOT NULL AUTO_INCREMENT, AUTO_INCREMENT=24;

--
-- AUTO_INCREMENT für Tabelle `ebay_transactions`
--
ALTER TABLE `ebay_transactions`
  MODIFY `id` int(11) NOT NULL AUTO_INCREMENT;

--
-- AUTO_INCREMENT für Tabelle `ebay_uuid`
--
ALTER TABLE `ebay_uuid`
  MODIFY `UUID` int(11) NOT NULL AUTO_INCREMENT, AUTO_INCREMENT=2;

--
-- AUTO_INCREMENT für Tabelle `ebay_variations`
--
ALTER TABLE `ebay_variations`
  MODIFY `ebay_variations_id` int(11) NOT NULL AUTO_INCREMENT;

--
-- AUTO_INCREMENT für Tabelle `ebay_variationspecificssets`
--
ALTER TABLE `ebay_variationspecificssets`
  MODIFY `ebay_variationspecificssets_id` int(11) NOT NULL AUTO_INCREMENT;

--
-- AUTO_INCREMENT für Tabelle `ebay_variations_pictures`
--
ALTER TABLE `ebay_variations_pictures`
  MODIFY `ebay_variations_pictures_id` int(11) NOT NULL AUTO_INCREMENT;

--
-- AUTO_INCREMENT für Tabelle `ebay_variations_pictures_sets`
--
ALTER TABLE `ebay_variations_pictures_sets`
  MODIFY `ebay_variations_pictures_sets_id` int(11) NOT NULL AUTO_INCREMENT;

--
-- AUTO_INCREMENT für Tabelle `ebay_variations_pictures_sets_urls`
--
ALTER TABLE `ebay_variations_pictures_sets_urls`
  MODIFY `ebay_variations_pictures_sets_urls_id` int(11) NOT NULL AUTO_INCREMENT;

--
-- AUTO_INCREMENT für Tabelle `ebay_variations_sets`
--
ALTER TABLE `ebay_variations_sets`
  MODIFY `ebay_variations_sets_id` int(11) NOT NULL AUTO_INCREMENT;

--
-- AUTO_INCREMENT für Tabelle `ebay_variations_variationspecifics`
--
ALTER TABLE `ebay_variations_variationspecifics`
  MODIFY `ebay_variations_variationspecifics_id` int(11) NOT NULL AUTO_INCREMENT;

--
-- AUTO_INCREMENT für Tabelle `ebay_warning_history`
--
ALTER TABLE `ebay_warning_history`
  MODIFY `id` int(11) NOT NULL AUTO_INCREMENT;

--
-- AUTO_INCREMENT für Tabelle `email_staff_allocation`
--
ALTER TABLE `email_staff_allocation`
  MODIFY `email_staff_allocation_id` int(11) NOT NULL AUTO_INCREMENT;

--
-- AUTO_INCREMENT für Tabelle `email_staff_allocation_history`
--
ALTER TABLE `email_staff_allocation_history`
  MODIFY `email_staff_allocation_history_id` int(11) NOT NULL AUTO_INCREMENT;

--
-- AUTO_INCREMENT für Tabelle `event`
--
ALTER TABLE `event`
  MODIFY `event_id` int(11) NOT NULL AUTO_INCREMENT;

--
-- AUTO_INCREMENT für Tabelle `events_to_event_tickets`
--
ALTER TABLE `events_to_event_tickets`
  MODIFY `events_to_event_tickets_id` int(11) NOT NULL AUTO_INCREMENT;

--
-- AUTO_INCREMENT für Tabelle `event_dates`
--
ALTER TABLE `event_dates`
  MODIFY `event_dates_id` int(11) NOT NULL AUTO_INCREMENT;

--
-- AUTO_INCREMENT für Tabelle `event_dates_timer`
--
ALTER TABLE `event_dates_timer`
  MODIFY `event_dates_timer_id` int(11) NOT NULL AUTO_INCREMENT;

--
-- AUTO_INCREMENT für Tabelle `event_tickets`
--
ALTER TABLE `event_tickets`
  MODIFY `event_tickets_id` int(11) NOT NULL AUTO_INCREMENT;

--
-- AUTO_INCREMENT für Tabelle `event_tickets_description`
--
ALTER TABLE `event_tickets_description`
  MODIFY `event_tickets_description_id` int(11) NOT NULL AUTO_INCREMENT;

--
-- AUTO_INCREMENT für Tabelle `feedback_reminder`
--
ALTER TABLE `feedback_reminder`
  MODIFY `feedback_reminder_id` int(11) NOT NULL AUTO_INCREMENT;

--
-- AUTO_INCREMENT für Tabelle `flashpoint_import_configuration`
--
ALTER TABLE `flashpoint_import_configuration`
  MODIFY `flashpoint_import_configuration_id` int(11) NOT NULL AUTO_INCREMENT;

--
-- AUTO_INCREMENT für Tabelle `geo_zones`
--
ALTER TABLE `geo_zones`
  MODIFY `geo_zone_id` int(11) NOT NULL AUTO_INCREMENT, AUTO_INCREMENT=35;

--
-- AUTO_INCREMENT für Tabelle `groups`
--
ALTER TABLE `groups`
  MODIFY `groups_id` int(11) NOT NULL AUTO_INCREMENT, AUTO_INCREMENT=11;

--
-- AUTO_INCREMENT für Tabelle `groups_tax_rates_allocation`
--
ALTER TABLE `groups_tax_rates_allocation`
  MODIFY `groups_tax_rates_allocation_id` int(11) NOT NULL AUTO_INCREMENT;

--
-- AUTO_INCREMENT für Tabelle `group_history`
--
ALTER TABLE `group_history`
  MODIFY `group_history_id` int(11) NOT NULL AUTO_INCREMENT, AUTO_INCREMENT=10;

--
-- AUTO_INCREMENT für Tabelle `hermes`
--
ALTER TABLE `hermes`
  MODIFY `id` int(11) NOT NULL AUTO_INCREMENT;

--
-- AUTO_INCREMENT für Tabelle `hermes_countries`
--
ALTER TABLE `hermes_countries`
  MODIFY `id` int(11) NOT NULL AUTO_INCREMENT;

--
-- AUTO_INCREMENT für Tabelle `hermes_status_dispos`
--
ALTER TABLE `hermes_status_dispos`
  MODIFY `hermes_status_dispos_id` int(11) NOT NULL AUTO_INCREMENT;

--
-- AUTO_INCREMENT für Tabelle `hermes_status_itemstock`
--
ALTER TABLE `hermes_status_itemstock`
  MODIFY `hermes_status_itemstock_id` int(11) NOT NULL AUTO_INCREMENT;

--
-- AUTO_INCREMENT für Tabelle `hermes_status_orderstat`
--
ALTER TABLE `hermes_status_orderstat`
  MODIFY `hermes_status_orderstat_id` int(11) NOT NULL AUTO_INCREMENT;

--
-- AUTO_INCREMENT für Tabelle `history`
--
ALTER TABLE `history`
  MODIFY `history_id` int(11) NOT NULL AUTO_INCREMENT, AUTO_INCREMENT=103;

--
-- AUTO_INCREMENT für Tabelle `history_bestand`
--
ALTER TABLE `history_bestand`
  MODIFY `id` int(11) NOT NULL AUTO_INCREMENT, AUTO_INCREMENT=26;

--
-- AUTO_INCREMENT für Tabelle `incoming_payments`
--
ALTER TABLE `incoming_payments`
  MODIFY `id` int(11) UNSIGNED NOT NULL AUTO_INCREMENT, AUTO_INCREMENT=72;

--
-- AUTO_INCREMENT für Tabelle `incoming_payment_mask`
--
ALTER TABLE `incoming_payment_mask`
  MODIFY `Id` int(6) UNSIGNED NOT NULL AUTO_INCREMENT;

--
-- AUTO_INCREMENT für Tabelle `kasse`
--
ALTER TABLE `kasse`
  MODIFY `id` int(11) NOT NULL AUTO_INCREMENT;

--
-- AUTO_INCREMENT für Tabelle `kasse_payments`
--
ALTER TABLE `kasse_payments`
  MODIFY `kasse_payments_id` int(11) NOT NULL AUTO_INCREMENT, AUTO_INCREMENT=6;

--
-- AUTO_INCREMENT für Tabelle `languages`
--
ALTER TABLE `languages`
  MODIFY `languages_id` int(11) NOT NULL AUTO_INCREMENT, AUTO_INCREMENT=4;

--
-- AUTO_INCREMENT für Tabelle `lawyer_export`
--
ALTER TABLE `lawyer_export`
  MODIFY `lawyer_export_id` int(1) NOT NULL AUTO_INCREMENT;

--
-- AUTO_INCREMENT für Tabelle `libri_warengruppen`
--
ALTER TABLE `libri_warengruppen`
  MODIFY `libri_warengruppen_id` int(11) NOT NULL AUTO_INCREMENT;

--
-- AUTO_INCREMENT für Tabelle `manufacturers`
--
ALTER TABLE `manufacturers`
  MODIFY `manufacturers_id` int(11) NOT NULL AUTO_INCREMENT, AUTO_INCREMENT=11;

--
-- AUTO_INCREMENT für Tabelle `media_content`
--
ALTER TABLE `media_content`
  MODIFY `file_id` int(11) NOT NULL AUTO_INCREMENT;

--
-- AUTO_INCREMENT für Tabelle `module_newsletter`
--
ALTER TABLE `module_newsletter`
  MODIFY `newsletter_id` int(11) NOT NULL AUTO_INCREMENT;

--
-- AUTO_INCREMENT für Tabelle `module_newsletter_temp_1`
--
ALTER TABLE `module_newsletter_temp_1`
  MODIFY `id` int(11) NOT NULL AUTO_INCREMENT;

--
-- AUTO_INCREMENT für Tabelle `newsletters`
--
ALTER TABLE `newsletters`
  MODIFY `newsletters_id` int(11) NOT NULL AUTO_INCREMENT;

--
-- AUTO_INCREMENT für Tabelle `newsletter_recipients`
--
ALTER TABLE `newsletter_recipients`
  MODIFY `mail_id` int(11) NOT NULL AUTO_INCREMENT;

--
-- AUTO_INCREMENT für Tabelle `nmedia_serien`
--
ALTER TABLE `nmedia_serien`
  MODIFY `nmedia_serien_id` int(11) NOT NULL AUTO_INCREMENT;

--
-- AUTO_INCREMENT für Tabelle `Notice_folders`
--
ALTER TABLE `Notice_folders`
  MODIFY `Notice_folders_id` int(11) NOT NULL AUTO_INCREMENT;

--
-- AUTO_INCREMENT für Tabelle `Notice_notes`
--
ALTER TABLE `Notice_notes`
  MODIFY `id` int(11) NOT NULL AUTO_INCREMENT, AUTO_INCREMENT=15;

--
-- AUTO_INCREMENT für Tabelle `Notice_reminder`
--
ALTER TABLE `Notice_reminder`
  MODIFY `Notice_reminder_id` int(11) NOT NULL AUTO_INCREMENT;

--
-- AUTO_INCREMENT für Tabelle `Notice_rules`
--
ALTER TABLE `Notice_rules`
  MODIFY `Notice_rules_id` int(11) NOT NULL AUTO_INCREMENT;

--
-- AUTO_INCREMENT für Tabelle `orders_costs`
--
ALTER TABLE `orders_costs`
  MODIFY `orders_costs_id` int(11) NOT NULL AUTO_INCREMENT, AUTO_INCREMENT=60;

--
-- AUTO_INCREMENT für Tabelle `orders_dhl_paketsteuerung`
--
ALTER TABLE `orders_dhl_paketsteuerung`
  MODIFY `orders_dhl_paketsteuerung_id` int(11) NOT NULL AUTO_INCREMENT;

--
-- AUTO_INCREMENT für Tabelle `orders_pallets`
--
ALTER TABLE `orders_pallets`
  MODIFY `orders_pallets_id` int(11) NOT NULL AUTO_INCREMENT, AUTO_INCREMENT=3;

--
-- AUTO_INCREMENT für Tabelle `orders_pallets_items`
--
ALTER TABLE `orders_pallets_items`
  MODIFY `orders_pallets_items_id` int(11) NOT NULL AUTO_INCREMENT, AUTO_INCREMENT=5;

--
-- AUTO_INCREMENT für Tabelle `orders_paymentinstructions`
--
ALTER TABLE `orders_paymentinstructions`
  MODIFY `orders_paymentinstructions_id` int(11) NOT NULL AUTO_INCREMENT;

--
-- AUTO_INCREMENT für Tabelle `orders_products`
--
ALTER TABLE `orders_products`
  MODIFY `orders_products_id` int(11) NOT NULL AUTO_INCREMENT, AUTO_INCREMENT=50;

--
-- AUTO_INCREMENT für Tabelle `orders_products_attributes`
--
ALTER TABLE `orders_products_attributes`
  MODIFY `orders_products_attributes_id` int(11) NOT NULL AUTO_INCREMENT;

--
-- AUTO_INCREMENT für Tabelle `orders_products_download`
--
ALTER TABLE `orders_products_download`
  MODIFY `orders_products_download_id` int(11) NOT NULL AUTO_INCREMENT;

--
-- AUTO_INCREMENT für Tabelle `orders_products_price_fixing`
--
ALTER TABLE `orders_products_price_fixing`
  MODIFY `orders_products_price_fixing_id` int(11) NOT NULL AUTO_INCREMENT;

--
-- AUTO_INCREMENT für Tabelle `orders_products_properties`
--
ALTER TABLE `orders_products_properties`
  MODIFY `orders_products_properties_id` int(11) NOT NULL AUTO_INCREMENT;

--
-- AUTO_INCREMENT für Tabelle `orders_products_serials`
--
ALTER TABLE `orders_products_serials`
  MODIFY `orders_products_serials_id` int(11) NOT NULL AUTO_INCREMENT;

--
-- AUTO_INCREMENT für Tabelle `orders_recalculate`
--
ALTER TABLE `orders_recalculate`
  MODIFY `orders_recalculate_id` int(11) NOT NULL AUTO_INCREMENT, AUTO_INCREMENT=41;

--
-- AUTO_INCREMENT für Tabelle `orders_status_history`
--
ALTER TABLE `orders_status_history`
  MODIFY `orders_status_history_id` int(11) NOT NULL AUTO_INCREMENT, AUTO_INCREMENT=309;

--
-- AUTO_INCREMENT für Tabelle `orders_total`
--
ALTER TABLE `orders_total`
  MODIFY `orders_total_id` int(10) UNSIGNED NOT NULL AUTO_INCREMENT, AUTO_INCREMENT=181;

--
-- AUTO_INCREMENT für Tabelle `otc`
--
ALTER TABLE `otc`
  MODIFY `otc_id` int(11) NOT NULL AUTO_INCREMENT;

--
-- AUTO_INCREMENT für Tabelle `packages_calc`
--
ALTER TABLE `packages_calc`
  MODIFY `id` int(11) NOT NULL AUTO_INCREMENT;

--
-- AUTO_INCREMENT für Tabelle `packages_calc_dpd`
--
ALTER TABLE `packages_calc_dpd`
  MODIFY `packages_calc_dpd` int(11) NOT NULL AUTO_INCREMENT;

--
-- AUTO_INCREMENT für Tabelle `packages_calc_easylog`
--
ALTER TABLE `packages_calc_easylog`
  MODIFY `packages_calc_easylog_id` int(11) NOT NULL AUTO_INCREMENT;

--
-- AUTO_INCREMENT für Tabelle `packages_calc_fix`
--
ALTER TABLE `packages_calc_fix`
  MODIFY `id` int(11) NOT NULL AUTO_INCREMENT;

--
-- AUTO_INCREMENT für Tabelle `packages_calc_hermesweb`
--
ALTER TABLE `packages_calc_hermesweb`
  MODIFY `packages_calc_hermesweb_id` int(11) NOT NULL AUTO_INCREMENT;

--
-- AUTO_INCREMENT für Tabelle `packages_calc_UPS`
--
ALTER TABLE `packages_calc_UPS`
  MODIFY `packages_calc_ups_id` int(11) NOT NULL AUTO_INCREMENT;

--
-- AUTO_INCREMENT für Tabelle `packages_easytosend_calc`
--
ALTER TABLE `packages_easytosend_calc`
  MODIFY `id` int(11) NOT NULL AUTO_INCREMENT;

--
-- AUTO_INCREMENT für Tabelle `packages_postpaket_calc`
--
ALTER TABLE `packages_postpaket_calc`
  MODIFY `id` int(11) NOT NULL AUTO_INCREMENT;

--
-- AUTO_INCREMENT für Tabelle `packagings`
--
ALTER TABLE `packagings`
  MODIFY `packagings_id` int(11) NOT NULL AUTO_INCREMENT;

--
-- AUTO_INCREMENT für Tabelle `pangora`
--
ALTER TABLE `pangora`
  MODIFY `id` int(11) NOT NULL AUTO_INCREMENT;

--
-- AUTO_INCREMENT für Tabelle `payment_orders`
--
ALTER TABLE `payment_orders`
  MODIFY `payment_order_id` int(11) NOT NULL AUTO_INCREMENT;

--
-- AUTO_INCREMENT für Tabelle `paypal_status_history`
--
ALTER TABLE `paypal_status_history`
  MODIFY `payment_status_history_id` int(11) NOT NULL AUTO_INCREMENT;

--
-- AUTO_INCREMENT für Tabelle `personal_offers_by_customers_status_0`
--
ALTER TABLE `personal_offers_by_customers_status_0`
  MODIFY `price_id` int(11) NOT NULL AUTO_INCREMENT;

--
-- AUTO_INCREMENT für Tabelle `personal_offers_by_customers_status_1`
--
ALTER TABLE `personal_offers_by_customers_status_1`
  MODIFY `price_id` int(11) NOT NULL AUTO_INCREMENT, AUTO_INCREMENT=1836;

--
-- AUTO_INCREMENT für Tabelle `personal_offers_by_customers_status_2`
--
ALTER TABLE `personal_offers_by_customers_status_2`
  MODIFY `price_id` int(11) NOT NULL AUTO_INCREMENT, AUTO_INCREMENT=1335;

--
-- AUTO_INCREMENT für Tabelle `personal_offers_by_customers_status_3`
--
ALTER TABLE `personal_offers_by_customers_status_3`
  MODIFY `price_id` int(11) NOT NULL AUTO_INCREMENT, AUTO_INCREMENT=1231;

--
-- AUTO_INCREMENT für Tabelle `personal_offers_by_customers_status_4`
--
ALTER TABLE `personal_offers_by_customers_status_4`
  MODIFY `price_id` int(11) NOT NULL AUTO_INCREMENT, AUTO_INCREMENT=1230;

--
-- AUTO_INCREMENT für Tabelle `personal_offers_by_customers_status_5`
--
ALTER TABLE `personal_offers_by_customers_status_5`
  MODIFY `price_id` int(11) NOT NULL AUTO_INCREMENT, AUTO_INCREMENT=1182;

--
-- AUTO_INCREMENT für Tabelle `personal_offers_by_customers_status_6`
--
ALTER TABLE `personal_offers_by_customers_status_6`
  MODIFY `price_id` int(11) NOT NULL AUTO_INCREMENT, AUTO_INCREMENT=1182;

--
-- AUTO_INCREMENT für Tabelle `personal_offers_by_customers_status_9`
--
ALTER TABLE `personal_offers_by_customers_status_9`
  MODIFY `price_id` int(11) NOT NULL AUTO_INCREMENT, AUTO_INCREMENT=1424;

--
-- AUTO_INCREMENT für Tabelle `personal_offers_by_customers_status_10`
--
ALTER TABLE `personal_offers_by_customers_status_10`
  MODIFY `price_id` int(11) NOT NULL AUTO_INCREMENT, AUTO_INCREMENT=556;

--
-- AUTO_INCREMENT für Tabelle `personal_offers_by_customers_status_11`
--
ALTER TABLE `personal_offers_by_customers_status_11`
  MODIFY `price_id` int(11) NOT NULL AUTO_INCREMENT, AUTO_INCREMENT=480;

--
-- AUTO_INCREMENT für Tabelle `personal_offers_by_customers_status_12`
--
ALTER TABLE `personal_offers_by_customers_status_12`
  MODIFY `price_id` int(11) NOT NULL AUTO_INCREMENT, AUTO_INCREMENT=480;

--
-- AUTO_INCREMENT für Tabelle `personal_offers_by_customers_status_13`
--
ALTER TABLE `personal_offers_by_customers_status_13`
  MODIFY `price_id` int(11) NOT NULL AUTO_INCREMENT, AUTO_INCREMENT=480;

--
-- AUTO_INCREMENT für Tabelle `personal_offers_by_customers_status_14`
--
ALTER TABLE `personal_offers_by_customers_status_14`
  MODIFY `price_id` int(11) NOT NULL AUTO_INCREMENT, AUTO_INCREMENT=480;

--
-- AUTO_INCREMENT für Tabelle `personal_offers_by_customers_status_15`
--
ALTER TABLE `personal_offers_by_customers_status_15`
  MODIFY `price_id` int(11) NOT NULL AUTO_INCREMENT, AUTO_INCREMENT=480;

--
-- AUTO_INCREMENT für Tabelle `personal_offers_by_customers_status_16`
--
ALTER TABLE `personal_offers_by_customers_status_16`
  MODIFY `price_id` int(11) NOT NULL AUTO_INCREMENT, AUTO_INCREMENT=480;

--
-- AUTO_INCREMENT für Tabelle `personal_offers_by_customers_status_17`
--
ALTER TABLE `personal_offers_by_customers_status_17`
  MODIFY `price_id` int(11) NOT NULL AUTO_INCREMENT, AUTO_INCREMENT=479;

--
-- AUTO_INCREMENT für Tabelle `personal_offers_by_customers_status_18`
--
ALTER TABLE `personal_offers_by_customers_status_18`
  MODIFY `price_id` int(11) NOT NULL AUTO_INCREMENT, AUTO_INCREMENT=479;

--
-- AUTO_INCREMENT für Tabelle `personal_offers_by_customers_status_19`
--
ALTER TABLE `personal_offers_by_customers_status_19`
  MODIFY `price_id` int(11) NOT NULL AUTO_INCREMENT, AUTO_INCREMENT=678;

--
-- AUTO_INCREMENT für Tabelle `personal_offers_by_customers_status_20`
--
ALTER TABLE `personal_offers_by_customers_status_20`
  MODIFY `price_id` int(11) NOT NULL AUTO_INCREMENT, AUTO_INCREMENT=550;

--
-- AUTO_INCREMENT für Tabelle `personal_offers_by_customers_status_21`
--
ALTER TABLE `personal_offers_by_customers_status_21`
  MODIFY `price_id` int(11) NOT NULL AUTO_INCREMENT, AUTO_INCREMENT=1187;

--
-- AUTO_INCREMENT für Tabelle `personal_offers_by_customers_status_22`
--
ALTER TABLE `personal_offers_by_customers_status_22`
  MODIFY `price_id` int(11) NOT NULL AUTO_INCREMENT, AUTO_INCREMENT=476;

--
-- AUTO_INCREMENT für Tabelle `personal_offers_by_customers_status_23`
--
ALTER TABLE `personal_offers_by_customers_status_23`
  MODIFY `price_id` int(11) NOT NULL AUTO_INCREMENT, AUTO_INCREMENT=405;

--
-- AUTO_INCREMENT für Tabelle `personal_offers_by_customers_status_24`
--
ALTER TABLE `personal_offers_by_customers_status_24`
  MODIFY `price_id` int(11) NOT NULL AUTO_INCREMENT, AUTO_INCREMENT=405;

--
-- AUTO_INCREMENT für Tabelle `personal_offers_by_customers_status_25`
--
ALTER TABLE `personal_offers_by_customers_status_25`
  MODIFY `price_id` int(11) NOT NULL AUTO_INCREMENT, AUTO_INCREMENT=4;

--
-- AUTO_INCREMENT für Tabelle `products`
--
ALTER TABLE `products`
  MODIFY `products_id` int(11) NOT NULL AUTO_INCREMENT, AUTO_INCREMENT=1151;

--
-- AUTO_INCREMENT für Tabelle `products_attributes`
--
ALTER TABLE `products_attributes`
  MODIFY `products_attributes_id` int(11) NOT NULL AUTO_INCREMENT;

--
-- AUTO_INCREMENT für Tabelle `products_characteristic`
--
ALTER TABLE `products_characteristic`
  MODIFY `products_characteristic_id` int(11) NOT NULL AUTO_INCREMENT, AUTO_INCREMENT=54;

--
-- AUTO_INCREMENT für Tabelle `products_characteristic_description`
--
ALTER TABLE `products_characteristic_description`
  MODIFY `products_characteristic_description_id` int(11) NOT NULL AUTO_INCREMENT, AUTO_INCREMENT=68;

--
-- AUTO_INCREMENT für Tabelle `products_characteristic_set`
--
ALTER TABLE `products_characteristic_set`
  MODIFY `products_characteristic_set_id` int(11) NOT NULL AUTO_INCREMENT, AUTO_INCREMENT=104;

--
-- AUTO_INCREMENT für Tabelle `products_characteristic_set_description`
--
ALTER TABLE `products_characteristic_set_description`
  MODIFY `products_characteristic_set_description` int(11) NOT NULL AUTO_INCREMENT, AUTO_INCREMENT=756;

--
-- AUTO_INCREMENT für Tabelle `products_characteristic_text_values`
--
ALTER TABLE `products_characteristic_text_values`
  MODIFY `products_characteristic_text_values_id` int(11) NOT NULL AUTO_INCREMENT, AUTO_INCREMENT=369;

--
-- AUTO_INCREMENT für Tabelle `products_collies`
--
ALTER TABLE `products_collies`
  MODIFY `products_collies_id` int(11) NOT NULL AUTO_INCREMENT;

--
-- AUTO_INCREMENT für Tabelle `products_conditions`
--
ALTER TABLE `products_conditions`
  MODIFY `products_conditions_id` int(11) NOT NULL AUTO_INCREMENT;

--
-- AUTO_INCREMENT für Tabelle `products_conditions_description`
--
ALTER TABLE `products_conditions_description`
  MODIFY `products_conditions_description_id` int(11) NOT NULL AUTO_INCREMENT;

--
-- AUTO_INCREMENT für Tabelle `products_content`
--
ALTER TABLE `products_content`
  MODIFY `content_id` int(11) NOT NULL AUTO_INCREMENT;

--
-- AUTO_INCREMENT für Tabelle `products_content_description`
--
ALTER TABLE `products_content_description`
  MODIFY `products_content_description_id` int(11) NOT NULL AUTO_INCREMENT;

--
-- AUTO_INCREMENT für Tabelle `products_default_shipper`
--
ALTER TABLE `products_default_shipper`
  MODIFY `products_default_shipper_id` int(11) NOT NULL AUTO_INCREMENT, AUTO_INCREMENT=93;

--
-- AUTO_INCREMENT für Tabelle `products_description`
--
ALTER TABLE `products_description`
  MODIFY `products_id` int(11) NOT NULL AUTO_INCREMENT, AUTO_INCREMENT=1151;

--
-- AUTO_INCREMENT für Tabelle `products_distributors`
--
ALTER TABLE `products_distributors`
  MODIFY `id` int(11) NOT NULL AUTO_INCREMENT, AUTO_INCREMENT=95;

--
-- AUTO_INCREMENT für Tabelle `products_distributors_stock`
--
ALTER TABLE `products_distributors_stock`
  MODIFY `products_distributors_stock_id` int(11) NOT NULL AUTO_INCREMENT;

--
-- AUTO_INCREMENT für Tabelle `products_fake_sets`
--
ALTER TABLE `products_fake_sets`
  MODIFY `products_fake_sets_id` int(11) NOT NULL AUTO_INCREMENT;

--
-- AUTO_INCREMENT für Tabelle `products_google_feed_apparel`
--
ALTER TABLE `products_google_feed_apparel`
  MODIFY `products_google_feed_apparel_id` int(11) NOT NULL AUTO_INCREMENT;

--
-- AUTO_INCREMENT für Tabelle `products_google_feed_data`
--
ALTER TABLE `products_google_feed_data`
  MODIFY `products_google_feed_data_id` int(11) NOT NULL AUTO_INCREMENT, AUTO_INCREMENT=1421;

--
-- AUTO_INCREMENT für Tabelle `products_history`
--
ALTER TABLE `products_history`
  MODIFY `products_history_id` int(11) NOT NULL AUTO_INCREMENT, AUTO_INCREMENT=8599;

--
-- AUTO_INCREMENT für Tabelle `products_images`
--
ALTER TABLE `products_images`
  MODIFY `image_id` int(11) NOT NULL AUTO_INCREMENT, AUTO_INCREMENT=103;

--
-- AUTO_INCREMENT für Tabelle `products_master_keys`
--
ALTER TABLE `products_master_keys`
  MODIFY `products_master_keys_id` int(11) NOT NULL AUTO_INCREMENT;

--
-- AUTO_INCREMENT für Tabelle `products_master_keys_description`
--
ALTER TABLE `products_master_keys_description`
  MODIFY `products_master_keys_description_id` int(11) NOT NULL AUTO_INCREMENT;

--
-- AUTO_INCREMENT für Tabelle `products_meldebestand_customers`
--
ALTER TABLE `products_meldebestand_customers`
  MODIFY `products_meldebestand_customers_id` int(11) NOT NULL AUTO_INCREMENT;

--
-- AUTO_INCREMENT für Tabelle `products_options_values_to_products_options`
--
ALTER TABLE `products_options_values_to_products_options`
  MODIFY `products_options_values_to_products_options_id` int(11) NOT NULL AUTO_INCREMENT;

--
-- AUTO_INCREMENT für Tabelle `products_properties`
--
ALTER TABLE `products_properties`
  MODIFY `products_properties_id` int(11) NOT NULL AUTO_INCREMENT;

--
-- AUTO_INCREMENT für Tabelle `products_properties_description`
--
ALTER TABLE `products_properties_description`
  MODIFY `products_properties_description_id` int(11) NOT NULL AUTO_INCREMENT;

--
-- AUTO_INCREMENT für Tabelle `products_properties_values`
--
ALTER TABLE `products_properties_values`
  MODIFY `products_properties_values_id` int(11) NOT NULL AUTO_INCREMENT;

--
-- AUTO_INCREMENT für Tabelle `products_properties_values_description`
--
ALTER TABLE `products_properties_values_description`
  MODIFY `products_properties_values_description_id` int(11) NOT NULL AUTO_INCREMENT;

--
-- AUTO_INCREMENT für Tabelle `products_questions`
--
ALTER TABLE `products_questions`
  MODIFY `products_questions_id` int(11) NOT NULL AUTO_INCREMENT;

--
-- AUTO_INCREMENT für Tabelle `products_serials`
--
ALTER TABLE `products_serials`
  MODIFY `products_serials_id` int(11) NOT NULL AUTO_INCREMENT;

--
-- AUTO_INCREMENT für Tabelle `products_shipping_extra_charge`
--
ALTER TABLE `products_shipping_extra_charge`
  MODIFY `products_shipping_extra_charge_id` int(11) NOT NULL AUTO_INCREMENT, AUTO_INCREMENT=8899;

--
-- AUTO_INCREMENT für Tabelle `products_storages`
--
ALTER TABLE `products_storages`
  MODIFY `id` int(11) NOT NULL AUTO_INCREMENT;

--
-- AUTO_INCREMENT für Tabelle `products_storages_history`
--
ALTER TABLE `products_storages_history`
  MODIFY `id` int(11) NOT NULL AUTO_INCREMENT;

--
-- AUTO_INCREMENT für Tabelle `products_tax_rates_allocation`
--
ALTER TABLE `products_tax_rates_allocation`
  MODIFY `products_tax_rates_allocation_id` int(11) NOT NULL AUTO_INCREMENT, AUTO_INCREMENT=4368;

--
-- AUTO_INCREMENT für Tabelle `products_to_characteristics`
--
ALTER TABLE `products_to_characteristics`
  MODIFY `products_to_characteristics_id` int(11) NOT NULL AUTO_INCREMENT, AUTO_INCREMENT=330;

--
-- AUTO_INCREMENT für Tabelle `products_xsell`
--
ALTER TABLE `products_xsell`
  MODIFY `ID` int(10) NOT NULL AUTO_INCREMENT;

--
-- AUTO_INCREMENT für Tabelle `product_properties_xy_prices`
--
ALTER TABLE `product_properties_xy_prices`
  MODIFY `product_properties_xy_prices_id` int(11) NOT NULL AUTO_INCREMENT;

--
-- AUTO_INCREMENT für Tabelle `product_properties_xy_prices_values`
--
ALTER TABLE `product_properties_xy_prices_values`
  MODIFY `product_properties_xy_prices_values_id` int(11) NOT NULL AUTO_INCREMENT;

--
-- AUTO_INCREMENT für Tabelle `product_properties_xy_prices_values_for_properties`
--
ALTER TABLE `product_properties_xy_prices_values_for_properties`
  MODIFY `product_properties_xy_prices_values_for_properties_id` int(11) NOT NULL AUTO_INCREMENT;

--
-- AUTO_INCREMENT für Tabelle `product_un_classification`
--
ALTER TABLE `product_un_classification`
  MODIFY `product_un_classification_id` int(11) NOT NULL AUTO_INCREMENT;

--
-- AUTO_INCREMENT für Tabelle `push_customer_allocations`
--
ALTER TABLE `push_customer_allocations`
  MODIFY `push_customer_allocations_id` int(11) NOT NULL AUTO_INCREMENT;

--
-- AUTO_INCREMENT für Tabelle `reclamations`
--
ALTER TABLE `reclamations`
  MODIFY `reclamations_id` int(11) NOT NULL AUTO_INCREMENT;

--
-- AUTO_INCREMENT für Tabelle `reclamations_bestandssperre`
--
ALTER TABLE `reclamations_bestandssperre`
  MODIFY `reclamations_bestandssperre_id` int(11) NOT NULL AUTO_INCREMENT;

--
-- AUTO_INCREMENT für Tabelle `reclamations_products`
--
ALTER TABLE `reclamations_products`
  MODIFY `reclamations_products_id` int(11) NOT NULL AUTO_INCREMENT;

--
-- AUTO_INCREMENT für Tabelle `reclamations_products_properties`
--
ALTER TABLE `reclamations_products_properties`
  MODIFY `reclamations_products_properties_id` int(11) NOT NULL AUTO_INCREMENT;

--
-- AUTO_INCREMENT für Tabelle `reclamations_products_serials`
--
ALTER TABLE `reclamations_products_serials`
  MODIFY `reclamations_products_serials_id` int(11) NOT NULL AUTO_INCREMENT;

--
-- AUTO_INCREMENT für Tabelle `reclamations_reasons`
--
ALTER TABLE `reclamations_reasons`
  MODIFY `reclamations_reasons_id` int(11) NOT NULL AUTO_INCREMENT, AUTO_INCREMENT=5;

--
-- AUTO_INCREMENT für Tabelle `reclamations_recalculate`
--
ALTER TABLE `reclamations_recalculate`
  MODIFY `reclamations_recalculate_id` int(11) NOT NULL AUTO_INCREMENT;

--
-- AUTO_INCREMENT für Tabelle `reclamations_status_history`
--
ALTER TABLE `reclamations_status_history`
  MODIFY `reclamations_status_history_id` int(11) NOT NULL AUTO_INCREMENT;

--
-- AUTO_INCREMENT für Tabelle `reclamations_total`
--
ALTER TABLE `reclamations_total`
  MODIFY `reclamations_total_id` int(10) UNSIGNED NOT NULL AUTO_INCREMENT;

--
-- AUTO_INCREMENT für Tabelle `reclamations_types`
--
ALTER TABLE `reclamations_types`
  MODIFY `reclamations_types_id` int(11) NOT NULL AUTO_INCREMENT, AUTO_INCREMENT=7;

--
-- AUTO_INCREMENT für Tabelle `retouren`
--
ALTER TABLE `retouren`
  MODIFY `retoure_id` int(11) NOT NULL AUTO_INCREMENT;

--
-- AUTO_INCREMENT für Tabelle `retoure_products`
--
ALTER TABLE `retoure_products`
  MODIFY `retoure_products_id` int(11) NOT NULL AUTO_INCREMENT;

--
-- AUTO_INCREMENT für Tabelle `retoure_products_properties`
--
ALTER TABLE `retoure_products_properties`
  MODIFY `retoure_products_properties_id` int(11) NOT NULL AUTO_INCREMENT;

--
-- AUTO_INCREMENT für Tabelle `retoure_products_serials`
--
ALTER TABLE `retoure_products_serials`
  MODIFY `retoure_products_serials_id` int(11) NOT NULL AUTO_INCREMENT;

--
-- AUTO_INCREMENT für Tabelle `retoure_status`
--
ALTER TABLE `retoure_status`
  MODIFY `retoure_status_id` int(11) NOT NULL AUTO_INCREMENT, AUTO_INCREMENT=5;

--
-- AUTO_INCREMENT für Tabelle `retoure_status_history`
--
ALTER TABLE `retoure_status_history`
  MODIFY `retoure_status_history_id` int(11) NOT NULL AUTO_INCREMENT, AUTO_INCREMENT=7;

--
-- AUTO_INCREMENT für Tabelle `reviews`
--
ALTER TABLE `reviews`
  MODIFY `reviews_id` int(11) NOT NULL AUTO_INCREMENT;

--
-- AUTO_INCREMENT für Tabelle `rueckerstattungen_status`
--
ALTER TABLE `rueckerstattungen_status`
  MODIFY `rueckerstattungen_status_id` int(11) NOT NULL AUTO_INCREMENT, AUTO_INCREMENT=5;

--
-- AUTO_INCREMENT für Tabelle `rueckerstattungen_status_history`
--
ALTER TABLE `rueckerstattungen_status_history`
  MODIFY `rueckerstattungen_status_history_id` int(11) NOT NULL AUTO_INCREMENT;

--
-- AUTO_INCREMENT für Tabelle `rueckerstattungen_types`
--
ALTER TABLE `rueckerstattungen_types`
  MODIFY `rueckerstattungen_type_id` int(11) NOT NULL AUTO_INCREMENT, AUTO_INCREMENT=7;

--
-- AUTO_INCREMENT für Tabelle `shipper_profiles`
--
ALTER TABLE `shipper_profiles`
  MODIFY `shipper_profiles_id` int(11) NOT NULL AUTO_INCREMENT, AUTO_INCREMENT=3;

--
-- AUTO_INCREMENT für Tabelle `shippings`
--
ALTER TABLE `shippings`
  MODIFY `id` int(11) NOT NULL AUTO_INCREMENT;

--
-- AUTO_INCREMENT für Tabelle `shippings_products`
--
ALTER TABLE `shippings_products`
  MODIFY `shippings_products_id` int(11) NOT NULL AUTO_INCREMENT;

--
-- AUTO_INCREMENT für Tabelle `shippings_tracking_numbers`
--
ALTER TABLE `shippings_tracking_numbers`
  MODIFY `shippings_tracking_numbers_id` int(11) NOT NULL AUTO_INCREMENT;

--
-- AUTO_INCREMENT für Tabelle `shippings_tracking_numbers_temp`
--
ALTER TABLE `shippings_tracking_numbers_temp`
  MODIFY `shippings_tracking_numbers_temp_id` int(11) NOT NULL AUTO_INCREMENT;

--
-- AUTO_INCREMENT für Tabelle `shipping_graduation`
--
ALTER TABLE `shipping_graduation`
  MODIFY `shipping_graduation_id` int(11) NOT NULL AUTO_INCREMENT, AUTO_INCREMENT=9;

--
-- AUTO_INCREMENT für Tabelle `shipping_graduation_countries`
--
ALTER TABLE `shipping_graduation_countries`
  MODIFY `shipping_graduation_countries_id` int(11) NOT NULL AUTO_INCREMENT, AUTO_INCREMENT=208;

--
-- AUTO_INCREMENT für Tabelle `shipping_graduation_groups`
--
ALTER TABLE `shipping_graduation_groups`
  MODIFY `shipping_graduation_groups_id` int(11) NOT NULL AUTO_INCREMENT, AUTO_INCREMENT=1000000;

--
-- AUTO_INCREMENT für Tabelle `shipping_graduation_products`
--
ALTER TABLE `shipping_graduation_products`
  MODIFY `shipping_graduation_products_id` int(11) NOT NULL AUTO_INCREMENT;

--
-- AUTO_INCREMENT für Tabelle `shipping_graduation_weights`
--
ALTER TABLE `shipping_graduation_weights`
  MODIFY `shipping_graduation_weights_id` int(11) NOT NULL AUTO_INCREMENT, AUTO_INCREMENT=12;

--
-- AUTO_INCREMENT für Tabelle `specials`
--
ALTER TABLE `specials`
  MODIFY `specials_id` int(11) NOT NULL AUTO_INCREMENT, AUTO_INCREMENT=7;

--
-- AUTO_INCREMENT für Tabelle `specials_ebay_revise`
--
ALTER TABLE `specials_ebay_revise`
  MODIFY `specials_ebay_revise_id` int(11) NOT NULL AUTO_INCREMENT;

--
-- AUTO_INCREMENT für Tabelle `storages`
--
ALTER TABLE `storages`
  MODIFY `id` int(11) NOT NULL AUTO_INCREMENT, AUTO_INCREMENT=5;

--
-- AUTO_INCREMENT für Tabelle `storage_numbers`
--
ALTER TABLE `storage_numbers`
  MODIFY `id` int(11) NOT NULL AUTO_INCREMENT, AUTO_INCREMENT=5;

--
-- AUTO_INCREMENT für Tabelle `storage_places`
--
ALTER TABLE `storage_places`
  MODIFY `storage_places_id` int(11) NOT NULL AUTO_INCREMENT, AUTO_INCREMENT=8;

--
-- AUTO_INCREMENT für Tabelle `storage_products`
--
ALTER TABLE `storage_products`
  MODIFY `id` int(11) NOT NULL AUTO_INCREMENT, AUTO_INCREMENT=8;

--
-- AUTO_INCREMENT für Tabelle `storage_products_transfer`
--
ALTER TABLE `storage_products_transfer`
  MODIFY `storage_products_transfer_id` int(11) NOT NULL AUTO_INCREMENT, AUTO_INCREMENT=5;

--
-- AUTO_INCREMENT für Tabelle `system_alerts_status`
--
ALTER TABLE `system_alerts_status`
  MODIFY `system_alerts_status_id` int(11) NOT NULL AUTO_INCREMENT, AUTO_INCREMENT=24;

--
-- AUTO_INCREMENT für Tabelle `table_lock`
--
ALTER TABLE `table_lock`
  MODIFY `id` int(11) NOT NULL AUTO_INCREMENT, AUTO_INCREMENT=2;

--
-- AUTO_INCREMENT für Tabelle `tags`
--
ALTER TABLE `tags`
  MODIFY `tags_id` int(11) NOT NULL AUTO_INCREMENT, AUTO_INCREMENT=4;

--
-- AUTO_INCREMENT für Tabelle `tags_products`
--
ALTER TABLE `tags_products`
  MODIFY `tags_products_id` int(11) NOT NULL AUTO_INCREMENT, AUTO_INCREMENT=2042;

--
-- AUTO_INCREMENT für Tabelle `tax_class`
--
ALTER TABLE `tax_class`
  MODIFY `tax_class_id` int(11) NOT NULL AUTO_INCREMENT, AUTO_INCREMENT=7;

--
-- AUTO_INCREMENT für Tabelle `tax_rates`
--
ALTER TABLE `tax_rates`
  MODIFY `tax_rates_id` int(11) NOT NULL AUTO_INCREMENT, AUTO_INCREMENT=86;

--
-- AUTO_INCREMENT für Tabelle `units`
--
ALTER TABLE `units`
  MODIFY `units_id` int(11) NOT NULL AUTO_INCREMENT, AUTO_INCREMENT=4;

--
-- AUTO_INCREMENT für Tabelle `units_description`
--
ALTER TABLE `units_description`
  MODIFY `units_description_id` int(11) NOT NULL AUTO_INCREMENT, AUTO_INCREMENT=4;

--
-- AUTO_INCREMENT für Tabelle `un_classifications`
--
ALTER TABLE `un_classifications`
  MODIFY `un_classifications_id` int(11) NOT NULL AUTO_INCREMENT, AUTO_INCREMENT=2;

--
-- AUTO_INCREMENT für Tabelle `wishlist_attributes`
--
ALTER TABLE `wishlist_attributes`
  MODIFY `attributes_id` int(11) NOT NULL AUTO_INCREMENT;

--
-- AUTO_INCREMENT für Tabelle `wishlist_customers`
--
ALTER TABLE `wishlist_customers`
  MODIFY `id` int(11) NOT NULL AUTO_INCREMENT, AUTO_INCREMENT=2;

--
-- AUTO_INCREMENT für Tabelle `wishlist_products`
--
ALTER TABLE `wishlist_products`
  MODIFY `id` int(11) NOT NULL AUTO_INCREMENT, AUTO_INCREMENT=2;

--
-- AUTO_INCREMENT für Tabelle `wrapping_counter`
--
ALTER TABLE `wrapping_counter`
  MODIFY `wrapping_counter_id` int(11) NOT NULL AUTO_INCREMENT, AUTO_INCREMENT=4;

--
-- AUTO_INCREMENT für Tabelle `yes_amazon_pay_refunds`
--
ALTER TABLE `yes_amazon_pay_refunds`
  MODIFY `yes_amazon_pay_refunds_id` int(11) NOT NULL AUTO_INCREMENT;

--
-- AUTO_INCREMENT für Tabelle `yes_cron_exports`
--
ALTER TABLE `yes_cron_exports`
  MODIFY `yes_cron_exports_id` int(11) NOT NULL AUTO_INCREMENT;

--
-- AUTO_INCREMENT für Tabelle `yes_cron_export_heading_rows`
--
ALTER TABLE `yes_cron_export_heading_rows`
  MODIFY `yes_cron_export_heading_rows_id` int(11) NOT NULL AUTO_INCREMENT;

--
-- AUTO_INCREMENT für Tabelle `yes_help`
--
ALTER TABLE `yes_help`
  MODIFY `help_id` int(11) NOT NULL AUTO_INCREMENT;

--
-- AUTO_INCREMENT für Tabelle `yes_xmlrpc_import_config`
--
ALTER TABLE `yes_xmlrpc_import_config`
  MODIFY `yes_xmlrpc_import_config_id` int(11) NOT NULL AUTO_INCREMENT;

--
-- AUTO_INCREMENT für Tabelle `yes_xmlrpc_products`
--
ALTER TABLE `yes_xmlrpc_products`
  MODIFY `yes_xmlrpc_products_id` int(11) NOT NULL AUTO_INCREMENT;

--
-- AUTO_INCREMENT für Tabelle `zones`
--
ALTER TABLE `zones`
  MODIFY `zone_id` int(11) NOT NULL AUTO_INCREMENT, AUTO_INCREMENT=848;

--
-- AUTO_INCREMENT für Tabelle `zones_to_geo_zones`
--
ALTER TABLE `zones_to_geo_zones`
  MODIFY `association_id` int(11) NOT NULL AUTO_INCREMENT, AUTO_INCREMENT=260;

--
-- Constraints der exportierten Tabellen
--

--
-- Constraints der Tabelle `wishlist_customers`
--
ALTER TABLE `wishlist_customers`
  ADD CONSTRAINT `fk_wishlist_customers_customer` FOREIGN KEY (`customers_id`) REFERENCES `customers` (`customers_id`) ON DELETE CASCADE ON UPDATE CASCADE;

--
-- Constraints der Tabelle `wishlist_products`
--
ALTER TABLE `wishlist_products`
  ADD CONSTRAINT `fk_wishlist_products_customers` FOREIGN KEY (`wishlist_customers_id`) REFERENCES `wishlist_customers` (`id`) ON DELETE CASCADE ON UPDATE CASCADE,
  ADD CONSTRAINT `fk_wishlist_products_products` FOREIGN KEY (`products_id`) REFERENCES `products` (`products_id`) ON DELETE CASCADE ON UPDATE CASCADE;
COMMIT;

