CREATE TABLE `history_bestand` (
  `id` int(11) NOT NULL,
  `products_id` int(11) NOT NULL DEFAULT '0',
  `ebay_id` varchar(20) NOT NULL DEFAULT '',
  `orders_id` int(11) NOT NULL DEFAULT '0',
  `transaction_id` varchar(12) NOT NULL DEFAULT '',
  `quantity_change` int(11) NOT NULL DEFAULT '0',
  `title` varchar(128) NOT NULL DEFAULT '',
  `date_saved` timestamp NOT NULL DEFAULT CURRENT_TIMESTAMP,
  `storage_id` int(11) NOT NULL DEFAULT '0',
  `editor_id` int(11) NOT NULL,
  `source` varchar(8) NOT NULL
) ENGINE=MyISAM DEFAULT CHARSET=utf8;

--
-- Daten für Tabelle `history_bestand`
--

INSERT INTO `history_bestand` (`id`, `products_id`, `ebay_id`, `orders_id`, `transaction_id`, `quantity_change`, `title`, `date_saved`, `storage_id`, `editor_id`, `source`) VALUES
(15, 9, '', 0, '', 10000, '(Orig: 0 / Neu: 10000)Der physikalische Bestand wurde durch Mitarbeiter geändert zu 10000.', '2025-05-05 15:14:41', 0, 1, 'direct'),
(16, 20, '', 0, '', 10000, '(Orig: 0 / Neu: 10000)Der physikalische Bestand wurde durch Mitarbeiter geändert zu 10000.', '2025-05-05 15:18:35', 0, 1, 'direct'),
(17, 19, '', 0, '', 10000, '(Orig: 0 / Neu: 10000)Der physikalische Bestand wurde durch Mitarbeiter geändert zu 10000.', '2025-05-05 15:18:37', 0, 1, 'direct'),
(18, 18, '', 0, '', 10000, '(Orig: 0 / Neu: 10000)Der physikalische Bestand wurde durch Mitarbeiter geändert zu 10000.', '2025-05-05 15:18:39', 0, 1, 'direct'),
(19, 17, '', 0, '', 10000, '(Orig: 0 / Neu: 10000)Der physikalische Bestand wurde durch Mitarbeiter geändert zu 10000.', '2025-05-05 15:18:41', 0, 1, 'direct'),
(20, 16, '', 0, '', 10000, '(Orig: 0 / Neu: 10000)Der physikalische Bestand wurde durch Mitarbeiter geändert zu 10000.', '2025-05-05 15:18:43', 0, 1, 'direct'),
(21, 15, '', 0, '', 10000, '(Orig: 0 / Neu: 10000)Der physikalische Bestand wurde durch Mitarbeiter geändert zu 10000.', '2025-05-05 15:18:45', 0, 1, 'direct'),
(22, 14, '', 0, '', 10000, '(Orig: 0 / Neu: 10000)Der physikalische Bestand wurde durch Mitarbeiter geändert zu 10000.', '2025-05-05 15:18:47', 0, 1, 'direct'),
(23, 13, '', 0, '', 10000, '(Orig: 0 / Neu: 10000)Der physikalische Bestand wurde durch Mitarbeiter geändert zu 10000.', '2025-05-05 15:18:49', 0, 1, 'direct'),
(24, 12, '', 0, '', 10000, '(Orig: 0 / Neu: 10000)Der physikalische Bestand wurde durch Mitarbeiter geändert zu 10000.', '2025-05-05 15:18:51', 0, 1, 'direct'),
(25, 11, '', 0, '', 10000, '(Orig: 0 / Neu: 10000)Der physikalische Bestand wurde durch Mitarbeiter geändert zu 10000.', '2025-05-05 15:18:53', 0, 1, 'direct'),
(26, 10, '', 0, '', 10000, '(Orig: 0 / Neu: 10000)Der physikalische Bestand wurde durch Mitarbeiter geändert zu 10000.', '2025-05-05 15:18:54', 0, 1, 'direct'),
(27, 9, '', 0, '', 10000, '(Orig: 10000 / Neu: 10000)Der physikalische Bestand wurde durch Mitarbeiter geändert zu 10000.', '2025-05-05 15:18:56', 0, 1, 'direct'),
(28, 8, '', 0, '', 10000, '(Orig: 0 / Neu: 10000)Der physikalische Bestand wurde durch Mitarbeiter geändert zu 10000.', '2025-05-05 15:18:58', 0, 1, 'direct'),
(29, 7, '', 0, '', 10000, '(Orig: 0 / Neu: 10000)Der physikalische Bestand wurde durch Mitarbeiter geändert zu 10000.', '2025-05-05 15:19:00', 0, 1, 'direct'),
(30, 6, '', 0, '', 10000, '(Orig: 0 / Neu: 10000)Der physikalische Bestand wurde durch Mitarbeiter geändert zu 10000.', '2025-05-05 15:19:02', 0, 1, 'direct'),
(31, 5, '', 0, '', 10000, '(Orig: 0 / Neu: 10000)Der physikalische Bestand wurde durch Mitarbeiter geändert zu 10000.', '2025-05-05 15:19:04', 0, 1, 'direct'),
(32, 4, '', 0, '', 10000, '(Orig: 0 / Neu: 10000)Der physikalische Bestand wurde durch Mitarbeiter geändert zu 10000.', '2025-05-05 15:19:06', 0, 1, 'direct'),
(33, 3, '', 0, '', 10000, '(Orig: 0 / Neu: 10000)Der physikalische Bestand wurde durch Mitarbeiter geändert zu 10000.', '2025-05-05 15:19:12', 0, 1, 'direct'),
(34, 2, '', 0, '', 10000, '(Orig: 0 / Neu: 10000)Der physikalische Bestand wurde durch Mitarbeiter geändert zu 10000.', '2025-05-05 15:19:14', 0, 1, 'direct'),
(35, 1, '', 0, '', 10000, '(Orig: 0 / Neu: 10000)Der physikalische Bestand wurde durch Mitarbeiter geändert zu 10000.', '2025-05-05 15:19:16', 0, 1, 'direct'),
(36, 263, '', 0, '', 1000, '(Orig: 0 / Neu: 1000)Der physikalische Bestand wurde durch Mitarbeiter geändert zu 1000.', '2025-05-09 06:41:39', 0, 1, 'direct'),
(37, 262, '', 0, '', 1000, '(Orig: 0 / Neu: 1000)Der physikalische Bestand wurde durch Mitarbeiter geändert zu 1000.', '2025-05-09 06:41:42', 0, 1, 'direct'),
(38, 261, '', 0, '', 1000, '(Orig: 0 / Neu: 1000)Der physikalische Bestand wurde durch Mitarbeiter geändert zu 1000.', '2025-05-09 06:41:49', 0, 1, 'direct'),
(39, 260, '', 0, '', 1000, '(Orig: 0 / Neu: 1000)Der physikalische Bestand wurde durch Mitarbeiter geändert zu 1000.', '2025-05-09 06:41:51', 0, 1, 'direct'),
(40, 254, '', 0, '', 1000, '(Orig: 0 / Neu: 1000)Der physikalische Bestand wurde durch Mitarbeiter geändert zu 1000.', '2025-05-09 06:41:53', 0, 1, 'direct'),
(41, 263, '', 0, '', -1, '(Orig: 1000 / Neu: 999)Re-Nr 1 Statuswechsel zu Abgeschlossen', '2025-05-16 17:50:00', 0, 1, ''),
(42, 254, '', 0, '', -1, '(Orig: 1000 / Neu: 999)Re-Nr 2 Statuswechsel zu Abgeholt / Im Voraus Versendet', '2025-05-17 09:15:29', 0, 1, ''),
(43, 254, '', 0, '', 1, '(Orig: 999 / Neu: 1000)Re-Nr 2 Statuswechsel zu Offen', '2025-05-17 09:15:38', 0, 1, ''),
(44, 262, '', 0, '', -1, '(Orig: 1000 / Neu: 999)Re-Nr 3 Statuswechsel zu Abgeholt / Im Voraus Versendet', '2025-05-17 09:28:34', 0, 1, ''),
(45, 254, '', 0, '', -1, '(Orig: 1000 / Neu: 999)Re-Nr 4 Statuswechsel zu Abgeschlossen', '2025-05-18 11:28:05', 0, 1, ''),
(46, 227, '', 0, '', 228, '(Orig: 0 / Neu: 228)[Eingabe: 228 Stk] Initial stock 01.06.2025 - SOURCE: SSC Battery Inventory Statistics Table', '2025-06-01 10:18:42', 0, 1, 'direct'),
(47, 225, '', 0, '', 3254, '(Orig: 0 / Neu: 3254)[Eingabe: 3254 Stk] Initial stock 01.06.2025 - SOURCE: SSC Battery Inventory Statistics Table ', '2025-06-01 10:26:23', 0, 1, 'direct'),
(48, 243, '', 0, '', 19528, '(Orig: 0 / Neu: 19528)[Eingabe: 19528 Stk] Initial stock 01.06.2025 - SOURCE: SSC Battery Inventory Statistics Table ', '2025-06-01 10:33:08', 0, 1, 'direct'),
(49, 263, '', 0, '', 1, '(Orig: 999 / Neu: 1000)Re-Nr 1 Statuswechsel zu Bezahlt', '2025-06-02 17:32:19', 0, 1, ''),
(50, 531, '', 0, '', 10, '(Orig: 0 / Neu: 10)[Eingabe: 10 Stk] Test', '2025-07-16 09:11:06', 0, 5006, 'direct'),
(51, 531, '', 0, '', 54, '(Orig: 10 / Neu: 54)[Eingabe: 54 Stk] Start', '2025-07-16 09:12:19', 0, 5006, 'direct'),
(52, 531, '', 0, '', 0, '(Orig: 54 / Neu: 0)Der physikalische Bestand wurde durch Mitarbeiter geändert zu 0.', '2025-07-16 09:14:23', 0, 5006, 'direct'),
(53, 531, '', 0, '', 100, '(Orig: 0 / Neu: 100)Der physikalische Bestand wurde durch Mitarbeiter geändert zu 100.', '2025-07-16 09:15:22', 0, 5006, 'direct'),
(54, 550, '', 0, '', 54, '(Orig: 0 / Neu: 54)Der physikalische Bestand wurde durch Mitarbeiter geändert zu 54.', '2025-07-16 09:18:27', 0, 5006, 'direct'),
(55, 552, '', 0, '', 1, '(Orig: 0 / Neu: 1)Der physikalische Bestand wurde durch Mitarbeiter geändert zu 1.', '2025-07-16 09:18:48', 0, 5006, 'direct'),
(56, 554, '', 0, '', 40, '(Orig: 0 / Neu: 40)Der physikalische Bestand wurde durch Mitarbeiter geändert zu 40.', '2025-07-16 09:19:01', 0, 5006, 'direct'),
(57, 555, '', 0, '', 361, '(Orig: 0 / Neu: 361)Der physikalische Bestand wurde durch Mitarbeiter geändert zu 361.', '2025-07-16 09:19:17', 0, 5006, 'direct'),
(58, 556, '', 0, '', 11, '(Orig: 0 / Neu: 11)Der physikalische Bestand wurde durch Mitarbeiter geändert zu 11.', '2025-07-16 09:19:26', 0, 5006, 'direct'),
(59, 558, '', 0, '', 24, '(Orig: 0 / Neu: 24)Der physikalische Bestand wurde durch Mitarbeiter geändert zu 24.', '2025-07-16 09:19:41', 0, 5006, 'direct'),
(60, 559, '', 0, '', 12, '(Orig: 0 / Neu: 12)Der physikalische Bestand wurde durch Mitarbeiter geändert zu 12.', '2025-07-16 09:19:56', 0, 5006, 'direct'),
(61, 561, '', 0, '', 53, '(Orig: 0 / Neu: 53)Der physikalische Bestand wurde durch Mitarbeiter geändert zu 53.', '2025-07-16 09:20:13', 0, 5006, 'direct'),
(62, 568, '', 0, '', 2955, '(Orig: 0 / Neu: 2955)[Eingabe: 2955 Stk] Start', '2025-07-16 09:38:41', 0, 5006, 'direct'),
(63, 567, '', 0, '', 953, '(Orig: 0 / Neu: 953)[Eingabe: 953 Stk] INVENTURBESTAND', '2025-07-16 09:39:07', 0, 5006, 'direct'),
(64, 581, '', 0, '', 15, '(Orig: 0 / Neu: 15)[Eingabe: 15 Stk] INVENTURBESTAND', '2025-07-16 09:39:26', 0, 5006, 'direct'),
(65, 590, '', 0, '', 2637, '(Orig: 0 / Neu: 2637)[Eingabe: 2637 Stk] INVENTURBESTAND', '2025-07-16 09:39:59', 0, 5006, 'direct'),
(66, 226, '', 0, '', 291, '(Orig: 0 / Neu: 291)[Eingabe: 291 Stk] INVENTURBESTAND', '2025-07-16 09:40:29', 0, 5006, 'direct'),
(67, 571, '', 0, '', 2684, '(Orig: 0 / Neu: 2684)[Eingabe: 2684 Stk] INVENTURBESTAND', '2025-07-16 09:41:17', 0, 5006, 'direct'),
(68, 572, '', 0, '', 360, '(Orig: 0 / Neu: 360)[Eingabe: 360 Stk] INVENTURBESTAND', '2025-07-16 09:41:42', 0, 5006, 'direct'),
(69, 580, '', 0, '', 2, '(Orig: 0 / Neu: 2)[Eingabe: 2 Stk] INVENTURBESTAND', '2025-07-16 09:42:10', 0, 5006, 'direct'),
(70, 591, '', 0, '', 4371, '(Orig: 0 / Neu: 4371)[Eingabe: 4371 Stk] INVENTURBESTAND', '2025-07-16 09:42:47', 0, 5006, 'direct'),
(71, 570, '', 0, '', 202, '(Orig: 0 / Neu: 202)[Eingabe: 202 Stk] INVENTURBESTAND', '2025-07-16 09:43:20', 0, 5006, 'direct'),
(72, 595, '', 0, '', 422, '(Orig: 0 / Neu: 422)[Eingabe: 422 Stk] INVENTURBESTAND', '2025-07-16 09:45:43', 0, 5006, 'direct'),
(73, 594, '', 0, '', 223, '(Orig: 0 / Neu: 223)[Eingabe: 223 Stk] INVENTURBESTAND', '2025-07-16 09:46:34', 0, 5006, 'direct'),
(74, 593, '', 0, '', 159, '(Orig: 0 / Neu: 159)[Eingabe: 159 Stk] INVENTURBESTAND', '2025-07-16 09:48:47', 0, 5006, 'direct'),
(75, 569, '', 0, '', 154, '(Orig: 0 / Neu: 154)[Eingabe: 154 Stk] INVENTURBESTAND', '2025-07-16 09:49:15', 0, 5006, 'direct'),
(76, 574, '', 0, '', 211, '(Orig: 0 / Neu: 211)[Eingabe: 211 Stk] INVENTURBESTAND', '2025-07-16 09:49:59', 0, 5006, 'direct'),
(77, 596, '', 0, '', 134, '(Orig: 0 / Neu: 134)[Eingabe: 134 Stk] INVENTURBESTAND', '2025-07-16 09:50:19', 0, 5006, 'direct'),
(78, 597, '', 0, '', 134, '(Orig: 0 / Neu: 134)[Eingabe: 134 Stk] INVENTURBESTAND', '2025-07-16 09:50:39', 0, 5006, 'direct'),
(79, 596, '', 0, '', 72, '(Orig: 134 / Neu: 72)[Eingabe: 72 Stk] INVENTURBESTAND', '2025-07-16 09:50:57', 0, 5006, 'direct'),
(80, 575, '', 0, '', 24, '(Orig: 0 / Neu: 24)[Eingabe: 24 Stk] INVENTURBESTAND', '2025-07-16 09:51:36', 0, 5006, 'direct'),
(81, 571, '', 0, '', 281, '(Orig: 2684 / Neu: 2965)HH-Lager', '2025-07-16 09:54:58', 0, 5006, 'direct'),
(82, 571, '', 0, '', 2684, '(Orig: 2965 / Neu: 2684)[Eingabe: 2684 Stk] INVENTURBESTAND', '2025-07-16 10:00:42', 0, 5006, 'direct'),
(83, 548, '', 0, '', 48, '(Orig: 0 / Neu: 48)[Eingabe: 48 Stk] INVENTURBESTAND', '2025-07-16 11:57:25', 0, 5006, 'direct'),
(84, 549, '', 0, '', 68, '(Orig: 0 / Neu: 68)[Eingabe: 68 Stk] INVENTURBESTAND', '2025-07-16 11:57:48', 0, 5006, 'direct'),
(85, 573, '', 0, '', 1808, '(Orig: 0 / Neu: 1808)[Eingabe: 1808 Stk] INVENTURBESTAND', '2025-07-16 12:08:30', 0, 5006, 'direct'),
(86, 571, '', 0, '', 281, '(Orig: 2684 / Neu: 2965)HH', '2025-07-16 12:09:22', 0, 5006, 'direct'),
(87, 572, '', 0, '', 390, '(Orig: 360 / Neu: 750)HH', '2025-07-16 12:10:19', 0, 5006, 'direct'),
(88, 594, '', 0, '', 309, '(Orig: 223 / Neu: 532)HH', '2025-07-16 12:11:17', 0, 5006, 'direct'),
(89, 597, '', 0, '', 72, '(Orig: 134 / Neu: 206)HH', '2025-07-16 12:11:54', 0, 5006, 'direct'),
(90, 575, '', 0, '', 26, '(Orig: 24 / Neu: 50)HH', '2025-07-16 12:12:32', 0, 5006, 'direct'),
(91, 531, '', 0, '', 0, '(Orig: 100 / Neu: 0)[Eingabe: 0 Stk] INVENTURBESTAND', '2025-07-16 12:14:21', 0, 5006, 'direct'),
(92, 592, '', 0, '', 291, '(Orig: 0 / Neu: 291)[Eingabe: 291 Stk] INVENTURBESTAND', '2025-07-18 08:32:46', 0, 5006, 'direct'),
(93, 226, '', 0, '', 0, '(Orig: 291 / Neu: 0)[Eingabe: 0 Stk] INVENTURBESTAND', '2025-07-18 08:33:35', 0, 5006, 'direct'),
(94, 591, '', 0, '', 150, '(Orig: 4371 / Neu: 4521)Kaarst', '2025-07-18 08:40:03', 0, 5006, 'direct'),
(95, 590, '', 0, '', 6, '(Orig: 2637 / Neu: 2643)Kaarst', '2025-07-18 08:40:35', 0, 5006, 'direct'),
(96, 583, '', 0, '', 43, '(Orig: 0 / Neu: 43)Kaarst', '2025-07-18 08:41:17', 0, 5006, 'direct'),
(97, 582, '', 0, '', 6, '(Orig: 0 / Neu: 6)Kaarst', '2025-07-18 08:41:42', 0, 5006, 'direct'),
(98, 579, '', 0, '', 16, '(Orig: 0 / Neu: 16)Kaarst', '2025-07-18 08:42:43', 0, 5006, 'direct'),
(99, 573, '', 0, '', 80, '(Orig: 1808 / Neu: 1888)Kaarst', '2025-07-18 08:43:20', 0, 5006, 'direct'),
(100, 570, '', 0, '', 6, '(Orig: 202 / Neu: 208)Kaarst', '2025-07-18 08:44:14', 0, 5006, 'direct'),
(101, 569, '', 0, '', 1, '(Orig: 154 / Neu: 155)Kaarst', '2025-07-18 08:44:37', 0, 5006, 'direct'),
(102, 549, '', 0, '', 4, '(Orig: 68 / Neu: 72)Kaarst', '2025-07-18 08:45:23', 0, 5006, 'direct'),
(103, 548, '', 0, '', 7, '(Orig: 48 / Neu: 55)Kaarst', '2025-07-18 08:47:42', 0, 5006, 'direct'),
(104, 541, '', 0, '', 10, '(Orig: 0 / Neu: 10)Kaarst', '2025-07-18 08:48:23', 0, 5006, 'direct'),
(105, 539, '', 0, '', 57, '(Orig: 0 / Neu: 57)Kaarst', '2025-07-18 08:49:03', 0, 5006, 'direct'),
(106, 538, '', 0, '', 40, '(Orig: 0 / Neu: 40)Kaarst', '2025-07-18 08:49:40', 0, 5006, 'direct'),
(107, 526, '', 0, '', 24, '(Orig: 0 / Neu: 24)Kaarst', '2025-07-18 08:51:38', 0, 5006, 'direct'),
(108, 531, '', 0, '', 10, '(Orig: 0 / Neu: 10)[Eingabe: 10 Stk] TESTBESTAND', '2025-07-21 09:58:39', 0, 1, 'direct'),
(109, 531, '', 0, '', 0, '(Orig: 10 / Neu: 0)[Eingabe: 0 Stk] INVENTURBESTAND', '2025-07-21 10:00:40', 0, 1, 'direct'),
(110, 531, '', 0, '', 10, '(Orig: 0 / Neu: 10)[Eingabe: 10 Stk] TEST', '2025-07-21 10:15:56', 0, 1, 'direct'),
(111, 531, '', 0, '', 0, '(Orig: 10 / Neu: 0)[Eingabe: 0 Stk] INVENTURBESTAND', '2025-07-21 17:26:22', 0, 5006, 'direct'),
(112, 531, '', 0, '', 0, '(Orig: 0 / Neu: 0)[Eingabe: 0 Stk] INVENTURBESTAND', '2025-07-21 17:26:24', 0, 5006, 'direct'),
(113, 570, '', 0, '', -208, '(Orig: 208 / Neu: 0)RE-NR: 6, Physikalische Bestandsänderung durch Versand (-208 Stk.)', '2025-07-22 10:48:10', 0, 5006, ''),
(114, 570, '', 0, '', 208, '(Orig: 0 / Neu: 208)[Eingabe: 208 Stk] INVENTURBESTAND', '2025-07-22 10:54:24', 0, 5006, 'direct'),
(115, 531, '', 0, '', 99999, '(Orig: 0 / Neu: 99999)Der physikalische Bestand wurde durch Mitarbeiter geändert zu 99999.', '2025-07-23 13:32:19', 0, 5006, 'direct'),
(116, 530, '', 0, '', 99999, '(Orig: 0 / Neu: 99999)Der physikalische Bestand wurde durch Mitarbeiter geändert zu 99999.', '2025-07-23 13:32:38', 0, 5006, 'direct'),
(117, 529, '', 0, '', 99999, '(Orig: 0 / Neu: 99999)Der physikalische Bestand wurde durch Mitarbeiter geändert zu 99999.', '2025-07-23 13:32:41', 0, 5006, 'direct'),
(118, 528, '', 0, '', 99999, '(Orig: 0 / Neu: 99999)Der physikalische Bestand wurde durch Mitarbeiter geändert zu 99999.', '2025-07-23 13:32:43', 0, 5006, 'direct'),
(119, 527, '', 0, '', 99999, '(Orig: 0 / Neu: 99999)Der physikalische Bestand wurde durch Mitarbeiter geändert zu 99999.', '2025-07-23 13:32:45', 0, 5006, 'direct'),
(120, 526, '', 0, '', 99999, '(Orig: 24 / Neu: 100023)shop', '2025-07-23 13:36:22', 0, 5006, 'direct'),
(121, 525, '', 0, '', 99999, '(Orig: 0 / Neu: 99999)Der physikalische Bestand wurde durch Mitarbeiter geändert zu 99999.', '2025-07-23 13:36:38', 0, 5006, 'direct'),
(122, 524, '', 0, '', 99999, '(Orig: 0 / Neu: 99999)Der physikalische Bestand wurde durch Mitarbeiter geändert zu 99999.', '2025-07-23 13:36:40', 0, 5006, 'direct'),
(123, 547, '', 0, '', 99999, '(Orig: 0 / Neu: 99999)Der physikalische Bestand wurde durch Mitarbeiter geändert zu 99999.', '2025-07-23 13:37:11', 0, 5006, 'direct'),
(124, 546, '', 0, '', 99999, '(Orig: 0 / Neu: 99999)Der physikalische Bestand wurde durch Mitarbeiter geändert zu 99999.', '2025-07-23 13:37:13', 0, 5006, 'direct'),
(125, 544, '', 0, '', 99999, '(Orig: 0 / Neu: 99999)Der physikalische Bestand wurde durch Mitarbeiter geändert zu 99999.', '2025-07-23 13:37:16', 0, 5006, 'direct'),
(126, 545, '', 0, '', 99999, '(Orig: 0 / Neu: 99999)Der physikalische Bestand wurde durch Mitarbeiter geändert zu 99999.', '2025-07-23 13:37:18', 0, 5006, 'direct'),
(127, 543, '', 0, '', 99999, '(Orig: 0 / Neu: 99999)Der physikalische Bestand wurde durch Mitarbeiter geändert zu 99999.', '2025-07-23 13:37:21', 0, 5006, 'direct'),
(128, 542, '', 0, '', 99999, '(Orig: 0 / Neu: 99999)Der physikalische Bestand wurde durch Mitarbeiter geändert zu 99999.', '2025-07-23 13:37:23', 0, 5006, 'direct'),
(129, 540, '', 0, '', 99999, '(Orig: 0 / Neu: 99999)Der physikalische Bestand wurde durch Mitarbeiter geändert zu 99999.', '2025-07-23 13:37:26', 0, 5006, 'direct'),
(130, 549, '', 0, '', 99999, '(Orig: 72 / Neu: 100071)shop', '2025-07-23 13:38:00', 0, 5006, 'direct'),
(131, 548, '', 0, '', 99999, '(Orig: 55 / Neu: 100054)shop', '2025-07-23 13:38:34', 0, 5006, 'direct'),
(132, 541, '', 0, '', 99999, '(Orig: 10 / Neu: 100009)shop', '2025-07-23 13:43:14', 0, 5006, 'direct'),
(133, 537, '', 0, '', 99999, '(Orig: 0 / Neu: 99999)Der physikalische Bestand wurde durch Mitarbeiter geändert zu 99999.', '2025-07-23 13:44:25', 0, 5006, 'direct'),
(134, 536, '', 0, '', 99999, '(Orig: 0 / Neu: 99999)Der physikalische Bestand wurde durch Mitarbeiter geändert zu 99999.', '2025-07-23 13:44:27', 0, 5006, 'direct'),
(135, 535, '', 0, '', 99999, '(Orig: 0 / Neu: 99999)Der physikalische Bestand wurde durch Mitarbeiter geändert zu 99999.', '2025-07-23 13:44:29', 0, 5006, 'direct'),
(136, 534, '', 0, '', 99999, '(Orig: 0 / Neu: 99999)Der physikalische Bestand wurde durch Mitarbeiter geändert zu 99999.', '2025-07-23 13:44:31', 0, 5006, 'direct'),
(137, 533, '', 0, '', 99999, '(Orig: 0 / Neu: 99999)Der physikalische Bestand wurde durch Mitarbeiter geändert zu 99999.', '2025-07-23 13:44:33', 0, 5006, 'direct'),
(138, 539, '', 0, '', 99999, '(Orig: 57 / Neu: 100056)shop', '2025-07-23 13:44:58', 0, 5006, 'direct'),
(139, 538, '', 0, '', 99999, '(Orig: 40 / Neu: 100039)shop', '2025-07-23 13:45:24', 0, 5006, 'direct'),
(140, 597, '', 0, '', 99999, '(Orig: 206 / Neu: 100205)shop', '2025-07-23 13:47:42', 0, 5006, 'direct'),
(141, 596, '', 0, '', 99999, '(Orig: 72 / Neu: 100071)shop', '2025-07-23 13:48:03', 0, 5006, 'direct'),
(142, 595, '', 0, '', 99999, '(Orig: 422 / Neu: 100421)shop', '2025-07-23 13:48:21', 0, 5006, 'direct'),
(143, 594, '', 0, '', 99999, '(Orig: 532 / Neu: 100531)shop', '2025-07-23 13:48:41', 0, 5006, 'direct'),
(144, 593, '', 0, '', 99999, '(Orig: 159 / Neu: 100158)shop', '2025-07-23 13:49:03', 0, 5006, 'direct'),
(145, 592, '', 0, '', 99999, '(Orig: 291 / Neu: 100290)shop', '2025-07-23 13:49:25', 0, 5006, 'direct'),
(146, 591, '', 0, '', 99999, '(Orig: 4521 / Neu: 104520)shop', '2025-07-23 13:50:46', 0, 5006, 'direct'),
(147, 590, '', 0, '', 99999, '(Orig: 2643 / Neu: 102642)shop', '2025-07-23 13:51:04', 0, 5006, 'direct'),
(148, 583, '', 0, '', 99999, '(Orig: 43 / Neu: 100042)shop', '2025-07-23 13:51:28', 0, 5006, 'direct'),
(149, 582, '', 0, '', 99999, '(Orig: 6 / Neu: 100005)shop', '2025-07-23 13:51:53', 0, 5006, 'direct'),
(150, 581, '', 0, '', 99999, '(Orig: 15 / Neu: 100014)shop', '2025-07-23 13:52:16', 0, 5006, 'direct'),
(151, 580, '', 0, '', 99999, '(Orig: 2 / Neu: 100001)shop', '2025-07-23 13:52:41', 0, 5006, 'direct'),
(152, 579, '', 0, '', 99999, '(Orig: 16 / Neu: 100015)shop', '2025-07-23 13:53:08', 0, 5006, 'direct'),
(153, 574, '', 0, '', 99999, '(Orig: 211 / Neu: 100210)shop', '2025-07-23 13:53:28', 0, 5006, 'direct'),
(154, 573, '', 0, '', 99999, '(Orig: 1888 / Neu: 101887)shop', '2025-07-23 13:53:53', 0, 5006, 'direct'),
(155, 571, '', 0, '', 99999, '(Orig: 2965 / Neu: 102964)shop', '2025-07-23 13:54:14', 0, 5006, 'direct'),
(156, 570, '', 0, '', 99999, '(Orig: 208 / Neu: 100207)shop', '2025-07-23 13:54:40', 0, 5006, 'direct'),
(157, 569, '', 0, '', 99999, '(Orig: 155 / Neu: 100154)shop', '2025-07-23 13:55:03', 0, 5006, 'direct'),
(158, 578, '', 0, '', 99999, '(Orig: 0 / Neu: 99999)Der physikalische Bestand wurde durch Mitarbeiter geändert zu 99999.', '2025-07-23 13:55:27', 0, 5006, 'direct'),
(159, 577, '', 0, '', 99999, '(Orig: 0 / Neu: 99999)Der physikalische Bestand wurde durch Mitarbeiter geändert zu 99999.', '2025-07-23 13:55:29', 0, 5006, 'direct'),
(160, 576, '', 0, '', 99999, '(Orig: 0 / Neu: 99999)Der physikalische Bestand wurde durch Mitarbeiter geändert zu 99999.', '2025-07-23 13:55:31', 0, 5006, 'direct'),
(161, 575, '', 0, '', 99999, '(Orig: 50 / Neu: 100049)shop', '2025-07-23 13:56:12', 0, 5006, 'direct'),
(162, 572, '', 0, '', 99999, '(Orig: 750 / Neu: 100749)shop', '2025-07-23 13:56:36', 0, 5006, 'direct'),
(163, 568, '', 0, '', 99999, '(Orig: 2955 / Neu: 102954)shop', '2025-07-23 13:57:12', 0, 5006, 'direct'),
(164, 567, '', 0, '', 99999, '(Orig: 953 / Neu: 100952)shop', '2025-07-23 13:57:34', 0, 5006, 'direct'),
(165, 566, '', 0, '', 99999, '(Orig: 0 / Neu: 99999)Der physikalische Bestand wurde durch Mitarbeiter geändert zu 99999.', '2025-07-23 13:57:50', 0, 5006, 'direct'),
(166, 565, '', 0, '', 99999, '(Orig: 0 / Neu: 99999)Der physikalische Bestand wurde durch Mitarbeiter geändert zu 99999.', '2025-07-23 13:57:52', 0, 5006, 'direct'),
(167, 564, '', 0, '', 99999, '(Orig: 0 / Neu: 99999)Der physikalische Bestand wurde durch Mitarbeiter geändert zu 99999.', '2025-07-23 13:57:53', 0, 5006, 'direct'),
(168, 563, '', 0, '', 99999, '(Orig: 0 / Neu: 99999)Der physikalische Bestand wurde durch Mitarbeiter geändert zu 99999.', '2025-07-23 13:57:56', 0, 5006, 'direct'),
(169, 562, '', 0, '', 99999, '(Orig: 0 / Neu: 99999)Der physikalische Bestand wurde durch Mitarbeiter geändert zu 99999.', '2025-07-23 13:58:44', 0, 5006, 'direct'),
(170, 560, '', 0, '', 99999, '(Orig: 0 / Neu: 99999)Der physikalische Bestand wurde durch Mitarbeiter geändert zu 99999.', '2025-07-23 13:58:46', 0, 5006, 'direct'),
(171, 557, '', 0, '', 99999, '(Orig: 0 / Neu: 99999)Der physikalische Bestand wurde durch Mitarbeiter geändert zu 99999.', '2025-07-23 13:58:49', 0, 5006, 'direct'),
(172, 553, '', 0, '', 99999, '(Orig: 0 / Neu: 99999)Der physikalische Bestand wurde durch Mitarbeiter geändert zu 99999.', '2025-07-23 13:58:52', 0, 5006, 'direct'),
(173, 551, '', 0, '', 99999, '(Orig: 0 / Neu: 99999)Der physikalische Bestand wurde durch Mitarbeiter geändert zu 99999.', '2025-07-23 13:58:55', 0, 5006, 'direct'),
(174, 561, '', 0, '', 99999, '(Orig: 53 / Neu: 100052)shop', '2025-07-23 13:59:16', 0, 5006, 'direct'),
(175, 559, '', 0, '', 99999, '(Orig: 12 / Neu: 100011)shop', '2025-07-23 13:59:47', 0, 5006, 'direct'),
(176, 558, '', 0, '', 99999, '(Orig: 24 / Neu: 100023)shop', '2025-07-23 14:00:09', 0, 5006, 'direct'),
(177, 556, '', 0, '', 99999, '(Orig: 11 / Neu: 100010)shop', '2025-07-23 14:00:48', 0, 5006, 'direct'),
(178, 555, '', 0, '', 99999, '(Orig: 361 / Neu: 100360)shop', '2025-07-23 14:01:13', 0, 5006, 'direct'),
(179, 554, '', 0, '', 99999, '(Orig: 40 / Neu: 100039)shop', '2025-07-23 14:01:32', 0, 5006, 'direct'),
(180, 552, '', 0, '', 99999, '(Orig: 1 / Neu: 100000)shop', '2025-07-23 14:02:09', 0, 5006, 'direct'),
(181, 550, '', 0, '', 99999, '(Orig: 54 / Neu: 100053)shop', '2025-07-23 14:03:13', 0, 5006, 'direct'),
(182, 602, '', 0, '', 99999, '(Orig: 0 / Neu: 99999)Der physikalische Bestand wurde durch Mitarbeiter geändert zu 99999.', '2025-07-23 14:03:36', 0, 5006, 'direct'),
(183, 601, '', 0, '', 99999, '(Orig: 0 / Neu: 99999)Der physikalische Bestand wurde durch Mitarbeiter geändert zu 99999.', '2025-07-23 14:03:37', 0, 5006, 'direct'),
(184, 600, '', 0, '', 99999, '(Orig: 0 / Neu: 99999)Der physikalische Bestand wurde durch Mitarbeiter geändert zu 99999.', '2025-07-23 14:03:39', 0, 5006, 'direct'),
(185, 599, '', 0, '', 99999, '(Orig: 0 / Neu: 99999)Der physikalische Bestand wurde durch Mitarbeiter geändert zu 99999.', '2025-07-23 14:03:41', 0, 5006, 'direct'),
(186, 598, '', 0, '', 99999, '(Orig: 0 / Neu: 99999)Der physikalische Bestand wurde durch Mitarbeiter geändert zu 99999.', '2025-07-23 14:03:43', 0, 5006, 'direct'),
(187, 262, '', 0, '', 1, '(Orig: 999 / Neu: 1000)Aus Re-Nr. 3 wurde Artikel 1x entfernt.', '2025-07-28 10:41:35', 0, 1, ''),
(188, 254, '', 0, '', 1, '(Orig: 999 / Neu: 1000)Aus Re-Nr. 4 wurde Artikel 1x entfernt.', '2025-07-28 10:42:13', 0, 1, ''),
(189, 531, '', 0, '', 500, '(Orig: 99999 / Neu: 100499)29.07.', '2025-07-29 10:28:20', 0, 5001, 'direct'),
(190, 531, '', 0, '', -500, '(Orig: 100499 / Neu: 99999)Test Andrej', '2025-07-29 10:30:38', 0, 5006, 'direct'),
(191, 602, '', 0, '', 100000, '(Orig: 99999 / Neu: 100000)Der physikalische Bestand wurde durch Mitarbeiter geändert zu 100000.', '2025-07-29 17:07:48', 0, 5006, 'direct'),
(192, 601, '', 0, '', 100000, '(Orig: 99999 / Neu: 100000)Der physikalische Bestand wurde durch Mitarbeiter geändert zu 100000.', '2025-07-29 17:08:27', 0, 5006, 'direct'),
(193, 600, '', 0, '', 100000, '(Orig: 99999 / Neu: 100000)Der physikalische Bestand wurde durch Mitarbeiter geändert zu 100000.', '2025-07-29 17:08:30', 0, 5006, 'direct'),
(194, 599, '', 0, '', 100000, '(Orig: 99999 / Neu: 100000)Der physikalische Bestand wurde durch Mitarbeiter geändert zu 100000.', '2025-07-29 17:08:32', 0, 5006, 'direct'),
(195, 598, '', 0, '', 100000, '(Orig: 99999 / Neu: 100000)Der physikalische Bestand wurde durch Mitarbeiter geändert zu 100000.', '2025-07-29 17:08:34', 0, 5006, 'direct'),
(196, 597, '', 0, '', 100000, '(Orig: 100205 / Neu: 100000)Der physikalische Bestand wurde durch Mitarbeiter geändert zu 100000.', '2025-07-29 17:08:36', 0, 5006, 'direct'),
(197, 596, '', 0, '', 100000, '(Orig: 100071 / Neu: 100000)Der physikalische Bestand wurde durch Mitarbeiter geändert zu 100000.', '2025-07-29 17:08:37', 0, 5006, 'direct'),
(198, 595, '', 0, '', 100000, '(Orig: 100421 / Neu: 100000)Der physikalische Bestand wurde durch Mitarbeiter geändert zu 100000.', '2025-07-29 17:08:40', 0, 5006, 'direct'),
(199, 594, '', 0, '', 100000, '(Orig: 100531 / Neu: 100000)Der physikalische Bestand wurde durch Mitarbeiter geändert zu 100000.', '2025-07-29 17:08:42', 0, 5006, 'direct'),
(200, 593, '', 0, '', 100000, '(Orig: 100158 / Neu: 100000)Der physikalische Bestand wurde durch Mitarbeiter geändert zu 100000.', '2025-07-29 17:08:43', 0, 5006, 'direct'),
(201, 592, '', 0, '', 100000, '(Orig: 100290 / Neu: 100000)Der physikalische Bestand wurde durch Mitarbeiter geändert zu 100000.', '2025-07-29 17:08:45', 0, 5006, 'direct'),
(202, 591, '', 0, '', 100000, '(Orig: 104520 / Neu: 100000)Der physikalische Bestand wurde durch Mitarbeiter geändert zu 100000.', '2025-07-29 17:08:47', 0, 5006, 'direct'),
(203, 590, '', 0, '', 100000, '(Orig: 102642 / Neu: 100000)Der physikalische Bestand wurde durch Mitarbeiter geändert zu 100000.', '2025-07-29 17:08:49', 0, 5006, 'direct'),
(204, 583, '', 0, '', 100000, '(Orig: 100042 / Neu: 100000)Der physikalische Bestand wurde durch Mitarbeiter geändert zu 100000.', '2025-07-29 17:08:52', 0, 5006, 'direct'),
(205, 582, '', 0, '', 100000, '(Orig: 100005 / Neu: 100000)Der physikalische Bestand wurde durch Mitarbeiter geändert zu 100000.', '2025-07-29 17:08:54', 0, 5006, 'direct'),
(206, 581, '', 0, '', 100000, '(Orig: 100014 / Neu: 100000)Der physikalische Bestand wurde durch Mitarbeiter geändert zu 100000.', '2025-07-29 17:08:56', 0, 5006, 'direct'),
(207, 580, '', 0, '', 100000, '(Orig: 100001 / Neu: 100000)Der physikalische Bestand wurde durch Mitarbeiter geändert zu 100000.', '2025-07-29 17:08:59', 0, 5006, 'direct'),
(208, 579, '', 0, '', 100000, '(Orig: 100015 / Neu: 100000)Der physikalische Bestand wurde durch Mitarbeiter geändert zu 100000.', '2025-07-29 17:09:01', 0, 5006, 'direct'),
(209, 578, '', 0, '', 100000, '(Orig: 99999 / Neu: 100000)Der physikalische Bestand wurde durch Mitarbeiter geändert zu 100000.', '2025-07-29 17:09:03', 0, 5006, 'direct'),
(210, 577, '', 0, '', 100000, '(Orig: 99999 / Neu: 100000)Der physikalische Bestand wurde durch Mitarbeiter geändert zu 100000.', '2025-07-29 17:09:05', 0, 5006, 'direct'),
(211, 576, '', 0, '', 100000, '(Orig: 99999 / Neu: 100000)Der physikalische Bestand wurde durch Mitarbeiter geändert zu 100000.', '2025-07-29 17:09:08', 0, 5006, 'direct'),
(212, 575, '', 0, '', 100000, '(Orig: 100049 / Neu: 100000)Der physikalische Bestand wurde durch Mitarbeiter geändert zu 100000.', '2025-07-29 17:09:11', 0, 5006, 'direct'),
(213, 574, '', 0, '', 100000, '(Orig: 100210 / Neu: 100000)Der physikalische Bestand wurde durch Mitarbeiter geändert zu 100000.', '2025-07-29 17:09:13', 0, 5006, 'direct'),
(214, 573, '', 0, '', 100000, '(Orig: 101887 / Neu: 100000)Der physikalische Bestand wurde durch Mitarbeiter geändert zu 100000.', '2025-07-29 17:09:15', 0, 5006, 'direct'),
(215, 572, '', 0, '', 100000, '(Orig: 100749 / Neu: 100000)Der physikalische Bestand wurde durch Mitarbeiter geändert zu 100000.', '2025-07-29 17:09:17', 0, 5006, 'direct'),
(216, 571, '', 0, '', 100000, '(Orig: 102964 / Neu: 100000)Der physikalische Bestand wurde durch Mitarbeiter geändert zu 100000.', '2025-07-29 17:09:19', 0, 5006, 'direct'),
(217, 570, '', 0, '', 100000, '(Orig: 100207 / Neu: 100000)Der physikalische Bestand wurde durch Mitarbeiter geändert zu 100000.', '2025-07-29 17:09:21', 0, 5006, 'direct'),
(218, 569, '', 0, '', 100000, '(Orig: 100154 / Neu: 100000)Der physikalische Bestand wurde durch Mitarbeiter geändert zu 100000.', '2025-07-29 17:09:24', 0, 5006, 'direct'),
(219, 568, '', 0, '', 100000, '(Orig: 102954 / Neu: 100000)Der physikalische Bestand wurde durch Mitarbeiter geändert zu 100000.', '2025-07-29 17:09:25', 0, 5006, 'direct'),
(220, 567, '', 0, '', 100000, '(Orig: 100952 / Neu: 100000)Der physikalische Bestand wurde durch Mitarbeiter geändert zu 100000.', '2025-07-29 17:09:27', 0, 5006, 'direct'),
(221, 566, '', 0, '', 100000, '(Orig: 99999 / Neu: 100000)Der physikalische Bestand wurde durch Mitarbeiter geändert zu 100000.', '2025-07-29 17:09:29', 0, 5006, 'direct'),
(222, 565, '', 0, '', 100000, '(Orig: 99999 / Neu: 100000)Der physikalische Bestand wurde durch Mitarbeiter geändert zu 100000.', '2025-07-29 17:09:31', 0, 5006, 'direct'),
(223, 564, '', 0, '', 100000, '(Orig: 99999 / Neu: 100000)Der physikalische Bestand wurde durch Mitarbeiter geändert zu 100000.', '2025-07-29 17:09:33', 0, 5006, 'direct'),
(224, 563, '', 0, '', 100000, '(Orig: 99999 / Neu: 100000)Der physikalische Bestand wurde durch Mitarbeiter geändert zu 100000.', '2025-07-29 17:09:35', 0, 5006, 'direct'),
(225, 562, '', 0, '', 100000, '(Orig: 99999 / Neu: 100000)Der physikalische Bestand wurde durch Mitarbeiter geändert zu 100000.', '2025-07-29 17:09:37', 0, 5006, 'direct'),
(226, 561, '', 0, '', 100000, '(Orig: 100052 / Neu: 100000)Der physikalische Bestand wurde durch Mitarbeiter geändert zu 100000.', '2025-07-29 17:09:38', 0, 5006, 'direct'),
(227, 560, '', 0, '', 100000, '(Orig: 99999 / Neu: 100000)Der physikalische Bestand wurde durch Mitarbeiter geändert zu 100000.', '2025-07-29 17:09:41', 0, 5006, 'direct'),
(228, 559, '', 0, '', 100000, '(Orig: 100011 / Neu: 100000)Der physikalische Bestand wurde durch Mitarbeiter geändert zu 100000.', '2025-07-29 17:09:43', 0, 5006, 'direct'),
(229, 558, '', 0, '', 100000, '(Orig: 100023 / Neu: 100000)Der physikalische Bestand wurde durch Mitarbeiter geändert zu 100000.', '2025-07-29 17:09:46', 0, 5006, 'direct'),
(230, 557, '', 0, '', 100000, '(Orig: 99999 / Neu: 100000)Der physikalische Bestand wurde durch Mitarbeiter geändert zu 100000.', '2025-07-29 17:09:48', 0, 5006, 'direct'),
(231, 556, '', 0, '', 100000, '(Orig: 100010 / Neu: 100000)Der physikalische Bestand wurde durch Mitarbeiter geändert zu 100000.', '2025-07-29 17:09:50', 0, 5006, 'direct'),
(232, 555, '', 0, '', 100000, '(Orig: 100360 / Neu: 100000)Der physikalische Bestand wurde durch Mitarbeiter geändert zu 100000.', '2025-07-29 17:09:55', 0, 5006, 'direct'),
(233, 554, '', 0, '', 100000, '(Orig: 100039 / Neu: 100000)Der physikalische Bestand wurde durch Mitarbeiter geändert zu 100000.', '2025-07-29 17:09:57', 0, 5006, 'direct'),
(234, 553, '', 0, '', 100000, '(Orig: 99999 / Neu: 100000)Der physikalische Bestand wurde durch Mitarbeiter geändert zu 100000.', '2025-07-29 17:09:59', 0, 5006, 'direct'),
(235, 552, '', 0, '', 100000, '(Orig: 100000 / Neu: 100000)Der physikalische Bestand wurde durch Mitarbeiter geändert zu 100000.', '2025-07-29 17:10:01', 0, 5006, 'direct'),
(236, 551, '', 0, '', 100000, '(Orig: 99999 / Neu: 100000)Der physikalische Bestand wurde durch Mitarbeiter geändert zu 100000.', '2025-07-29 17:10:03', 0, 5006, 'direct'),
(237, 550, '', 0, '', 100000, '(Orig: 100053 / Neu: 100000)Der physikalische Bestand wurde durch Mitarbeiter geändert zu 100000.', '2025-07-29 17:10:05', 0, 5006, 'direct'),
(238, 549, '', 0, '', 100000, '(Orig: 100071 / Neu: 100000)Der physikalische Bestand wurde durch Mitarbeiter geändert zu 100000.', '2025-07-29 17:10:07', 0, 5006, 'direct'),
(239, 548, '', 0, '', 100000, '(Orig: 100054 / Neu: 100000)Der physikalische Bestand wurde durch Mitarbeiter geändert zu 100000.', '2025-07-29 17:10:09', 0, 5006, 'direct'),
(240, 547, '', 0, '', 100000, '(Orig: 99999 / Neu: 100000)Der physikalische Bestand wurde durch Mitarbeiter geändert zu 100000.', '2025-07-29 17:10:11', 0, 5006, 'direct'),
(241, 546, '', 0, '', 100000, '(Orig: 99999 / Neu: 100000)Der physikalische Bestand wurde durch Mitarbeiter geändert zu 100000.', '2025-07-29 17:10:13', 0, 5006, 'direct'),
(242, 545, '', 0, '', 100000, '(Orig: 99999 / Neu: 100000)Der physikalische Bestand wurde durch Mitarbeiter geändert zu 100000.', '2025-07-29 17:10:14', 0, 5006, 'direct'),
(243, 544, '', 0, '', 100000, '(Orig: 99999 / Neu: 100000)Der physikalische Bestand wurde durch Mitarbeiter geändert zu 100000.', '2025-07-29 17:10:17', 0, 5006, 'direct'),
(244, 543, '', 0, '', 100000, '(Orig: 99999 / Neu: 100000)Der physikalische Bestand wurde durch Mitarbeiter geändert zu 100000.', '2025-07-29 17:10:18', 0, 5006, 'direct'),
(245, 542, '', 0, '', 100000, '(Orig: 99999 / Neu: 100000)Der physikalische Bestand wurde durch Mitarbeiter geändert zu 100000.', '2025-07-29 17:10:20', 0, 5006, 'direct'),
(246, 541, '', 0, '', 100000, '(Orig: 100009 / Neu: 100000)Der physikalische Bestand wurde durch Mitarbeiter geändert zu 100000.', '2025-07-29 17:10:22', 0, 5006, 'direct'),
(247, 540, '', 0, '', 100000, '(Orig: 99999 / Neu: 100000)Der physikalische Bestand wurde durch Mitarbeiter geändert zu 100000.', '2025-07-29 17:10:24', 0, 5006, 'direct'),
(248, 539, '', 0, '', 100000, '(Orig: 100056 / Neu: 100000)Der physikalische Bestand wurde durch Mitarbeiter geändert zu 100000.', '2025-07-29 17:10:26', 0, 5006, 'direct'),
(249, 538, '', 0, '', 100000, '(Orig: 100039 / Neu: 100000)Der physikalische Bestand wurde durch Mitarbeiter geändert zu 100000.', '2025-07-29 17:10:28', 0, 5006, 'direct'),
(250, 537, '', 0, '', 100000, '(Orig: 99999 / Neu: 100000)Der physikalische Bestand wurde durch Mitarbeiter geändert zu 100000.', '2025-07-29 17:10:30', 0, 5006, 'direct'),
(251, 536, '', 0, '', 100000, '(Orig: 99999 / Neu: 100000)Der physikalische Bestand wurde durch Mitarbeiter geändert zu 100000.', '2025-07-29 17:10:33', 0, 5006, 'direct'),
(252, 535, '', 0, '', 100000, '(Orig: 99999 / Neu: 100000)Der physikalische Bestand wurde durch Mitarbeiter geändert zu 100000.', '2025-07-29 17:10:34', 0, 5006, 'direct'),
(253, 534, '', 0, '', 100000, '(Orig: 99999 / Neu: 100000)Der physikalische Bestand wurde durch Mitarbeiter geändert zu 100000.', '2025-07-29 17:10:36', 0, 5006, 'direct'),
(254, 533, '', 0, '', 100000, '(Orig: 99999 / Neu: 100000)Der physikalische Bestand wurde durch Mitarbeiter geändert zu 100000.', '2025-07-29 17:10:38', 0, 5006, 'direct'),
(255, 531, '', 0, '', 100000, '(Orig: 99999 / Neu: 100000)Der physikalische Bestand wurde durch Mitarbeiter geändert zu 100000.', '2025-07-29 17:10:40', 0, 5006, 'direct'),
(256, 530, '', 0, '', 100000, '(Orig: 99999 / Neu: 100000)Der physikalische Bestand wurde durch Mitarbeiter geändert zu 100000.', '2025-07-29 17:10:42', 0, 5006, 'direct'),
(257, 529, '', 0, '', 100000, '(Orig: 99999 / Neu: 100000)Der physikalische Bestand wurde durch Mitarbeiter geändert zu 100000.', '2025-07-29 17:10:44', 0, 5006, 'direct'),
(258, 528, '', 0, '', 100000, '(Orig: 99999 / Neu: 100000)Der physikalische Bestand wurde durch Mitarbeiter geändert zu 100000.', '2025-07-29 17:10:46', 0, 5006, 'direct'),
(259, 527, '', 0, '', 100000, '(Orig: 99999 / Neu: 100000)Der physikalische Bestand wurde durch Mitarbeiter geändert zu 100000.', '2025-07-29 17:10:48', 0, 5006, 'direct'),
(260, 526, '', 0, '', 100000, '(Orig: 100023 / Neu: 100000)Der physikalische Bestand wurde durch Mitarbeiter geändert zu 100000.', '2025-07-29 17:10:50', 0, 5006, 'direct'),
(261, 525, '', 0, '', 100000, '(Orig: 99999 / Neu: 100000)Der physikalische Bestand wurde durch Mitarbeiter geändert zu 100000.', '2025-07-29 17:10:51', 0, 5006, 'direct'),
(262, 524, '', 0, '', 100000, '(Orig: 99999 / Neu: 100000)Der physikalische Bestand wurde durch Mitarbeiter geändert zu 100000.', '2025-07-29 17:10:53', 0, 5006, 'direct'),
(263, 597, '', 0, '', 72, '(Orig: 100000 / Neu: 100072)HH', '2025-07-29 17:24:43', 0, 5006, 'direct'),
(264, 597, '', 0, '', 132, '(Orig: 100072 / Neu: 100204)SSC', '2025-07-29 17:25:24', 0, 5006, 'direct'),
(265, 596, '', 0, '', 62, '(Orig: 100000 / Neu: 100062)SSC', '2025-07-29 17:28:17', 0, 5006, 'direct'),
(266, 595, '', 0, '', 386, '(Orig: 100000 / Neu: 100386)SSC', '2025-07-29 17:29:36', 0, 5006, 'direct'),
(267, 594, '', 0, '', 407, '(Orig: 100000 / Neu: 100407)SSC', '2025-07-29 17:30:09', 0, 5006, 'direct'),
(268, 593, '', 0, '', 111, '(Orig: 100000 / Neu: 100111)SSC', '2025-07-29 17:31:55', 0, 5006, 'direct'),
(269, 592, '', 0, '', 125, '(Orig: 100000 / Neu: 100125)SSC', '2025-07-29 17:41:24', 0, 5006, 'direct'),
(270, 581, '', 0, '', 37, '(Orig: 100000 / Neu: 100037)SSC', '2025-07-29 17:45:21', 0, 5006, 'direct'),
(271, 580, '', 0, '', 10, '(Orig: 100000 / Neu: 100010)SSC', '2025-07-29 17:45:56', 0, 5006, 'direct'),
(272, 579, '', 0, '', 24, '(Orig: 100000 / Neu: 100024)SSC', '2025-07-29 17:46:49', 0, 5006, 'direct'),
(273, 579, '', 0, '', 76, '(Orig: 100024 / Neu: 100100)HH', '2025-07-29 17:47:11', 0, 5006, 'direct'),
(274, 579, '', 0, '', 100000, '(Orig: 100100 / Neu: 100000)[Eingabe: 100000 Stk] INVENTURBESTAND', '2025-07-29 17:49:58', 0, 5006, 'direct'),
(275, 575, '', 0, '', 24, '(Orig: 100000 / Neu: 100024)SSC', '2025-07-29 17:51:03', 0, 5006, 'direct'),
(276, 575, '', 0, '', 76, '(Orig: 100024 / Neu: 100100)HH', '2025-07-29 17:51:25', 0, 5006, 'direct'),
(277, 574, '', 0, '', 201, '(Orig: 100000 / Neu: 100201)SSC', '2025-07-29 17:52:09', 0, 5006, 'direct'),
(278, 572, '', 0, '', 360, '(Orig: 100000 / Neu: 100360)SSC', '2025-07-29 17:53:38', 0, 5006, 'direct'),
(279, 572, '', 0, '', 1140, '(Orig: 100360 / Neu: 101500)HH', '2025-07-29 17:54:09', 0, 5006, 'direct'),
(280, 571, '', 0, '', 281, '(Orig: 100000 / Neu: 100281)HH', '2025-07-29 17:54:47', 0, 5006, 'direct'),
(281, 571, '', 0, '', 2556, '(Orig: 100281 / Neu: 102837)SSC', '2025-07-29 17:55:15', 0, 5006, 'direct'),
(282, 570, '', 0, '', 158, '(Orig: 100000 / Neu: 100158)SSC', '2025-07-29 17:56:27', 0, 5006, 'direct'),
(283, 569, '', 0, '', 138, '(Orig: 100000 / Neu: 100138)SSC', '2025-07-29 17:57:20', 0, 5006, 'direct'),
(284, 568, '', 0, '', 2925, '(Orig: 100000 / Neu: 102925)SSC', '2025-07-29 17:58:00', 0, 5006, 'direct'),
(285, 567, '', 0, '', 943, '(Orig: 100000 / Neu: 100943)SSC', '2025-07-29 17:59:01', 0, 5006, 'direct'),
(286, 573, '', 0, '', 898, '(Orig: 100000 / Neu: 100898)SSC', '2025-07-29 17:59:40', 0, 5006, 'direct'),
(287, 561, '', 0, '', 53, '(Orig: 100000 / Neu: 100053)SSC', '2025-07-29 18:00:55', 0, 5006, 'direct'),
(288, 559, '', 0, '', 10, '(Orig: 100000 / Neu: 100010)SSC', '2025-07-29 18:01:51', 0, 5006, 'direct'),
(289, 558, '', 0, '', 24, '(Orig: 100000 / Neu: 100024)SSC', '2025-07-29 18:02:23', 0, 5006, 'direct'),
(290, 556, '', 0, '', 11, '(Orig: 100000 / Neu: 100011)SSC', '2025-07-29 18:03:05', 0, 5006, 'direct'),
(291, 555, '', 0, '', 361, '(Orig: 100000 / Neu: 100361)SSC', '2025-07-29 18:03:32', 0, 5006, 'direct'),
(292, 554, '', 0, '', 40, '(Orig: 100000 / Neu: 100040)SSC', '2025-07-29 18:04:03', 0, 5006, 'direct'),
(293, 552, '', 0, '', 1, '(Orig: 100000 / Neu: 100001)SSC', '2025-07-29 18:04:50', 0, 5006, 'direct'),
(294, 550, '', 0, '', 54, '(Orig: 100000 / Neu: 100054)SSC', '2025-07-29 18:05:38', 0, 5006, 'direct'),
(295, 549, '', 0, '', 198, '(Orig: 100000 / Neu: 100198)SSC', '2025-07-29 18:07:05', 0, 5006, 'direct'),
(296, 549, '', 0, '', 432, '(Orig: 100198 / Neu: 100630)HH', '2025-07-29 18:07:30', 0, 5006, 'direct'),
(297, 547, '', 0, '', 340, '(Orig: 100000 / Neu: 100340)SSC', '2025-07-29 18:08:25', 0, 5006, 'direct'),
(298, 544, '', 0, '', 2162, '(Orig: 100000 / Neu: 102162)SSC', '2025-07-29 18:09:31', 0, 5006, 'direct'),
(299, 542, '', 0, '', 336, '(Orig: 100000 / Neu: 100336)SSC', '2025-07-29 18:10:20', 0, 5006, 'direct'),
(300, 541, '', 0, '', 245, '(Orig: 100000 / Neu: 100245)SSC', '2025-07-29 18:10:48', 0, 5006, 'direct'),
(301, 537, '', 0, '', 1497, '(Orig: 100000 / Neu: 101497)SSC', '2025-07-29 18:11:39', 0, 5006, 'direct'),
(302, 530, '', 0, '', 18, '(Orig: 100000 / Neu: 100018)SSC', '2025-07-29 18:12:41', 0, 5006, 'direct'),
(303, 529, '', 0, '', 868, '(Orig: 100000 / Neu: 100868)SSC', '2025-07-29 18:13:08', 0, 5006, 'direct'),
(304, 528, '', 0, '', 363, '(Orig: 100000 / Neu: 100363)SSC', '2025-07-29 18:13:50', 0, 5006, 'direct'),
(305, 527, '', 0, '', 1352, '(Orig: 100000 / Neu: 101352)SSC', '2025-07-29 18:14:19', 0, 5006, 'direct'),
(306, 526, '', 0, '', 1740, '(Orig: 100000 / Neu: 101740)SSC', '2025-07-29 18:14:54', 0, 5006, 'direct'),
(307, 525, '', 0, '', 2131, '(Orig: 100000 / Neu: 102131)SSC', '2025-07-29 18:15:23', 0, 5006, 'direct'),
(308, 579, '', 0, '', 613, '(Orig: 100000 / Neu: 100613)SSC', '2025-07-29 18:18:12', 0, 5006, 'direct'),
(309, 590, '', 0, '', 2485, '(Orig: 100000 / Neu: 102485)SSC', '2025-07-29 18:19:05', 0, 5006, 'direct'),
(310, 602, '', 0, '', -1, '(Orig: 100000 / Neu: 99999)Re-Nr 50000 Statuswechsel zu Abgeschlossen', '2025-07-30 06:37:14', 0, 5001, ''),
(311, 591, '', 0, '', -4, '(Orig: 100000 / Neu: 99996)Zur Re-Nr 50001 wurde die Warenausgabe aus dem Stammlager vorgenommen.', '2025-08-01 10:57:37', 0, 5006, ''),
(312, 526, '', 0, '', -1, '(Orig: 101740 / Neu: 101739)Zur Re-Nr 50001 wurde die Warenausgabe aus dem Stammlager vorgenommen.', '2025-08-01 10:57:37', 0, 5006, ''),
(313, 602, '', 0, '', 0, '(Orig: 99999 / Neu: 0)Der physikalische Bestand wurde durch Mitarbeiter geändert zu 0.', '2025-08-05 06:47:25', 0, 5006, 'direct'),
(314, 602, '', 0, '', 99999, '(Orig: 0 / Neu: 99999)Der physikalische Bestand wurde durch Mitarbeiter geändert zu 99999.', '2025-08-05 06:53:40', 0, 5006, 'direct'),
(315, 19, '', 0, '', -1, '(Orig: 10000 / Neu: 9999)RE-NR: 50005, Physikalische Bestandsänderung durch Versand (-1 Stk.)', '2025-08-06 12:24:36', 0, 5001, ''),
(316, 573, '', 0, '', -4, '(Orig: 100898 / Neu: 100894)RE-NR: 50005, Physikalische Bestandsänderung durch Versand (-4 Stk.)', '2025-08-06 12:24:36', 0, 5001, ''),
(317, 595, '', 0, '', -1, '(Orig: 100386 / Neu: 100385)Zur Re-Nr 50004 wurde die Warenausgabe aus dem Stammlager vorgenommen.', '2025-08-06 12:29:34', 0, 5001, ''),
(318, 573, '', 0, '', -1, '(Orig: 100894 / Neu: 100893)Zur Re-Nr 50004 wurde die Warenausgabe aus dem Stammlager vorgenommen.', '2025-08-06 12:29:34', 0, 5001, ''),
(319, 541, '', 0, '', -1, '(Orig: 100245 / Neu: 100244)Zur Re-Nr 50004 wurde die Warenausgabe aus dem Stammlager vorgenommen.', '2025-08-06 12:29:34', 0, 5001, ''),
(320, 19, '', 0, '', -1, '(Orig: 9999 / Neu: 9998)Zur Re-Nr 50004 wurde die Warenausgabe aus dem Stammlager vorgenommen.', '2025-08-06 12:29:34', 0, 5001, ''),
(321, 573, '', 0, '', -3, '(Orig: 100893 / Neu: 100890)RE-NR: 50007, Physikalische Bestandsänderung durch Versand (-3 Stk.)', '2025-08-13 08:58:42', 0, 5001, ''),
(322, 579, '', 0, '', -1, '(Orig: 100613 / Neu: 100612)RE-NR: 50007, Physikalische Bestandsänderung durch Versand (-1 Stk.)', '2025-08-13 08:58:42', 0, 5001, ''),
(323, 526, '', 0, '', -1, '(Orig: 101739 / Neu: 101738)RE-NR: 50009, Physikalische Bestandsänderung durch Versand (-1 Stk.)', '2025-08-13 11:21:03', 0, 5001, ''),
(324, 19, '', 0, '', -1, '(Orig: 9998 / Neu: 9997)RE-NR: 50010, Physikalische Bestandsänderung durch Versand (-1 Stk.)', '2025-08-21 06:47:29', 0, 5001, ''),
(325, 537, '', 0, '', -1, '(Orig: 101497 / Neu: 101496)RE-NR: 50010, Physikalische Bestandsänderung durch Versand (-1 Stk.)', '2025-08-21 06:47:29', 0, 5001, ''),
(326, 549, '', 0, '', -1, '(Orig: 100630 / Neu: 100629)Re-Nr 50024 Statuswechsel zu Abgeschlossen', '2025-08-21 06:48:03', 0, 5001, ''),
(327, 609, '', 0, '', 99, '(Orig: 0 / Neu: 99)[Eingabe: 99 Stk] INVENTURBESTAND TEST', '2025-08-25 07:39:16', 0, 5006, 'direct'),
(328, 579, '', 0, '', -1, '(Orig: 100612 / Neu: 100611)Re-Nr 50058 Statuswechsel zu Abgeschlossen', '2025-09-05 07:00:03', 0, 5001, ''),
(329, 548, '', 0, '', -1, '(Orig: 100000 / Neu: 99999)Re-Nr 50058 Statuswechsel zu Abgeschlossen', '2025-09-05 07:00:03', 0, 5001, ''),
(330, 573, '', 0, '', -4, '(Orig: 100890 / Neu: 100886)Re-Nr 50058 Statuswechsel zu Abgeschlossen', '2025-09-05 07:00:03', 0, 5001, ''),
(331, 529, '', 0, '', -2, '(Orig: 100868 / Neu: 100866)RE-NR: 50019, Physikalische Bestandsänderung durch Versand (-2 Stk.)', '2025-09-09 07:39:50', 0, 5001, ''),
(332, 583, '', 0, '', -30, '(Orig: 100000 / Neu: 99970)RE-NR: 50025, Physikalische Bestandsänderung durch Versand (-30 Stk.)', '2025-09-09 11:35:47', 0, 5001, ''),
(333, 583, '', 0, '', -20, '(Orig: 99970 / Neu: 99950)RE-NR: 50002, Physikalische Bestandsänderung durch Versand (-20 Stk.)', '2025-09-10 08:43:30', 0, 5001, ''),
(334, 528, '', 0, '', -1, '(Orig: 100363 / Neu: 100362)RE-NR: 50015, Physikalische Bestandsänderung durch Versand (-1 Stk.)', '2025-09-10 12:40:40', 0, 5001, ''),
(335, 592, '', 0, '', -1, '(Orig: 100125 / Neu: 100124)Re-Nr 50032 Statuswechsel zu Abgeholt / Im Voraus Versendet', '2025-09-11 09:26:16', 0, 5001, ''),
(336, 537, '', 0, '', -1, '(Orig: 101496 / Neu: 101495)Re-Nr 50048 Statuswechsel zu Abgeholt / Im Voraus Versendet', '2025-09-12 08:17:18', 0, 5000, ''),
(337, 583, '', 0, '', -1, '(Orig: 99950 / Neu: 99949)Re-Nr 50048 Statuswechsel zu Abgeholt / Im Voraus Versendet', '2025-09-12 08:17:18', 0, 5000, ''),
(338, 537, '', 0, '', -60, '(Orig: 101495 / Neu: 101435)Re-Nr 50029 Statuswechsel zu Abgeschlossen', '2025-09-12 11:23:43', 0, 5000, ''),
(339, 573, '', 0, '', -18, '(Orig: 100886 / Neu: 100868)Re-Nr 50047 Statuswechsel zu Abgeschlossen', '2025-09-12 11:23:58', 0, 5000, ''),
(340, 595, '', 0, '', -3, '(Orig: 100385 / Neu: 100382)Re-Nr 50047 Statuswechsel zu Abgeschlossen', '2025-09-12 11:23:58', 0, 5000, ''),
(341, 579, '', 0, '', -3, '(Orig: 100611 / Neu: 100608)Re-Nr 50047 Statuswechsel zu Abgeschlossen', '2025-09-12 11:23:58', 0, 5000, ''),
(342, 547, '', 0, '', -2, '(Orig: 100340 / Neu: 100338)Re-Nr 50047 Statuswechsel zu Abgeschlossen', '2025-09-12 11:23:58', 0, 5000, ''),
(343, 598, '', 0, '', -20, '(Orig: 100000 / Neu: 99980)RE-NR: 50059, Physikalische Bestandsänderung durch Versand (-20 Stk.)', '2025-09-12 13:08:49', 0, 5001, ''),
(344, 598, '', 0, '', 20, '(Orig: 99980 / Neu: 100000)Re-Nr 50059 Statuswechsel zu Bezahlt', '2025-09-12 13:09:56', 0, 5001, ''),
(345, 573, '', 0, '', -8, '(Orig: 100868 / Neu: 100860)RE-NR: 50066, Physikalische Bestandsänderung durch Versand (-8 Stk.)', '2025-09-12 13:10:29', 0, 5001, ''),
(346, 579, '', 0, '', -1, '(Orig: 100608 / Neu: 100607)RE-NR: 50066, Physikalische Bestandsänderung durch Versand (-1 Stk.)', '2025-09-12 13:10:29', 0, 5001, ''),
(347, 594, '', 0, '', -1, '(Orig: 100407 / Neu: 100406)RE-NR: 50066, Physikalische Bestandsänderung durch Versand (-1 Stk.)', '2025-09-12 13:10:29', 0, 5001, ''),
(348, 573, '', 0, '', -1, '(Orig: 100860 / Neu: 100859)Re-Nr 50054 Statuswechsel zu Abgeschlossen', '2025-09-17 10:29:45', 0, 5001, ''),
(349, 541, '', 0, '', -1, '(Orig: 100244 / Neu: 100243)Re-Nr 50054 Statuswechsel zu Abgeschlossen', '2025-09-17 10:29:45', 0, 5001, ''),
(350, 537, '', 0, '', -1, '(Orig: 101435 / Neu: 101434)Re-Nr 50084 Statuswechsel zu Abgeschlossen', '2025-09-17 10:34:56', 0, 5001, ''),
(351, 539, '', 0, '', -1, '(Orig: 100000 / Neu: 99999)Re-Nr 50084 Statuswechsel zu Abgeschlossen', '2025-09-17 10:34:56', 0, 5001, ''),
(352, 594, '', 0, '', -1, '(Orig: 100406 / Neu: 100405)Re-Nr 50060 Statuswechsel zu Abgeschlossen', '2025-09-17 12:26:08', 0, 5001, ''),
(353, 548, '', 0, '', -1, '(Orig: 99999 / Neu: 99998)Re-Nr 50060 Statuswechsel zu Abgeschlossen', '2025-09-17 12:26:08', 0, 5001, ''),
(354, 579, '', 0, '', -1, '(Orig: 100607 / Neu: 100606)Re-Nr 50060 Statuswechsel zu Abgeschlossen', '2025-09-17 12:26:08', 0, 5001, ''),
(355, 573, '', 0, '', -10, '(Orig: 100859 / Neu: 100849)Re-Nr 50060 Statuswechsel zu Abgeschlossen', '2025-09-17 12:26:08', 0, 5001, ''),
(356, 537, '', 0, '', -1, '(Orig: 101434 / Neu: 101433)Re-Nr 50046 Statuswechsel zu Abgeschlossen', '2025-09-18 09:27:45', 0, 5001, ''),
(357, 591, '', 0, '', -16, '(Orig: 99996 / Neu: 99980)Re-Nr 50070 Statuswechsel zu Abgeschlossen', '2025-09-18 12:23:25', 0, 5000, ''),
(358, 528, '', 0, '', -12, '(Orig: 100362 / Neu: 100350)Re-Nr 50070 Statuswechsel zu Abgeschlossen', '2025-09-18 12:23:25', 0, 5000, ''),
(359, 545, '', 0, '', -1, '(Orig: 100000 / Neu: 99999)Re-Nr 50053 Statuswechsel zu Abgeschlossen', '2025-09-18 13:26:17', 0, 5001, ''),
(360, 535, '', 0, '', -1, '(Orig: 100000 / Neu: 99999)Re-Nr 50053 Statuswechsel zu Abgeschlossen', '2025-09-18 13:26:17', 0, 5001, ''),
(361, 583, '', 0, '', -1, '(Orig: 99949 / Neu: 99948)Re-Nr 50053 Statuswechsel zu Abgeschlossen', '2025-09-18 13:26:17', 0, 5001, ''),
(362, 580, '', 0, '', -1, '(Orig: 100010 / Neu: 100009)Re-Nr 50053 Statuswechsel zu Abgeschlossen', '2025-09-18 13:26:17', 0, 5001, ''),
(363, 591, '', 0, '', -240, '(Orig: 99980 / Neu: 99740)Re-Nr 50026 Statuswechsel zu Abgeschlossen', '2025-09-19 09:07:30', 0, 5000, ''),
(364, 537, '', 0, '', -1, '(Orig: 101433 / Neu: 101432)Re-Nr 50087 Statuswechsel zu Abgeschlossen', '2025-09-22 10:31:47', 0, 5001, ''),
(365, 526, '', 0, '', -2, '(Orig: 101738 / Neu: 101736)Re-Nr 50075 Statuswechsel zu Abgeschlossen', '2025-09-22 13:29:50', 0, 5001, ''),
(366, 591, '', 0, '', -3, '(Orig: 99740 / Neu: 99737)Re-Nr 50075 Statuswechsel zu Abgeschlossen', '2025-09-22 13:29:50', 0, 5001, ''),
(367, 3, '', 0, '', -1, '(Orig: 10000 / Neu: 9999)Re-Nr 50075 Statuswechsel zu Abgeschlossen', '2025-09-22 13:29:50', 0, 5001, ''),
(368, 573, '', 0, '', -12, '(Orig: 100849 / Neu: 100837)Re-Nr 50089 Statuswechsel zu Abgeschlossen', '2025-09-24 13:26:35', 0, 5000, ''),
(369, 579, '', 0, '', -1, '(Orig: 100606 / Neu: 100605)Re-Nr 50089 Statuswechsel zu Abgeschlossen', '2025-09-24 13:26:35', 0, 5000, ''),
(370, 594, '', 0, '', -1, '(Orig: 100405 / Neu: 100404)Re-Nr 50089 Statuswechsel zu Abgeschlossen', '2025-09-24 13:26:35', 0, 5000, ''),
(371, 549, '', 0, '', -1, '(Orig: 100629 / Neu: 100628)Re-Nr 50089 Statuswechsel zu Abgeschlossen', '2025-09-24 13:26:35', 0, 5000, ''),
(372, 583, '', 0, '', -1, '(Orig: 99948 / Neu: 99947)Re-Nr 50089 Statuswechsel zu Abgeschlossen', '2025-09-24 13:26:35', 0, 5000, ''),
(373, 610, '', 0, '', 9999, '(Orig: 0 / Neu: 9999)Der physikalische Bestand wurde durch Mitarbeiter geändert zu 9999.', '2025-09-25 10:17:11', 0, 5006, 'direct');
INSERT INTO `history_bestand` (`id`, `products_id`, `ebay_id`, `orders_id`, `transaction_id`, `quantity_change`, `title`, `date_saved`, `storage_id`, `editor_id`, `source`) VALUES
(374, 610, '', 0, '', -1, '(Orig: 9999 / Neu: 9998)Zur Re-Nr. 50089 wurde Artikel 1x hinzugefügt.', '2025-09-25 10:17:57', 0, 5006, ''),
(375, 610, '', 0, '', 1, '(Orig: 9998 / Neu: 9999)Aus Re-Nr. 50089 wurde Artikel 1x entfernt.', '2025-09-25 10:31:47', 0, 5006, ''),
(376, 536, '', 0, '', -2, '(Orig: 100000 / Neu: 99998)Re-Nr 50067 Statuswechsel zu Abgeschlossen', '2025-09-30 06:45:09', 0, 5000, ''),
(377, 595, '', 0, '', -2, '(Orig: 100382 / Neu: 100380)Re-Nr 50067 Statuswechsel zu Abgeschlossen', '2025-09-30 06:45:09', 0, 5000, ''),
(378, 599, '', 0, '', -2, '(Orig: 100000 / Neu: 99998)Re-Nr 50067 Statuswechsel zu Abgeschlossen', '2025-09-30 06:45:09', 0, 5000, ''),
(379, 602, '', 0, '', -1, '(Orig: 99999 / Neu: 99998)Re-Nr 50067 Statuswechsel zu Abgeschlossen', '2025-09-30 06:45:09', 0, 5000, ''),
(380, 591, '', 0, '', -8, '(Orig: 99737 / Neu: 99729)Re-Nr 50067 Statuswechsel zu Abgeschlossen', '2025-09-30 06:45:09', 0, 5000, ''),
(381, 539, '', 0, '', -1, '(Orig: 99999 / Neu: 99998)Re-Nr 50063 Statuswechsel zu Abgeschlossen', '2025-09-30 10:27:36', 0, 5000, ''),
(382, 538, '', 0, '', -3, '(Orig: 100000 / Neu: 99997)Re-Nr 50093 Statuswechsel zu Abgeschlossen', '2025-10-01 08:00:48', 0, 5000, ''),
(383, 591, '', 0, '', -9, '(Orig: 99729 / Neu: 99720)Re-Nr 50093 Statuswechsel zu Abgeschlossen', '2025-10-01 08:00:48', 0, 5000, ''),
(384, 598, '', 0, '', -20, '(Orig: 100000 / Neu: 99980)Re-Nr 50059 Statuswechsel zu Abgeschlossen', '2025-10-01 08:34:34', 0, 5001, ''),
(385, 594, '', 0, '', -2, '(Orig: 100404 / Neu: 100402)Re-Nr 50091 Statuswechsel zu Abgeschlossen', '2025-10-06 08:08:05', 0, 5001, ''),
(386, 573, '', 0, '', -20, '(Orig: 100837 / Neu: 100817)Re-Nr 50091 Statuswechsel zu Abgeschlossen', '2025-10-06 08:08:05', 0, 5001, ''),
(387, 579, '', 0, '', -2, '(Orig: 100605 / Neu: 100603)Re-Nr 50091 Statuswechsel zu Abgeschlossen', '2025-10-06 08:08:05', 0, 5001, ''),
(388, 538, '', 0, '', -1, '(Orig: 99997 / Neu: 99996)Re-Nr 50031 Statuswechsel zu Abgeschlossen', '2025-10-07 07:23:39', 0, 5001, ''),
(389, 598, '', 0, '', -1, '(Orig: 99980 / Neu: 99979)Re-Nr 50036 Statuswechsel zu Abgeschlossen', '2025-10-07 07:36:56', 0, 5001, ''),
(390, 599, '', 0, '', -1, '(Orig: 99998 / Neu: 99997)Re-Nr 50036 Statuswechsel zu Abgeschlossen', '2025-10-07 07:36:56', 0, 5001, ''),
(391, 583, '', 0, '', -1, '(Orig: 99947 / Neu: 99946)Re-Nr 50100 Statuswechsel zu Abgeschlossen', '2025-10-07 09:59:24', 0, 5000, ''),
(392, 548, '', 0, '', -1, '(Orig: 99998 / Neu: 99997)Re-Nr 50039 Statuswechsel zu Abgeschlossen', '2025-10-08 08:48:22', 0, 5001, ''),
(393, 574, '', 0, '', -1, '(Orig: 100201 / Neu: 100200)Re-Nr 50039 Statuswechsel zu Abgeschlossen', '2025-10-08 08:48:22', 0, 5001, ''),
(394, 597, '', 0, '', -1, '(Orig: 100204 / Neu: 100203)Re-Nr 50039 Statuswechsel zu Abgeschlossen', '2025-10-08 08:48:22', 0, 5001, ''),
(395, 571, '', 0, '', -13, '(Orig: 102837 / Neu: 102824)Re-Nr 50039 Statuswechsel zu Abgeschlossen', '2025-10-08 08:48:22', 0, 5001, ''),
(396, 139, '', 0, '', -150, '(Orig: 0 / Neu: -150)RE-NR: 50043, Physikalische Bestandsänderung durch Versand (-150 Stk.)', '2025-10-08 08:48:32', 0, 5001, ''),
(397, 543, '', 0, '', -7, '(Orig: 100000 / Neu: 99993)RE-NR: 50043, Physikalische Bestandsänderung durch Versand (-7 Stk.)', '2025-10-08 08:48:32', 0, 5001, ''),
(398, 587, '', 0, '', -10, '(Orig: 0 / Neu: -10)RE-NR: 50043, Physikalische Bestandsänderung durch Versand (-10 Stk.)', '2025-10-08 08:48:32', 0, 5001, ''),
(399, 592, '', 0, '', -20, '(Orig: 100124 / Neu: 100104)RE-NR: 50043, Physikalische Bestandsänderung durch Versand (-20 Stk.)', '2025-10-08 08:48:32', 0, 5001, ''),
(400, 593, '', 0, '', -5, '(Orig: 100111 / Neu: 100106)RE-NR: 50043, Physikalische Bestandsänderung durch Versand (-5 Stk.)', '2025-10-08 08:48:32', 0, 5001, ''),
(401, 537, '', 0, '', -1, '(Orig: 101432 / Neu: 101431)RE-NR: 50103, Physikalische Bestandsänderung durch Versand (-1 Stk.)', '2025-10-08 08:48:32', 0, 5001, ''),
(402, 569, '', 0, '', -1, '(Orig: 100138 / Neu: 100137)RE-NR: 50103, Physikalische Bestandsänderung durch Versand (-1 Stk.)', '2025-10-08 08:48:32', 0, 5001, ''),
(403, 570, '', 0, '', -6, '(Orig: 100158 / Neu: 100152)RE-NR: 50103, Physikalische Bestandsänderung durch Versand (-6 Stk.)', '2025-10-08 08:48:32', 0, 5001, ''),
(404, 539, '', 0, '', -1, '(Orig: 99998 / Neu: 99997)RE-NR: 50105, Physikalische Bestandsänderung durch Versand (-1 Stk.)', '2025-10-08 08:48:32', 0, 5001, ''),
(405, 611, '', 0, '', 10000, '(Orig: 0 / Neu: 10000)Der physikalische Bestand wurde durch Mitarbeiter geändert zu 10000.', '2025-10-08 09:57:40', 0, 5006, 'direct'),
(406, 612, '', 0, '', 10000, '(Orig: 0 / Neu: 10000)Der physikalische Bestand wurde durch Mitarbeiter geändert zu 10000.', '2025-10-08 09:57:43', 0, 5006, 'direct'),
(407, 613, '', 0, '', 10000, '(Orig: 0 / Neu: 10000)Der physikalische Bestand wurde durch Mitarbeiter geändert zu 10000.', '2025-10-08 09:57:45', 0, 5006, 'direct'),
(408, 592, '', 0, '', -8, '(Orig: 100104 / Neu: 100096)Re-Nr 50106 Statuswechsel zu Abgeholt / Im Voraus Versendet', '2025-10-08 11:39:22', 0, 5000, ''),
(409, 543, '', 0, '', -3, '(Orig: 99993 / Neu: 99990)Re-Nr 50106 Statuswechsel zu Abgeholt / Im Voraus Versendet', '2025-10-08 11:39:22', 0, 5000, ''),
(410, 548, '', 0, '', -1, '(Orig: 99997 / Neu: 99996)Re-Nr 50106 Statuswechsel zu Abgeholt / Im Voraus Versendet', '2025-10-08 11:39:22', 0, 5000, ''),
(411, 536, '', 0, '', -1, '(Orig: 99998 / Neu: 99997)Re-Nr 50104 Statuswechsel zu Abgeschlossen', '2025-10-08 12:22:58', 0, 5000, ''),
(412, 548, '', 0, '', -1, '(Orig: 99996 / Neu: 99995)Re-Nr 50104 Statuswechsel zu Abgeschlossen', '2025-10-08 12:22:58', 0, 5000, ''),
(413, 573, '', 0, '', -12, '(Orig: 100817 / Neu: 100805)Re-Nr 50104 Statuswechsel zu Abgeschlossen', '2025-10-08 12:22:58', 0, 5000, ''),
(414, 579, '', 0, '', -1, '(Orig: 100603 / Neu: 100602)Re-Nr 50104 Statuswechsel zu Abgeschlossen', '2025-10-08 12:22:58', 0, 5000, ''),
(415, 594, '', 0, '', -1, '(Orig: 100402 / Neu: 100401)Re-Nr 50104 Statuswechsel zu Abgeschlossen', '2025-10-08 12:22:58', 0, 5000, ''),
(416, 583, '', 0, '', -1, '(Orig: 99946 / Neu: 99945)Re-Nr 50104 Statuswechsel zu Abgeschlossen', '2025-10-08 12:22:58', 0, 5000, ''),
(417, 598, '', 0, '', -1, '(Orig: 99979 / Neu: 99978)Re-Nr 50116 Statuswechsel zu Abgeschlossen', '2025-10-15 12:10:19', 0, 5001, ''),
(418, 599, '', 0, '', -5, '(Orig: 99997 / Neu: 99992)Re-Nr 50109 Statuswechsel zu Abgeschlossen', '2025-10-16 07:31:48', 0, 5001, ''),
(419, 598, '', 0, '', -5, '(Orig: 99978 / Neu: 99973)Re-Nr 50109 Statuswechsel zu Abgeschlossen', '2025-10-16 07:31:48', 0, 5001, ''),
(420, 601, '', 0, '', -2, '(Orig: 100000 / Neu: 99998)Re-Nr 50109 Statuswechsel zu Abgeschlossen', '2025-10-16 07:31:48', 0, 5001, ''),
(421, 545, '', 0, '', -1, '(Orig: 99999 / Neu: 99998)Re-Nr 50123 Statuswechsel zu Abgeschlossen', '2025-10-16 10:01:49', 0, 5001, ''),
(422, 614, '', 0, '', 10000, '(Orig: 0 / Neu: 10000)Der physikalische Bestand wurde durch Mitarbeiter geändert zu 10000.', '2025-10-16 12:02:26', 0, 5006, 'direct'),
(423, 533, '', 0, '', -24, '(Orig: 100000 / Neu: 99976)Re-Nr 50113 Statuswechsel zu Abgeschlossen', '2025-10-17 08:51:04', 0, 5001, ''),
(424, 535, '', 0, '', -36, '(Orig: 99999 / Neu: 99963)Re-Nr 50113 Statuswechsel zu Abgeschlossen', '2025-10-17 08:51:04', 0, 5001, ''),
(425, 536, '', 0, '', -40, '(Orig: 99997 / Neu: 99957)Re-Nr 50113 Statuswechsel zu Abgeschlossen', '2025-10-17 08:51:04', 0, 5001, ''),
(426, 538, '', 0, '', -10, '(Orig: 99996 / Neu: 99986)Re-Nr 50113 Statuswechsel zu Abgeschlossen', '2025-10-17 08:51:04', 0, 5001, ''),
(427, 539, '', 0, '', -10, '(Orig: 99997 / Neu: 99987)Re-Nr 50113 Statuswechsel zu Abgeschlossen', '2025-10-17 08:51:04', 0, 5001, ''),
(428, 1009, '', 0, '', 9999, '(Orig: 0 / Neu: 9999)Der physikalische Bestand wurde durch Mitarbeiter geändert zu 9999.', '2025-10-20 07:54:34', 0, 5006, 'direct'),
(429, 1008, '', 0, '', 9999, '(Orig: 0 / Neu: 9999)Der physikalische Bestand wurde durch Mitarbeiter geändert zu 9999.', '2025-10-20 07:54:36', 0, 5006, 'direct'),
(430, 1007, '', 0, '', 9999, '(Orig: 0 / Neu: 9999)Der physikalische Bestand wurde durch Mitarbeiter geändert zu 9999.', '2025-10-20 07:54:39', 0, 5006, 'direct'),
(431, 1006, '', 0, '', 9999, '(Orig: 0 / Neu: 9999)Der physikalische Bestand wurde durch Mitarbeiter geändert zu 9999.', '2025-10-20 07:54:41', 0, 5006, 'direct'),
(432, 1005, '', 0, '', 9999, '(Orig: 0 / Neu: 9999)Der physikalische Bestand wurde durch Mitarbeiter geändert zu 9999.', '2025-10-20 07:54:43', 0, 5006, 'direct'),
(433, 1004, '', 0, '', 9999, '(Orig: 0 / Neu: 9999)Der physikalische Bestand wurde durch Mitarbeiter geändert zu 9999.', '2025-10-20 07:54:46', 0, 5006, 'direct'),
(434, 1003, '', 0, '', 9999, '(Orig: 0 / Neu: 9999)Der physikalische Bestand wurde durch Mitarbeiter geändert zu 9999.', '2025-10-20 07:54:48', 0, 5006, 'direct'),
(435, 1002, '', 0, '', 9999, '(Orig: 0 / Neu: 9999)Der physikalische Bestand wurde durch Mitarbeiter geändert zu 9999.', '2025-10-20 07:54:50', 0, 5006, 'direct'),
(436, 1026, '', 0, '', 9999, '(Orig: 0 / Neu: 9999)Der physikalische Bestand wurde durch Mitarbeiter geändert zu 9999.', '2025-10-20 07:54:56', 0, 5006, 'direct'),
(437, 1025, '', 0, '', 9999, '(Orig: 0 / Neu: 9999)Der physikalische Bestand wurde durch Mitarbeiter geändert zu 9999.', '2025-10-20 07:54:58', 0, 5006, 'direct'),
(438, 1024, '', 0, '', 9999, '(Orig: 0 / Neu: 9999)Der physikalische Bestand wurde durch Mitarbeiter geändert zu 9999.', '2025-10-20 07:55:00', 0, 5006, 'direct'),
(439, 1023, '', 0, '', 9999, '(Orig: 0 / Neu: 9999)Der physikalische Bestand wurde durch Mitarbeiter geändert zu 9999.', '2025-10-20 07:55:02', 0, 5006, 'direct'),
(440, 1022, '', 0, '', 9999, '(Orig: 0 / Neu: 9999)Der physikalische Bestand wurde durch Mitarbeiter geändert zu 9999.', '2025-10-20 07:55:05', 0, 5006, 'direct'),
(441, 1021, '', 0, '', 9999, '(Orig: 0 / Neu: 9999)Der physikalische Bestand wurde durch Mitarbeiter geändert zu 9999.', '2025-10-20 07:55:07', 0, 5006, 'direct'),
(442, 1020, '', 0, '', 9999, '(Orig: 0 / Neu: 9999)Der physikalische Bestand wurde durch Mitarbeiter geändert zu 9999.', '2025-10-20 07:55:09', 0, 5006, 'direct'),
(443, 1019, '', 0, '', 9999, '(Orig: 0 / Neu: 9999)Der physikalische Bestand wurde durch Mitarbeiter geändert zu 9999.', '2025-10-20 07:55:11', 0, 5006, 'direct'),
(444, 1018, '', 0, '', 9999, '(Orig: 0 / Neu: 9999)Der physikalische Bestand wurde durch Mitarbeiter geändert zu 9999.', '2025-10-20 07:55:13', 0, 5006, 'direct'),
(445, 1017, '', 0, '', 9999, '(Orig: 0 / Neu: 9999)Der physikalische Bestand wurde durch Mitarbeiter geändert zu 9999.', '2025-10-20 07:55:15', 0, 5006, 'direct'),
(446, 1016, '', 0, '', 9999, '(Orig: 0 / Neu: 9999)Der physikalische Bestand wurde durch Mitarbeiter geändert zu 9999.', '2025-10-20 07:55:22', 0, 5006, 'direct'),
(447, 1015, '', 0, '', 9999, '(Orig: 0 / Neu: 9999)Der physikalische Bestand wurde durch Mitarbeiter geändert zu 9999.', '2025-10-20 07:55:24', 0, 5006, 'direct'),
(448, 1014, '', 0, '', 9999, '(Orig: 0 / Neu: 9999)Der physikalische Bestand wurde durch Mitarbeiter geändert zu 9999.', '2025-10-20 07:55:26', 0, 5006, 'direct'),
(449, 1013, '', 0, '', 9999, '(Orig: 0 / Neu: 9999)Der physikalische Bestand wurde durch Mitarbeiter geändert zu 9999.', '2025-10-20 07:55:29', 0, 5006, 'direct'),
(450, 1012, '', 0, '', 9999, '(Orig: 0 / Neu: 9999)Der physikalische Bestand wurde durch Mitarbeiter geändert zu 9999.', '2025-10-20 07:55:31', 0, 5006, 'direct'),
(451, 1011, '', 0, '', 9999, '(Orig: 0 / Neu: 9999)Der physikalische Bestand wurde durch Mitarbeiter geändert zu 9999.', '2025-10-20 07:55:33', 0, 5006, 'direct'),
(452, 1010, '', 0, '', 9999, '(Orig: 0 / Neu: 9999)Der physikalische Bestand wurde durch Mitarbeiter geändert zu 9999.', '2025-10-20 07:55:35', 0, 5006, 'direct'),
(453, 1068, '', 0, '', 9999, '(Orig: 0 / Neu: 9999)Der physikalische Bestand wurde durch Mitarbeiter geändert zu 9999.', '2025-10-20 07:55:43', 0, 5006, 'direct'),
(454, 1067, '', 0, '', 9999, '(Orig: 0 / Neu: 9999)Der physikalische Bestand wurde durch Mitarbeiter geändert zu 9999.', '2025-10-20 07:55:45', 0, 5006, 'direct'),
(455, 1066, '', 0, '', 9999, '(Orig: 0 / Neu: 9999)Der physikalische Bestand wurde durch Mitarbeiter geändert zu 9999.', '2025-10-20 07:55:47', 0, 5006, 'direct'),
(456, 1065, '', 0, '', 9999, '(Orig: 0 / Neu: 9999)Der physikalische Bestand wurde durch Mitarbeiter geändert zu 9999.', '2025-10-20 07:55:49', 0, 5006, 'direct'),
(457, 1064, '', 0, '', 9999, '(Orig: 0 / Neu: 9999)Der physikalische Bestand wurde durch Mitarbeiter geändert zu 9999.', '2025-10-20 07:55:51', 0, 5006, 'direct'),
(458, 1063, '', 0, '', 9999, '(Orig: 0 / Neu: 9999)Der physikalische Bestand wurde durch Mitarbeiter geändert zu 9999.', '2025-10-20 07:55:53', 0, 5006, 'direct'),
(459, 1062, '', 0, '', 9999, '(Orig: 0 / Neu: 9999)Der physikalische Bestand wurde durch Mitarbeiter geändert zu 9999.', '2025-10-20 07:55:55', 0, 5006, 'direct'),
(460, 1061, '', 0, '', 9999, '(Orig: 0 / Neu: 9999)Der physikalische Bestand wurde durch Mitarbeiter geändert zu 9999.', '2025-10-20 07:55:57', 0, 5006, 'direct'),
(461, 1060, '', 0, '', 9999, '(Orig: 0 / Neu: 9999)Der physikalische Bestand wurde durch Mitarbeiter geändert zu 9999.', '2025-10-20 07:55:59', 0, 5006, 'direct'),
(462, 1059, '', 0, '', 9999, '(Orig: 0 / Neu: 9999)Der physikalische Bestand wurde durch Mitarbeiter geändert zu 9999.', '2025-10-20 07:56:02', 0, 5006, 'direct'),
(463, 1058, '', 0, '', 9999, '(Orig: 0 / Neu: 9999)Der physikalische Bestand wurde durch Mitarbeiter geändert zu 9999.', '2025-10-20 07:56:05', 0, 5006, 'direct'),
(464, 1057, '', 0, '', 9999, '(Orig: 0 / Neu: 9999)Der physikalische Bestand wurde durch Mitarbeiter geändert zu 9999.', '2025-10-20 07:56:07', 0, 5006, 'direct'),
(465, 1056, '', 0, '', 9999, '(Orig: 0 / Neu: 9999)Der physikalische Bestand wurde durch Mitarbeiter geändert zu 9999.', '2025-10-20 07:56:09', 0, 5006, 'direct'),
(466, 1051, '', 0, '', 9999, '(Orig: 0 / Neu: 9999)Der physikalische Bestand wurde durch Mitarbeiter geändert zu 9999.', '2025-10-20 07:56:11', 0, 5006, 'direct'),
(467, 1050, '', 0, '', 9999, '(Orig: 0 / Neu: 9999)Der physikalische Bestand wurde durch Mitarbeiter geändert zu 9999.', '2025-10-20 07:56:13', 0, 5006, 'direct'),
(468, 1048, '', 0, '', 9999, '(Orig: 0 / Neu: 9999)Der physikalische Bestand wurde durch Mitarbeiter geändert zu 9999.', '2025-10-20 07:56:15', 0, 5006, 'direct'),
(469, 1047, '', 0, '', 9999, '(Orig: 0 / Neu: 9999)Der physikalische Bestand wurde durch Mitarbeiter geändert zu 9999.', '2025-10-20 07:56:17', 0, 5006, 'direct'),
(470, 1046, '', 0, '', 9999, '(Orig: 0 / Neu: 9999)Der physikalische Bestand wurde durch Mitarbeiter geändert zu 9999.', '2025-10-20 07:56:20', 0, 5006, 'direct'),
(471, 1077, '', 0, '', 9999, '(Orig: 0 / Neu: 9999)Der physikalische Bestand wurde durch Mitarbeiter geändert zu 9999.', '2025-10-20 07:56:27', 0, 5006, 'direct'),
(472, 1055, '', 0, '', 9999, '(Orig: 0 / Neu: 9999)Der physikalische Bestand wurde durch Mitarbeiter geändert zu 9999.', '2025-10-20 07:56:31', 0, 5006, 'direct'),
(473, 1054, '', 0, '', 9999, '(Orig: 0 / Neu: 9999)Der physikalische Bestand wurde durch Mitarbeiter geändert zu 9999.', '2025-10-20 07:56:33', 0, 5006, 'direct'),
(474, 1053, '', 0, '', 9999, '(Orig: 0 / Neu: 9999)Der physikalische Bestand wurde durch Mitarbeiter geändert zu 9999.', '2025-10-20 07:56:35', 0, 5006, 'direct'),
(475, 1052, '', 0, '', 9999, '(Orig: 0 / Neu: 9999)Der physikalische Bestand wurde durch Mitarbeiter geändert zu 9999.', '2025-10-20 07:56:37', 0, 5006, 'direct'),
(476, 1049, '', 0, '', 9999, '(Orig: 0 / Neu: 9999)Der physikalische Bestand wurde durch Mitarbeiter geändert zu 9999.', '2025-10-20 07:56:40', 0, 5006, 'direct'),
(477, 1045, '', 0, '', 9999, '(Orig: 0 / Neu: 9999)Der physikalische Bestand wurde durch Mitarbeiter geändert zu 9999.', '2025-10-20 07:56:50', 0, 5006, 'direct'),
(478, 1044, '', 0, '', 9999, '(Orig: 0 / Neu: 9999)Der physikalische Bestand wurde durch Mitarbeiter geändert zu 9999.', '2025-10-20 07:56:52', 0, 5006, 'direct'),
(479, 1043, '', 0, '', 9999, '(Orig: 0 / Neu: 9999)Der physikalische Bestand wurde durch Mitarbeiter geändert zu 9999.', '2025-10-20 07:56:54', 0, 5006, 'direct'),
(480, 1042, '', 0, '', 9999, '(Orig: 0 / Neu: 9999)Der physikalische Bestand wurde durch Mitarbeiter geändert zu 9999.', '2025-10-20 07:56:56', 0, 5006, 'direct'),
(481, 1041, '', 0, '', 9999, '(Orig: 0 / Neu: 9999)Der physikalische Bestand wurde durch Mitarbeiter geändert zu 9999.', '2025-10-20 07:56:58', 0, 5006, 'direct'),
(482, 1040, '', 0, '', 9999, '(Orig: 0 / Neu: 9999)Der physikalische Bestand wurde durch Mitarbeiter geändert zu 9999.', '2025-10-20 07:57:08', 0, 5006, 'direct'),
(483, 1039, '', 0, '', 9999, '(Orig: 0 / Neu: 9999)Der physikalische Bestand wurde durch Mitarbeiter geändert zu 9999.', '2025-10-20 07:57:16', 0, 5006, 'direct'),
(484, 1038, '', 0, '', 9999, '(Orig: 0 / Neu: 9999)Der physikalische Bestand wurde durch Mitarbeiter geändert zu 9999.', '2025-10-20 07:57:18', 0, 5006, 'direct'),
(485, 1037, '', 0, '', 9999, '(Orig: 0 / Neu: 9999)Der physikalische Bestand wurde durch Mitarbeiter geändert zu 9999.', '2025-10-20 07:57:20', 0, 5006, 'direct'),
(486, 1036, '', 0, '', 9999, '(Orig: 0 / Neu: 9999)Der physikalische Bestand wurde durch Mitarbeiter geändert zu 9999.', '2025-10-20 07:57:22', 0, 5006, 'direct'),
(487, 1035, '', 0, '', 9999, '(Orig: 0 / Neu: 9999)Der physikalische Bestand wurde durch Mitarbeiter geändert zu 9999.', '2025-10-20 07:57:24', 0, 5006, 'direct'),
(488, 1034, '', 0, '', 9999, '(Orig: 0 / Neu: 9999)Der physikalische Bestand wurde durch Mitarbeiter geändert zu 9999.', '2025-10-20 07:57:26', 0, 5006, 'direct'),
(489, 1033, '', 0, '', 9999, '(Orig: 0 / Neu: 9999)Der physikalische Bestand wurde durch Mitarbeiter geändert zu 9999.', '2025-10-20 07:57:28', 0, 5006, 'direct'),
(490, 1032, '', 0, '', 9999, '(Orig: 0 / Neu: 9999)Der physikalische Bestand wurde durch Mitarbeiter geändert zu 9999.', '2025-10-20 07:57:30', 0, 5006, 'direct'),
(491, 1031, '', 0, '', 9999, '(Orig: 0 / Neu: 9999)Der physikalische Bestand wurde durch Mitarbeiter geändert zu 9999.', '2025-10-20 07:57:32', 0, 5006, 'direct'),
(492, 1030, '', 0, '', 9999, '(Orig: 0 / Neu: 9999)Der physikalische Bestand wurde durch Mitarbeiter geändert zu 9999.', '2025-10-20 07:57:33', 0, 5006, 'direct'),
(493, 1029, '', 0, '', 9999, '(Orig: 0 / Neu: 9999)Der physikalische Bestand wurde durch Mitarbeiter geändert zu 9999.', '2025-10-20 07:57:36', 0, 5006, 'direct'),
(494, 1028, '', 0, '', 9999, '(Orig: 0 / Neu: 9999)Der physikalische Bestand wurde durch Mitarbeiter geändert zu 9999.', '2025-10-20 07:57:38', 0, 5006, 'direct'),
(495, 1027, '', 0, '', 9999, '(Orig: 0 / Neu: 9999)Der physikalische Bestand wurde durch Mitarbeiter geändert zu 9999.', '2025-10-20 07:57:40', 0, 5006, 'direct'),
(496, 1073, '', 0, '', 9999, '(Orig: 0 / Neu: 9999)Der physikalische Bestand wurde durch Mitarbeiter geändert zu 9999.', '2025-10-20 07:57:46', 0, 5006, 'direct'),
(497, 1072, '', 0, '', 9999, '(Orig: 0 / Neu: 9999)Der physikalische Bestand wurde durch Mitarbeiter geändert zu 9999.', '2025-10-20 07:57:47', 0, 5006, 'direct'),
(498, 1071, '', 0, '', 9999, '(Orig: 0 / Neu: 9999)Der physikalische Bestand wurde durch Mitarbeiter geändert zu 9999.', '2025-10-20 07:57:49', 0, 5006, 'direct'),
(499, 1070, '', 0, '', 9999, '(Orig: 0 / Neu: 9999)Der physikalische Bestand wurde durch Mitarbeiter geändert zu 9999.', '2025-10-20 07:57:53', 0, 5006, 'direct'),
(500, 1069, '', 0, '', 9999, '(Orig: 0 / Neu: 9999)Der physikalische Bestand wurde durch Mitarbeiter geändert zu 9999.', '2025-10-20 07:57:55', 0, 5006, 'direct'),
(501, 1068, '', 0, '', 9999, '(Orig: 9999 / Neu: 9999)Der physikalische Bestand wurde durch Mitarbeiter geändert zu 9999.', '2025-10-20 07:57:57', 0, 5006, 'direct'),
(502, 1067, '', 0, '', 9999, '(Orig: 9999 / Neu: 9999)Der physikalische Bestand wurde durch Mitarbeiter geändert zu 9999.', '2025-10-20 07:57:59', 0, 5006, 'direct'),
(503, 1066, '', 0, '', 9999, '(Orig: 9999 / Neu: 9999)Der physikalische Bestand wurde durch Mitarbeiter geändert zu 9999.', '2025-10-20 07:58:02', 0, 5006, 'direct'),
(504, 1065, '', 0, '', 9999, '(Orig: 9999 / Neu: 9999)Der physikalische Bestand wurde durch Mitarbeiter geändert zu 9999.', '2025-10-20 07:58:04', 0, 5006, 'direct'),
(505, 536, '', 0, '', -2, '(Orig: 99957 / Neu: 99955)Re-Nr 50117 Statuswechsel zu Abgeschlossen', '2025-10-20 09:29:01', 0, 5001, ''),
(506, 599, '', 0, '', -4, '(Orig: 99992 / Neu: 99988)Re-Nr 50117 Statuswechsel zu Abgeschlossen', '2025-10-20 09:29:01', 0, 5001, ''),
(507, 539, '', 0, '', -1, '(Orig: 99987 / Neu: 99986)Re-Nr 50117 Statuswechsel zu Abgeschlossen', '2025-10-20 09:29:01', 0, 5001, ''),
(508, 539, '', 0, '', -1, '(Orig: 99986 / Neu: 99985)Re-Nr 50107 Statuswechsel zu Abgeschlossen', '2025-10-20 09:33:04', 0, 5001, ''),
(509, 591, '', 0, '', -6, '(Orig: 99720 / Neu: 99714)Re-Nr 50107 Statuswechsel zu Abgeschlossen', '2025-10-20 09:33:04', 0, 5001, ''),
(510, 539, '', 0, '', -1, '(Orig: 99985 / Neu: 99984)Re-Nr 50045 Statuswechsel zu Abgeschlossen', '2025-10-22 07:06:55', 0, 5001, ''),
(511, 583, '', 0, '', -1, '(Orig: 99945 / Neu: 99944)Re-Nr 50045 Statuswechsel zu Abgeschlossen', '2025-10-22 07:06:55', 0, 5001, ''),
(512, 573, '', 0, '', -4, '(Orig: 100805 / Neu: 100801)Re-Nr 50127 Statuswechsel zu Abgeholt / Im Voraus Versendet', '2025-10-23 09:06:59', 0, 5001, ''),
(513, 579, '', 0, '', -1, '(Orig: 100602 / Neu: 100601)Re-Nr 50127 Statuswechsel zu Abgeholt / Im Voraus Versendet', '2025-10-23 09:06:59', 0, 5001, ''),
(514, 1059, '', 0, '', -2, '(Orig: 9999 / Neu: 9997)Re-Nr 50137 Statuswechsel zu Abgeschlossen', '2025-10-23 12:43:15', 0, 5001, ''),
(515, 1079, '', 0, '', 9999, '(Orig: 0 / Neu: 9999)Der physikalische Bestand wurde durch Mitarbeiter geändert zu 9999.', '2025-10-27 12:04:05', 0, 5006, 'direct'),
(516, 1078, '', 0, '', 9999, '(Orig: 0 / Neu: 9999)Der physikalische Bestand wurde durch Mitarbeiter geändert zu 9999.', '2025-10-27 12:04:08', 0, 5006, 'direct'),
(517, 1005, '', 0, '', -1, '(Orig: 9999 / Neu: 9998)Re-Nr 50128 Statuswechsel zu Abgeschlossen', '2025-10-28 15:49:25', 0, 5001, ''),
(518, 1016, '', 0, '', -1, '(Orig: 9999 / Neu: 9998)Re-Nr 50128 Statuswechsel zu Abgeschlossen', '2025-10-28 15:49:25', 0, 5001, ''),
(519, 1059, '', 0, '', -4, '(Orig: 9997 / Neu: 9993)Re-Nr 50128 Statuswechsel zu Abgeschlossen', '2025-10-28 15:49:25', 0, 5001, ''),
(520, 592, '', 0, '', -25, '(Orig: 100096 / Neu: 100071)Re-Nr 50126 Statuswechsel zu Abgeschlossen', '2025-10-29 08:05:58', 0, 5001, ''),
(521, 593, '', 0, '', -5, '(Orig: 100106 / Neu: 100101)Re-Nr 50126 Statuswechsel zu Abgeschlossen', '2025-10-29 08:05:58', 0, 5001, ''),
(522, 139, '', 0, '', -220, '(Orig: -150 / Neu: -370)Re-Nr 50126 Statuswechsel zu Abgeschlossen', '2025-10-29 08:05:58', 0, 5001, ''),
(523, 587, '', 0, '', -3, '(Orig: -10 / Neu: -13)Re-Nr 50126 Statuswechsel zu Abgeschlossen', '2025-10-29 08:05:58', 0, 5001, ''),
(524, 980, '', 0, '', -1, '(Orig: 0 / Neu: -1)Re-Nr 50126 Statuswechsel zu Abgeschlossen', '2025-10-29 08:05:58', 0, 5001, ''),
(525, 1050, '', 0, '', -2, '(Orig: 9999 / Neu: 9997)Re-Nr 50146 Statuswechsel zu Abgeschlossen', '2025-10-29 11:08:18', 0, 5001, ''),
(526, 1056, '', 0, '', -1, '(Orig: 9999 / Neu: 9998)Re-Nr 50146 Statuswechsel zu Abgeschlossen', '2025-10-29 11:08:18', 0, 5001, ''),
(527, 1066, '', 0, '', -1, '(Orig: 9999 / Neu: 9998)Re-Nr 50146 Statuswechsel zu Abgeschlossen', '2025-10-29 11:08:18', 0, 5001, ''),
(528, 1005, '', 0, '', -1, '(Orig: 9998 / Neu: 9997)Re-Nr 50147 Statuswechsel zu Abgeschlossen', '2025-10-31 10:43:08', 0, 5001, ''),
(529, 1059, '', 0, '', -1, '(Orig: 9993 / Neu: 9992)Re-Nr 50147 Statuswechsel zu Abgeschlossen', '2025-10-31 10:43:08', 0, 5001, ''),
(530, 1016, '', 0, '', -2, '(Orig: 9998 / Neu: 9996)Re-Nr 50148 Statuswechsel zu Abgeschlossen', '2025-10-31 13:14:38', 0, 5001, ''),
(531, 1004, '', 0, '', -84, '(Orig: 9999 / Neu: 9915)Re-Nr 50144 Statuswechsel zu Abgeschlossen', '2025-11-06 13:03:38', 0, 5000, ''),
(532, 1014, '', 0, '', -120, '(Orig: 9999 / Neu: 9879)Re-Nr 50144 Statuswechsel zu Abgeschlossen', '2025-11-06 13:03:38', 0, 5000, ''),
(533, 1015, '', 0, '', -60, '(Orig: 9999 / Neu: 9939)Re-Nr 50144 Statuswechsel zu Abgeschlossen', '2025-11-06 13:03:38', 0, 5000, ''),
(534, 999, '', 0, '', -23, '(Orig: 0 / Neu: -23)Re-Nr 50144 Statuswechsel zu Abgeschlossen', '2025-11-06 13:03:38', 0, 5000, ''),
(535, 980, '', 0, '', -1, '(Orig: -1 / Neu: -2)Re-Nr 50144 Statuswechsel zu Abgeschlossen', '2025-11-06 13:03:38', 0, 5000, ''),
(536, 950, '', 0, '', -1, '(Orig: 0 / Neu: -1)Re-Nr 50144 Statuswechsel zu Abgeschlossen', '2025-11-06 13:03:38', 0, 5000, ''),
(537, 1059, '', 0, '', -2, '(Orig: 9992 / Neu: 9990)Re-Nr 50158 Statuswechsel zu Abgeschlossen', '2025-11-07 11:05:03', 0, 5001, ''),
(538, 573, '', 0, '', -12, '(Orig: 100801 / Neu: 100789)Re-Nr 50140 Statuswechsel zu Abgeschlossen', '2025-11-11 10:23:11', 0, 5000, ''),
(539, 579, '', 0, '', -3, '(Orig: 100601 / Neu: 100598)Re-Nr 50140 Statuswechsel zu Abgeschlossen', '2025-11-11 10:23:11', 0, 5000, ''),
(540, 547, '', 0, '', -3, '(Orig: 100338 / Neu: 100335)Re-Nr 50140 Statuswechsel zu Abgeschlossen', '2025-11-11 10:23:11', 0, 5000, ''),
(541, 591, '', 0, '', -24, '(Orig: 99714 / Neu: 99690)Re-Nr 50140 Statuswechsel zu Abgeschlossen', '2025-11-11 10:23:11', 0, 5000, ''),
(542, 595, '', 0, '', -2, '(Orig: 100380 / Neu: 100378)Re-Nr 50140 Statuswechsel zu Abgeschlossen', '2025-11-11 10:23:11', 0, 5000, ''),
(543, 999, '', 0, '', -5, '(Orig: -23 / Neu: -28)Re-Nr 50140 Statuswechsel zu Abgeschlossen', '2025-11-11 10:23:11', 0, 5000, ''),
(544, 949, '', 0, '', -1, '(Orig: 0 / Neu: -1)Zur Re-Nr. 50093 wurde Artikel 1x hinzugefügt.', '2025-11-12 08:49:48', 0, 5006, ''),
(545, 980, '', 0, '', -1, '(Orig: -2 / Neu: -3)Re-Nr 50162 Statuswechsel zu Abgeschlossen', '2025-11-12 12:40:44', 0, 5001, ''),
(546, 583, '', 0, '', -108, '(Orig: 99944 / Neu: 99836)Re-Nr 50154 Statuswechsel zu Abgeschlossen', '2025-11-13 11:58:26', 0, 5000, ''),
(547, 999, '', 0, '', -18, '(Orig: -28 / Neu: -46)Re-Nr 50154 Statuswechsel zu Abgeschlossen', '2025-11-13 11:58:26', 0, 5000, ''),
(548, 1073, '', 0, '', -2, '(Orig: 9999 / Neu: 9997)Re-Nr 50163 Statuswechsel zu Abgeschlossen', '2025-11-14 09:08:47', 0, 5001, ''),
(549, 1072, '', 0, '', -1, '(Orig: 9999 / Neu: 9998)Re-Nr 50163 Statuswechsel zu Abgeschlossen', '2025-11-14 09:08:47', 0, 5001, ''),
(550, 601, '', 0, '', -1, '(Orig: 99998 / Neu: 99997)Re-Nr 50163 Statuswechsel zu Abgeschlossen', '2025-11-14 09:08:47', 0, 5001, ''),
(551, 599, '', 0, '', -1, '(Orig: 99988 / Neu: 99987)Re-Nr 50163 Statuswechsel zu Abgeschlossen', '2025-11-14 09:08:47', 0, 5001, ''),
(552, 600, '', 0, '', -1, '(Orig: 100000 / Neu: 99999)Re-Nr 50163 Statuswechsel zu Abgeschlossen', '2025-11-14 09:08:47', 0, 5001, ''),
(553, 1075, '', 0, '', 32, '(Orig: 0 / Neu: 32)17', '2025-11-17 10:18:59', 0, 5000, 'direct'),
(554, 1075, '', 0, '', 9999, '(Orig: 32 / Neu: 10031)sc', '2025-11-17 10:19:10', 0, 5000, 'direct'),
(555, 1074, '', 0, '', 9999, '(Orig: 0 / Neu: 9999)opkmpoö', '2025-11-17 11:07:19', 0, 5000, 'direct'),
(556, 579, '', 0, '', 1, '(Orig: 100598 / Neu: 100599)In Rechnung Nr. 50140 wurde die Produktanzahl von 3 auf 2 ge&auml;ndert.', '2025-11-17 13:07:09', 0, 5006, ''),
(557, 999, '', 0, '', 18, '(Orig: -46 / Neu: -28)Aus Re-Nr. 50154 wurde Artikel 18x entfernt.', '2025-11-17 18:01:51', 0, 5006, ''),
(558, 1059, '', 0, '', -108, '(Orig: 9990 / Neu: 9882)Zur Re-Nr. 50154 wurde Artikel 108x hinzugefügt.', '2025-11-18 10:40:40', 0, 5001, ''),
(559, 583, '', 0, '', 108, '(Orig: 99836 / Neu: 99944)Aus Re-Nr. 50154 wurde Artikel 108x entfernt.', '2025-11-18 10:41:24', 0, 5001, ''),
(560, 1026, '', 0, '', -4, '(Orig: 9999 / Neu: 9995)Re-Nr 50156 Statuswechsel zu Abgeschlossen', '2025-11-18 12:45:42', 0, 5000, ''),
(561, 1062, '', 0, '', -28, '(Orig: 9999 / Neu: 9971)Re-Nr 50156 Statuswechsel zu Abgeschlossen', '2025-11-18 12:45:42', 0, 5000, ''),
(562, 1016, '', 0, '', -10, '(Orig: 9996 / Neu: 9986)Re-Nr 50156 Statuswechsel zu Abgeschlossen', '2025-11-18 12:45:42', 0, 5000, ''),
(563, 1014, '', 0, '', -7, '(Orig: 9879 / Neu: 9872)Re-Nr 50156 Statuswechsel zu Abgeschlossen', '2025-11-18 12:45:42', 0, 5000, ''),
(564, 1061, '', 0, '', -4, '(Orig: 9999 / Neu: 9995)Re-Nr 50156 Statuswechsel zu Abgeschlossen', '2025-11-18 12:45:42', 0, 5000, ''),
(565, 1015, '', 0, '', -3, '(Orig: 9939 / Neu: 9936)Re-Nr 50156 Statuswechsel zu Abgeschlossen', '2025-11-18 12:45:42', 0, 5000, ''),
(566, 1059, '', 0, '', -18, '(Orig: 9882 / Neu: 9864)Re-Nr 50156 Statuswechsel zu Abgeschlossen', '2025-11-18 12:45:42', 0, 5000, ''),
(567, 1084, '', 0, '', -6, '(Orig: 0 / Neu: -6)Re-Nr 50156 Statuswechsel zu Abgeschlossen', '2025-11-18 12:45:42', 0, 5000, ''),
(568, 1072, '', 0, '', -1, '(Orig: 9998 / Neu: 9997)Re-Nr 50157 Statuswechsel zu Abgeschlossen', '2025-11-19 10:18:37', 0, 5001, ''),
(569, 1059, '', 0, '', -1, '(Orig: 9864 / Neu: 9863)Re-Nr 50157 Statuswechsel zu Abgeschlossen', '2025-11-19 10:18:37', 0, 5001, ''),
(570, 949, '', 0, '', 1, '(Orig: -1 / Neu: 0)From Invoice No. 50093 article was removed 1x.', '2025-11-20 09:43:05', 0, 5006, ''),
(571, 1059, '', 0, '', -1, '(Orig: 9863 / Neu: 9862)Re-Nr 50170 Statuswechsel zu Abgeschlossen', '2025-11-21 08:27:49', 0, 5001, ''),
(572, 1014, '', 0, '', -1, '(Orig: 9872 / Neu: 9871)Re-Nr 50170 Statuswechsel zu Abgeschlossen', '2025-11-21 08:27:49', 0, 5001, ''),
(573, 1069, '', 0, '', -15, '(Orig: 9999 / Neu: 9984)Re-Nr 50152 Statuswechsel zu Abgeschlossen', '2025-11-21 09:21:33', 0, 5001, ''),
(574, 1073, '', 0, '', -15, '(Orig: 9997 / Neu: 9982)Re-Nr 50152 Statuswechsel zu Abgeschlossen', '2025-11-21 09:21:33', 0, 5001, ''),
(575, 1021, '', 0, '', -3, '(Orig: 9999 / Neu: 9996)Re-Nr 50168 Statuswechsel zu Abgeschlossen', '2025-11-21 11:13:01', 0, 5001, ''),
(576, 1141, '', 0, '', -50, '(Orig: 0 / Neu: -50)Re-Nr 50168 Statuswechsel zu Abgeschlossen', '2025-11-21 11:13:01', 0, 5001, ''),
(577, 1145, '', 0, '', -2, '(Orig: 0 / Neu: -2)Re-Nr 50168 Statuswechsel zu Abgeschlossen', '2025-11-21 11:13:01', 0, 5001, ''),
(578, 1064, '', 0, '', -1, '(Orig: 9999 / Neu: 9998)Re-Nr 50168 Statuswechsel zu Abgeschlossen', '2025-11-21 11:13:01', 0, 5001, ''),
(579, 1022, '', 0, '', -1, '(Orig: 9999 / Neu: 9998)Re-Nr 50129 Statuswechsel zu Abgeschlossen', '2025-11-27 08:59:54', 0, 5001, ''),
(580, 1073, '', 0, '', -1, '(Orig: 9982 / Neu: 9981)Re-Nr 50129 Statuswechsel zu Abgeschlossen', '2025-11-27 08:59:54', 0, 5001, ''),
(581, 1072, '', 0, '', -1, '(Orig: 9997 / Neu: 9996)Re-Nr 50129 Statuswechsel zu Abgeschlossen', '2025-11-27 08:59:54', 0, 5001, ''),
(582, 1014, '', 0, '', -24, '(Orig: 9871 / Neu: 9847)Re-Nr 50171 Statuswechsel zu Abgeschlossen', '2025-11-28 14:42:12', 0, 5000, ''),
(583, 1062, '', 0, '', -112, '(Orig: 9971 / Neu: 9859)Re-Nr 50171 Statuswechsel zu Abgeschlossen', '2025-11-28 14:42:12', 0, 5000, ''),
(584, 1025, '', 0, '', -4, '(Orig: 9999 / Neu: 9995)Re-Nr 50171 Statuswechsel zu Abgeschlossen', '2025-11-28 14:42:12', 0, 5000, ''),
(585, 1024, '', 0, '', -5, '(Orig: 9999 / Neu: 9994)Re-Nr 50171 Statuswechsel zu Abgeschlossen', '2025-11-28 14:42:12', 0, 5000, ''),
(586, 573, '', 0, '', -112, '(Orig: 100789 / Neu: 100677)Re-Nr 50171 Statuswechsel zu Abgeschlossen', '2025-11-28 14:42:12', 0, 5000, ''),
(587, 1056, '', 0, '', -8, '(Orig: 9998 / Neu: 9990)Re-Nr 50171 Statuswechsel zu Abgeschlossen', '2025-11-28 14:42:12', 0, 5000, ''),
(588, 1065, '', 0, '', -20, '(Orig: 9999 / Neu: 9979)Re-Nr 50171 Statuswechsel zu Abgeschlossen', '2025-11-28 14:42:12', 0, 5000, ''),
(589, 1066, '', 0, '', -5, '(Orig: 9998 / Neu: 9993)Re-Nr 50171 Statuswechsel zu Abgeschlossen', '2025-11-28 14:42:12', 0, 5000, ''),
(590, 1073, '', 0, '', -20, '(Orig: 9981 / Neu: 9961)Re-Nr 50171 Statuswechsel zu Abgeschlossen', '2025-11-28 14:42:12', 0, 5000, ''),
(591, 1071, '', 0, '', -125, '(Orig: 9999 / Neu: 9874)Re-Nr 50171 Statuswechsel zu Abgeschlossen', '2025-11-28 14:42:12', 0, 5000, ''),
(592, 1070, '', 0, '', -10, '(Orig: 9999 / Neu: 9989)Re-Nr 50171 Statuswechsel zu Abgeschlossen', '2025-11-28 14:42:12', 0, 5000, ''),
(593, 1069, '', 0, '', -10, '(Orig: 9984 / Neu: 9974)Re-Nr 50171 Statuswechsel zu Abgeschlossen', '2025-11-28 14:42:12', 0, 5000, ''),
(594, 1026, '', 0, '', -2, '(Orig: 9995 / Neu: 9993)Re-Nr 50171 Statuswechsel zu Abgeschlossen', '2025-11-28 14:42:12', 0, 5000, ''),
(595, 1074, '', 0, '', -32, '(Orig: 9999 / Neu: 9967)Re-Nr 50171 Statuswechsel zu Abgeschlossen', '2025-11-28 14:42:12', 0, 5000, ''),
(596, 1075, '', 0, '', -16, '(Orig: 10031 / Neu: 10015)Re-Nr 50171 Statuswechsel zu Abgeschlossen', '2025-11-28 14:42:12', 0, 5000, ''),
(597, 1083, '', 0, '', -36, '(Orig: 0 / Neu: -36)Re-Nr 50171 Statuswechsel zu Abgeschlossen', '2025-11-28 14:42:12', 0, 5000, ''),
(598, 1059, '', 0, '', -15, '(Orig: 9862 / Neu: 9847)Re-Nr 50180 Statuswechsel zu Abgeschlossen', '2025-12-02 06:59:27', 0, 5000, ''),
(599, 1062, '', 0, '', -40, '(Orig: 9859 / Neu: 9819)Re-Nr 50178 Statuswechsel zu Abgeschlossen', '2025-12-02 06:59:53', 0, 5000, ''),
(600, 1059, '', 0, '', -3, '(Orig: 9847 / Neu: 9844)Re-Nr 50188 Statuswechsel zu Abgeschlossen', '2025-12-04 13:06:23', 0, 5001, ''),
(601, 1059, '', 0, '', -142, '(Orig: 9844 / Neu: 9702)Re-Nr 50179 Statuswechsel zu Abgeschlossen', '2025-12-08 07:29:09', 0, 5000, ''),
(602, 1059, '', 0, '', 3, '(Orig: 9702 / Neu: 9705)Re-Nr 50188 Statuswechsel zu Bezahlt', '2025-12-08 14:21:15', 0, 5006, ''),
(603, 1059, '', 0, '', -3, '(Orig: 9705 / Neu: 9702)Re-Nr 50188 Statuswechsel zu Abgeschlossen', '2025-12-09 09:40:55', 0, 5001, ''),
(604, 1072, '', 0, '', -2, '(Orig: 9996 / Neu: 9994)Re-Nr 50173 Statuswechsel zu Abgeschlossen', '2025-12-10 12:08:16', 0, 5001, ''),
(605, 1069, '', 0, '', -3, '(Orig: 9974 / Neu: 9971)Re-Nr 50173 Statuswechsel zu Abgeschlossen', '2025-12-10 12:08:16', 0, 5001, ''),
(606, 1071, '', 0, '', -2, '(Orig: 9874 / Neu: 9872)Re-Nr 50173 Statuswechsel zu Abgeschlossen', '2025-12-10 12:08:16', 0, 5001, ''),
(607, 8, '', 0, '', -10, '(Orig: 10000 / Neu: 9990)Re-Nr 50173 Statuswechsel zu Abgeschlossen', '2025-12-10 12:08:16', 0, 5001, ''),
(608, 1014, '', 0, '', -48, '(Orig: 9847 / Neu: 9799)Re-Nr 50183 Statuswechsel zu Abgeschlossen', '2025-12-10 14:27:52', 0, 5000, ''),
(609, 1025, '', 0, '', -32, '(Orig: 9995 / Neu: 9963)Re-Nr 50183 Statuswechsel zu Abgeschlossen', '2025-12-10 14:27:52', 0, 5000, ''),
(610, 1024, '', 0, '', -20, '(Orig: 9994 / Neu: 9974)Re-Nr 50183 Statuswechsel zu Abgeschlossen', '2025-12-10 14:27:52', 0, 5000, ''),
(611, 1008, '', 0, '', -24, '(Orig: 9999 / Neu: 9975)Re-Nr 50183 Statuswechsel zu Abgeschlossen', '2025-12-10 14:27:52', 0, 5000, ''),
(612, 1050, '', 0, '', -64, '(Orig: 9997 / Neu: 9933)Re-Nr 50143 Statuswechsel zu Abgeschlossen', '2025-12-11 11:25:12', 0, 5000, ''),
(613, 1059, '', 0, '', -2, '(Orig: 9702 / Neu: 9700)Re-Nr 50194 Statuswechsel zu Abgeschlossen', '2025-12-12 10:13:31', 0, 5001, ''),
(614, 1083, '', 0, '', -32, '(Orig: -36 / Neu: -68)Re-Nr 50189 Statuswechsel zu Abgeschlossen', '2025-12-17 13:44:06', 0, 5000, ''),
(615, 1007, '', 0, '', -12, '(Orig: 9999 / Neu: 9987)Re-Nr 50189 Statuswechsel zu Abgeschlossen', '2025-12-17 13:44:06', 0, 5000, ''),
(616, 1014, '', 0, '', -12, '(Orig: 9799 / Neu: 9787)Re-Nr 50189 Statuswechsel zu Abgeschlossen', '2025-12-17 13:44:06', 0, 5000, ''),
(617, 1016, '', 0, '', -20, '(Orig: 9986 / Neu: 9966)Re-Nr 50189 Statuswechsel zu Abgeschlossen', '2025-12-17 13:44:06', 0, 5000, ''),
(618, 1025, '', 0, '', -1, '(Orig: 9963 / Neu: 9962)Re-Nr 50195 Statuswechsel zu Abgeschlossen', '2025-12-17 13:49:16', 0, 5000, ''),
(619, 1050, '', 0, '', -10, '(Orig: 9933 / Neu: 9923)Re-Nr 50195 Statuswechsel zu Abgeschlossen', '2025-12-17 13:49:16', 0, 5000, ''),
(620, 1065, '', 0, '', -1, '(Orig: 9979 / Neu: 9978)Re-Nr 50195 Statuswechsel zu Abgeschlossen', '2025-12-17 13:49:16', 0, 5000, ''),
(621, 1056, '', 0, '', -1, '(Orig: 9990 / Neu: 9989)Re-Nr 50195 Statuswechsel zu Abgeschlossen', '2025-12-17 13:49:16', 0, 5000, ''),
(622, 1074, '', 0, '', -32, '(Orig: 9967 / Neu: 9935)Re-Nr 50184 Statuswechsel zu Abgeschlossen', '2025-12-17 14:01:27', 0, 5000, ''),
(623, 1016, '', 0, '', -4, '(Orig: 9966 / Neu: 9962)Re-Nr 50184 Statuswechsel zu Abgeschlossen', '2025-12-17 14:01:27', 0, 5000, ''),
(624, 1059, '', 0, '', -12, '(Orig: 9700 / Neu: 9688)Re-Nr 50184 Statuswechsel zu Abgeschlossen', '2025-12-17 14:01:27', 0, 5000, ''),
(625, 1083, '', 0, '', -10, '(Orig: -68 / Neu: -78)Re-Nr 50190 Statuswechsel zu Abgeschlossen', '2025-12-18 07:47:46', 0, 5000, ''),
(626, 1014, '', 0, '', -2, '(Orig: 9787 / Neu: 9785)Re-Nr 50190 Statuswechsel zu Abgeschlossen', '2025-12-18 07:47:46', 0, 5000, ''),
(627, 1016, '', 0, '', -20, '(Orig: 9962 / Neu: 9942)Re-Nr 50204 Statuswechsel zu Abgeschlossen', '2025-12-18 08:32:08', 0, 5000, ''),
(628, 1050, '', 0, '', -40, '(Orig: 9923 / Neu: 9883)Re-Nr 50204 Statuswechsel zu Abgeschlossen', '2025-12-18 08:32:08', 0, 5000, ''),
(629, 1056, '', 0, '', -8, '(Orig: 9989 / Neu: 9981)Re-Nr 50204 Statuswechsel zu Abgeschlossen', '2025-12-18 08:32:08', 0, 5000, ''),
(630, 1025, '', 0, '', -32, '(Orig: 9962 / Neu: 9930)Re-Nr 50204 Statuswechsel zu Abgeschlossen', '2025-12-18 08:32:08', 0, 5000, ''),
(631, 1065, '', 0, '', -10, '(Orig: 9978 / Neu: 9968)Re-Nr 50204 Statuswechsel zu Abgeschlossen', '2025-12-18 08:32:08', 0, 5000, ''),
(632, 1139, '', 0, '', -40, '(Orig: 0 / Neu: -40)Re-Nr 50204 Statuswechsel zu Abgeschlossen', '2025-12-18 08:32:08', 0, 5000, ''),
(633, 1071, '', 0, '', -95, '(Orig: 9872 / Neu: 9777)Re-Nr 50204 Statuswechsel zu Abgeschlossen', '2025-12-18 08:32:08', 0, 5000, ''),
(634, 1073, '', 0, '', -25, '(Orig: 9961 / Neu: 9936)Re-Nr 50204 Statuswechsel zu Abgeschlossen', '2025-12-18 08:32:08', 0, 5000, ''),
(635, 1014, '', 0, '', -12, '(Orig: 9785 / Neu: 9773)Re-Nr 50204 Statuswechsel zu Abgeschlossen', '2025-12-18 08:32:08', 0, 5000, ''),
(636, 1025, '', 0, '', -7, '(Orig: 9930 / Neu: 9923)Re-Nr 50174 Statuswechsel zu Abgeschlossen', '2025-12-18 12:50:23', 0, 5000, ''),
(637, 1024, '', 0, '', -1, '(Orig: 9974 / Neu: 9973)Re-Nr 50174 Statuswechsel zu Abgeschlossen', '2025-12-18 12:50:23', 0, 5000, ''),
(638, 1050, '', 0, '', -154, '(Orig: 9883 / Neu: 9729)Re-Nr 50174 Statuswechsel zu Abgeschlossen', '2025-12-18 12:50:23', 0, 5000, ''),
(639, 1056, '', 0, '', -8, '(Orig: 9981 / Neu: 9973)Re-Nr 50174 Statuswechsel zu Abgeschlossen', '2025-12-18 12:50:23', 0, 5000, ''),
(640, 1065, '', 0, '', -8, '(Orig: 9968 / Neu: 9960)Re-Nr 50174 Statuswechsel zu Abgeschlossen', '2025-12-18 12:50:23', 0, 5000, ''),
(641, 1004, '', 0, '', -19, '(Orig: 9915 / Neu: 9896)Re-Nr 50174 Statuswechsel zu Abgeschlossen', '2025-12-18 12:50:23', 0, 5000, ''),
(642, 1062, '', 0, '', -28, '(Orig: 9819 / Neu: 9791)Re-Nr 50174 Statuswechsel zu Abgeschlossen', '2025-12-18 12:50:23', 0, 5000, ''),
(643, 1021, '', 0, '', -1, '(Orig: 9996 / Neu: 9995)Re-Nr 50174 Statuswechsel zu Abgeschlossen', '2025-12-18 12:50:23', 0, 5000, ''),
(644, 1014, '', 0, '', -2, '(Orig: 9773 / Neu: 9771)Re-Nr 50174 Statuswechsel zu Abgeschlossen', '2025-12-18 12:50:23', 0, 5000, ''),
(645, 1059, '', 0, '', -1, '(Orig: 9688 / Neu: 9687)Re-Nr 50174 Statuswechsel zu Abgeschlossen', '2025-12-18 12:50:23', 0, 5000, ''),
(646, 1045, '', 0, '', -15, '(Orig: 9999 / Neu: 9984)Re-Nr 50174 Statuswechsel zu Abgeschlossen', '2025-12-18 12:50:23', 0, 5000, ''),
(647, 1069, '', 0, '', -15, '(Orig: 9971 / Neu: 9956)Re-Nr 50174 Statuswechsel zu Abgeschlossen', '2025-12-18 12:50:23', 0, 5000, ''),
(648, 1045, '', 0, '', 15, '(Orig: 9984 / Neu: 9999)From Invoice No. 50174 article was removed 15x.', '2025-12-18 14:27:11', 0, 5001, ''),
(649, 1069, '', 0, '', 15, '(Orig: 9956 / Neu: 9971)From Invoice No. 50174 article was removed 15x.', '2025-12-18 14:27:13', 0, 5001, '');

-- --------------------------------------------------------

--
-- Tabellenstruktur für Tabelle `incoming_payments`
--

CREATE TABLE `incoming_payments` (
  `id` int(11) UNSIGNED NOT NULL,
  `betrag` decimal(15,4) DEFAULT NULL,
  `waehrung` char(3) DEFAULT NULL,
  `buchungstag` varchar(32) DEFAULT NULL,
  `bankleitzahl` varchar(10) DEFAULT NULL,
  `kontonummer` varchar(16) DEFAULT NULL,
  `name` varchar(64) DEFAULT NULL,
  `verwendungszweck1` varchar(128) DEFAULT NULL,
  `verwendungszweck2` varchar(128) DEFAULT NULL,
  `verwendungszweck3` varchar(100) NOT NULL DEFAULT '',
  `verwendungszweck4` varchar(100) NOT NULL DEFAULT '',
  `verwendungszweck5` varchar(100) NOT NULL DEFAULT '',
  `verwendungszweck6` varchar(100) NOT NULL DEFAULT '',
  `verwendungszweck7` varchar(100) NOT NULL DEFAULT '',
  `verwendungszweck8` varchar(100) NOT NULL DEFAULT '',
  `verwendungszweck9` varchar(100) NOT NULL DEFAULT '',
  `verwendungszweck10` varchar(100) NOT NULL DEFAULT '',
  `verwendungszweck11` varchar(100) NOT NULL DEFAULT '',
  `verwendungszweck12` varchar(100) NOT NULL DEFAULT '',
  `verwendungszweck13` varchar(100) NOT NULL DEFAULT '',
  `verwendungszweck14` varchar(100) NOT NULL DEFAULT '',
  `confirmed` int(1) NOT NULL DEFAULT '0',
  `sorting` int(1) NOT NULL DEFAULT '0',
  `buchungstag_date` date NOT NULL,
  `verwendungszweck15` varchar(100) DEFAULT NULL,
  `verwendungszweck16` varchar(100) DEFAULT NULL,
  `verwendungszweck17` varchar(100) DEFAULT NULL,
  `verwendungszweck18` varchar(100) DEFAULT NULL,
  `verwendungszweck19` varchar(100) DEFAULT NULL
) ENGINE=MyISAM DEFAULT CHARSET=utf8;

--
-- Daten für Tabelle `incoming_payments`
--

INSERT INTO `incoming_payments` (`id`, `betrag`, `waehrung`, `buchungstag`, `bankleitzahl`, `kontonummer`, `name`, `verwendungszweck1`, `verwendungszweck2`, `verwendungszweck3`, `verwendungszweck4`, `verwendungszweck5`, `verwendungszweck6`, `verwendungszweck7`, `verwendungszweck8`, `verwendungszweck9`, `verwendungszweck10`, `verwendungszweck11`, `verwendungszweck12`, `verwendungszweck13`, `verwendungszweck14`, `confirmed`, `sorting`, `buchungstag_date`, `verwendungszweck15`, `verwendungszweck16`, `verwendungszweck17`, `verwendungszweck18`, `verwendungszweck19`) VALUES
(1, 100.0000, NULL, '06.12.2010', NULL, NULL, NULL, '20030000 M2. 04', ' Musti Mustermann', '', '', '', '', '', '', '', '', '', '', '', '', 1, 1, '2010-12-06', NULL, NULL, NULL, NULL, NULL);

-- --------------------------------------------------------

--
-- Tabellenstruktur für Tabelle `incoming_payment_mask`
--

CREATE TABLE `incoming_payment_mask` (
  `Id` int(6) UNSIGNED NOT NULL,
  `title` varchar(64) NOT NULL DEFAULT '',
  `zweck1` int(1) NOT NULL DEFAULT '0',
  `zweck2` int(1) NOT NULL DEFAULT '0',
  `name` int(1) NOT NULL DEFAULT '0',
  `betrag` int(1) NOT NULL DEFAULT '0',
  `active` enum('0','1') NOT NULL DEFAULT '0'
) ENGINE=MyISAM DEFAULT CHARSET=utf8;

-- --------------------------------------------------------

--
-- Tabellenstruktur für Tabelle `kasse`
--

CREATE TABLE `kasse` (
  `id` int(11) NOT NULL,
  `paymode` varchar(16) NOT NULL DEFAULT '',
  `customers_id` int(11) NOT NULL DEFAULT '0',
  `orders_id` int(11) NOT NULL DEFAULT '0',
  `date_purchased` datetime NOT NULL DEFAULT '0000-00-00 00:00:00',
  `quantity_purchased` int(11) NOT NULL DEFAULT '0',
  `tax_rate` float NOT NULL DEFAULT '0',
  `total` float NOT NULL DEFAULT '0',
  `send` int(1) NOT NULL DEFAULT '0',
  `branches_id` int(11) NOT NULL DEFAULT '0',
  `rueckerstattungen_id` int(11) NOT NULL
) ENGINE=MyISAM DEFAULT CHARSET=utf8;

--
-- Daten für Tabelle `kasse`
--

INSERT INTO `kasse` (`id`, `paymode`, `customers_id`, `orders_id`, `date_purchased`, `quantity_purchased`, `tax_rate`, `total`, `send`, `branches_id`, `rueckerstattungen_id`) VALUES
(1, 'bar', 5176, 50123, '2025-10-16 12:01:14', 0, 0, 1699, 0, 0, 0),
(2, 'bar', 5059, 50045, '2025-10-22 09:06:46', 0, 0, 3540, 0, 0, 0);

-- --------------------------------------------------------

--
-- Tabellenstruktur für Tabelle `kasse_payments`
--

CREATE TABLE `kasse_payments` (
  `kasse_payments_id` int(11) NOT NULL,
  `payment_code` varchar(16) NOT NULL DEFAULT '',
  `payment_title` varchar(64) NOT NULL DEFAULT '',
  `payment_active` int(1) NOT NULL DEFAULT '0',
  `image` varchar(64) NOT NULL
) ENGINE=MyISAM DEFAULT CHARSET=utf8;

--
-- Daten für Tabelle `kasse_payments`
--

INSERT INTO `kasse_payments` (`kasse_payments_id`, `payment_code`, `payment_title`, `payment_active`, `image`) VALUES
(1, 'bar', 'Barzahlung', 1, ''),
(2, 'ec', 'EC-Karte', 1, ''),
(3, 'cc', 'Kreditkarte', 1, ''),
(5, 'pp', 'Paypal', 1, '');

-- --------------------------------------------------------

--
-- Tabellenstruktur für Tabelle `languages`
--

CREATE TABLE `languages` (
  `languages_id` int(11) NOT NULL,
  `name` varchar(32) NOT NULL DEFAULT '',
  `code` char(2) NOT NULL DEFAULT '',
  `image` varchar(64) DEFAULT NULL,
  `directory` varchar(32) DEFAULT NULL,
  `sort_order` int(3) DEFAULT NULL,
  `language_charset` text NOT NULL
) ENGINE=MyISAM DEFAULT CHARSET=utf8;

--
-- Daten für Tabelle `languages`
--

INSERT INTO `languages` (`languages_id`, `name`, `code`, `image`, `directory`, `sort_order`, `language_charset`) VALUES
(2, 'Deutsch', 'de', 'icon.gif', 'german', 2, 'utf-8'),
(3, 'English', 'en', 'icon.gif', 'english', 2, 'utf-8');

-- --------------------------------------------------------

--
-- Tabellenstruktur für Tabelle `lawyer_export`
--

CREATE TABLE `lawyer_export` (
  `lawyer_export_id` int(1) NOT NULL,
  `orders_id` int(11) NOT NULL DEFAULT '0',
  `date_purchased` datetime NOT NULL DEFAULT '0000-00-00 00:00:00',
  `warning_history` text NOT NULL,
  `ebay_id` varchar(20) NOT NULL DEFAULT '',
  `customer_company` varchar(128) NOT NULL DEFAULT '',
  `customer_name` varchar(128) NOT NULL DEFAULT '',
  `customer_street_address` varchar(128) NOT NULL DEFAULT '',
  `customer_suburb` varchar(128) NOT NULL DEFAULT '',
  `customer_city` varchar(128) NOT NULL DEFAULT '',
  `customer_postcode` varchar(128) NOT NULL DEFAULT '',
  `customer_country` varchar(128) NOT NULL DEFAULT '',
  `products` text NOT NULL,
  `totalprice` float NOT NULL DEFAULT '0',
  `ekprice` float NOT NULL DEFAULT '0',
  `outstanding` float NOT NULL DEFAULT '0',
  `aktenzeichen` varchar(128) NOT NULL DEFAULT '',
  `aktenzeichen_datum` datetime NOT NULL DEFAULT '0000-00-00 00:00:00',
  `auffschreiben_datum` datetime NOT NULL DEFAULT '0000-00-00 00:00:00',
  `lawyer_fees` float NOT NULL DEFAULT '0',
  `status` int(1) NOT NULL DEFAULT '0',
  `weiterleitung_datum` datetime NOT NULL DEFAULT '0000-00-00 00:00:00',
  `date_saved` datetime NOT NULL DEFAULT '0000-00-00 00:00:00'
) ENGINE=MyISAM DEFAULT CHARSET=utf8;

-- --------------------------------------------------------

--
-- Tabellenstruktur für Tabelle `libri_warengruppen`
--

CREATE TABLE `libri_warengruppen` (
  `libri_warengruppen_id` int(11) NOT NULL,
  `categories_id` int(11) NOT NULL,
  `warengruppe` int(11) NOT NULL
) ENGINE=MyISAM DEFAULT CHARSET=utf8;

-- --------------------------------------------------------

--
-- Tabellenstruktur für Tabelle `manufacturers`
--

CREATE TABLE `manufacturers` (
  `manufacturers_id` int(11) NOT NULL,
  `manufacturers_name` varchar(32) NOT NULL DEFAULT '',
  `manufacturers_image` varchar(64) DEFAULT NULL,
  `date_added` datetime DEFAULT NULL,
  `last_modified` datetime DEFAULT NULL,
  `short_name` varchar(16) NOT NULL,
  `nmedia_id` varchar(8) NOT NULL,
  `manufacturer_cityname` varchar(128) NOT NULL,
  `manufacturer_companyname` varchar(128) NOT NULL,
  `manufacturer_country` varchar(128) NOT NULL,
  `manufacturer_email` varchar(128) NOT NULL,
  `manufacturer_phone` varchar(64) NOT NULL,
  `manufacturer_postalcode` varchar(16) NOT NULL,
  `manufacturer_stateorprovince` varchar(128) NOT NULL,
  `manufacturer_street1` varchar(128) NOT NULL,
  `manufacturer_street2` varchar(128) NOT NULL
) ENGINE=MyISAM DEFAULT CHARSET=utf8;

--
-- Daten für Tabelle `manufacturers`
--

INSERT INTO `manufacturers` (`manufacturers_id`, `manufacturers_name`, `manufacturers_image`, `date_added`, `last_modified`, `short_name`, `nmedia_id`, `manufacturer_cityname`, `manufacturer_companyname`, `manufacturer_country`, `manufacturer_email`, `manufacturer_phone`, `manufacturer_postalcode`, `manufacturer_stateorprovince`, `manufacturer_street1`, `manufacturer_street2`) VALUES
(10, 'NINGBO DEYE INVERTER TECHNOLOGY', 'manufacturers/Deye-Hersteller-Logo.png', '2025-05-05 17:50:05', '2025-11-17 15:54:12', 'DEYE', '', '', '', 'China', '', '', '', '', '', ''),
(11, 'PCENERSYS & SYD Green Energy', 'manufacturers/logo-solarset-powered-by-pcernersys.png', '2025-05-05 17:51:19', NULL, 'PCENERSYS', '', '', '', '', '', '', '', '', '', ''),
(12, 'Trina Solar', 'manufacturers/logo.png', '2025-05-05 17:52:16', '2025-05-05 18:10:56', 'TRINA', '', '', '', '', '', '', '', '', '', ''),
(13, 'ulica solar', 'manufacturers/ulica-solar-Tier1-Bloomberg.jpg', '2025-05-05 18:09:47', '2025-05-05 18:11:04', 'ULICA', '', '', '', '', '', '', '', '', '', '');

-- --------------------------------------------------------

--
-- Tabellenstruktur für Tabelle `manufacturers_info`
--

CREATE TABLE `manufacturers_info` (
  `manufacturers_id` int(11) NOT NULL DEFAULT '0',
  `languages_id` int(11) NOT NULL DEFAULT '0',
  `manufacturers_meta_title` varchar(100) NOT NULL DEFAULT '',
  `manufacturers_meta_description` varchar(255) NOT NULL DEFAULT '',
  `manufacturers_meta_keywords` varchar(255) NOT NULL DEFAULT '',
  `manufacturers_url` varchar(255) NOT NULL DEFAULT '',
  `url_clicked` int(5) NOT NULL DEFAULT '0',
  `date_last_click` datetime DEFAULT NULL
) ENGINE=MyISAM DEFAULT CHARSET=utf8;

--
-- Daten für Tabelle `manufacturers_info`
--

INSERT INTO `manufacturers_info` (`manufacturers_id`, `languages_id`, `manufacturers_meta_title`, `manufacturers_meta_description`, `manufacturers_meta_keywords`, `manufacturers_url`, `url_clicked`, `date_last_click`) VALUES
(10, 2, 'Deye-Converter', 'NINGBO DEYE INVERTER TECHNOLOGY Co., LTD\r\nAdd: No.26-30, South Yongjiang Road, Beilun, 315806, Ningbo, China\r\nTel: +86 (0) 574 8622 8957 E-mail: service@deye.com.cn', 'SYD Green Energy GmbH & Co. KG \r\nRepresented by: \r\nSYD Verwaltungs GmbH\r\nAn der Gümpgesbrücke 26\r\n41564 Kaarst\r\nDeutschland\r\nDiese vertreten durch: Andrej Dedic und Maurice Dedic\r\nTel.: +492131 52811-23\r\nMail: info@solarset.shop', 'Deye', 0, NULL),
(10, 3, 'Deye-Converter', 'NINGBO DEYE INVERTER TECHNOLOGY Co., LTD\r\nAdd: No.26-30, South Yongjiang Road, Beilun, 315806, Ningbo, China\r\nTel: +86 (0) 574 8622 8957 E-mail: service@deye.com.cn', 'SYD Green Energy GmbH & Co. KG \r\nRepresented by: \r\nSYD Verwaltungs GmbH\r\nAn der Gümpgesbrücke 26\r\n41564 Kaarst\r\nDeutschland\r\nDiese vertreten durch: Andrej Dedic und Maurice Dedic\r\nTel.: +492131 52811-23\r\nMail: info@solarset.shop', 'Deye', 0, NULL),
(11, 2, 'PCENERSYS', 'PCENERSYS are committed to changing the people’s way for generating, transferring and using the electricity by providing excellent Energy storage .', 'SYD Green Energy GmbH & Co. KG \r\nRepresented by: \r\nSYD Verwaltungs GmbH\r\nAn der Gümpgesbrücke 26\r\n41564 Kaarst\r\nDeutschland\r\nDiese vertreten durch: Andrej Dedic und Maurice Dedic\r\nTel.: +492131 52811-23\r\nMail: info@solarset.shop', 'PCENERSYS', 0, NULL),
(11, 3, 'PCENERSYS', 'PCENERSYS are committed to changing the people’s way for generating, transferring and using the electricity by providing excellent Energy storage .', 'SYD Green Energy GmbH & Co. KG \r\nRepresented by: \r\nSYD Verwaltungs GmbH\r\nAn der Gümpgesbrücke 26\r\n41564 Kaarst\r\nDeutschland\r\nDiese vertreten durch: Andrej Dedic und Maurice Dedic\r\nTel.: +492131 52811-23\r\nMail: info@solarset.shop', 'PCENERSYS', 0, NULL),
(12, 2, 'Trina Solar', 'Trina Solar Co., Ltd.\r\nNo. 2 Tian he Rd\r\nTrina PV Industrial Park\r\nNew District\r\nChangzhou, Jiangsu, 100 213031\r\nChina', 'SYD Green Energy GmbH & Co. KG \r\nRepresented by: \r\nSYD Verwaltungs GmbH\r\nAn der Gümpgesbrücke 26\r\n41564 Kaarst\r\nDeutschland\r\nDiese vertreten durch: Andrej Dedic und Maurice Dedic\r\nTel.: +492131 52811-23\r\nMail: info@solarset.shop', 'Trina Solar', 0, NULL),
(12, 3, 'Trina Solar', 'Trina Solar Co., Ltd.\r\nNo. 2 Tian he Rd\r\nTrina PV Industrial Park\r\nNew District\r\nChangzhou, Jiangsu, 100 213031\r\nChina', 'SYD Green Energy GmbH & Co. KG \r\nRepresented by: \r\nSYD Verwaltungs GmbH\r\nAn der Gümpgesbrücke 26\r\n41564 Kaarst\r\nDeutschland\r\nDiese vertreten durch: Andrej Dedic und Maurice Dedic\r\nTel.: +492131 52811-23\r\nMail: info@solarset.shop', 'Trina Solar', 0, NULL),
(13, 2, 'ulica solar', 'Ulica solar modules have high  photoelectricity  conversion efficiency and reliability.  Ulica uses advanced diffusion technology, and ensures the uniformity  of  cell\'s  conversion efficiency, good  electrical  conductivity, good  adhesive force.', 'SYD Green Energy GmbH & Co. KG \r\nRepresented by: \r\nSYD Verwaltungs GmbH\r\nAn der Gümpgesbrücke 26\r\n41564 Kaarst\r\nDeutschland\r\nDiese vertreten durch: Andrej Dedic und Maurice Dedic\r\nTel.: +492131 52811-23\r\nMail: info@solarset.shop', 'ulica solar', 0, NULL),
(13, 3, 'ulica solar', 'Ulica solar modules have high  photoelectricity  conversion efficiency and reliability.  Ulica uses advanced diffusion technology, and ensures the uniformity  of  cell\'s  conversion efficiency, good  electrical  conductivity, good  adhesive force.', 'SYD Green Energy GmbH & Co. KG \r\nRepresented by: \r\nSYD Verwaltungs GmbH\r\nAn der Gümpgesbrücke 26\r\n41564 Kaarst\r\nDeutschland\r\nDiese vertreten durch: Andrej Dedic und Maurice Dedic\r\nTel.: +492131 52811-23\r\nMail: info@solarset.shop', 'ulica solar', 0, NULL);

-- --------------------------------------------------------

--
-- Tabellenstruktur für Tabelle `media_content`
--

CREATE TABLE `media_content` (
  `file_id` int(11) NOT NULL,
  `old_filename` text NOT NULL,
  `new_filename` text NOT NULL,
  `file_comment` text NOT NULL
) ENGINE=MyISAM DEFAULT CHARSET=utf8;

-- --------------------------------------------------------

--
-- Tabellenstruktur für Tabelle `module_newsletter`
--

CREATE TABLE `module_newsletter` (
  `newsletter_id` int(11) NOT NULL,
  `title` text NOT NULL,
  `bc` text NOT NULL,
  `cc` text NOT NULL,
  `date` datetime DEFAULT NULL,
  `status` int(1) NOT NULL DEFAULT '0',
  `body` text NOT NULL
) ENGINE=MyISAM DEFAULT CHARSET=utf8;

-- --------------------------------------------------------

--
-- Tabellenstruktur für Tabelle `module_newsletter_temp_1`
--

CREATE TABLE `module_newsletter_temp_1` (
  `id` int(11) NOT NULL,
  `customers_id` int(11) NOT NULL DEFAULT '0',
  `customers_status` int(11) NOT NULL DEFAULT '0',
  `customers_firstname` varchar(64) NOT NULL DEFAULT '',
  `customers_lastname` varchar(64) NOT NULL DEFAULT '',
  `customers_email_address` text NOT NULL,
  `mail_key` varchar(32) NOT NULL DEFAULT '',
  `date` datetime NOT NULL DEFAULT '0000-00-00 00:00:00',
  `comment` varchar(64) NOT NULL DEFAULT ''
) ENGINE=MyISAM DEFAULT CHARSET=utf8;

-- --------------------------------------------------------

--
-- Tabellenstruktur für Tabelle `newsletters`
--

CREATE TABLE `newsletters` (
  `newsletters_id` int(11) NOT NULL,
  `title` varchar(255) NOT NULL DEFAULT '',
  `content` text NOT NULL,
  `module` varchar(255) NOT NULL DEFAULT '',
  `date_added` datetime NOT NULL DEFAULT '0000-00-00 00:00:00',
  `date_sent` datetime DEFAULT NULL,
  `status` int(1) DEFAULT NULL,
  `locked` int(1) DEFAULT '0'
) ENGINE=MyISAM DEFAULT CHARSET=utf8;

-- --------------------------------------------------------

--
-- Tabellenstruktur für Tabelle `newsletters_history`
--

CREATE TABLE `newsletters_history` (
  `news_hist_id` int(11) NOT NULL DEFAULT '0',
  `news_hist_cs` int(11) NOT NULL DEFAULT '0',
  `news_hist_cs_date_sent` date DEFAULT NULL
) ENGINE=MyISAM DEFAULT CHARSET=utf8;

-- --------------------------------------------------------

--
-- Tabellenstruktur für Tabelle `newsletter_recipients`
--

CREATE TABLE `newsletter_recipients` (
  `mail_id` int(11) NOT NULL,
  `customers_email_address` varchar(96) NOT NULL DEFAULT '',
  `customers_id` int(11) NOT NULL DEFAULT '0',
  `customers_status` int(5) NOT NULL DEFAULT '0',
  `customers_firstname` varchar(64) NOT NULL,
  `customers_lastname` varchar(64) NOT NULL,
  `mail_status` int(1) NOT NULL DEFAULT '0',
  `mail_key` varchar(32) NOT NULL DEFAULT '',
  `date_added` datetime NOT NULL DEFAULT '0000-00-00 00:00:00'
) ENGINE=MyISAM DEFAULT CHARSET=utf8;

--
-- Daten für Tabelle `newsletter_recipients`
--

INSERT INTO `newsletter_recipients` (`mail_id`, `customers_email_address`, `customers_id`, `customers_status`, `customers_firstname`, `customers_lastname`, `mail_status`, `mail_key`, `date_added`) VALUES
(1, 'info@stuhlbox.de', 5002, 2, 'Andrej', 'Dedic', 0, 'Pa2WUDDTHvdWr6QF9gE9YEpvk6Jj8JEJ', '2025-05-16 14:36:11'),
(2, 'info@gruema.it', 5024, 12, 'Werner', 'Leitner', 0, 'omihErW389zWFiFc9FDESVZ8vKsCakCb', '2025-07-28 16:05:20'),
(3, 'info@bonca.si', 5040, 11, 'Ales', 'Bonca', 1, 'tiYKLsQrRaVXYcuH4Cpsy54ShwgoGnaf', '2025-08-05 11:29:18'),
(4, 'avtoalex777@gmail.com', 5062, 11, 'Oleksandr', 'Semeniy', 1, 'QYevkedeZsDm7Yka7U9aU7yJNXHfp4uZ', '2025-08-12 17:55:20'),
(5, 'e.tarsanis@amfelectronics.gr', 5088, 5, 'Evangelos', 'Tarsanis', 0, 'ByKasB7YT72MSuUug8irSgt9WZ5YjXJy', '2025-08-14 19:21:32'),
(6, 'george@shibui.gr', 5131, 5, 'George', 'Christopoulos', 1, 'xJJmmRhCkaY6FKkquBdkNKmFkjtVbu9d', '2025-08-29 14:14:05'),
(7, 'janne.koho@x3mimport.fi', 5097, 11, 'Janne', 'Koho', 1, 'fyvxyvHooWXGCPx7j3FuVZX3m5GBdgAf', '2025-09-01 21:57:04'),
(8, 'emil@vejrhojenergivvs.dk', 5142, 10, 'Emil', 'Christiansen', 1, 'eBuBA6Rzu4Jy2oExUpMnG8cVV7AqrQVJ', '2025-09-11 01:25:43'),
(9, 'cdura@durasat.de', 5186, 15, 'Christian', 'Dura', 1, 'khbBCgewJbxkJpkZnQ6WMdP3th9osn9q', '2025-11-04 14:13:29');

-- --------------------------------------------------------

--
-- Tabellenstruktur für Tabelle `nmedia_serien`
--

CREATE TABLE `nmedia_serien` (
  `nmedia_serien_id` int(11) NOT NULL,
  `serie_nr` varchar(16) NOT NULL,
  `serie` varchar(128) NOT NULL,
  `serie_text` text NOT NULL,
  `last_modified` datetime NOT NULL
) ENGINE=InnoDB DEFAULT CHARSET=utf8;

-- --------------------------------------------------------

--
-- Tabellenstruktur für Tabelle `Notice_folders`
--

CREATE TABLE `Notice_folders` (
  `Notice_folders_id` int(11) NOT NULL,
  `customers_id` int(11) NOT NULL DEFAULT '0',
  `folder_title` varchar(128) NOT NULL DEFAULT '',
  `date_created` datetime NOT NULL DEFAULT '0000-00-00 00:00:00'
) ENGINE=MyISAM DEFAULT CHARSET=utf8;

-- --------------------------------------------------------

--
-- Tabellenstruktur für Tabelle `Notice_notes`
--

CREATE TABLE `Notice_notes` (
  `id` int(11) NOT NULL,
  `dat` int(11) NOT NULL DEFAULT '0',
  `capt` varchar(100) NOT NULL DEFAULT '',
  `usr` int(11) NOT NULL DEFAULT '0',
  `note` longtext NOT NULL
) ENGINE=MyISAM DEFAULT CHARSET=utf8;

--
-- Daten für Tabelle `Notice_notes`
--

INSERT INTO `Notice_notes` (`id`, `dat`, `capt`, `usr`, `note`) VALUES
(1, 1260932467, 'Autom. Rechnungsstorno Re-Nr.: 5', 0, 'Im letzten Schritt des automatischen Mahnwesens wurde die Rechnung Nr 5 storniert.'),
(2, 1268667163, 'Filialtransfer angefordert', 4987, 'Die Produkte des Filialtransfers 2 wurden hinzugefuegt und die Filiale erwartet den Transfer der bestellten Produkte.'),
(3, 1268936914, 'Filialtransfer angefordert', 4988, 'Die Produkte des Filialtransfers 1 wurden hinzugefuegt und die Filiale erwartet den Transfer der bestellten Produkte.'),
(4, 1269552341, 'Retoure eingetroffen', 0, 'Die <a href=\"retoure.php?menugroup=customers&action=edit&rID=1\"><u>Retoure Nr: 1</u></a> ist eingetroffen und gebucht worden.<br><br>Die dazu geh&ouml;rende <a href=\"reclamations.php?menugroup=customers&action=edit&rID=1\"><u>Reklamation Nr. 1</u></a> kann nun gegebenenfalls abgeschlossen werden.'),
(5, 1270019135, 'Sonderangebot fuer pID 103 abgelaufen', 0, 'Sonderangebot fuer pID 103 ist abgelaufen.<br /><br /><b>specials_id:</b> 4<br /><b>products_id:</b> 103<br /><b>specials_quantity:</b> 99<br /><b>specials_new_products_price:</b> 126.0504<br /><b>specials_date_added:</b> 2010-03-22 13:22:31<br /><b>specials_last_modified:</b> <br /><b>expires_date:</b> 2010-03-31 00:00:00<br /><b>date_status_change:</b> <br /><b>status:</b> 1<br />'),
(6, 1270766045, 'Sonderangebot fuer pID 100 abgelaufen', 0, 'Sonderangebot fuer pID 100 ist abgelaufen.<br /><br /><b>specials_id:</b> 3<br /><b>products_id:</b> 100<br /><b>specials_quantity:</b> 50<br /><b>specials_new_products_price:</b> 24.3697<br /><b>specials_date_added:</b> 2010-03-19 12:57:52<br /><b>specials_last_modified:</b> <br /><b>expires_date:</b> 2010-04-09 00:00:00<br /><b>date_status_change:</b> <br /><b>status:</b> 1<br />'),
(7, 1271404631, 'Sonderangebot fuer pID 93 abgelaufen', 0, 'Sonderangebot fuer pID 93 ist abgelaufen.<br /><br /><b>specials_id:</b> 2<br /><b>products_id:</b> 93<br /><b>specials_quantity:</b> 99<br /><b>specials_new_products_price:</b> 126.0504<br /><b>specials_date_added:</b> 2010-03-18 15:55:25<br /><b>specials_last_modified:</b> 2010-03-18 15:55:38<br /><b>expires_date:</b> 2010-04-16 00:00:00<br /><b>date_status_change:</b> <br /><b>status:</b> 1<br />'),
(8, 1343731008, 'Sonderangebot fuer pID 92 abgelaufen', 0, 'Sonderangebot fuer pID 92 ist abgelaufen.<br /><br /><b>specials_id:</b> 5<br /><b>products_id:</b> 92<br /><b>specials_quantity:</b> 10<br /><b>specials_new_products_price:</b> 4.2017<br /><b>specials_date_added:</b> 2011-04-14 23:31:32<br /><b>specials_last_modified:</b> <br /><b>expires_date:</b> 2012-07-31 00:00:00<br /><b>date_status_change:</b> <br /><b>status:</b> 1<br /><b>start_date:</b> 0000-00-00 00:00:00<br /><b>sell_to_v1null:</b> 0<br />'),
(9, 1524220639, 'Sonderangebot fuer pID 108 abgelaufen', 0, 'Sonderangebot fuer pID 108 ist abgelaufen.<br /><br /><b>specials_id:</b> 6<br /><b>products_id:</b> 108<br /><b>specials_quantity:</b> 0<br /><b>specials_new_products_price:</b> 18.4874<br /><b>specials_date_added:</b> 2014-03-20 21:47:07<br /><b>specials_last_modified:</b> <br /><b>expires_date:</b> 2018-04-20 00:00:00<br /><b>date_status_change:</b> <br /><b>status:</b> 1<br /><b>start_date:</b> 2014-03-20 20:00:00<br /><b>sell_to_v1null:</b> 0<br /><b>ebay_price_revise:</b> 0<br />'),
(10, 1746541204, 'Bilderimport abgeschlossen', 0, 'Fehlermeldungen:<br />'),
(11, 1747567117, 'Kommentar zu Auftrag 4', 0, 'Bestellung Webshop per moneyorder Kommentar: TEST<p><a target=\"_blank\" href=\"orders.php?action=edit&oID=4\">Auftrag 4</a></p>'),
(12, 1753346922, 'Kommentar zu Auftrag 11', 0, 'Bestellung Webshop per invoice Kommentar: Testing 123<p><a target=\"_blank\" href=\"orders.php?action=edit&oID=11\">Auftrag 11</a></p>'),
(13, 1753426346, 'Kommentar zu Auftrag 15', 0, 'Bestellung Webshop per moneyorder Kommentar: TESTKAUF<p><a target=\"_blank\" href=\"orders.php?action=edit&oID=15\">Auftrag 15</a></p>'),
(14, 1753697576, 'Kommentar zu Auftrag 17', 0, 'Bestellung Webshop per moneyorder Kommentar: TESTKAUF<p><a target=\"_blank\" href=\"orders.php?action=edit&oID=17\">Auftrag 17</a></p>'),
(15, 1753698270, 'Kommentar zu Auftrag 18', 0, 'Bestellung Webshop per moneyorder Kommentar: TESTKAUF<p><a target=\"_blank\" href=\"orders.php?action=edit&oID=18\">Auftrag 18</a></p>'),
(16, 1753707293, 'Kommentar zu Auftrag 19', 0, 'Bestellung Webshop per moneyorder Kommentar: Compani VAT:\r\nHU26312514<p><a target=\"_blank\" href=\"orders.php?action=edit&oID=19\">Auftrag 19</a></p>'),
(17, 1754303644, 'Down-Payment / Deposit', 5006, 'Purpose:\r\npID 20 is used specifically for recording down-payments or deposits related to customer orders.\r\n\r\nStep-by-Step Instructions:\r\n\r\n- Create a Separate Invoice for the Deposit:\r\n\r\nFor each order with a down-payment, create a new invoice using pID 20.\r\n\r\nEnter the down-payment value (e.g., 10% of the total order amount).\r\n\r\nExample:\r\n\r\nOrder total: €10,000\r\n\r\nDown-payment: 10% → €1,000\r\n\r\nIn the comments, add: \\\"Down-Payment / Deposit\\\"\r\n\r\nSave the invoice as a PDF.\r\n\r\n- Adjust the Main Order:\r\n\r\nOpen the original main order.\r\n\r\nAdd pID 20 as a line item with a negative value to reflect the paid deposit (e.g., -1,000 €).\r\n\r\nSave the updated main invoice as a PDF.\r\n\r\n- Email the Customer:\r\n\r\nSend both PDFs (deposit invoice and updated main invoice) to the customer.\r\n\r\nUse the email template titled \\\"Down-Payment / Deposit\\\".\r\n\r\nThank you,\r\nAdmin'),
(18, 1754388196, 'Kommentar zu Auftrag 50005', 0, 'Bestellung Webshop per moneyorder Kommentar: Hello,\r\n\r\nmy voucher code is not accepted on your site : SYD2025\r\n\r\n\r\nTo celebrate this milestone, we are offering an exclusive launch promotion:\r\nUse the code \"SYD2025\" and receive €100 off your first order (one-time use, valid until October 31, 2025, minimum order value: €1,000).\r\n\r\n<p><a target=\"_blank\" href=\"orders.php?action=edit&oID=50005\">Auftrag 50005</a></p>'),
(19, 1755010731, 'Kommentar zu Auftrag 50010', 0, 'Bestellung Webshop per moneyorder Kommentar: SYD2025<p><a target=\"_blank\" href=\"orders.php?action=edit&oID=50010\">Auftrag 50010</a></p>'),
(20, 1755086966, 'Kommentar zu Auftrag 50013', 0, 'Bestellung Webshop per moneyorder Kommentar: For shipping one 21 kg item, the price was €20 to Spain. Now, for six items weighing 125 kg, the price is €250.   Is it more profitable to order one item at a time, or what? Are there any cheaper shipping options?  Thank you. Best regards, Oleksandr Semeniy Talah<p><a target=\"_blank\" href=\"orders.php?action=edit&oID=50013\">Auftrag 50013</a></p>'),
(21, 1755087233, 'Kommentar zu Auftrag 50014', 0, 'Bestellung Webshop per moneyorder Kommentar: For shipping one 21 kg item, the price was €20 to Spain. Now, for six items weighing 125 kg, the price is €250.   Is it more profitable to order one item at a time, or what? Are there any cheaper shipping options?  Thank you. Best regards, Oleksandr Semeniy Talah<p><a target=\"_blank\" href=\"orders.php?action=edit&oID=50014\">Auftrag 50014</a></p>'),
(22, 1755172461, 'Kommentar zu Auftrag 50016', 0, 'Bestellung Webshop per moneyorder Kommentar: Bonjour\r\n\r\nAyant mon agence d’architecture depuis 23 ans je réalise environ 100 dossier par an.\r\n\r\nJe cherche un partenaire fiable en Europe et j’ai vue que vous étiez partenaire officiel DEYE SUN.\r\n\r\nJe voulais savoir vos tarifs pour 1 onduleur livraison comprise \r\n\r\nSUN-10K-SG02LP1-EU-AM3 ou la dernière version si vous l’avez en stock (wifi intégré et secours 12v en plus…)\r\n\r\nIl me semble que c’est le sg05-eu sm2 mais je vous laisse corriger.\r\n\r\nMon objectif est de proposer des systèmes résidentiel à mes clients \r\n\r\nJ’espère en vendre entre 12-30 par an.\r\n\r\nJe travaille avec des électriciens certifiés.\r\n\r\nJ’espère que ma demande ne vous laissera pas indifférent \r\n\r\nDans l’attente de vous lire,\r\n\r\nBonne journée <p><a target=\"_blank\" href=\"orders.php?action=edit&oID=50016\">Auftrag 50016</a></p>'),
(23, 1755505762, 'Wiedervorlage', 5006, 'Hallo Neo<br />LINK:<br /><a href=\"#\" onclick=\"parent.window.location.href=\'customers.php?cID=5015&action=edit\';\" title=\"Link aufrufen\">Link aufrufen</a>'),
(24, 1755888307, 'Kommentar zu Auftrag 50031', 0, 'Bestellung Webshop per moneyorder Kommentar: Receivers email: hannu.vainio@kuntoon.fi\r\nReceivers tel: +358 40 0567479<p><a target=\"_blank\" href=\"orders.php?action=edit&oID=50031\">Auftrag 50031</a></p>'),
(25, 1756272596, 'Kommentar zu Auftrag 50038', 0, 'Bestellung Webshop per moneyorder Kommentar: Hello, a few days ago we put the order (nr. 50033), but we didn\'t get your final confirmation.\r\nWaiting for the confirmation of our first order.\r\n\r\nBest regards from Slovenija\r\nJanez Zore\r\n<p><a target=\"_blank\" href=\"orders.php?action=edit&oID=50038\">Auftrag 50038</a></p>'),
(26, 1756377558, 'Kommentar zu Auftrag 50042', 0, 'Bestellung Webshop per moneyorder Kommentar: This item is used for private use and not for reselling. In this case the VAT should be not charged.\r\n<p><a target=\"_blank\" href=\"orders.php?action=edit&oID=50042\">Auftrag 50042</a></p>'),
(27, 1756462352, 'Kommentar zu Auftrag 50046', 0, 'Bestellung Webshop per moneyorder Kommentar: Receivers tel: +358451111511<p><a target=\"_blank\" href=\"orders.php?action=edit&oID=50046\">Auftrag 50046</a></p>'),
(28, 1757072479, 'Kommentar zu Auftrag 50061', 0, 'Bestellung Webshop per moneyorder Kommentar: TESTBESTELLUNG<p><a target=\"_blank\" href=\"orders.php?action=edit&oID=50061\">Auftrag 50061</a></p>'),
(29, 1757420851, 'Kommentar zu Auftrag 50066', 0, 'Bestellung Webshop per moneyorder Kommentar: Hello,\r\n\r\nCan you confirm that all the equipment ordered is compatible with each other (bms-rack-battery) ?\r\n\r\nPlease provide my phone number to the carrier for fast delivery : +32476528339\r\n\r\nThanks,\r\n\r\nClaude\r\n<p><a target=\"_blank\" href=\"orders.php?action=edit&oID=50066\">Auftrag 50066</a></p>'),
(30, 1757425743, 'Kommentar zu Auftrag 50068', 0, 'Bestellung Webshop per moneyorder Kommentar: Order  #4 AVDJICIXA   Shipping dirercvtley to Client<p><a target=\"_blank\" href=\"orders.php?action=edit&oID=50068\">Auftrag 50068</a></p>'),
(31, 1757577364, 'Kommentar zu Auftrag 50071', 0, 'Bestellung Webshop per moneyorder Kommentar: We are exploring the energy business in the Netherlands. We are interested in installing and placing low voltage battery installations in the Netherlands. We want to focus on smart installations. Therefore we want to test these items, before we start ordering on a large scale.<p><a target=\"_blank\" href=\"orders.php?action=edit&oID=50071\">Auftrag 50071</a></p>'),
(32, 1757582626, 'Orders/Offers in USD', 5006, 'Orders and Offers can now be displayed in USD with a small little trick.\r\n\r\nIn the comment function of each Order and Offer:\r\nIf you insert the word \\\\\\\"USD\\\\\\\" it exchanges the \\\\\\\"EUR\\\\\\\" on the Invoice/Offer to \\\\\\\"USD\\\\\\\"\r\n\r\nyou can copy and paste the following into the comment field - it just needs editing:\r\n\r\n<b>Invoice/Offer manually created in USD<br>\r\nContract No.: XXXX2025/X dated XX.XX.2025<br>\r\nRegistration No./VAT No.: XXXXXXXXXXXX<br></b>\r\n<br>\r\n<b>Additional Notes:</b><br>\r\n\r\nThe invoice will still be in EUR, but for Printing and ease of use you can go to:\r\n\r\nPDF Export for PDF (PDF Erzeugen)\r\nand you then can Print the PDF. \r\n\r\nThe function to Print it directly out of the System is currently not possible.\r\n\r\n- Admin'),
(33, 1757615895, 'Kommentar zu Auftrag 50075', 0, 'Bestellung Webshop per moneyorder Kommentar: Good evening, I hope everything is in stock and will be shipped quickly. I have one previous order pending there, please delete it. I will wait for your reply. Best regards, Alexander.<p><a target=\"_blank\" href=\"orders.php?action=edit&oID=50075\">Auftrag 50075</a></p>'),
(34, 1757670868, 'Kommentar zu Auftrag 50077', 0, 'Bestellung Webshop per moneyorder Kommentar: I am waiting iff I have to pick up order 50068  or not maybe I can combine everything\r\n\r\nPlease contact me by telephone ( +31640236179) or email (john@techmediashop.nl)  If I have to pick up everything at once and pay\r\n\r\nregards John<p><a target=\"_blank\" href=\"orders.php?action=edit&oID=50077\">Auftrag 50077</a></p>'),
(35, 1757763367, 'Kommentar zu Auftrag 50079', 0, 'Bestellung Webshop per moneyorder Kommentar: I am waiting for confirmation of my order and will pay for it. Thank you.<p><a target=\"_blank\" href=\"orders.php?action=edit&oID=50079\">Auftrag 50079</a></p>'),
(36, 1758178887, 'Kommentar zu Auftrag 50087', 0, 'Bestellung Webshop per moneyorder Kommentar: Receiver phone number: +358 40 7367075 / Lasse Rosqvist<p><a target=\"_blank\" href=\"orders.php?action=edit&oID=50087\">Auftrag 50087</a></p>'),
(37, 1758191339, 'Kommentar zu Auftrag 50088', 0, 'Bestellung Webshop per moneyorder Kommentar: Please cancel order 50077 and and order 50068 and make a new one \r\nand please contact me I asked for it several times \r\n\r\nThanks and regards \r\n\r\n\r\nJohn \r\n\r\nTechmediashop<p><a target=\"_blank\" href=\"orders.php?action=edit&oID=50088\">Auftrag 50088</a></p>'),
(38, 1758531671, 'Kommentar zu Auftrag 50090', 0, 'Bestellung Webshop per moneyorder Kommentar: draft order<p><a target=\"_blank\" href=\"orders.php?action=edit&oID=50090\">Auftrag 50090</a></p>'),
(39, 1758614904, 'Kommentar zu Auftrag 50093', 0, 'Bestellung Webshop per moneyorder Kommentar: - Please provide weights, dimensions, pallet size/dimensions so we can request freight quote. \r\n- Also provide your own freight cost.\r\n\r\n- what is rack for 6 such LV batteries and is it in stock or how long to get in to maybe consider adding to this order.<p><a target=\"_blank\" href=\"orders.php?action=edit&oID=50093\">Auftrag 50093</a></p>'),
(40, 1759130536, 'Kommentar zu Auftrag 50098', 0, 'Bestellung Webshop per moneyorder Kommentar: Want to confirm if in stock to maybe add to our existing order - pending pickup.\r\n<p><a target=\"_blank\" href=\"orders.php?action=edit&oID=50098\">Auftrag 50098</a></p>'),
(41, 1760382011, 'Kommentar zu Auftrag 50118', 0, 'Bestellung Webshop per moneyorder Kommentar: for order: KGFSPWWJD<p><a target=\"_blank\" href=\"orders.php?action=edit&oID=50118\">Auftrag 50118</a></p>'),
(42, 1761927578, 'Kommentar zu Auftrag 50151', 0, 'Bestellung Webshop per moneyorder Kommentar: VAT NO RO 6306930<p><a target=\"_blank\" href=\"orders.php?action=edit&oID=50151\">Auftrag 50151</a></p>'),
(43, 1763989951, 'Comment for order 50175', 0, 'Bestellung Webshop per moneyorder Kommentar: Once we have shipping costs, we will confirm order.<p><a target=\"_blank\" href=\"orders.php?action=edit&oID=50175\">Order 50175</a></p>'),
(44, 1764066713, 'Comment for order 50176', 0, 'Bestellung Webshop per moneyorder Kommentar: Gerne würden wir auch noch einen SUN-30K-SG01HP3-EU-AM3 dazu bestellen. Dieser hat 2 Batterieeingänge. Der SG02 hat nur einen Batterieingang. Auf Ihrer Webseite werden in diese beiden Typen im Text und in der Überschrift gemischt.<p><a target=\"_blank\" href=\"orders.php?action=edit&oID=50176\">Order 50176</a></p>');

-- --------------------------------------------------------

--
-- Tabellenstruktur für Tabelle `Notice_reminder`
--

CREATE TABLE `Notice_reminder` (
  `Notice_reminder_id` int(11) NOT NULL,
  `Notice_notes_id` int(11) NOT NULL,
  `reminder_interval` varchar(16) NOT NULL,
  `date_added` datetime NOT NULL,
  `last_reminder` timestamp NULL DEFAULT NULL
) ENGINE=InnoDB DEFAULT CHARSET=utf8;

-- --------------------------------------------------------

--
-- Tabellenstruktur für Tabelle `Notice_rules`
--

CREATE TABLE `Notice_rules` (
  `Notice_rules_id` int(11) NOT NULL,
  `customers_id` int(11) NOT NULL,
  `title` varchar(32) NOT NULL,
  `rules_content` varchar(64) NOT NULL,
  `move_to_folder_id` int(11) NOT NULL,
  `mark_as_read` int(1) NOT NULL,
  `save_as_alert` int(1) NOT NULL
) ENGINE=MyISAM DEFAULT CHARSET=utf8;

-- --------------------------------------------------------

--
-- Tabellenstruktur für Tabelle `Notice_status`
--

CREATE TABLE `Notice_status` (
  `notes_id` int(11) NOT NULL DEFAULT '0',
  `usr` int(11) NOT NULL DEFAULT '0',
  `read_status` int(1) NOT NULL DEFAULT '0',
  `work_status` int(1) NOT NULL DEFAULT '0',
  `date_termin` datetime NOT NULL DEFAULT '0000-00-00 00:00:00',
  `Notice_folders_id` int(11) NOT NULL DEFAULT '0',
  `termin_status` tinyint(1) DEFAULT '0'
) ENGINE=MyISAM DEFAULT CHARSET=utf8;

--
-- Daten für Tabelle `Notice_status`
--

INSERT INTO `Notice_status` (`notes_id`, `usr`, `read_status`, `work_status`, `date_termin`, `Notice_folders_id`, `termin_status`) VALUES
(10, 0, 0, 0, '0000-00-00 00:00:00', 0, 0),
(10, 98, 0, 0, '0000-00-00 00:00:00', 0, 0),
(11, 0, 0, 0, '0000-00-00 00:00:00', 0, 0),
(11, 98, 0, 0, '0000-00-00 00:00:00', 0, 0),
(11, 5000, 0, 0, '0000-00-00 00:00:00', 0, 0),
(12, 0, 0, 0, '0000-00-00 00:00:00', 0, 0),
(12, 98, 0, 0, '0000-00-00 00:00:00', 0, 0),
(12, 5000, 0, 0, '0000-00-00 00:00:00', 0, 0),
(12, 5002, 0, 0, '0000-00-00 00:00:00', 0, 0),
(17, 5006, 1, 0, '0000-00-00 00:00:00', 0, 0),
(12, 5003, 0, 0, '0000-00-00 00:00:00', 0, 0),
(17, 5003, 0, 0, '0000-00-00 00:00:00', 0, 0),
(13, 0, 0, 0, '0000-00-00 00:00:00', 0, 0),
(13, 98, 0, 0, '0000-00-00 00:00:00', 0, 0),
(13, 5000, 0, 0, '0000-00-00 00:00:00', 0, 0),
(13, 5002, 0, 0, '0000-00-00 00:00:00', 0, 0),
(17, 1, 0, 0, '0000-00-00 00:00:00', 0, 0),
(13, 5003, 0, 0, '0000-00-00 00:00:00', 0, 0),
(18, 0, 0, 0, '0000-00-00 00:00:00', 0, 0),
(14, 0, 0, 0, '0000-00-00 00:00:00', 0, 0),
(14, 98, 0, 0, '0000-00-00 00:00:00', 0, 0),
(14, 5000, 0, 0, '0000-00-00 00:00:00', 0, 0),
(14, 5002, 0, 0, '0000-00-00 00:00:00', 0, 0),
(17, 5000, 0, 0, '0000-00-00 00:00:00', 0, 0),
(14, 5003, 0, 0, '0000-00-00 00:00:00', 0, 0),
(18, 98, 0, 0, '0000-00-00 00:00:00', 0, 0),
(15, 0, 0, 0, '0000-00-00 00:00:00', 0, 0),
(15, 98, 0, 0, '0000-00-00 00:00:00', 0, 0),
(15, 5000, 0, 0, '0000-00-00 00:00:00', 0, 0),
(15, 5002, 0, 0, '0000-00-00 00:00:00', 0, 0),
(17, 5001, 1, 0, '0000-00-00 00:00:00', 0, 0),
(15, 5003, 0, 0, '0000-00-00 00:00:00', 0, 0),
(18, 5000, 0, 0, '0000-00-00 00:00:00', 0, 0),
(16, 0, 0, 0, '0000-00-00 00:00:00', 0, 0),
(16, 98, 0, 0, '0000-00-00 00:00:00', 0, 0),
(16, 5000, 0, 0, '0000-00-00 00:00:00', 0, 0),
(16, 5002, 0, 0, '0000-00-00 00:00:00', 0, 0),
(17, 5002, 0, 0, '0000-00-00 00:00:00', 0, 0),
(16, 5003, 0, 0, '0000-00-00 00:00:00', 0, 0),
(18, 5002, 0, 0, '0000-00-00 00:00:00', 0, 0),
(18, 5001, 0, 0, '0000-00-00 00:00:00', 0, 0),
(18, 5003, 0, 0, '0000-00-00 00:00:00', 0, 0),
(18, 5006, 1, 0, '0000-00-00 00:00:00', 0, 0),
(19, 0, 0, 0, '0000-00-00 00:00:00', 0, 0),
(19, 98, 0, 0, '0000-00-00 00:00:00', 0, 0),
(19, 5000, 0, 0, '0000-00-00 00:00:00', 0, 0),
(19, 5002, 0, 0, '0000-00-00 00:00:00', 0, 0),
(19, 5001, 0, 0, '0000-00-00 00:00:00', 0, 0),
(19, 5003, 0, 0, '0000-00-00 00:00:00', 0, 0),
(19, 5006, 1, 0, '0000-00-00 00:00:00', 0, 0),
(20, 0, 0, 0, '0000-00-00 00:00:00', 0, 0),
(20, 98, 0, 0, '0000-00-00 00:00:00', 0, 0),
(20, 5000, 0, 0, '0000-00-00 00:00:00', 0, 0),
(20, 5002, 0, 0, '0000-00-00 00:00:00', 0, 0),
(20, 5001, 0, 0, '0000-00-00 00:00:00', 0, 0),
(20, 5003, 0, 0, '0000-00-00 00:00:00', 0, 0),
(20, 5006, 1, 0, '0000-00-00 00:00:00', 0, 0),
(20, 5078, 0, 0, '0000-00-00 00:00:00', 0, 0),
(21, 0, 0, 0, '0000-00-00 00:00:00', 0, 0),
(21, 98, 0, 0, '0000-00-00 00:00:00', 0, 0),
(21, 5000, 0, 0, '0000-00-00 00:00:00', 0, 0),
(21, 5002, 0, 0, '0000-00-00 00:00:00', 0, 0),
(21, 5001, 0, 0, '0000-00-00 00:00:00', 0, 0),
(21, 5003, 0, 0, '0000-00-00 00:00:00', 0, 0),
(21, 5006, 1, 0, '0000-00-00 00:00:00', 0, 0),
(21, 5078, 0, 0, '0000-00-00 00:00:00', 0, 0),
(22, 0, 0, 0, '0000-00-00 00:00:00', 0, 0),
(22, 98, 0, 0, '0000-00-00 00:00:00', 0, 0),
(22, 5000, 0, 0, '0000-00-00 00:00:00', 0, 0),
(22, 5002, 0, 0, '0000-00-00 00:00:00', 0, 0),
(22, 5001, 0, 0, '0000-00-00 00:00:00', 0, 0),
(22, 5003, 0, 0, '0000-00-00 00:00:00', 0, 0),
(22, 5006, 1, 0, '0000-00-00 00:00:00', 0, 0),
(22, 5078, 0, 0, '0000-00-00 00:00:00', 0, 0),
(23, 5078, 0, 0, '2025-08-18 10:00:00', 0, 1),
(17, 5078, 1, 0, '0000-00-00 00:00:00', 0, 0),
(24, 0, 0, 0, '0000-00-00 00:00:00', 0, 0),
(24, 98, 0, 0, '0000-00-00 00:00:00', 0, 0),
(24, 5000, 0, 0, '0000-00-00 00:00:00', 0, 0),
(24, 5002, 0, 0, '0000-00-00 00:00:00', 0, 0),
(24, 5001, 0, 0, '0000-00-00 00:00:00', 0, 0),
(24, 5003, 0, 0, '0000-00-00 00:00:00', 0, 0),
(24, 5006, 1, 0, '0000-00-00 00:00:00', 0, 0),
(24, 5078, 0, 0, '0000-00-00 00:00:00', 0, 0),
(25, 0, 0, 0, '0000-00-00 00:00:00', 0, 0),
(25, 98, 0, 0, '0000-00-00 00:00:00', 0, 0),
(25, 5000, 0, 0, '0000-00-00 00:00:00', 0, 0),
(25, 5002, 0, 0, '0000-00-00 00:00:00', 0, 0),
(25, 5001, 0, 0, '0000-00-00 00:00:00', 0, 0),
(25, 5003, 0, 0, '0000-00-00 00:00:00', 0, 0),
(25, 5006, 1, 0, '0000-00-00 00:00:00', 0, 0),
(25, 5078, 0, 0, '0000-00-00 00:00:00', 0, 0),
(26, 0, 0, 0, '0000-00-00 00:00:00', 0, 0),
(26, 98, 0, 0, '0000-00-00 00:00:00', 0, 0),
(26, 5000, 0, 0, '0000-00-00 00:00:00', 0, 0),
(26, 5002, 0, 0, '0000-00-00 00:00:00', 0, 0),
(26, 5001, 0, 0, '0000-00-00 00:00:00', 0, 0),
(26, 5003, 0, 0, '0000-00-00 00:00:00', 0, 0),
(26, 5006, 1, 0, '0000-00-00 00:00:00', 0, 0),
(26, 5078, 0, 0, '0000-00-00 00:00:00', 0, 0),
(27, 0, 0, 0, '0000-00-00 00:00:00', 0, 0),
(27, 98, 0, 0, '0000-00-00 00:00:00', 0, 0),
(27, 5000, 0, 0, '0000-00-00 00:00:00', 0, 0),
(27, 5002, 0, 0, '0000-00-00 00:00:00', 0, 0),
(27, 5001, 0, 0, '0000-00-00 00:00:00', 0, 0),
(27, 5003, 0, 0, '0000-00-00 00:00:00', 0, 0),
(27, 5006, 1, 0, '0000-00-00 00:00:00', 0, 0),
(27, 5078, 0, 0, '0000-00-00 00:00:00', 0, 0),
(28, 0, 0, 0, '0000-00-00 00:00:00', 0, 0),
(28, 98, 0, 0, '0000-00-00 00:00:00', 0, 0),
(28, 5000, 0, 0, '0000-00-00 00:00:00', 0, 0),
(28, 5002, 0, 0, '0000-00-00 00:00:00', 0, 0),
(28, 5001, 0, 0, '0000-00-00 00:00:00', 0, 0),
(28, 5003, 0, 0, '0000-00-00 00:00:00', 0, 0),
(28, 5006, 0, 0, '0000-00-00 00:00:00', 0, 0),
(28, 5078, 0, 0, '0000-00-00 00:00:00', 0, 0),
(29, 0, 0, 0, '0000-00-00 00:00:00', 0, 0),
(29, 98, 0, 0, '0000-00-00 00:00:00', 0, 0),
(29, 5000, 0, 0, '0000-00-00 00:00:00', 0, 0),
(29, 5002, 0, 0, '0000-00-00 00:00:00', 0, 0),
(29, 5001, 0, 0, '0000-00-00 00:00:00', 0, 0),
(29, 5003, 0, 0, '0000-00-00 00:00:00', 0, 0),
(29, 5006, 0, 0, '0000-00-00 00:00:00', 0, 0),
(29, 5078, 0, 0, '0000-00-00 00:00:00', 0, 0),
(30, 0, 0, 0, '0000-00-00 00:00:00', 0, 0),
(30, 98, 0, 0, '0000-00-00 00:00:00', 0, 0),
(30, 5000, 0, 0, '0000-00-00 00:00:00', 0, 0),
(30, 5002, 0, 0, '0000-00-00 00:00:00', 0, 0),
(30, 5001, 0, 0, '0000-00-00 00:00:00', 0, 0),
(30, 5003, 0, 0, '0000-00-00 00:00:00', 0, 0),
(30, 5006, 0, 0, '0000-00-00 00:00:00', 0, 0),
(30, 5078, 0, 0, '0000-00-00 00:00:00', 0, 0),
(31, 0, 0, 0, '0000-00-00 00:00:00', 0, 0),
(31, 98, 0, 0, '0000-00-00 00:00:00', 0, 0),
(31, 5000, 0, 0, '0000-00-00 00:00:00', 0, 0),
(31, 5002, 0, 0, '0000-00-00 00:00:00', 0, 0),
(31, 5001, 0, 0, '0000-00-00 00:00:00', 0, 0),
(31, 5003, 0, 0, '0000-00-00 00:00:00', 0, 0),
(31, 5006, 0, 0, '0000-00-00 00:00:00', 0, 0),
(31, 5078, 0, 0, '0000-00-00 00:00:00', 0, 0),
(32, 5006, 1, 0, '0000-00-00 00:00:00', 0, 0),
(32, 5000, 0, 0, '0000-00-00 00:00:00', 0, 0),
(32, 5001, 0, 0, '0000-00-00 00:00:00', 0, 0),
(32, 5002, 0, 0, '0000-00-00 00:00:00', 0, 0),
(32, 5003, 0, 0, '0000-00-00 00:00:00', 0, 0),
(32, 5078, 0, 0, '0000-00-00 00:00:00', 0, 0),
(33, 0, 0, 0, '0000-00-00 00:00:00', 0, 0),
(33, 98, 0, 0, '0000-00-00 00:00:00', 0, 0),
(33, 5000, 0, 0, '0000-00-00 00:00:00', 0, 0),
(33, 5002, 0, 0, '0000-00-00 00:00:00', 0, 0),
(33, 5001, 0, 0, '0000-00-00 00:00:00', 0, 0),
(33, 5003, 0, 0, '0000-00-00 00:00:00', 0, 0),
(33, 5006, 0, 0, '0000-00-00 00:00:00', 0, 0),
(33, 5078, 0, 0, '0000-00-00 00:00:00', 0, 0),
(34, 0, 0, 0, '0000-00-00 00:00:00', 0, 0),
(34, 98, 0, 0, '0000-00-00 00:00:00', 0, 0),
(34, 5000, 0, 0, '0000-00-00 00:00:00', 0, 0),
(34, 5002, 0, 0, '0000-00-00 00:00:00', 0, 0),
(34, 5001, 0, 0, '0000-00-00 00:00:00', 0, 0),
(34, 5003, 0, 0, '0000-00-00 00:00:00', 0, 0),
(34, 5006, 0, 0, '0000-00-00 00:00:00', 0, 0),
(34, 5078, 0, 0, '0000-00-00 00:00:00', 0, 0),
(35, 0, 0, 0, '0000-00-00 00:00:00', 0, 0),
(35, 98, 0, 0, '0000-00-00 00:00:00', 0, 0),
(35, 5000, 0, 0, '0000-00-00 00:00:00', 0, 0),
(35, 5002, 0, 0, '0000-00-00 00:00:00', 0, 0),
(35, 5001, 0, 0, '0000-00-00 00:00:00', 0, 0),
(35, 5003, 0, 0, '0000-00-00 00:00:00', 0, 0),
(35, 5006, 0, 0, '0000-00-00 00:00:00', 0, 0),
(35, 5078, 0, 0, '0000-00-00 00:00:00', 0, 0),
(36, 0, 0, 0, '0000-00-00 00:00:00', 0, 0),
(36, 98, 0, 0, '0000-00-00 00:00:00', 0, 0),
(36, 5000, 0, 0, '0000-00-00 00:00:00', 0, 0),
(36, 5002, 0, 0, '0000-00-00 00:00:00', 0, 0),
(36, 5001, 0, 0, '0000-00-00 00:00:00', 0, 0),
(36, 5003, 0, 0, '0000-00-00 00:00:00', 0, 0),
(36, 5006, 0, 0, '0000-00-00 00:00:00', 0, 0),
(36, 5078, 0, 0, '0000-00-00 00:00:00', 0, 0),
(37, 0, 0, 0, '0000-00-00 00:00:00', 0, 0),
(37, 98, 0, 0, '0000-00-00 00:00:00', 0, 0),
(37, 5000, 0, 0, '0000-00-00 00:00:00', 0, 0),
(37, 5002, 0, 0, '0000-00-00 00:00:00', 0, 0),
(37, 5001, 0, 0, '0000-00-00 00:00:00', 0, 0),
(37, 5003, 0, 0, '0000-00-00 00:00:00', 0, 0),
(37, 5006, 0, 0, '0000-00-00 00:00:00', 0, 0),
(37, 5078, 0, 0, '0000-00-00 00:00:00', 0, 0),
(38, 0, 0, 0, '0000-00-00 00:00:00', 0, 0),
(38, 98, 0, 0, '0000-00-00 00:00:00', 0, 0),
(38, 5000, 0, 0, '0000-00-00 00:00:00', 0, 0),
(38, 5002, 0, 0, '0000-00-00 00:00:00', 0, 0),
(38, 5001, 0, 0, '0000-00-00 00:00:00', 0, 0),
(38, 5003, 0, 0, '0000-00-00 00:00:00', 0, 0),
(38, 5006, 0, 0, '0000-00-00 00:00:00', 0, 0),
(38, 5078, 0, 0, '0000-00-00 00:00:00', 0, 0),
(39, 0, 0, 0, '0000-00-00 00:00:00', 0, 0),
(39, 98, 0, 0, '0000-00-00 00:00:00', 0, 0),
(39, 5000, 0, 0, '0000-00-00 00:00:00', 0, 0),
(39, 5002, 0, 0, '0000-00-00 00:00:00', 0, 0),
(39, 5001, 0, 0, '0000-00-00 00:00:00', 0, 0),
(39, 5003, 0, 0, '0000-00-00 00:00:00', 0, 0),
(39, 5006, 0, 0, '0000-00-00 00:00:00', 0, 0),
(39, 5078, 0, 0, '0000-00-00 00:00:00', 0, 0),
(40, 0, 0, 0, '0000-00-00 00:00:00', 0, 0),
(40, 98, 0, 0, '0000-00-00 00:00:00', 0, 0),
(40, 5000, 0, 0, '0000-00-00 00:00:00', 0, 0),
(40, 5002, 0, 0, '0000-00-00 00:00:00', 0, 0),
(40, 5001, 0, 0, '0000-00-00 00:00:00', 0, 0),
(40, 5003, 0, 0, '0000-00-00 00:00:00', 0, 0),
(40, 5006, 0, 0, '0000-00-00 00:00:00', 0, 0),
(40, 5078, 0, 0, '0000-00-00 00:00:00', 0, 0),
(41, 0, 0, 0, '0000-00-00 00:00:00', 0, 0),
(41, 98, 0, 0, '0000-00-00 00:00:00', 0, 0),
(41, 5000, 0, 0, '0000-00-00 00:00:00', 0, 0),
(41, 5002, 0, 0, '0000-00-00 00:00:00', 0, 0),
(41, 5001, 0, 0, '0000-00-00 00:00:00', 0, 0),
(41, 5003, 0, 0, '0000-00-00 00:00:00', 0, 0),
(41, 5006, 0, 0, '0000-00-00 00:00:00', 0, 0),
(41, 5078, 0, 0, '0000-00-00 00:00:00', 0, 0),
(42, 0, 0, 0, '0000-00-00 00:00:00', 0, 0),
(42, 98, 0, 0, '0000-00-00 00:00:00', 0, 0),
(42, 5000, 0, 0, '0000-00-00 00:00:00', 0, 0),
(42, 5002, 0, 0, '0000-00-00 00:00:00', 0, 0),
(42, 5001, 0, 0, '0000-00-00 00:00:00', 0, 0),
(42, 5003, 0, 0, '0000-00-00 00:00:00', 0, 0),
(42, 5006, 0, 0, '0000-00-00 00:00:00', 0, 0),
(42, 5078, 0, 0, '0000-00-00 00:00:00', 0, 0),
(43, 0, 0, 0, '0000-00-00 00:00:00', 0, 0),
(43, 98, 0, 0, '0000-00-00 00:00:00', 0, 0),
(43, 5000, 0, 0, '0000-00-00 00:00:00', 0, 0),
(43, 5002, 0, 0, '0000-00-00 00:00:00', 0, 0),
(43, 5001, 0, 0, '0000-00-00 00:00:00', 0, 0),
(43, 5003, 0, 0, '0000-00-00 00:00:00', 0, 0),
(43, 5006, 0, 0, '0000-00-00 00:00:00', 0, 0),
(43, 5078, 0, 0, '0000-00-00 00:00:00', 0, 0),
(44, 0, 0, 0, '0000-00-00 00:00:00', 0, 0),
(44, 98, 0, 0, '0000-00-00 00:00:00', 0, 0),
(44, 5000, 0, 0, '0000-00-00 00:00:00', 0, 0),
(44, 5002, 0, 0, '0000-00-00 00:00:00', 0, 0),
(44, 5001, 0, 0, '0000-00-00 00:00:00', 0, 0),
(44, 5003, 0, 0, '0000-00-00 00:00:00', 0, 0),
(44, 5006, 0, 0, '0000-00-00 00:00:00', 0, 0),
(44, 5078, 0, 0, '0000-00-00 00:00:00', 0, 0);

-- --------------------------------------------------------

--
-- Tabellenstruktur für Tabelle `orders_costs`
--

CREATE TABLE `orders_costs` (
  `orders_costs_id` int(11) NOT NULL,
  `orders_id` int(11) NOT NULL,
  `costs` float NOT NULL,
  `title` varchar(32) NOT NULL
) ENGINE=MyISAM DEFAULT CHARSET=utf8;

--
-- Daten für Tabelle `orders_costs`
--

INSERT INTO `orders_costs` (`orders_costs_id`, `orders_id`, `costs`, `title`) VALUES
(10, 1, 0, 'shipping'),
(4, 2, 0, 'shipping'),
(26, 3, 0, 'shipping'),
(28, 4, 0, 'shipping'),
(11, 5, 0, 'shipping'),
(12, 6, 0, 'shipping'),
(14, 7, 0, 'shipping'),
(15, 8, 0, 'shipping'),
(16, 9, 0, 'shipping'),
(17, 10, 0, 'shipping'),
(18, 11, 0, 'shipping'),
(19, 12, 0, 'shipping'),
(20, 13, 0, 'shipping'),
(29, 14, 0, 'shipping'),
(31, 15, 0, 'shipping'),
(23, 16, 0, 'shipping'),
(37, 17, 0, 'shipping'),
(38, 18, 0, 'shipping'),
(39, 19, 0, 'shipping'),
(40, 50001, 0, 'shipping'),
(44, 50002, 0, 'shipping'),
(45, 50003, 0, 'shipping'),
(50, 50004, 0, 'shipping'),
(58, 50005, 0, 'shipping'),
(59, 50006, 0, 'shipping'),
(67, 50007, 0, 'shipping'),
(63, 50008, 0, 'shipping'),
(78, 50009, 0, 'shipping'),
(71, 50010, 0, 'shipping'),
(72, 50011, 0, 'shipping'),
(73, 50012, 0, 'shipping'),
(79, 50013, 0, 'shipping'),
(116, 50014, 0, 'shipping'),
(81, 50015, 0, 'shipping'),
(82, 50016, 0, 'shipping'),
(83, 50017, 0, 'shipping'),
(177, 50019, 0, 'shipping'),
(86, 50021, 0, 'shipping'),
(87, 50022, 0, 'shipping'),
(88, 50023, 0, 'shipping'),
(89, 50024, 0, 'shipping'),
(98, 50025, 0, 'shipping'),
(101, 50026, 0, 'shipping'),
(102, 50027, 0, 'shipping'),
(103, 50028, 0, 'shipping'),
(106, 50029, 0, 'shipping'),
(107, 50030, 0, 'shipping'),
(108, 50031, 0, 'shipping'),
(218, 50032, 0, 'shipping'),
(110, 50033, 0, 'shipping'),
(111, 50034, 0, 'shipping'),
(119, 50035, 0, 'shipping'),
(113, 50036, 0, 'shipping'),
(114, 50037, 0, 'shipping'),
(115, 50038, 0, 'shipping'),
(117, 50039, 0, 'shipping'),
(118, 50040, 0, 'shipping'),
(120, 50041, 0, 'shipping'),
(121, 50042, 0, 'shipping'),
(242, 50043, 0, 'shipping'),
(136, 50044, 0, 'shipping'),
(460, 50045, 0, 'shipping'),
(139, 50046, 0, 'shipping'),
(147, 50047, 0, 'shipping'),
(148, 50048, 0, 'shipping'),
(149, 50049, 0, 'shipping'),
(150, 50050, 0, 'shipping'),
(162, 50052, 0, 'shipping'),
(163, 50053, 0, 'shipping'),
(257, 50054, 0, 'shipping'),
(165, 50055, 0, 'shipping'),
(166, 50056, 0, 'shipping'),
(167, 50057, 0, 'shipping'),
(178, 50058, 0, 'shipping'),
(179, 50059, 0, 'shipping'),
(180, 50060, 0, 'shipping'),
(181, 50061, 0, 'shipping'),
(182, 50062, 0, 'shipping'),
(229, 50064, 0, 'shipping'),
(226, 50065, 0, 'shipping'),
(205, 50066, 0, 'shipping'),
(202, 50067, 0, 'shipping'),
(203, 50068, 0, 'shipping'),
(204, 50069, 0, 'shipping'),
(211, 50070, 0, 'shipping'),
(216, 50071, 0, 'shipping'),
(217, 50072, 0, 'shipping'),
(230, 50073, 0, 'shipping'),
(344, 50074, 0, 'shipping'),
(249, 50075, 0, 'shipping'),
(233, 50076, 0, 'shipping'),
(234, 50077, 0, 'shipping'),
(243, 50078, 0, 'shipping'),
(468, 50079, 0, 'shipping'),
(245, 50080, 0, 'shipping'),
(246, 50081, 0, 'shipping'),
(250, 50082, 0, 'shipping'),
(251, 50083, 0, 'shipping'),
(252, 50084, 0, 'shipping'),
(253, 50085, 0, 'shipping'),
(265, 50086, 0, 'shipping'),
(266, 50087, 0, 'shipping'),
(267, 50088, 0, 'shipping'),
(285, 50089, 0, 'shipping'),
(277, 50090, 0, 'shipping'),
(283, 50091, 0, 'shipping'),
(908, 50093, 0, 'shipping'),
(279, 50094, 0, 'shipping'),
(292, 50096, 0, 'shipping'),
(311, 50097, 0, 'shipping'),
(807, 50098, 0, 'shipping'),
(317, 50099, 0, 'shipping'),
(318, 50100, 0, 'shipping'),
(324, 50101, 0, 'shipping'),
(338, 50102, 0, 'shipping'),
(332, 50103, 0, 'shipping'),
(342, 50104, 0, 'shipping'),
(345, 50105, 0, 'shipping'),
(350, 50106, 0, 'shipping'),
(354, 50107, 0, 'shipping'),
(395, 50108, 0, 'shipping'),
(400, 50109, 0, 'shipping'),
(373, 50111, 0, 'shipping'),
(379, 50112, 0, 'shipping'),
(390, 50113, 0, 'shipping'),
(392, 50114, 0, 'shipping'),
(409, 50115, 0, 'shipping'),
(411, 50116, 0, 'shipping'),
(418, 50117, 0, 'shipping'),
(413, 50118, 0, 'shipping'),
(414, 50119, 0, 'shipping'),
(415, 50120, 0, 'shipping'),
(419, 50121, 0, 'shipping'),
(422, 50123, 0, 'shipping'),
(480, 50124, 0, 'shipping'),
(519, 50126, 0, 'shipping'),
(441, 50127, 0, 'shipping'),
(609, 50128, 0, 'shipping'),
(446, 50129, 0, 'shipping'),
(447, 50130, 0, 'shipping'),
(650, 50131, 0, 'shipping'),
(450, 50132, 0, 'shipping'),
(452, 50133, 0, 'shipping'),
(464, 50134, 0, 'shipping'),
(488, 50135, 0, 'shipping'),
(459, 50136, 0, 'shipping'),
(462, 50137, 0, 'shipping'),
(489, 50138, 0, 'shipping'),
(500, 50139, 0, 'shipping'),
(867, 50140, 0, 'shipping'),
(520, 50141, 0, 'shipping'),
(879, 50142, 0, 'shipping'),
(872, 50143, 0, 'shipping'),
(668, 50144, 0, 'shipping'),
(627, 50145, 0, 'shipping'),
(604, 50146, 0, 'shipping'),
(624, 50147, 0, 'shipping'),
(613, 50148, 0, 'shipping'),
(875, 50149, 0, 'shipping'),
(628, 50150, 0, 'shipping'),
(651, 50151, 0, 'shipping'),
(905, 50152, 0, 'shipping'),
(681, 50153, 0, 'shipping'),
(898, 50154, 0, 'shipping'),
(689, 50155, 0, 'shipping'),
(803, 50156, 0, 'shipping'),
(853, 50157, 0, 'shipping'),
(718, 50158, 0, 'shipping'),
(724, 50159, 0, 'shipping'),
(1150, 50160, 0, 'shipping'),
(1233, 50161, 0, 'shipping'),
(819, 50162, 0, 'shipping'),
(855, 50163, 0, 'shipping'),
(902, 50164, 0, 'shipping'),
(895, 50165, 0, 'shipping'),
(906, 50166, 0, 'shipping'),
(907, 50167, 0, 'shipping'),
(916, 50168, 0, 'shipping'),
(946, 50169, 0, 'shipping'),
(918, 50170, 0, 'shipping'),
(1026, 50171, 0, 'shipping'),
(981, 50172, 0, 'shipping'),
(1136, 50173, 0, 'shipping'),
(1279, 50174, 0, 'shipping'),
(978, 50175, 0, 'shipping'),
(984, 50176, 0, 'shipping'),
(1005, 50177, 0, 'shipping'),
(1013, 50178, 0, 'shipping'),
(1018, 50179, 0, 'shipping'),
(1030, 50180, 0, 'shipping'),
(1025, 50181, 0, 'shipping'),
(1027, 50182, 0, 'shipping'),
(1080, 50183, 0, 'shipping'),
(1061, 50184, 0, 'shipping'),
(1235, 50185, 0, 'shipping'),
(1093, 50186, 0, 'shipping'),
(1055, 50187, 0, 'shipping'),
(1060, 50188, 0, 'shipping'),
(1078, 50189, 0, 'shipping'),
(1102, 50190, 0, 'shipping'),
(1187, 50191, 0, 'shipping'),
(1124, 50192, 0, 'shipping'),
(1141, 50194, 0, 'shipping'),
(1160, 50195, 0, 'shipping'),
(1180, 50196, 0, 'shipping'),
(1254, 50197, 0, 'shipping'),
(1265, 50198, 0, 'shipping'),
(1217, 50199, 0, 'shipping'),
(1262, 50200, 0, 'shipping'),
(1230, 50201, 0, 'shipping'),
(1256, 50202, 0, 'shipping'),
(1231, 50203, 0, 'shipping'),
(1267, 50204, 0, 'shipping'),
(1264, 50205, 0, 'shipping'),
(1277, 50206, 0, 'shipping');

-- --------------------------------------------------------

--
-- Tabellenstruktur für Tabelle `orders_dhl_paketsteuerung`
--

CREATE TABLE `orders_dhl_paketsteuerung` (
  `orders_dhl_paketsteuerung_id` int(11) NOT NULL,
  `orders_id` int(11) NOT NULL,
  `preferredLocation` varchar(100) NOT NULL,
  `preferredNeighbour` varchar(100) NOT NULL,
  `noNeighbourDelivery` int(1) NOT NULL,
  `inCarDelivery` int(1) NOT NULL,
  `preferredDay` date NOT NULL,
  `preferredTime` varchar(3) NOT NULL,
  `sameDayDelivery` int(1) NOT NULL
) ENGINE=InnoDB DEFAULT CHARSET=utf8;

-- --------------------------------------------------------

--
-- Tabellenstruktur für Tabelle `orders_fibunumbers`
--

CREATE TABLE `orders_fibunumbers` (
  `orders_fibunumbers_id` int(11) NOT NULL,
  `orders_id` int(11) NOT NULL,
  `fibunumber` int(1) NOT NULL,
  `date_added` datetime NOT NULL
) ENGINE=MyISAM DEFAULT CHARSET=utf8mb4 COLLATE=utf8mb4_unicode_ci;

--
-- Daten für Tabelle `orders_fibunumbers`
--

INSERT INTO `orders_fibunumbers` (`orders_fibunumbers_id`, `orders_id`, `fibunumber`, `date_added`) VALUES
(150000, 50000, 150000, '2025-07-30 08:28:48'),
(150001, 50001, 150001, '2025-08-01 12:47:45'),
(150002, 50005, 150002, '2025-08-06 14:24:36'),
(150003, 50004, 150003, '2025-08-06 14:29:34'),
(150004, 50007, 150004, '2025-08-13 10:56:04'),
(150005, 50009, 150005, '2025-08-13 13:21:03'),
(150006, 50010, 150006, '2025-08-14 10:02:22'),
(150007, 50024, 150007, '2025-08-20 10:31:41'),
(150008, 50058, 150008, '2025-09-05 09:00:03'),
(150009, 50019, 150009, '2025-09-09 09:37:57'),
(150010, 50053, 150010, '2025-09-09 09:44:43'),
(150011, 50059, 150011, '2025-09-09 09:44:59'),
(150012, 50025, 150012, '2025-09-09 12:52:56'),
(150013, 50002, 150013, '2025-09-10 10:43:10'),
(150014, 50015, 150014, '2025-09-10 14:40:40'),
(150015, 50032, 150015, '2025-09-11 11:26:16'),
(150016, 50048, 150016, '2025-09-12 10:17:18'),
(150017, 50029, 150017, '2025-09-12 13:23:43'),
(150018, 50047, 150018, '2025-09-12 13:23:58'),
(150019, 50066, 150019, '2025-09-12 14:27:26'),
(150020, 50054, 150020, '2025-09-17 12:29:45'),
(150021, 50084, 150021, '2025-09-17 12:34:56'),
(150022, 50060, 150022, '2025-09-17 14:26:08'),
(150023, 50046, 150023, '2025-09-18 11:27:45'),
(150024, 50070, 150024, '2025-09-18 14:23:25'),
(150025, 50026, 150025, '2025-09-19 11:07:30'),
(150026, 50087, 150026, '2025-09-22 08:29:20'),
(150027, 50075, 150027, '2025-09-22 12:49:57'),
(150028, 50089, 150028, '2025-09-24 15:26:35'),
(150029, 50067, 150029, '2025-09-30 08:45:09'),
(150030, 50063, 150030, '2025-09-30 12:27:36'),
(150031, 50093, 150031, '2025-10-01 10:00:48'),
(150032, 50091, 150032, '2025-10-06 10:06:46'),
(150033, 50103, 150033, '2025-10-06 13:44:22'),
(150034, 50031, 150034, '2025-10-07 09:23:39'),
(150035, 50036, 150035, '2025-10-07 09:27:50'),
(150036, 50100, 150036, '2025-10-07 11:59:24'),
(150037, 50039, 150037, '2025-10-07 16:42:59'),
(150038, 50043, 150038, '2025-10-08 10:48:32'),
(150039, 50105, 150039, '2025-10-08 10:48:32'),
(150040, 50106, 150040, '2025-10-08 13:39:22'),
(150041, 50104, 150041, '2025-10-08 14:22:58'),
(150042, 50114, 150042, '2025-10-13 12:52:36'),
(150043, 50108, 150043, '2025-10-13 12:53:37'),
(150044, 50107, 150044, '2025-10-13 13:59:05'),
(150045, 50116, 150045, '2025-10-15 14:10:19'),
(150046, 50109, 150046, '2025-10-16 09:31:48'),
(150047, 50123, 150047, '2025-10-16 12:01:49'),
(150048, 50113, 150048, '2025-10-17 10:51:04'),
(150049, 50117, 150049, '2025-10-20 11:29:01'),
(150050, 50127, 150050, '2025-10-20 15:12:55'),
(150051, 50045, 150051, '2025-10-22 09:06:55'),
(150052, 50137, 150052, '2025-10-22 12:17:42'),
(150053, 50126, 150053, '2025-10-24 14:47:21'),
(150054, 50128, 150054, '2025-10-28 16:49:25'),
(150055, 50146, 150055, '2025-10-29 12:08:18'),
(150056, 50147, 150056, '2025-10-30 10:01:31'),
(150057, 50148, 150057, '2025-10-31 10:57:46'),
(150058, 50142, 150058, '2025-11-03 13:29:50'),
(150059, 50144, 150059, '2025-11-06 14:03:38'),
(150060, 50156, 150060, '2025-11-06 16:21:07'),
(150061, 50158, 150061, '2025-11-07 12:05:03'),
(150062, 50143, 150062, '2025-11-10 16:08:39'),
(150063, 50140, 150063, '2025-11-11 11:23:11'),
(150064, 50154, 150064, '2025-11-12 12:27:06'),
(150065, 50162, 150065, '2025-11-12 13:40:44'),
(150066, 50163, 150066, '2025-11-14 10:08:47'),
(150067, 50153, 150067, '2025-11-17 13:06:21'),
(150068, 50157, 150068, '2025-11-19 11:18:37'),
(150069, 50170, 150069, '2025-11-21 09:27:49'),
(150070, 50152, 150070, '2025-11-21 10:21:33'),
(150071, 50168, 150071, '2025-11-21 12:13:01'),
(150072, 50171, 150072, '2025-11-21 12:22:37'),
(150073, 50129, 150073, '2025-11-27 09:59:54'),
(150074, 50180, 150074, '2025-12-01 11:22:21'),
(150075, 50178, 150075, '2025-12-01 11:23:39'),
(150076, 50188, 150076, '2025-12-04 14:06:23'),
(150077, 50179, 150077, '2025-12-08 08:29:09'),
(150078, 50187, 150078, '2025-12-08 15:20:40'),
(150079, 50173, 150079, '2025-12-10 13:08:16'),
(150080, 50183, 150080, '2025-12-10 15:27:52'),
(150081, 50194, 150081, '2025-12-12 11:13:31'),
(150082, 50189, 150082, '2025-12-15 11:02:33'),
(150083, 50191, 150083, '2025-12-15 11:04:05'),
(150084, 50195, 150084, '2025-12-17 14:49:16'),
(150085, 50184, 150085, '2025-12-17 15:01:27'),
(150086, 50204, 150086, '2025-12-17 16:06:31'),
(150087, 50190, 150087, '2025-12-18 08:47:46'),
(150088, 50174, 150088, '2025-12-18 13:50:23');

-- --------------------------------------------------------

--
-- Tabellenstruktur für Tabelle `orders_pallets`
--

CREATE TABLE `orders_pallets` (
  `orders_pallets_id` int(11) NOT NULL,
  `orders_id` int(11) NOT NULL,
  `length` decimal(10,2) NOT NULL,
  `width` decimal(10,2) NOT NULL,
  `height` decimal(10,2) NOT NULL,
  `weight_total` decimal(10,2) DEFAULT '0.00',
  `quantity` int(11) DEFAULT '1',
  `notes` text COLLATE utf8mb4_unicode_ci,
  `created_at` datetime DEFAULT CURRENT_TIMESTAMP,
  `updated_at` datetime DEFAULT NULL ON UPDATE CURRENT_TIMESTAMP
) ENGINE=InnoDB DEFAULT CHARSET=utf8mb4 COLLATE=utf8mb4_unicode_ci;

--
-- Daten für Tabelle `orders_pallets`
--

INSERT INTO `orders_pallets` (`orders_pallets_id`, `orders_id`, `length`, `width`, `height`, `weight_total`, `quantity`, `notes`, `created_at`, `updated_at`) VALUES
(1, 50143, 115.00, 70.00, 99.00, 3264.00, 8, '', '2025-11-17 15:43:46', '2025-11-17 15:56:36'),
(3, 50142, 110.00, 88.00, 231.00, 0.00, 1, '', '2025-11-17 18:35:09', NULL),
(4, 50142, 130.00, 100.00, 243.00, 0.00, 1, '', '2025-11-17 18:35:56', NULL),
(5, 50142, 82.00, 102.00, 230.00, 0.00, 1, '', '2025-11-17 18:36:29', NULL),
(6, 50142, 90.00, 123.00, 228.00, 0.00, 1, '', '2025-11-17 18:36:56', NULL),
(7, 50142, 115.00, 80.00, 216.00, 0.00, 1, '', '2025-11-17 18:37:24', NULL),
(8, 50142, 108.00, 75.00, 115.00, 0.00, 1, '', '2025-11-17 18:37:55', NULL),
(9, 50142, 116.00, 78.00, 106.00, 0.00, 18, '', '2025-11-17 18:38:48', NULL),
(10, 50142, 163.00, 68.00, 117.00, 0.00, 1, '', '2025-11-17 18:39:24', NULL),
(11, 50142, 131.00, 75.00, 119.00, 0.00, 5, '', '2025-11-17 18:40:01', NULL),
(12, 50142, 85.00, 110.00, 246.00, 0.00, 3, '', '2025-11-17 18:40:33', NULL),
(13, 50160, 130.00, 90.00, 225.00, 0.00, 1, '', '2025-11-17 18:47:39', NULL),
(14, 50160, 0.00, 0.00, 0.00, 0.00, 1, 'Pallet Size/Qty. TBD. 27 Cartons XL-02-B | 2 Cartons XL20-B', '2025-11-17 18:49:57', '2025-11-17 18:50:44'),
(15, 50164, 115.00, 70.00, 99.00, 0.00, 3, '', '2025-11-17 18:54:50', NULL),
(16, 50165, 82.00, 102.00, 229.00, 0.00, 2, '', '2025-11-17 18:57:36', NULL),
(17, 50154, 135.00, 107.00, 124.00, 0.00, 18, '', '2025-11-17 19:01:38', NULL),
(18, 50161, 2.00, 3.00, 4.00, 5.00, 1, '', '2025-11-19 13:04:39', NULL),
(19, 50171, 110.00, 85.00, 235.00, 972.00, 2, '', '2025-11-28 09:15:28', NULL),
(20, 50171, 115.00, 70.00, 102.00, 5824.00, 14, '', '2025-11-28 09:16:53', '2025-11-28 09:18:06'),
(21, 50171, 139.00, 115.00, 112.00, 392.00, 1, '', '2025-11-28 09:17:38', NULL),
(22, 50171, 123.00, 90.00, 145.00, 278.00, 1, '', '2025-11-28 09:18:39', NULL),
(23, 50171, 108.00, 75.00, 102.00, 5680.00, 15, '', '2025-11-28 09:19:23', '2025-11-28 09:24:46'),
(24, 50171, 210.00, 70.00, 108.00, 1200.00, 4, '', '2025-11-28 09:20:23', NULL),
(25, 50171, 160.00, 166.00, 113.00, 240.00, 1, '', '2025-11-28 09:20:49', NULL),
(26, 50171, 115.00, 75.00, 60.00, 27.50, 1, '', '2025-11-28 09:21:30', NULL),
(27, 50171, 133.00, 107.00, 107.00, 1568.00, 2, '', '2025-11-28 09:22:50', NULL),
(28, 50171, 120.00, 80.00, 118.00, 236.00, 1, '', '2025-11-28 09:23:20', NULL),
(29, 50171, 115.00, 75.00, 116.00, 1520.00, 2, '', '2025-11-28 09:23:47', NULL),
(30, 50171, 102.00, 82.00, 230.00, 1026.00, 3, '', '2025-11-28 09:24:10', NULL),
(32, 50183, 0.00, 0.00, 0.00, 0.00, 13, '', '2025-12-10 15:31:16', NULL),
(33, 50184, 136.00, 108.00, 108.00, 781.00, 2, '', '2025-12-17 15:33:39', NULL),
(34, 50184, 100.00, 130.00, 245.00, 263.00, 1, '', '2025-12-17 15:34:04', '2025-12-17 15:35:49'),
(35, 50184, 135.00, 107.00, 118.00, 658.00, 1, '', '2025-12-17 15:36:14', NULL),
(36, 50204, 100.00, 130.00, 245.00, 658.00, 2, '', '2025-12-17 15:39:35', NULL),
(37, 50204, 115.00, 75.00, 120.00, 420.00, 5, '', '2025-12-17 15:40:34', NULL),
(38, 50204, 115.00, 75.00, 120.00, 290.00, 1, '', '2025-12-17 15:41:48', NULL),
(39, 50204, 140.00, 115.00, 210.00, 854.00, 4, '', '2025-12-17 15:48:11', NULL),
(40, 50204, 120.00, 80.00, 50.00, 18.00, 1, '', '2025-12-17 15:56:27', NULL),
(41, 50204, 110.00, 88.00, 235.00, 534.00, 1, '', '2025-12-17 15:56:42', NULL),
(42, 50204, 240.00, 60.00, 140.00, 300.00, 2, '', '2025-12-17 16:02:03', NULL);

-- --------------------------------------------------------

--
-- Tabellenstruktur für Tabelle `orders_pallets_items`
--

CREATE TABLE `orders_pallets_items` (
  `orders_pallets_items_id` int(11) NOT NULL,
  `orders_pallets_id` int(11) NOT NULL,
  `orders_products_id` int(11) NOT NULL,
  `quantity` int(11) NOT NULL
) ENGINE=InnoDB DEFAULT CHARSET=utf8mb4 COLLATE=utf8mb4_unicode_ci;

--
-- Daten für Tabelle `orders_pallets_items`
--

INSERT INTO `orders_pallets_items` (`orders_pallets_items_id`, `orders_pallets_id`, `orders_products_id`, `quantity`) VALUES
(1, 1, 443, 64),
(2, 3, 431, 12),
(3, 4, 432, 10),
(4, 5, 433, 10),
(5, 6, 434, 8),
(6, 7, 435, 4),
(8, 8, 436, 8),
(9, 9, 437, 144),
(10, 10, 438, 5),
(11, 11, 494, 40),
(12, 12, 517, 4),
(13, 13, 536, 20),
(14, 14, 541, 320),
(15, 14, 542, 20),
(16, 15, 586, 20),
(17, 16, 595, 15),
(18, 17, 512, 108),
(19, 18, 547, 24),
(20, 19, 619, 24),
(21, 20, 622, 112),
(22, 21, 623, 4),
(23, 22, 624, 5),
(24, 23, 625, 112),
(25, 23, 626, 8),
(26, 24, 627, 20),
(27, 25, 628, 5),
(28, 26, 629, 20),
(29, 26, 630, 125),
(30, 26, 631, 10),
(31, 26, 632, 10),
(32, 27, 635, 32),
(33, 28, 634, 2),
(34, 29, 636, 16),
(35, 30, 637, 36),
(36, 33, 690, 32),
(37, 34, 691, 4),
(38, 35, 692, 12),
(39, 36, 768, 20),
(40, 37, 769, 40),
(41, 38, 770, 8),
(42, 39, 771, 32),
(43, 40, 773, 40),
(44, 40, 774, 95),
(45, 40, 775, 25),
(46, 41, 776, 12),
(47, 42, 772, 10);

-- --------------------------------------------------------

--
-- Tabellenstruktur für Tabelle `orders_paymentinstructions`
--

CREATE TABLE `orders_paymentinstructions` (
  `orders_paymentinstructions_id` int(11) NOT NULL,
  `orders_id` int(11) NOT NULL,
  `paymentinstructions` text NOT NULL,
  `date_saved` datetime NOT NULL
) ENGINE=MyISAM DEFAULT CHARSET=utf8;

-- --------------------------------------------------------

--
-- Tabellenstruktur für Tabelle `orders_products`
--

CREATE TABLE `orders_products` (
  `orders_products_id` int(11) NOT NULL,
  `orders_id` int(11) NOT NULL DEFAULT '0',
  `products_id` int(11) NOT NULL DEFAULT '0',
  `products_model` varchar(64) DEFAULT NULL,
  `products_name` varchar(128) NOT NULL,
  `products_price` decimal(15,4) NOT NULL DEFAULT '0.0000',
  `products_discount_made` decimal(4,2) DEFAULT NULL,
  `final_price` decimal(15,4) NOT NULL DEFAULT '0.0000',
  `products_tax` decimal(7,4) NOT NULL DEFAULT '0.0000',
  `products_quantity` int(2) NOT NULL DEFAULT '0',
  `allow_tax` int(1) NOT NULL DEFAULT '0',
  `date_added` datetime NOT NULL DEFAULT '0000-00-00 00:00:00',
  `amazon_order_item_code` varchar(32) NOT NULL,
  `amazon_sku` varchar(64) NOT NULL,
  `quantity_shipped` int(11) NOT NULL,
  `not_ship` int(1) NOT NULL,
  `marge` decimal(15,4) NOT NULL,
  `volume` decimal(10,4) NOT NULL DEFAULT '0.0000',
  `weight` decimal(10,4) NOT NULL DEFAULT '0.0000'
) ENGINE=MyISAM DEFAULT CHARSET=utf8;

--
-- Daten für Tabelle `orders_products`
--

INSERT INTO `orders_products` (`orders_products_id`, `orders_id`, `products_id`, `products_model`, `products_name`, `products_price`, `products_discount_made`, `final_price`, `products_tax`, `products_quantity`, `allow_tax`, `date_added`, `amazon_order_item_code`, `amazon_sku`, `quantity_shipped`, `not_ship`, `marge`, `volume`, `weight`) VALUES
(1, 1, 263, 'AI-W5.1-ESS (LV)', 'DEYE-AI-W5.1-12P3-EU-ESS (LV) | 12kw | All-in-One Energiespeicher System incl. 6x Battery modules a 5.12 kWh', 7599.0000, 0.00, 7599.0000, 19.0000, 1, 0, '2025-05-16 19:40:07', '', '', 0, 0, 0.0000, 0.0000, 0.0000),
(2, 2, 254, 'AI-W5.1-ESS (LV) - 2x Batt.', 'DEYE-AI-W5.1-12P3-EU-ESS (LV) | 12kw | All-in-One Energiespeicher System incl. 2x Battery modules a 5.12 kWh', 4758.8100, 0.00, 4758.8100, 19.0000, 1, 1, '2025-05-17 11:14:44', '', '', 0, 0, 0.0000, 0.0000, 0.0000),
(34, 50004, 595, '3U-LRack', 'BOS-G | 3U-LRack | Rack', 269.0000, NULL, 269.0000, 22.0000, 1, 0, '0000-00-00 00:00:00', '', '', 1, 0, 0.0000, 0.0000, 0.0000),
(35, 50004, 573, 'BOS-G-Pack Pro', 'BOS-G-Pack Pro (EU) [5.10kWh] High-Performance Commercial Battery Storage Module | ESS', 689.0000, NULL, 689.0000, 22.0000, 1, 0, '0000-00-00 00:00:00', '', '', 1, 0, 0.0000, 0.0000, 0.0000),
(33, 50004, 541, 'SUN-10K-SG01HP3-EU', 'SUN-10K-SG01HP3-EU | Three-Phase Hybrid Inverter | 2 MPPT | HV Battery Supported', 1050.0000, NULL, 1050.0000, 22.0000, 1, 0, '0000-00-00 00:00:00', '', '', 1, 0, 0.0000, 0.0000, 0.0000),
(5, 5, 569, 'AI-W5.1-PDU1-B+Base', 'AI-W5.1-PDU1-B+Base | ESS', 0.0119, NULL, 0.0119, 19.0000, 1, 1, '0000-00-00 00:00:00', '', '', 0, 0, 0.0000, 0.0000, 0.0000),
(6, 6, 570, 'AI-W5.1-B', 'AI-W5.1-B (EU) Solar Battery System | ESS', 799.0000, NULL, 166192.0000, 19.0000, 208, 0, '0000-00-00 00:00:00', '', '', 208, 0, 0.0000, 0.0000, 0.0000),
(8, 8, 569, 'AI-W5.1-PDU1-B+Base', 'AI-W5.1-PDU1-B+Base | ESS', 389.0000, NULL, 3890.0000, 19.0000, 10, 0, '0000-00-00 00:00:00', '', '', 0, 0, 0.0000, 0.0000, 0.0000),
(9, 9, 524, 'SUN-3.6K-SG05LP1-EU', 'SUN-3.6K-SG05LP1-EU | Single Phase Hybrid Inverter | 2 MPPT | LV Battery Supported', 379.0000, NULL, 7580.0000, 19.0000, 20, 0, '0000-00-00 00:00:00', '', '', 0, 0, 0.0000, 0.0000, 0.0000),
(10, 10, 524, 'SUN-3.6K-SG05LP1-EU', 'SUN-3.6K-SG05LP1-EU | Single Phase Hybrid Inverter | 2 MPPT | LV Battery Supported', 379.0000, NULL, 12886.0000, 19.0000, 34, 0, '0000-00-00 00:00:00', '', '', 0, 0, 0.0000, 0.0000, 0.0000),
(11, 11, 524, 'SUN-3.6K-SG05LP1-EU', 'SUN-3.6K-SG05LP1-EU | Single Phase Hybrid Inverter | 2 MPPT | LV Battery Supported', 379.0000, NULL, 1516.0000, 19.0000, 4, 0, '0000-00-00 00:00:00', '', '', 0, 0, 0.0000, 0.0000, 0.0000),
(12, 12, 531, 'SUN-6K-OG01LP1-EU-AM2', 'SUN-6K-OG01LP1-EU-AM2 | Single Phase Off-Grid Inverter | 2 MPPT | LV Battery Supported', 0.0100, NULL, 0.1000, 76.0000, 10, 0, '0000-00-00 00:00:00', '', '', 0, 0, 0.0000, 0.0000, 0.0000),
(13, 13, 527, 'SUN-8K-SG01LP1-EU', 'SUN-8K-SG01LP1-EU | Single Phase Hybrid Inverter | 2 MPPT | LV Battery Supported', 1090.0000, NULL, 1090.0000, 99.0000, 1, 0, '0000-00-00 00:00:00', '', '', 0, 0, 0.0000, 0.0000, 0.0000),
(32, 50003, 601, 'SUN-SMART-PLUG01P1-F', 'SUN-SMART-PLUG01P1-F (Smart Plug) | Wireless Energy Management System', 39.0000, NULL, 39.0000, 24.0000, 1, 0, '0000-00-00 00:00:00', '', '', 0, 0, 0.0000, 0.0000, 0.0000),
(31, 50003, 599, 'SUN-SMART-CT01', 'SUN-SMART-CT01 (Wireless CT Monitor) | Wireless Energy Management System', 55.0000, NULL, 55.0000, 24.0000, 1, 0, '0000-00-00 00:00:00', '', '', 0, 0, 0.0000, 0.0000, 0.0000),
(17, 16, 570, 'AI-W5.1-B', 'AI-W5.1-B (EU) Solar Battery System | ESS', 0.0100, NULL, 0.0100, 19.0000, 1, 0, '0000-00-00 00:00:00', '', '', 0, 0, 0.0000, 0.0000, 0.0000),
(18, 16, 569, 'AI-W5.1-PDU1-B+Base', 'AI-W5.1-PDU1-B+Base | ESS', 0.0100, NULL, 200.0000, 19.0000, 20000, 0, '0000-00-00 00:00:00', '', '', 0, 0, 0.0000, 0.0000, 0.0000),
(30, 50003, 598, 'SUN-SMART-TX01', 'SUN-SMART-TX01 (Smart Transmitter) | Wireless Energy Management System', 22.0000, NULL, 22.0000, 24.0000, 1, 0, '0000-00-00 00:00:00', '', '', 0, 0, 0.0000, 0.0000, 0.0000),
(29, 50003, 531, 'SUN-6K-OG01LP1-EU-AM2', 'SUN-6K-OG01LP1-EU-AM2 | Single Phase Off-Grid Inverter | 2 MPPT | LV Battery Supported', 399.0000, NULL, 798.0000, 24.0000, 2, 0, '0000-00-00 00:00:00', '', '', 0, 0, 0.0000, 0.0000, 0.0000),
(28, 50002, 583, 'RW-F16', 'RW-F16 (EU) [16 kWh] Battery Storage System | ESS', 1490.0000, 0.00, 29800.0000, 21.0000, 20, 0, '2025-08-04 11:46:01', '', '', 20, 0, 0.0000, 0.0000, 0.0000),
(27, 50001, 591, 'SE-G5.1-Pro-B', 'SE-G5.1-Pro-B (EU) [5,12 kWh] Battery Storage System | ESS', 669.0000, NULL, 2676.0000, 22.0000, 4, 0, '0000-00-00 00:00:00', '', '', 4, 0, 0.0000, 0.0000, 0.0000),
(26, 50001, 526, 'SUN-6K-SG03LP1-EU', 'SUN-6K-SG03LP1-EU | Single Phase Hybrid Inverter | 2 MPPT | LV Battery Supported', 699.0000, NULL, 699.0000, 22.0000, 1, 0, '0000-00-00 00:00:00', '', '', 1, 0, 0.0000, 0.0000, 0.0000),
(25, 50000, 602, 'SUN-EVSE11K01/22K01-EU-AC', 'SUN-EVSE11K01/22K01-EU-AC (Smart EV Charger) | Wireless Energy Management System', 289.0000, NULL, 289.0000, 27.0000, 1, 0, '0000-00-00 00:00:00', '', '', 0, 0, 0.0000, 0.0000, 0.0000),
(36, 50004, 19, '', 'Promocode', -100.0000, 0.00, -100.0000, 22.0000, 1, 0, '2025-08-05 10:43:50', '', '', 1, 0, 0.0000, 0.0000, 0.0000),
(38, 50005, 573, 'BOS-G-Pack Pro', 'BOS-G-Pack Pro (EU) [5.10kWh] High-Performance Commercial Battery Storage Module | ESS', 639.0000, NULL, 2556.0000, 21.0000, 4, 0, '0000-00-00 00:00:00', '', '', 4, 0, 0.0000, 0.0000, 0.0000),
(40, 50005, 19, '', 'Promocode', -100.0000, 0.00, -100.0000, 21.0000, 1, 0, '2025-08-05 12:35:52', '', '', 1, 0, 0.0000, 0.0000, 0.0000),
(42, 50006, 600, 'SUN-SMART-CT01', 'SUN-SMART-SWITCH01P3 (Smart Switch) | Wireless Energy Management System', 79.0000, NULL, 79.0000, 0.0000, 1, 0, '0000-00-00 00:00:00', '', '', 0, 0, 0.0000, 0.0000, 0.0000),
(43, 50006, 598, 'SUN-SMART-TX01', 'SUN-SMART-TX01 (Smart Transmitter) | Wireless Energy Management System', 25.0000, NULL, 25.0000, 0.0000, 1, 0, '0000-00-00 00:00:00', '', '', 0, 0, 0.0000, 0.0000, 0.0000),
(44, 50006, 601, 'SUN-SMART-PLUG01P1-F', 'SUN-SMART-PLUG01P1-F (Smart Plug) | Wireless Energy Management System', 59.0000, NULL, 59.0000, 0.0000, 1, 0, '0000-00-00 00:00:00', '', '', 0, 0, 0.0000, 0.0000, 0.0000),
(45, 50006, 602, 'SUN-EVSE11K01/22K01-EU-AC', 'SUN-EVSE11K01/22K01-EU-AC (Smart EV Charger) | Wireless Energy Management System', 349.0000, NULL, 349.0000, 0.0000, 1, 0, '0000-00-00 00:00:00', '', '', 0, 0, 0.0000, 0.0000, 0.0000),
(46, 50007, 573, 'BOS-G-Pack Pro', 'BOS-G-Pack Pro (EU) [5.10kWh] High-Performance Commercial Battery Storage Module | ESS', 639.0000, 0.00, 1917.0000, 21.0000, 3, 0, '0000-00-00 00:00:00', '', '', 3, 0, 0.0000, 0.0000, 0.0000),
(47, 50007, 579, 'BOS-G-PDU-2', 'BOS-G-PDU-2 High-Performance Power Distribution Unit (PDU) | ESS', 599.0000, NULL, 599.0000, 21.0000, 1, 0, '0000-00-00 00:00:00', '', '', 1, 0, 0.0000, 0.0000, 0.0000),
(48, 50008, 536, 'SUN-10K-SG05LP3-EU-SM2', 'SUN-10K-SG05LP3-EU-SM2 | Three-Phase Hybrid Inverter | 2 MPPT | LV Battery Supported', 1360.0000, 0.00, 136000.0000, 19.0000, 100, 0, '2025-08-11 10:31:08', '', '', 0, 0, 0.0000, 0.0000, 0.0000),
(49, 50009, 526, 'SUN-6K-SG03LP1-EU', 'SUN-6K-SG03LP1-EU | Single Phase Hybrid Inverter | 2 MPPT | LV Battery Supported', 669.0000, NULL, 669.0000, 21.0000, 1, 0, '0000-00-00 00:00:00', '', '', 1, 0, 0.0000, 0.0000, 0.0000),
(50, 50010, 537, 'SUN-12K-SG05LP3-EU-SM2', 'SUN-12K-SG05LP3-EU-SM2 | Three-Phase Hybrid Inverter | 2 MPPT | LV Battery Supported', 1430.0000, NULL, 1430.0000, 20.0000, 1, 0, '0000-00-00 00:00:00', '', '', 1, 0, 0.0000, 0.0000, 0.0000),
(51, 50010, 19, 'SYD2025', 'Promocode \\\"SYD2025\\\"', -100.0000, 0.00, -100.0000, 20.0000, 1, 0, '2025-08-13 09:52:21', '', '', 1, 0, 0.0000, 0.0000, 0.0000),
(52, 50011, 531, 'SUN-6K-OG01LP1-EU-AM2', 'SUN-6K-OG01LP1-EU-AM2 | Single Phase Off-Grid Inverter | 2 MPPT | LV Battery Supported', 10000.0000, NULL, 10000.0000, 19.0000, 1, 0, '0000-00-00 00:00:00', '', '', 0, 0, 0.0000, 0.0000, 0.0000),
(53, 50012, 531, 'SUN-6K-OG01LP1-EU-AM2', 'SUN-6K-OG01LP1-EU-AM2 | Single Phase Off-Grid Inverter | 2 MPPT | LV Battery Supported', 10000.0000, NULL, 10000.0000, 19.0000, 1, 0, '0000-00-00 00:00:00', '', '', 0, 0, 0.0000, 0.0000, 0.0000),
(55, 50013, 526, 'SUN-6K-SG03LP1-EU', 'SUN-6K-SG03LP1-EU | Single Phase Hybrid Inverter | 2 MPPT | LV Battery Supported', 669.0000, NULL, 4014.0000, 21.0000, 6, 0, '0000-00-00 00:00:00', '', '', 0, 0, 0.0000, 0.0000, 0.0000),
(56, 50014, 526, 'SUN-6K-SG03LP1-EU', 'SUN-6K-SG03LP1-EU | Single Phase Hybrid Inverter | 2 MPPT | LV Battery Supported', 669.0000, NULL, 4014.0000, 21.0000, 6, 0, '0000-00-00 00:00:00', '', '', 0, 0, 0.0000, 0.0000, 0.0000),
(57, 50015, 528, 'SUN-10K-SG02LP1-EU-AM3', 'SUN-10K-SG02LP1-EU-AM3 | Single Phase Hybrid Inverter | 2 MPPT | LV Battery Supported', 1299.0000, NULL, 1299.0000, 20.0000, 1, 0, '0000-00-00 00:00:00', '', '', 1, 0, 0.0000, 0.0000, 0.0000),
(58, 50016, 528, 'SUN-10K-SG02LP1-EU-AM3', 'SUN-10K-SG02LP1-EU-AM3 | Single Phase Hybrid Inverter | 2 MPPT | LV Battery Supported', 1299.0000, NULL, 1299.0000, 20.0000, 1, 0, '0000-00-00 00:00:00', '', '', 0, 0, 0.0000, 0.0000, 0.0000),
(59, 50017, 599, 'SUN-SMART-CT01', 'SUN-SMART-CT01 (Wireless CT Monitor) | Wireless Energy Management System', 55.0000, NULL, 55.0000, 20.0000, 1, 0, '0000-00-00 00:00:00', '', '', 0, 0, 0.0000, 0.0000, 0.0000),
(60, 50017, 598, 'SUN-SMART-TX01', 'SUN-SMART-TX01 (Smart Transmitter) | Wireless Energy Management System', 22.0000, NULL, 22.0000, 20.0000, 1, 0, '0000-00-00 00:00:00', '', '', 0, 0, 0.0000, 0.0000, 0.0000),
(61, 50017, 601, 'SUN-SMART-PLUG01P1-F', 'SUN-SMART-PLUG01P1-F (Smart Plug) | Wireless Energy Management System', 39.0000, NULL, 39.0000, 20.0000, 1, 0, '0000-00-00 00:00:00', '', '', 0, 0, 0.0000, 0.0000, 0.0000),
(62, 50017, 602, 'SUN-EVSE11K01/22K01-EU-AC', 'SUN-EVSE11K01/22K01-EU-AC (Smart EV Charger) | Wireless Energy Management System', 279.0000, NULL, 279.0000, 20.0000, 1, 0, '0000-00-00 00:00:00', '', '', 0, 0, 0.0000, 0.0000, 0.0000),
(63, 50019, 529, 'SUN-12K-SG02LP1-EU-AM3', 'SUN-12K-SG02LP1-EU-AM3 | Single Phase Hybrid Inverter | 2 MPPT | LV Battery Supported', 1399.0000, 0.00, 2798.0000, 24.0000, 2, 0, '0000-00-00 00:00:00', '', '', 2, 0, 0.0000, 0.0000, 0.0000),
(64, 50021, 251, 'TSM-NEG9R.28 + 2x RW-M6.1 + SUN-10K-SG04LP3-EU', '10 kWp complete Set: 22x Vertex S+ 445 W Trina Solar Module + 2x Deye 120Ah RW-M6.1LiFePO4 + Inverter Deye SUN-10K-SG04LP3', 6899.0000, 0.00, 6899.0000, 23.0000, 1, 0, '2025-08-18 10:43:36', '', '', 0, 0, 0.0000, 0.0000, 0.0000),
(65, 50021, 251, 'TSM-NEG9R.28 + 2x RW-M6.1 + SUN-10K-SG04LP3-EU', '10 kWp complete Set: 22x Vertex S+ 445 W Trina Solar Module + 2x Deye 120Ah RW-M6.1LiFePO4 + Inverter Deye SUN-10K-SG04LP3', 6899.0000, 0.00, 6899.0000, 23.0000, 1, 0, '2025-08-18 10:43:39', '', '', 0, 0, 0.0000, 0.0000, 0.0000),
(66, 50021, 253, 'TSM-NEG9R.28 + RW-M6.1 + SUN-12K-SG04LP3-EU', '12 kWp complete Set: 28x Vertex S+ 445 W Trina + 2x Deye 120Ah RW-M6.1LiFePO4 + Inverter Deye SUN-12K-SG04LP3-EU', 6999.0000, 0.00, 6999.0000, 23.0000, 1, 0, '2025-08-18 10:43:39', '', '', 0, 0, 0.0000, 0.0000, 0.0000),
(67, 50022, 598, 'SUN-SMART-TX01', 'SUN-SMART-TX01 (Smart Transmitter) | Wireless Energy Management System', 22.0000, NULL, 22.0000, 24.0000, 1, 0, '0000-00-00 00:00:00', '', '', 0, 0, 0.0000, 0.0000, 0.0000),
(68, 50022, 599, 'SUN-SMART-CT01', 'SUN-SMART-CT01 (Wireless CT Monitor) | Wireless Energy Management System', 55.0000, NULL, 55.0000, 24.0000, 1, 0, '0000-00-00 00:00:00', '', '', 0, 0, 0.0000, 0.0000, 0.0000),
(69, 50022, 600, 'SUN-SMART-CT01', 'SUN-SMART-SWITCH01P3 (Smart Switch) | Wireless Energy Management System', 69.0000, NULL, 69.0000, 24.0000, 1, 0, '0000-00-00 00:00:00', '', '', 0, 0, 0.0000, 0.0000, 0.0000),
(70, 50022, 601, 'SUN-SMART-PLUG01P1-F', 'SUN-SMART-PLUG01P1-F (Smart Plug) | Wireless Energy Management System', 39.0000, NULL, 39.0000, 24.0000, 1, 0, '0000-00-00 00:00:00', '', '', 0, 0, 0.0000, 0.0000, 0.0000),
(71, 50023, 537, 'SUN-12K-SG05LP3-EU-SM2', 'SUN-12K-SG05LP3-EU-SM2 | Three-Phase Hybrid Inverter | 2 MPPT | LV Battery Supported', 1430.0000, NULL, 2860.0000, 27.0000, 2, 0, '0000-00-00 00:00:00', '', '', 0, 0, 0.0000, 0.0000, 0.0000),
(72, 50024, 549, 'SUN-80K-SG02HP3-EU-EM6', 'SUN-80K-SG02HP3-EU-EM6 | Three-Phase Hybrid Inverter | 6 MPPT | HV Battery Supported', 5050.0000, NULL, 5050.0000, 21.0000, 1, 0, '0000-00-00 00:00:00', '', '', 0, 0, 0.0000, 0.0000, 0.0000),
(76, 50026, 591, 'SE-G5.1-Pro-B', 'SE-G5.1-Pro-B (EU) [5,12 kWh] Battery Storage System | ESS', 590.0000, 0.00, 141600.0000, 23.0000, 240, 0, '2025-08-20 14:45:39', '', '', 0, 0, 0.0000, 0.0000, 0.0000),
(75, 50025, 583, 'RW-F16', 'RW-F16 (EU) [16 kWh] Battery Storage System | ESS', 1450.0000, 0.00, 43500.0000, 23.0000, 30, 0, '2025-08-20 14:43:41', '', '', 30, 0, 0.0000, 0.0000, 0.0000),
(77, 50027, 537, 'SUN-12K-SG05LP3-EU-SM2', 'SUN-12K-SG05LP3-EU-SM2 | Three-Phase Hybrid Inverter | 2 MPPT | LV Battery Supported', 1430.0000, NULL, 1430.0000, 27.0000, 1, 0, '0000-00-00 00:00:00', '', '', 0, 0, 0.0000, 0.0000, 0.0000),
(78, 50028, 531, 'SUN-6K-OG01LP1-EU-AM2', 'SUN-6K-OG01LP1-EU-AM2 | Single Phase Off-Grid Inverter | 2 MPPT | LV Battery Supported', 425.0000, NULL, 425.0000, 20.0000, 1, 0, '0000-00-00 00:00:00', '', '', 0, 0, 0.0000, 0.0000, 0.0000),
(80, 50029, 537, 'SUN-12K-SG05LP3-EU-SM2', 'SUN-12K-SG05LP3-EU-SM2 | Three-Phase Hybrid Inverter | 2 MPPT | LV Battery Supported', 1295.0000, 0.00, 77700.0000, 23.0000, 60, 0, '2025-08-22 10:03:21', '', '', 0, 0, 0.0000, 0.0000, 0.0000),
(81, 50030, 599, 'SUN-SMART-CT01', 'SUN-SMART-CT01 (Wireless CT Monitor) | Wireless Energy Management System', 59.0000, NULL, 59.0000, 20.0000, 1, 0, '0000-00-00 00:00:00', '', '', 0, 0, 0.0000, 0.0000, 0.0000),
(82, 50030, 601, 'SUN-SMART-PLUG01P1-F', 'SUN-SMART-PLUG01P1-F (Smart Plug) | Wireless Energy Management System', 49.0000, NULL, 49.0000, 20.0000, 1, 0, '0000-00-00 00:00:00', '', '', 0, 0, 0.0000, 0.0000, 0.0000),
(83, 50031, 538, 'SUN-15K-SG05LP3-EU-SM2', 'SUN-15K-SG05LP3-EU-SM2 | Three-Phase Hybrid Inverter | 2 MPPT | LV Battery Supported', 1650.0000, NULL, 1650.0000, 24.0000, 1, 0, '0000-00-00 00:00:00', '', '', 0, 0, 0.0000, 0.0000, 0.0000),
(84, 50032, 592, 'GB-LM4.0-PRO', 'GB-L PRO | GB-LM4.0-PRO [4 kWh] Battery Storage System | ESS', 649.0000, NULL, 649.0000, 21.0000, 1, 0, '0000-00-00 00:00:00', '', '', 0, 0, 0.0000, 0.0000, 0.0000),
(85, 50033, 592, 'GB-LM4.0-PRO', 'GB-L PRO | GB-LM4.0-PRO [4 kWh] Battery Storage System | ESS', 649.0000, NULL, 3245.0000, 22.0000, 5, 0, '0000-00-00 00:00:00', '', '', 0, 0, 0.0000, 0.0000, 0.0000),
(86, 50033, 593, 'GB-LBS-PRO+GB-LBase', 'GB-L PRO | GB-LBS-PRO+GB-LBase | ESS', 499.0000, NULL, 499.0000, 22.0000, 1, 0, '0000-00-00 00:00:00', '', '', 0, 0, 0.0000, 0.0000, 0.0000),
(87, 50033, 542, 'SUN-12K-SG01HP3-EU', 'SUN-12K-SG01HP3-EU | Three-Phase Hybrid Inverter | 2 MPPT | HV Battery Supported', 1099.0000, NULL, 1099.0000, 22.0000, 1, 0, '0000-00-00 00:00:00', '', '', 0, 0, 0.0000, 0.0000, 0.0000),
(88, 50034, 602, 'SUN-EVSE11K01/22K01-EU-AC', 'SUN-EVSE11K01/22K01-EU-AC (Smart EV Charger) | Wireless Energy Management System', 289.0000, NULL, 289.0000, 23.0000, 1, 0, '0000-00-00 00:00:00', '', '', 0, 0, 0.0000, 0.0000, 0.0000),
(89, 50034, 598, 'SUN-SMART-TX01', 'SUN-SMART-TX01 (Smart Transmitter) | Wireless Energy Management System', 25.0000, NULL, 25.0000, 23.0000, 1, 0, '0000-00-00 00:00:00', '', '', 0, 0, 0.0000, 0.0000, 0.0000),
(90, 50034, 599, 'SUN-SMART-CT01', 'SUN-SMART-CT01 (Wireless CT Monitor) | Wireless Energy Management System', 59.0000, NULL, 59.0000, 23.0000, 1, 0, '0000-00-00 00:00:00', '', '', 0, 0, 0.0000, 0.0000, 0.0000),
(91, 50035, 583, 'RW-F16', 'RW-F16 (EU) [16 kWh] Battery Storage System | ESS', 1773.1000, 0.00, 5319.3000, 19.0000, 3, 1, '0000-00-00 00:00:00', '', '', 0, 0, 0.0000, 0.0000, 0.0000),
(92, 50036, 598, 'SUN-SMART-TX01', 'SUN-SMART-TX01 (Smart Transmitter) | Wireless Energy Management System', 25.0000, NULL, 25.0000, 24.0000, 1, 0, '0000-00-00 00:00:00', '', '', 0, 0, 0.0000, 0.0000, 0.0000),
(93, 50036, 599, 'SUN-SMART-CT01', 'SUN-SMART-CT01 (Wireless CT Monitor) | Wireless Energy Management System', 59.0000, NULL, 59.0000, 24.0000, 1, 0, '0000-00-00 00:00:00', '', '', 0, 0, 0.0000, 0.0000, 0.0000),
(94, 50037, 538, 'SUN-15K-SG05LP3-EU-SM2', 'SUN-15K-SG05LP3-EU-SM2 | Three-Phase Hybrid Inverter | 2 MPPT | LV Battery Supported', 1590.0000, NULL, 1590.0000, 19.0000, 1, 0, '0000-00-00 00:00:00', '', '', 0, 0, 0.0000, 0.0000, 0.0000),
(95, 50038, 542, 'SUN-12K-SG01HP3-EU', 'SUN-12K-SG01HP3-EU | Three-Phase Hybrid Inverter | 2 MPPT | HV Battery Supported', 1099.0000, NULL, 1099.0000, 22.0000, 1, 0, '0000-00-00 00:00:00', '', '', 0, 0, 0.0000, 0.0000, 0.0000),
(96, 50038, 593, 'GB-LBS-PRO+GB-LBase', 'GB-L PRO | GB-LBS-PRO+GB-LBase | ESS', 499.0000, NULL, 499.0000, 22.0000, 1, 0, '0000-00-00 00:00:00', '', '', 0, 0, 0.0000, 0.0000, 0.0000),
(97, 50038, 592, 'GB-LM4.0-PRO', 'GB-L PRO | GB-LM4.0-PRO [4 kWh] Battery Storage System | ESS', 649.0000, NULL, 3245.0000, 22.0000, 5, 0, '0000-00-00 00:00:00', '', '', 0, 0, 0.0000, 0.0000, 0.0000),
(98, 50039, 548, 'SUN-50K-SG01HP3-EU-BM3', 'SUN-50K-SG01HP3-EU-BM3 | Three-Phase Hybrid Inverter | 4 MPPT | HV Battery Supported', 3699.0000, NULL, 3699.0000, 22.0000, 1, 0, '0000-00-00 00:00:00', '', '', 0, 0, 0.0000, 0.0000, 0.0000),
(99, 50039, 574, 'BOS-A-PDU-2', 'BOS-A-PDU-2 High-Performance Power Distribution Unit (PDU) | ESS', 849.0000, NULL, 849.0000, 22.0000, 1, 0, '0000-00-00 00:00:00', '', '', 0, 0, 0.0000, 0.0000, 0.0000),
(100, 50039, 597, 'BOS-A-Rack14', 'BOS-A | BOS-A-Rack14 | Rack', 299.0000, NULL, 299.0000, 22.0000, 1, 0, '0000-00-00 00:00:00', '', '', 0, 0, 0.0000, 0.0000, 0.0000),
(101, 50039, 571, 'BOS-A-Pack', 'BOS-A-Pack (EU) [7.68kWh] High-Performance Commercial Battery Storage Module | ESS', 999.0000, NULL, 12987.0000, 22.0000, 13, 0, '0000-00-00 00:00:00', '', '', 0, 0, 0.0000, 0.0000, 0.0000),
(102, 50040, 526, 'SUN-6K-SG03LP1-EU', 'SUN-6K-SG03LP1-EU | Single Phase Hybrid Inverter | 2 MPPT | LV Battery Supported', 669.0000, NULL, 669.0000, 20.0000, 1, 0, '0000-00-00 00:00:00', '', '', 0, 0, 0.0000, 0.0000, 0.0000),
(103, 50041, 566, 'SUN-M200G4-EU-Q0', 'SUN-M200G4-EU-Q0 | Micro Inverter | 4 MPPT', 159.0000, NULL, 159.0000, 25.0000, 1, 0, '0000-00-00 00:00:00', '', '', 0, 0, 0.0000, 0.0000, 0.0000),
(104, 50041, 599, 'SUN-SMART-CT01', 'SUN-SMART-CT01 (Wireless CT Monitor) | Wireless Energy Management System', 59.0000, NULL, 59.0000, 25.0000, 1, 0, '0000-00-00 00:00:00', '', '', 0, 0, 0.0000, 0.0000, 0.0000),
(105, 50042, 537, 'SUN-12K-SG05LP3-EU-SM2', 'SUN-12K-SG05LP3-EU-SM2 | Three-Phase Hybrid Inverter | 2 MPPT | LV Battery Supported', 1654.1000, NULL, 1654.1000, 19.0000, 1, 1, '0000-00-00 00:00:00', '', '', 0, 0, 0.0000, 0.0000, 0.0000),
(152, 50043, 593, 'GB-LBS-PRO+GB-LBase', 'GB-L PRO | GB-LBS-PRO+GB-LBase | ESS', 499.0000, 0.00, 2495.0000, 22.0000, 5, 0, '2025-09-03 10:03:29', '', '', 5, 0, 0.0000, 0.0000, 0.0000),
(107, 50043, 592, 'GB-LM4.0-PRO', 'GB-L PRO | GB-LM4.0-PRO [4 kWh] Battery Storage System | ESS', 630.0000, 0.00, 12600.0000, 22.0000, 20, 0, '2025-08-28 15:11:35', '', '', 20, 0, 0.0000, 0.0000, 0.0000),
(108, 50043, 543, 'SUN-15K-SG01HP3-EU', 'SUN-15K-SG01HP3-EU | Three-Phase Hybrid Inverter | 2 MPPT | HV Battery Supported', 1199.0000, 0.00, 8393.0000, 22.0000, 7, 0, '2025-08-28 15:11:58', '', '', 7, 0, 0.0000, 0.0000, 0.0000),
(153, 50058, 579, 'BOS-G-PDU-2', 'BOS-G-PDU-2 High-Performance Power Distribution Unit (PDU) | ESS', 599.0000, NULL, 599.0000, 21.0000, 1, 0, '0000-00-00 00:00:00', '', '', 0, 0, 0.0000, 0.0000, 0.0000),
(113, 50044, 539, 'SUN-20K-SG05LP3-EU-SM2', 'SUN-20K-SG05LP3-EU-SM2 | Three-Phase Hybrid Inverter | 2 MPPT | LV Battery Supported', 2050.0000, 0.00, 2050.0000, 23.0000, 1, 0, '2025-08-29 10:28:34', '', '', 0, 0, 0.0000, 0.0000, 0.0000),
(114, 50045, 539, 'SUN-20K-SG05LP3-EU-SM2', 'SUN-20K-SG05LP3-EU-SM2 | Three-Phase Hybrid Inverter | 2 MPPT | LV Battery Supported', 2050.0000, 0.00, 2050.0000, 23.0000, 1, 0, '2025-08-29 10:29:05', '', '', 0, 0, 0.0000, 0.0000, 0.0000),
(115, 50046, 537, 'SUN-12K-SG05LP3-EU-SM2', 'SUN-12K-SG05LP3-EU-SM2 | Three-Phase Hybrid Inverter | 2 MPPT | LV Battery Supported', 1430.0000, NULL, 1430.0000, 24.0000, 1, 0, '0000-00-00 00:00:00', '', '', 0, 0, 0.0000, 0.0000, 0.0000),
(116, 50047, 573, 'BOS-G-Pack5.1', 'BOS-G-Pack Pro (EU) [5.10kWh] High-Performance Commercial Battery Storage Module | ESS', 660.0000, 0.00, 11880.0000, 20.0000, 18, 0, '2025-08-29 14:55:21', '', '', 0, 0, 0.0000, 0.0000, 0.0000),
(117, 50047, 595, '3U-LRack', 'BOS-G | 3U-LRack | Rack', 250.0000, 0.00, 750.0000, 20.0000, 3, 0, '2025-08-29 14:55:57', '', '', 0, 0, 0.0000, 0.0000, 0.0000),
(118, 50047, 579, 'BOS-G-PDU-2', 'BOS-G-PDU-2 High-Performance Power Distribution Unit (PDU) | ESS', 599.0000, 0.00, 1797.0000, 20.0000, 3, 0, '2025-08-29 14:56:19', '', '', 0, 0, 0.0000, 0.0000, 0.0000),
(119, 50047, 547, 'SUN-30K-SG02HP3-EU-AM3', 'SUN-30K-SG02HP3-EU-AM3 | Three-Phase Hybrid Inverter | 3 MPPT | HV Battery Supported', 2820.0000, 0.00, 5640.0000, 20.0000, 2, 0, '2025-08-29 14:59:07', '', '', 0, 0, 0.0000, 0.0000, 0.0000),
(120, 50048, 537, 'SUN-12K-SG05LP3-EU-SM2', 'SUN-12K-SG05LP3-EU-SM2 | Three-Phase Hybrid Inverter | 2 MPPT | LV Battery Supported', 1390.0000, NULL, 1390.0000, 19.0000, 1, 0, '0000-00-00 00:00:00', '', '', 0, 0, 0.0000, 0.0000, 0.0000),
(121, 50048, 583, 'RW-F16', 'RW-F16 (EU) [16 kWh] Battery Storage System | ESS', 1450.0000, NULL, 1450.0000, 19.0000, 1, 0, '0000-00-00 00:00:00', '', '', 0, 0, 0.0000, 0.0000, 0.0000),
(122, 50049, 542, 'SUN-12K-SG01HP3-EU', 'SUN-12K-SG01HP3-EU | Three-Phase Hybrid Inverter | 2 MPPT | HV Battery Supported', 1099.0000, NULL, 1099.0000, 21.0000, 1, 0, '0000-00-00 00:00:00', '', '', 0, 0, 0.0000, 0.0000, 0.0000),
(123, 50049, 573, 'BOS-G-Pack5.1', 'BOS-G-Pack Pro (EU) [5.10kWh] High-Performance Commercial Battery Storage Module | ESS', 639.0000, NULL, 639.0000, 21.0000, 1, 0, '0000-00-00 00:00:00', '', '', 0, 0, 0.0000, 0.0000, 0.0000),
(124, 50050, 599, 'SUN-SMART-CT01', 'SUN-SMART-CT01 (Wireless CT Monitor) | Wireless Energy Management System', 59.0000, NULL, 59.0000, 23.0000, 1, 0, '0000-00-00 00:00:00', '', '', 0, 0, 0.0000, 0.0000, 0.0000),
(125, 50050, 598, 'SUN-SMART-TX01', 'SUN-SMART-TX01 (Smart Transmitter) | Wireless Energy Management System', 25.0000, NULL, 25.0000, 23.0000, 1, 0, '0000-00-00 00:00:00', '', '', 0, 0, 0.0000, 0.0000, 0.0000),
(126, 50052, 593, 'GB-LBS-PRO+GB-LBase', 'GB-L PRO | GB-LBS-PRO+GB-LBase | ESS', 499.0000, 0.00, 998.0000, 22.0000, 2, 0, '2025-08-28 15:11:35', '', '', 0, 0, 0.0000, 0.0000, 0.0000),
(127, 50052, 592, 'GB-LM4.0-PRO', 'GB-L PRO | GB-LM4.0-PRO [4 kWh] Battery Storage System | ESS', 630.0000, 0.00, 6300.0000, 22.0000, 10, 0, '2025-08-28 15:11:35', '', '', 0, 0, 0.0000, 0.0000, 0.0000),
(129, 50052, 589, 'SUN XL02B', 'SUN XL02B', 29.9000, 0.00, 2930.2000, 22.0000, 98, 0, '2025-08-28 15:13:14', '', '', 0, 0, 0.0000, 0.0000, 0.0000),
(130, 50052, 589, 'SUN XL20-B', 'SUN XL20-B', 99.0000, 0.00, 396.0000, 22.0000, 4, 0, '2025-08-28 15:14:09', '', '', 0, 0, 0.0000, 0.0000, 0.0000),
(132, 50052, 541, 'SUN-10K-SG01HP3-EU', 'SUN-10K-SG01HP3-EU | Three-Phase Hybrid Inverter | 2 MPPT | HV Battery Supported', 960.0000, 0.00, 1920.0000, 22.0000, 2, 0, '2025-09-01 15:36:52', '', '', 0, 0, 0.0000, 0.0000, 0.0000),
(133, 50052, 542, 'SUN-12K-SG01HP3-EU', 'SUN-12K-SG01HP3-EU | Three-Phase Hybrid Inverter | 2 MPPT | HV Battery Supported', 1060.0000, 0.00, 1060.0000, 22.0000, 1, 0, '2025-09-01 15:37:02', '', '', 0, 0, 0.0000, 0.0000, 0.0000),
(134, 50052, 570, 'AI-W5.1-B', 'AI-W5.1-B (EU) Solar Battery System | ESS', 739.0000, 0.00, 2956.0000, 22.0000, 4, 0, '2025-09-01 15:38:34', '', '', 0, 0, 0.0000, 0.0000, 0.0000),
(135, 50052, 569, 'AI-W5.1-PDU1-B+Base', 'AI-W5.1-PDU1-B+Base | ESS', 365.0000, 0.00, 365.0000, 22.0000, 1, 0, '2025-09-01 15:38:52', '', '', 0, 0, 0.0000, 0.0000, 0.0000),
(136, 50052, 573, 'BOS-G-Pack5.1', 'BOS-G-Pack Pro (EU) [5.10kWh] High-Performance Commercial Battery Storage Module | ESS', 599.0000, 0.00, 6589.0000, 22.0000, 11, 0, '2025-09-01 15:39:36', '', '', 0, 0, 0.0000, 0.0000, 0.0000),
(137, 50052, 579, 'BOS-G-PDU-2', 'BOS-G-PDU-2 High-Performance Power Distribution Unit (PDU) | ESS', 590.0000, 0.00, 590.0000, 22.0000, 1, 0, '2025-09-01 15:39:36', '', '', 0, 0, 0.0000, 0.0000, 0.0000),
(138, 50053, 545, 'SUN-25K-SG01HP3-EU', 'SUN-25K-SG01HP3-EU | Three-Phase Hybrid Inverter | 2 MPPT | HV Battery Supported', 1699.0000, NULL, 1699.0000, 21.0000, 1, 0, '0000-00-00 00:00:00', '', '', 0, 0, 0.0000, 0.0000, 0.0000),
(139, 50053, 535, 'SUN-8K-SG05LP3-EU-SM2', 'SUN-8K-SG05LP3-EU-SM2 | Three-Phase Hybrid Inverter | 2 MPPT | LV Battery Supported', 1375.0000, NULL, 1375.0000, 21.0000, 1, 0, '0000-00-00 00:00:00', '', '', 0, 0, 0.0000, 0.0000, 0.0000),
(140, 50053, 583, 'RW-F16', 'RW-F16 (EU) [16 kWh] Battery Storage System | ESS', 1490.0000, NULL, 1490.0000, 21.0000, 1, 0, '0000-00-00 00:00:00', '', '', 0, 0, 0.0000, 0.0000, 0.0000),
(141, 50053, 580, 'GE-F60', 'GE-F60 (EU) [55.29 kWh] Small-Scale Commercial & Industrial (C&I) Battery Storage Module | ESS', 11999.0000, NULL, 11999.0000, 21.0000, 1, 0, '0000-00-00 00:00:00', '', '', 0, 0, 0.0000, 0.0000, 0.0000),
(142, 50054, 573, 'BOS-G-Pack5.1', 'BOS-G-Pack Pro (EU) [5.10kWh] High-Performance Commercial Battery Storage Module | ESS', 639.0000, NULL, 639.0000, 21.0000, 1, 0, '0000-00-00 00:00:00', '', '', 0, 0, 0.0000, 0.0000, 0.0000),
(217, 50086, 593, 'GB-LBS-PRO+GB-LBase', 'GB-L PRO | GB-LBS-PRO+GB-LBase | ESS', 499.0000, 0.00, 1497.0000, 22.0000, 3, 0, '2025-09-03 10:03:29', '', '', 0, 0, 0.0000, 0.0000, 0.0000),
(144, 50055, 573, 'BOS-G-Pack5.1', 'BOS-G-Pack Pro (EU) [5.10kWh] High-Performance Commercial Battery Storage Module | ESS', 639.0000, NULL, 2556.0000, 0.0000, 4, 0, '0000-00-00 00:00:00', '', '', 0, 0, 0.0000, 0.0000, 0.0000),
(145, 50055, 579, 'BOS-G-PDU-2', 'BOS-G-PDU-2 High-Performance Power Distribution Unit (PDU) | ESS', 599.0000, NULL, 599.0000, 0.0000, 1, 0, '0000-00-00 00:00:00', '', '', 0, 0, 0.0000, 0.0000, 0.0000),
(146, 50055, 547, 'SUN-30K-SG02HP3-EU-AM3', 'SUN-30K-SG02HP3-EU-AM3 | Three-Phase Hybrid Inverter | 3 MPPT | HV Battery Supported', 2799.0000, NULL, 2799.0000, 0.0000, 1, 0, '0000-00-00 00:00:00', '', '', 0, 0, 0.0000, 0.0000, 0.0000),
(147, 50055, 595, '3U-LRack', 'BOS-G | 3U-LRack | Rack', 239.0000, NULL, 239.0000, 0.0000, 1, 0, '0000-00-00 00:00:00', '', '', 0, 0, 0.0000, 0.0000, 0.0000),
(148, 50056, 583, 'RW-F16', 'RW-F16 (EU) [16 kWh] Battery Storage System | ESS', 1490.0000, NULL, 1490.0000, 20.0000, 1, 0, '0000-00-00 00:00:00', '', '', 0, 0, 0.0000, 0.0000, 0.0000),
(149, 50057, 599, 'SUN-SMART-CT01', 'SUN-SMART-CT01 (Wireless CT Monitor) | Wireless Energy Management System', 59.0000, NULL, 236.0000, 21.0000, 4, 0, '0000-00-00 00:00:00', '', '', 0, 0, 0.0000, 0.0000, 0.0000),
(150, 50057, 598, 'SUN-SMART-TX01', 'SUN-SMART-TX01 (Smart Transmitter) | Wireless Energy Management System', 25.0000, NULL, 100.0000, 21.0000, 4, 0, '0000-00-00 00:00:00', '', '', 0, 0, 0.0000, 0.0000, 0.0000),
(151, 50057, 602, 'SUN-EVSE22K01', 'SUN-EVSE22K01-EU-AC (Smart EV Charger) | Wireless Energy Management System', 289.0000, NULL, 289.0000, 21.0000, 1, 0, '0000-00-00 00:00:00', '', '', 0, 0, 0.0000, 0.0000, 0.0000),
(154, 50058, 548, 'SUN-50K-SG01HP3-EU-BM3', 'SUN-50K-SG01HP3-EU-BM3 | Three-Phase Hybrid Inverter | 4 MPPT | HV Battery Supported', 3599.0000, NULL, 3599.0000, 21.0000, 1, 0, '0000-00-00 00:00:00', '', '', 0, 0, 0.0000, 0.0000, 0.0000),
(155, 50058, 573, 'BOS-G-Pack5.1', 'BOS-G-Pack Pro (EU) [5.10kWh] High-Performance Commercial Battery Storage Module | ESS', 639.0000, NULL, 2556.0000, 21.0000, 4, 0, '0000-00-00 00:00:00', '', '', 0, 0, 0.0000, 0.0000, 0.0000),
(156, 50059, 598, 'SUN-SMART-TX01', 'SUN-SMART-TX01 (Smart Transmitter) | Wireless Energy Management System', 25.0000, NULL, 500.0000, 20.0000, 20, 0, '0000-00-00 00:00:00', '', '', 20, 0, 0.0000, 0.0000, 0.0000),
(157, 50060, 594, '3U-HRack', 'BOS-G | 3U-HRack | Rack', 249.0000, NULL, 249.0000, 23.0000, 1, 0, '0000-00-00 00:00:00', '', '', 0, 0, 0.0000, 0.0000, 0.0000),
(158, 50060, 548, 'SUN-50K-SG01HP3-EU-BM3', 'SUN-50K-SG01HP3-EU-BM3 | Three-Phase Hybrid Inverter | 4 MPPT | HV Battery Supported', 3500.0000, NULL, 3500.0000, 23.0000, 1, 0, '0000-00-00 00:00:00', '', '', 0, 0, 0.0000, 0.0000, 0.0000),
(159, 50060, 579, 'BOS-G-PDU-2', 'BOS-G-PDU-2 High-Performance Power Distribution Unit (PDU) | ESS', 590.0000, NULL, 590.0000, 23.0000, 1, 0, '0000-00-00 00:00:00', '', '', 0, 0, 0.0000, 0.0000, 0.0000),
(160, 50060, 573, 'BOS-G-Pack5.1', 'BOS-G-Pack Pro (EU) [5.10kWh] High-Performance Commercial Battery Storage Module | ESS', 599.0000, NULL, 5990.0000, 23.0000, 10, 0, '0000-00-00 00:00:00', '', '', 0, 0, 0.0000, 0.0000, 0.0000),
(161, 50061, 531, 'SUN-6K-OG01LP1-EU-AM2', 'SUN-6K-OG01LP1-EU-AM2 | Single Phase Off-Grid Inverter | 2 MPPT | LV Battery Supported', 500.0000, NULL, 5500.0000, 19.0000, 11, 0, '0000-00-00 00:00:00', '', '', 0, 0, 0.0000, 0.0000, 0.0000),
(162, 50062, 531, 'SUN-6K-OG01LP1-EU-AM2', 'SUN-6K-OG01LP1-EU-AM2 | Single Phase Off-Grid Inverter | 2 MPPT | LV Battery Supported', 500.0000, NULL, 1000.0000, 19.0000, 2, 0, '0000-00-00 00:00:00', '', '', 0, 0, 0.0000, 0.0000, 0.0000),
(163, 50063, 539, 'SUN-20K-SG05LP3-EU-SM2', 'SUN-20K-SG05LP3-EU-SM2 | Three-Phase Hybrid Inverter | 2 MPPT | LV Battery Supported', 2050.0000, 0.00, 2050.0000, 23.0000, 1, 0, '2025-08-29 10:28:34', '', '', 0, 0, 0.0000, 0.0000, 0.0000),
(164, 50064, 591, 'SE-G5.1-Pro-B', 'SE-G5.1-Pro-B (EU) [5,12 kWh] Battery Storage System | ESS', 610.0000, 0.00, 43920.0000, 0.0000, 72, 0, '2025-09-09 10:03:21', '', '', 0, 0, 0.0000, 0.0000, 0.0000),
(165, 50064, 526, 'SUN-6K-SG03LP1-EU', 'SUN-6K-SG03LP1-EU | Single Phase Hybrid Inverter | 2 MPPT | LV Battery Supported', 650.0000, 0.00, 20800.0000, 0.0000, 32, 0, '2025-09-09 10:06:57', '', '', 0, 0, 0.0000, 0.0000, 0.0000),
(166, 50064, 537, 'SUN-12K-SG05LP3-EU-SM2', 'SUN-12K-SG05LP3-EU-SM2 | Three-Phase Hybrid Inverter | 2 MPPT | LV Battery Supported', 1430.0000, 0.00, 28600.0000, 0.0000, 20, 0, '2025-09-09 10:07:16', '', '', 0, 0, 0.0000, 0.0000, 0.0000),
(167, 50064, 538, 'SUN-15K-SG05LP3-EU-SM2', 'SUN-15K-SG05LP3-EU-SM2 | Three-Phase Hybrid Inverter | 2 MPPT | LV Battery Supported', 1650.0000, 0.00, 6600.0000, 0.0000, 4, 0, '2025-09-09 10:07:30', '', '', 0, 0, 0.0000, 0.0000, 0.0000),
(168, 50064, 539, 'SUN-20K-SG05LP3-EU-SM2', 'SUN-20K-SG05LP3-EU-SM2 | Three-Phase Hybrid Inverter | 2 MPPT | LV Battery Supported', 2150.0000, 0.00, 8600.0000, 0.0000, 4, 0, '2025-09-09 10:07:47', '', '', 0, 0, 0.0000, 0.0000, 0.0000),
(169, 50065, 538, 'SUN-15K-SG05LP3-EU-SM2', 'Hybrid Inverter Deye SUN-15K-SG05LP3-EU-SM2 | Three-Phase Hybrid Inverter | 2 MPPT | LV Battery Supported', 1800.0000, 0.00, 21600.0000, 0.0000, 12, 0, '2025-09-09 10:21:45', '', '', 0, 0, 0.0000, 0.0000, 0.0000),
(170, 50065, 304, 'SUN-12K-SG05LP3-EU-SM2', 'Hybrid Inverter Deye SUN-12K-SG05LP3-EU-SM2 | 12KW | Three Phase | 2 MPPT | LV Battery Supported', 1550.0000, 0.00, 12400.0000, 0.0000, 8, 0, '2025-09-09 10:22:26', '', '', 0, 0, 0.0000, 0.0000, 0.0000),
(171, 50065, 297, 'SUN-20K-SG05LP3 -EU-SM2', 'Hybrid Inverter Deye SUN-20K-SG05LP3-EU-SM2 | 20KW | Three Phase | 2 MPPT | LV Battery Supported', 2300.0000, 0.00, 13800.0000, 0.0000, 6, 0, '2025-09-09 10:22:53', '', '', 0, 0, 0.0000, 0.0000, 0.0000),
(190, 50073, 562, 'SUN-50K-G04', 'SUN-50K-G04 | Three Phase String Inverter | 4 MPPT', 1490.0000, NULL, 1490.0000, 25.0000, 1, 0, '0000-00-00 00:00:00', '', '', 0, 0, 0.0000, 0.0000, 0.0000),
(191, 50074, 598, 'SUN-SMART-TX01', 'SUN-SMART-TX01 (Smart Transmitter) | Wireless Energy Management System', 25.0000, NULL, 50.0000, 21.0000, 2, 0, '0000-00-00 00:00:00', '', '', 0, 0, 0.0000, 0.0000, 0.0000),
(173, 50066, 573, 'BOS-G-Pack5.1', 'BOS-G-Pack Pro (EU) [5.10kWh] High-Performance Commercial Battery Storage Module | ESS', 639.0000, NULL, 5112.0000, 21.0000, 8, 0, '0000-00-00 00:00:00', '', '', 8, 0, 0.0000, 0.0000, 0.0000),
(174, 50066, 594, '3U-HRack', 'BOS-G | 3U-HRack | Rack', 249.0000, NULL, 249.0000, 21.0000, 1, 0, '0000-00-00 00:00:00', '', '', 1, 0, 0.0000, 0.0000, 0.0000),
(175, 50066, 579, 'BOS-G-PDU-2', 'BOS-G-PDU-2 High-Performance Power Distribution Unit (PDU) | ESS', 599.0000, NULL, 599.0000, 21.0000, 1, 0, '0000-00-00 00:00:00', '', '', 1, 0, 0.0000, 0.0000, 0.0000),
(176, 50067, 536, 'SUN-10K-SG05LP3-EU-SM2', 'SUN-10K-SG05LP3-EU-SM2 | Three-Phase Hybrid Inverter | 2 MPPT | LV Battery Supported', 1360.0000, NULL, 2720.0000, 21.0000, 2, 0, '0000-00-00 00:00:00', '', '', 0, 0, 0.0000, 0.0000, 0.0000),
(177, 50067, 595, '3U-LRack', 'BOS-G | 3U-LRack | Rack', 239.0000, NULL, 478.0000, 21.0000, 2, 0, '0000-00-00 00:00:00', '', '', 0, 0, 0.0000, 0.0000, 0.0000),
(178, 50067, 599, 'SUN-SMART-CT01', 'SUN-SMART-CT01 (Wireless CT Monitor) | Wireless Energy Management System', 55.0000, NULL, 110.0000, 21.0000, 2, 0, '0000-00-00 00:00:00', '', '', 0, 0, 0.0000, 0.0000, 0.0000),
(179, 50067, 602, 'SUN-EVSE22K01', 'SUN-EVSE22K01-EU-AC (Smart EV Charger) | Wireless Energy Management System', 279.0000, NULL, 279.0000, 21.0000, 1, 0, '0000-00-00 00:00:00', '', '', 0, 0, 0.0000, 0.0000, 0.0000),
(180, 50067, 591, 'SE-G5.1-Pro-B', 'SE-G5.1-Pro-B (EU) [5,12 kWh] Battery Storage System | ESS', 600.0000, NULL, 4800.0000, 21.0000, 8, 0, '0000-00-00 00:00:00', '', '', 0, 0, 0.0000, 0.0000, 0.0000),
(181, 50068, 602, 'SUN-EVSE22K01', 'SUN-EVSE22K01-EU-AC (Smart EV Charger) | Wireless Energy Management System', 289.0000, NULL, 289.0000, 0.0000, 1, 0, '0000-00-00 00:00:00', '', '', 0, 0, 0.0000, 0.0000, 0.0000),
(182, 50069, 531, 'SUN-6K-OG01LP1-EU-AM2', 'SUN-6K-OG01LP1-EU-AM2 | Single Phase Off-Grid Inverter | 2 MPPT | LV Battery Supported', 399.0000, NULL, 399.0000, 22.0000, 1, 0, '0000-00-00 00:00:00', '', '', 0, 0, 0.0000, 0.0000, 0.0000),
(183, 50070, 591, 'SE-G5.1-Pro-B', 'SE-G5.1-Pro-B (EU) [5,12 kWh] Battery Storage System | ESS', 640.0000, 0.00, 10240.0000, 20.0000, 16, 0, '2025-09-10 08:28:54', '', '', 0, 0, 0.0000, 0.0000, 0.0000),
(184, 50070, 528, 'SUN-10K-SG02LP1-EU-AM3', 'SUN-10K-SG02LP1-EU-AM3 | Single Phase Hybrid Inverter | 2 MPPT | LV Battery Supported', 1320.0000, 0.00, 15840.0000, 20.0000, 12, 0, '2025-09-10 08:29:15', '', '', 0, 0, 0.0000, 0.0000, 0.0000),
(185, 50071, 598, 'SUN-SMART-TX01', 'SUN-SMART-TX01 (Smart Transmitter) | Wireless Energy Management System', 25.0000, NULL, 25.0000, 21.0000, 1, 0, '0000-00-00 00:00:00', '', '', 0, 0, 0.0000, 0.0000, 0.0000),
(186, 50071, 599, 'SUN-SMART-CT01', 'SUN-SMART-CT01 (Wireless CT Monitor) | Wireless Energy Management System', 59.0000, NULL, 59.0000, 21.0000, 1, 0, '0000-00-00 00:00:00', '', '', 0, 0, 0.0000, 0.0000, 0.0000),
(187, 50072, 598, 'SUN-SMART-TX01', 'SUN-SMART-TX01 (Smart Transmitter) | Wireless Energy Management System', 25.0000, NULL, 25.0000, 23.0000, 1, 0, '0000-00-00 00:00:00', '', '', 0, 0, 0.0000, 0.0000, 0.0000),
(188, 50072, 599, 'SUN-SMART-CT01', 'SUN-SMART-CT01 (Wireless CT Monitor) | Wireless Energy Management System', 59.0000, NULL, 59.0000, 23.0000, 1, 0, '0000-00-00 00:00:00', '', '', 0, 0, 0.0000, 0.0000, 0.0000),
(189, 50065, 529, 'SUN-12K-SG02LP1-EU-AM3', 'SUN-12K-SG02LP1-EU-AM3 | Single Phase Hybrid Inverter | 2 MPPT | LV Battery Supported', 1630.0000, 0.00, 4890.0000, 0.0000, 3, 0, '2025-09-11 11:30:46', '', '', 0, 0, 0.0000, 0.0000, 0.0000),
(192, 50074, 601, 'SUN-SMART-PLUG01P1-F', 'SUN-SMART-PLUG01P1-F (Smart Plug) | Wireless Energy Management System', 49.0000, NULL, 98.0000, 21.0000, 2, 0, '0000-00-00 00:00:00', '', '', 0, 0, 0.0000, 0.0000, 0.0000),
(193, 50074, 599, 'SUN-SMART-CT01', 'SUN-SMART-CT01 (Wireless CT Monitor) | Wireless Energy Management System', 59.0000, NULL, 118.0000, 21.0000, 2, 0, '0000-00-00 00:00:00', '', '', 0, 0, 0.0000, 0.0000, 0.0000),
(300, 50105, 539, 'SUN-20K-SG05LP3-EU-SM2', 'SUN-20K-SG05LP3-EU-SM2 | Three-Phase Hybrid Inverter | 2 MPPT | LV Battery Supported', 2050.0000, NULL, 2050.0000, 24.0000, 1, 0, '0000-00-00 00:00:00', '', '', 1, 0, 0.0000, 0.0000, 0.0000),
(196, 50075, 526, 'SUN-6K-SG03LP1-EU', 'SUN-6K-SG03LP1-EU | Single Phase Hybrid Inverter | 2 MPPT | LV Battery Supported', 669.0000, NULL, 1338.0000, 21.0000, 2, 0, '0000-00-00 00:00:00', '', '', 0, 0, 0.0000, 0.0000, 0.0000),
(197, 50075, 591, 'SE-G5.1-Pro-B', 'SE-G5.1-Pro-B (EU) [5,12 kWh] Battery Storage System | ESS', 630.0000, NULL, 1890.0000, 21.0000, 3, 0, '0000-00-00 00:00:00', '', '', 0, 0, 0.0000, 0.0000, 0.0000),
(198, 50076, 531, 'SUN-6K-OG01LP1-EU-AM2', 'SUN-6K-OG01LP1-EU-AM2 | Single Phase Off-Grid Inverter | 2 MPPT | LV Battery Supported', 425.0000, NULL, 425.0000, 27.0000, 1, 0, '0000-00-00 00:00:00', '', '', 0, 0, 0.0000, 0.0000, 0.0000),
(199, 50077, 598, 'SUN-SMART-TX01', 'SUN-SMART-TX01 (Smart Transmitter) | Wireless Energy Management System', 25.0000, NULL, 25.0000, 21.0000, 1, 0, '0000-00-00 00:00:00', '', '', 0, 0, 0.0000, 0.0000, 0.0000),
(200, 50077, 599, 'SUN-SMART-CT01', 'SUN-SMART-CT01 (Wireless CT Monitor) | Wireless Energy Management System', 59.0000, NULL, 177.0000, 21.0000, 3, 0, '0000-00-00 00:00:00', '', '', 0, 0, 0.0000, 0.0000, 0.0000),
(201, 50043, 139, 'SUN XL02B', 'SUN XL02B', 29.9000, 0.00, 4485.0000, 22.0000, 150, 0, '2025-09-12 13:28:43', '', '', 150, 0, 0.0000, 0.0000, 0.0000),
(202, 50043, 587, 'SUN XL20B', 'SUN XL20B', 99.0000, 0.00, 990.0000, 22.0000, 10, 0, '2025-09-12 13:30:21', '', '', 10, 0, 0.0000, 0.0000, 0.0000),
(203, 50078, 524, 'SUN-3.6K-SG05LP1-EU', 'SUN-3.6K-SG05LP1-EU | Single Phase Hybrid Inverter | 2 MPPT | LV Battery Supported', 649.0000, NULL, 649.0000, 24.0000, 1, 0, '0000-00-00 00:00:00', '', '', 0, 0, 0.0000, 0.0000, 0.0000),
(204, 50078, 591, 'SE-G5.1-Pro-B', 'SE-G5.1-Pro-B (EU) [5,12 kWh] Battery Storage System | ESS', 630.0000, NULL, 1890.0000, 24.0000, 3, 0, '0000-00-00 00:00:00', '', '', 0, 0, 0.0000, 0.0000, 0.0000),
(205, 50079, 583, 'RW-F16', 'RW-F16 (EU) [16 kWh] Battery Storage System | ESS', 1490.0000, NULL, 1490.0000, 21.0000, 1, 0, '0000-00-00 00:00:00', '', '', 0, 0, 0.0000, 0.0000, 0.0000),
(206, 50080, 531, 'SUN-6K-OG01LP1-EU-AM2', 'SUN-6K-OG01LP1-EU-AM2 | Single Phase Off-Grid Inverter | 2 MPPT | LV Battery Supported', 425.0000, NULL, 425.0000, 20.0000, 1, 0, '0000-00-00 00:00:00', '', '', 0, 0, 0.0000, 0.0000, 0.0000),
(207, 50081, 583, 'RW-F16', 'RW-F16 (EU) [16 kWh] Battery Storage System | ESS', 1490.0000, NULL, 7450.0000, 20.0000, 5, 0, '0000-00-00 00:00:00', '', '', 0, 0, 0.0000, 0.0000, 0.0000),
(208, 50075, 3, '', 'Manual VOUCHER / VOUCHER from order no.:', -100.0000, 0.00, -100.0000, 21.0000, 1, 0, '2025-09-15 14:12:47', '', '', 0, 0, 0.0000, 0.0000, 0.0000),
(209, 50082, 591, 'SE-G5.1-Pro-B', 'SE-G5.1-Pro-B (EU) [5,12 kWh] Battery Storage System | ESS', 630.0000, NULL, 1890.0000, 24.0000, 3, 0, '0000-00-00 00:00:00', '', '', 0, 0, 0.0000, 0.0000, 0.0000),
(210, 50082, 531, 'SUN-6K-OG01LP1-EU-AM2', 'SUN-6K-OG01LP1-EU-AM2 | Single Phase Off-Grid Inverter | 2 MPPT | LV Battery Supported', 425.0000, NULL, 425.0000, 24.0000, 1, 0, '0000-00-00 00:00:00', '', '', 0, 0, 0.0000, 0.0000, 0.0000),
(211, 50083, 530, 'SUN-16K-SG01LP1-EU', 'SUN-16K-SG01LP1-EU | Single Phase Hybrid Inverter | 3 MPPT | LV Battery Supported', 1899.0000, NULL, 1899.0000, 22.0000, 1, 0, '0000-00-00 00:00:00', '', '', 0, 0, 0.0000, 0.0000, 0.0000),
(212, 50084, 537, 'SUN-12K-SG05LP3-EU-SM2', 'SUN-12K-SG05LP3-EU-SM2 | Three-Phase Hybrid Inverter | 2 MPPT | LV Battery Supported', 1390.0000, NULL, 1390.0000, 23.0000, 1, 0, '0000-00-00 00:00:00', '', '', 0, 0, 0.0000, 0.0000, 0.0000),
(213, 50084, 539, 'SUN-20K-SG05LP3-EU-SM2', 'SUN-20K-SG05LP3-EU-SM2 | Three-Phase Hybrid Inverter | 2 MPPT | LV Battery Supported', 1950.0000, NULL, 1950.0000, 23.0000, 1, 0, '0000-00-00 00:00:00', '', '', 0, 0, 0.0000, 0.0000, 0.0000),
(214, 50085, 594, '3U-HRack', 'BOS-G | 3U-HRack | Rack', 249.0000, NULL, 249.0000, 22.0000, 1, 0, '0000-00-00 00:00:00', '', '', 0, 0, 0.0000, 0.0000, 0.0000),
(218, 50086, 592, 'GB-LM4.0-PRO', 'GB-L PRO | GB-LM4.0-PRO [4 kWh] Battery Storage System | ESS', 630.0000, 0.00, 12600.0000, 22.0000, 20, 0, '2025-08-28 15:11:35', '', '', 0, 0, 0.0000, 0.0000, 0.0000),
(219, 50086, 543, 'SUN-15K-SG01HP3-EU', 'SUN-15K-SG01HP3-EU | Three-Phase Hybrid Inverter | 2 MPPT | HV Battery Supported', 1199.0000, 0.00, 2398.0000, 22.0000, 2, 0, '2025-08-28 15:11:58', '', '', 0, 0, 0.0000, 0.0000, 0.0000),
(216, 50054, 541, 'SUN-10K-SG01HP3-EU', 'SUN-10K-SG01HP3-EU | Three-Phase Hybrid Inverter | 2 MPPT | HV Battery Supported', 999.0000, 0.00, 999.0000, 21.0000, 1, 0, '2025-09-17 12:29:19', '', '', 0, 0, 0.0000, 0.0000, 0.0000),
(220, 50086, 139, 'SUN XL02B', 'SUN XL02B', 29.9000, 0.00, 5980.0000, 22.0000, 200, 0, '2025-09-12 13:28:43', '', '', 0, 0, 0.0000, 0.0000, 0.0000),
(223, 50086, 544, 'SUN-20K-SG01HP3-EU', 'SUN-20K-SG01HP3-EU | Three-Phase Hybrid Inverter | 2 MPPT | HV Battery Supported', 1499.0000, 0.00, 2998.0000, 22.0000, 2, 0, '2025-09-17 14:37:48', '', '', 0, 0, 0.0000, 0.0000, 0.0000),
(224, 50087, 537, 'SUN-12K-SG05LP3-EU-SM2', 'SUN-12K-SG05LP3-EU-SM2 | Three-Phase Hybrid Inverter | 2 MPPT | LV Battery Supported', 1430.0000, NULL, 1430.0000, 24.0000, 1, 0, '0000-00-00 00:00:00', '', '', 0, 0, 0.0000, 0.0000, 0.0000),
(225, 50088, 598, 'SUN-SMART-TX01', 'SUN-SMART-TX01 (Smart Transmitter) | Wireless Energy Management System', 25.0000, NULL, 75.0000, 21.0000, 3, 0, '0000-00-00 00:00:00', '', '', 0, 0, 0.0000, 0.0000, 0.0000),
(226, 50088, 599, 'SUN-SMART-CT01', 'SUN-SMART-CT01 (Wireless CT Monitor) | Wireless Energy Management System', 59.0000, NULL, 177.0000, 21.0000, 3, 0, '0000-00-00 00:00:00', '', '', 0, 0, 0.0000, 0.0000, 0.0000),
(227, 50088, 602, 'SUN-EVSE22K01', 'SUN-EVSE22K01-EU-AC (Smart EV Charger) | Wireless Energy Management System', 289.0000, NULL, 578.0000, 21.0000, 2, 0, '0000-00-00 00:00:00', '', '', 0, 0, 0.0000, 0.0000, 0.0000),
(228, 50089, 573, 'BOS-G-Pack5.1', 'BOS-G-Pack Pro (EU) [5.10kWh] High-Performance Commercial Battery Storage Module | ESS', 599.0000, NULL, 7188.0000, 19.0000, 12, 0, '0000-00-00 00:00:00', '', '', 0, 0, 0.0000, 0.0000, 0.0000),
(229, 50089, 579, 'BOS-G-PDU-2', 'BOS-G-PDU-2 High-Performance Power Distribution Unit (PDU) | ESS', 590.0000, NULL, 590.0000, 19.0000, 1, 0, '0000-00-00 00:00:00', '', '', 0, 0, 0.0000, 0.0000, 0.0000),
(230, 50089, 594, '3U-HRack', 'BOS-G | 3U-HRack | Rack', 249.0000, NULL, 249.0000, 19.0000, 1, 0, '0000-00-00 00:00:00', '', '', 0, 0, 0.0000, 0.0000, 0.0000),
(231, 50089, 549, 'SUN-80K-SG02HP3-EU-EM6', 'SUN-80K-SG02HP3-EU-EM6 | Three-Phase Hybrid Inverter | 6 MPPT | HV Battery Supported', 4999.0000, NULL, 4999.0000, 19.0000, 1, 0, '0000-00-00 00:00:00', '', '', 0, 0, 0.0000, 0.0000, 0.0000),
(232, 50089, 583, 'RW-F16', 'RW-F16 (EU) [16 kWh] Battery Storage System | ESS', 1450.0000, NULL, 1450.0000, 19.0000, 1, 0, '0000-00-00 00:00:00', '', '', 0, 0, 0.0000, 0.0000, 0.0000),
(233, 50090, 538, 'SUN-15K-SG05LP3-EU-SM2', 'SUN-15K-SG05LP3-EU-SM2 | Three-Phase Hybrid Inverter | 2 MPPT | LV Battery Supported', 1590.0000, NULL, 3180.0000, 21.0000, 2, 0, '0000-00-00 00:00:00', '', '', 0, 0, 0.0000, 0.0000, 0.0000),
(234, 50090, 599, 'SUN-SMART-CT01', 'SUN-SMART-CT01 (Wireless CT Monitor) | Wireless Energy Management System', 55.0000, NULL, 220.0000, 21.0000, 4, 0, '0000-00-00 00:00:00', '', '', 0, 0, 0.0000, 0.0000, 0.0000),
(235, 50090, 598, 'SUN-SMART-TX01', 'SUN-SMART-TX01 (Smart Transmitter) | Wireless Energy Management System', 22.0000, NULL, 88.0000, 21.0000, 4, 0, '0000-00-00 00:00:00', '', '', 0, 0, 0.0000, 0.0000, 0.0000),
(236, 50090, 591, 'SE-G5.1-Pro-B', 'SE-G5.1-Pro-B (EU) [5,12 kWh] Battery Storage System | ESS', 600.0000, NULL, 3600.0000, 21.0000, 6, 0, '0000-00-00 00:00:00', '', '', 0, 0, 0.0000, 0.0000, 0.0000),
(237, 50090, 595, '3U-LRack', 'BOS-G | 3U-LRack | Rack', 239.0000, NULL, 239.0000, 21.0000, 1, 0, '0000-00-00 00:00:00', '', '', 0, 0, 0.0000, 0.0000, 0.0000),
(238, 50091, 594, '3U-HRack', 'BOS-G | 3U-HRack | Rack', 249.0000, 0.00, 498.0000, 22.0000, 2, 0, '2025-09-22 13:37:50', '', '', 0, 0, 0.0000, 0.0000, 0.0000),
(239, 50091, 573, 'BOS-G-Pack5.1', 'BOS-G-Pack Pro (EU) [5.10kWh] High-Performance Commercial Battery Storage Module | ESS', 599.0000, 0.00, 11980.0000, 22.0000, 20, 0, '2025-09-22 13:38:06', '', '', 0, 0, 0.0000, 0.0000, 0.0000),
(254, 50096, 539, 'SUN-20K-SG05LP3-EU-SM2', 'SUN-20K-SG05LP3-EU-SM2 | Three-Phase Hybrid Inverter | 2 MPPT | LV Battery Supported', 1950.0000, 0.00, 3900.0000, 22.0000, 2, 0, '2025-09-25 17:07:30', '', '', 0, 0, 0.0000, 0.0000, 0.0000),
(242, 50091, 579, 'BOS-G-PDU-2', 'BOS-G-PDU-2 High-Performance Power Distribution Unit (PDU) | ESS', 590.0000, 0.00, 1180.0000, 22.0000, 2, 0, '2025-09-22 13:38:52', '', '', 0, 0, 0.0000, 0.0000, 0.0000),
(243, 50093, 538, 'SUN-15K-SG05LP3-EU-SM2', 'SUN-15K-SG05LP3-EU-SM2 | Three-Phase Hybrid Inverter | 2 MPPT | LV Battery Supported', 1650.0000, NULL, 4950.0000, 24.0000, 3, 0, '0000-00-00 00:00:00', '', '', 0, 0, 0.0000, 0.0000, 0.0000),
(244, 50093, 591, 'SE-G5.1-Pro-B', 'SE-G5.1-Pro-B (EU) [5,12 kWh] Battery Storage System | ESS', 630.0000, NULL, 5670.0000, 24.0000, 9, 0, '0000-00-00 00:00:00', '', '', 0, 0, 0.0000, 0.0000, 0.0000),
(245, 50094, 595, '3U-LRack', 'BOS-G | 3U-LRack | Rack', 239.0000, NULL, 239.0000, 23.0000, 1, 0, '0000-00-00 00:00:00', '', '', 0, 0, 0.0000, 0.0000, 0.0000),
(246, 50094, 579, 'BOS-G-PDU-2', 'BOS-G-PDU-2 High-Performance Power Distribution Unit (PDU) | ESS', 590.0000, NULL, 590.0000, 23.0000, 1, 0, '0000-00-00 00:00:00', '', '', 0, 0, 0.0000, 0.0000, 0.0000),
(247, 50094, 573, 'BOS-G-Pack5.1', 'BOS-G-Pack Pro (EU) [5.10kWh] High-Performance Commercial Battery Storage Module | ESS', 599.0000, NULL, 4792.0000, 23.0000, 8, 0, '0000-00-00 00:00:00', '', '', 0, 0, 0.0000, 0.0000, 0.0000),
(256, 50097, 594, '3U-HRack', 'BOS-G | 3U-HRack | Rack', 240.0000, 0.00, 480.0000, 0.0000, 2, 0, '2025-09-26 10:59:03', '', '', 0, 0, 0.0000, 0.0000, 0.0000),
(255, 50097, 227, 'BOS-GM5.1', 'Battery Module BOS-GM5.1 5.12kWh (HV) LiFePO4 | 100ah Solar Battery Pack', 650.0000, 0.00, 27300.0000, 0.0000, 42, 0, '2025-09-26 10:58:49', '', '', 0, 0, 0.0000, 0.0000, 0.0000),
(252, 50096, 139, 'SUN XL02B', 'SUN XL02B', 29.9000, 0.00, 897.0000, 22.0000, 30, 0, '2025-09-12 13:28:43', '', '', 0, 0, 0.0000, 0.0000, 0.0000),
(253, 50096, 587, 'SUN XL20B', 'SUN XL20B', 99.0000, 0.00, 99.0000, 22.0000, 1, 0, '2025-09-12 13:30:21', '', '', 0, 0, 0.0000, 0.0000, 0.0000),
(257, 50097, 548, 'SUN-50K-SG01HP3-EU-BM3', 'SUN-50K-SG01HP3-EU-BM3 | Three-Phase Hybrid Inverter | 4 MPPT | HV Battery Supported', 3500.0000, 0.00, 21000.0000, 0.0000, 6, 0, '2025-09-26 10:59:40', '', '', 0, 0, 0.0000, 0.0000, 0.0000),
(258, 50097, 579, 'BOS-G-PDU-2', 'BOS-G-PDU-2 High-Performance Power Distribution Unit (PDU) | ESS', 500.0000, 0.00, 3000.0000, 0.0000, 6, 0, '2025-09-26 11:00:55', '', '', 0, 0, 0.0000, 0.0000, 0.0000),
(260, 50097, 595, '3U-LRack', 'BOS-G | 3U-LRack | Rack', 240.0000, 0.00, 960.0000, 0.0000, 4, 0, '2025-09-26 12:43:09', '', '', 0, 0, 0.0000, 0.0000, 0.0000),
(263, 50098, 531, 'SUN-6K-OG01LP1-EU-AM2', 'SUN-6K-OG01LP1-EU-AM2 | Single Phase Off-Grid Inverter | 2 MPPT | LV Battery Supported', 425.0000, NULL, 425.0000, 24.0000, 1, 0, '0000-00-00 00:00:00', '', '', 0, 0, 0.0000, 0.0000, 0.0000),
(264, 50099, 594, '3U-HRack', 'BOS-G | 3U-HRack | Rack', 249.0000, 0.00, 249.0000, 20.0000, 1, 0, '2025-09-29 14:44:00', '', '', 0, 0, 0.0000, 0.0000, 0.0000),
(265, 50099, 595, '3U-LRack', 'BOS-G | 3U-LRack | Rack', 239.0000, 0.00, 239.0000, 20.0000, 1, 0, '2025-09-29 14:44:00', '', '', 0, 0, 0.0000, 0.0000, 0.0000),
(266, 50099, 573, 'BOS-G-Pack5.1', 'BOS-G-Pack Pro (EU) [5.10kWh] High-Performance Commercial Battery Storage Module | ESS', 639.0000, 0.00, 639.0000, 20.0000, 1, 0, '2025-09-29 14:44:00', '', '', 0, 0, 0.0000, 0.0000, 0.0000),
(267, 50099, 579, 'BOS-G-PDU-2', 'BOS-G-PDU-2 High-Performance Power Distribution Unit (PDU) | ESS', 599.0000, 0.00, 599.0000, 20.0000, 1, 0, '2025-09-29 14:44:00', '', '', 0, 0, 0.0000, 0.0000, 0.0000),
(268, 50099, 545, 'SUN-25K-SG01HP3-EU', 'SUN-25K-SG01HP3-EU | Three-Phase Hybrid Inverter | 2 MPPT | HV Battery Supported', 1689.0000, 0.00, 1689.0000, 20.0000, 1, 0, '2025-09-29 14:44:15', '', '', 0, 0, 0.0000, 0.0000, 0.0000),
(269, 50099, 548, 'SUN-50K-SG01HP3-EU-BM3', 'SUN-50K-SG01HP3-EU-BM3 | Three-Phase Hybrid Inverter | 4 MPPT | HV Battery Supported', 3599.0000, 0.00, 3599.0000, 20.0000, 1, 0, '2025-09-29 14:44:43', '', '', 0, 0, 0.0000, 0.0000, 0.0000),
(270, 50099, 591, 'SE-G5.1-Pro-B', 'SE-G5.1-Pro-B (EU) [5,12 kWh] Battery Storage System | ESS', 630.0000, 0.00, 2520.0000, 20.0000, 4, 0, '2025-09-29 14:45:04', '', '', 0, 0, 0.0000, 0.0000, 0.0000),
(271, 50100, 583, 'RW-F16', 'RW-F16 (EU) [16 kWh] Battery Storage System | ESS', 1490.0000, 0.00, 1490.0000, 23.0000, 1, 0, '2025-09-30 12:29:50', '', '', 0, 0, 0.0000, 0.0000, 0.0000),
(272, 50101, 593, 'GB-LBS-PRO+GB-LBase', 'GB-L PRO | GB-LBS-PRO+GB-LBase | ESS', 499.0000, 0.00, 2495.0000, 22.0000, 5, 0, '2025-09-03 10:03:29', '', '', 0, 0, 0.0000, 0.0000, 0.0000),
(273, 50101, 592, 'GB-LM4.0-PRO', 'GB-L PRO | GB-LM4.0-PRO [4 kWh] Battery Storage System | ESS', 630.0000, 0.00, 17640.0000, 22.0000, 28, 0, '2025-08-28 15:11:35', '', '', 0, 0, 0.0000, 0.0000, 0.0000),
(274, 50101, 543, 'SUN-15K-SG01HP3-EU', 'SUN-15K-SG01HP3-EU | Three-Phase Hybrid Inverter | 2 MPPT | HV Battery Supported', 1199.0000, 0.00, 5995.0000, 22.0000, 5, 0, '2025-08-28 15:11:58', '', '', 0, 0, 0.0000, 0.0000, 0.0000),
(275, 50101, 139, 'SUN XL02B', 'SUN XL02B', 29.9000, 0.00, 3588.0000, 22.0000, 120, 0, '2025-09-12 13:28:43', '', '', 0, 0, 0.0000, 0.0000, 0.0000),
(277, 50102, 593, 'GB-LBS-PRO+GB-LBase', 'GB-L PRO | GB-LBS-PRO+GB-LBase | ESS', 499.0000, 0.00, 2495.0000, 22.0000, 5, 0, '2025-09-03 10:03:29', '', '', 0, 0, 0.0000, 0.0000, 0.0000),
(278, 50102, 592, 'GB-LM4.0-PRO', 'GB-L PRO | GB-LM4.0-PRO [4 kWh] Battery Storage System | ESS', 630.0000, 0.00, 17640.0000, 22.0000, 28, 0, '2025-08-28 15:11:35', '', '', 0, 0, 0.0000, 0.0000, 0.0000);
INSERT INTO `orders_products` (`orders_products_id`, `orders_id`, `products_id`, `products_model`, `products_name`, `products_price`, `products_discount_made`, `final_price`, `products_tax`, `products_quantity`, `allow_tax`, `date_added`, `amazon_order_item_code`, `amazon_sku`, `quantity_shipped`, `not_ship`, `marge`, `volume`, `weight`) VALUES
(279, 50102, 543, 'SUN-15K-SG01HP3-EU', 'SUN-15K-SG01HP3-EU | Three-Phase Hybrid Inverter | 2 MPPT | HV Battery Supported', 1199.0000, 0.00, 5995.0000, 22.0000, 5, 0, '2025-08-28 15:11:58', '', '', 0, 0, 0.0000, 0.0000, 0.0000),
(280, 50102, 139, 'SUN XL02B', 'SUN XL02B', 29.9000, 0.00, 3588.0000, 22.0000, 120, 0, '2025-09-12 13:28:43', '', '', 0, 0, 0.0000, 0.0000, 0.0000),
(281, 50102, 587, 'SUN XL20B', 'SUN XL20B', 99.0000, 0.00, 495.0000, 22.0000, 5, 0, '2025-09-12 13:30:21', '', '', 0, 0, 0.0000, 0.0000, 0.0000),
(282, 50103, 537, 'SUN-12K-SG05LP3-EU-SM2', 'SUN-12K-SG05LP3-EU-SM2 | Three-Phase Hybrid Inverter | 2 MPPT | LV Battery Supported', 1430.0000, 0.00, 1430.0000, 25.0000, 1, 0, '2025-10-01 10:17:18', '', '', 1, 0, 0.0000, 0.0000, 0.0000),
(283, 50103, 570, 'AI-W5.1-B', 'AI-W5.1-B (EU) Solar Battery System | ESS', 759.0000, 0.00, 4554.0000, 25.0000, 6, 0, '2025-10-01 10:17:44', '', '', 6, 0, 0.0000, 0.0000, 0.0000),
(284, 50103, 569, 'AI-W5.1-PDU1-B+Base', 'AI-W5.1-PDU1-B+Base | ESS', 365.0000, 0.00, 365.0000, 25.0000, 1, 0, '2025-10-01 10:17:44', '', '', 1, 0, 0.0000, 0.0000, 0.0000),
(285, 50102, 545, 'SUN-25K-SG01HP3-EU', 'SUN-25K-SG01HP3-EU | Three-Phase Hybrid Inverter | 2 MPPT | HV Battery Supported', 1599.0000, 0.00, 1599.0000, 22.0000, 1, 0, '2025-10-01 10:50:00', '', '', 0, 0, 0.0000, 0.0000, 0.0000),
(286, 50102, 594, '3U-HRack', 'BOS-G | 3U-HRack | Rack', 249.0000, 0.00, 249.0000, 22.0000, 1, 0, '2025-10-01 10:50:11', '', '', 0, 0, 0.0000, 0.0000, 0.0000),
(287, 50102, 573, 'BOS-G-Pack5.1', 'BOS-G-Pack Pro (EU) [5.10kWh] High-Performance Commercial Battery Storage Module | ESS', 599.0000, 0.00, 3594.0000, 22.0000, 6, 0, '2025-10-01 10:50:33', '', '', 0, 0, 0.0000, 0.0000, 0.0000),
(288, 50102, 579, 'BOS-G-PDU-2', 'BOS-G-PDU-2 High-Performance Power Distribution Unit (PDU) | ESS', 590.0000, 0.00, 590.0000, 22.0000, 1, 0, '2025-10-01 10:50:33', '', '', 0, 0, 0.0000, 0.0000, 0.0000),
(289, 50102, 105, 'SUN-12K-SG04LP3-EU', 'Hybrid Inverter Deye SUN-12K-SG04LP3-EU | 12KW | Three Phase | 2 MPPT | Low Voltage Battery', 1856.0000, 0.00, 1856.0000, 22.0000, 1, 0, '2025-10-01 10:50:45', '', '', 0, 0, 0.0000, 0.0000, 0.0000),
(290, 50102, 538, 'SUN-15K-SG05LP3-EU-SM2', 'SUN-15K-SG05LP3-EU-SM2 | Three-Phase Hybrid Inverter | 2 MPPT | LV Battery Supported', 1590.0000, 0.00, 1590.0000, 22.0000, 1, 0, '2025-10-01 10:51:05', '', '', 0, 0, 0.0000, 0.0000, 0.0000),
(291, 50102, 539, 'SUN-20K-SG05LP3-EU-SM2', 'SUN-20K-SG05LP3-EU-SM2 | Three-Phase Hybrid Inverter | 2 MPPT | LV Battery Supported', 1950.0000, 0.00, 1950.0000, 22.0000, 1, 0, '2025-10-01 10:51:15', '', '', 0, 0, 0.0000, 0.0000, 0.0000),
(292, 50104, 536, 'SUN-10K-SG05LP3-EU-SM2', 'SUN-10K-SG05LP3-EU-SM2 | Three-Phase Hybrid Inverter | 2 MPPT | LV Battery Supported', 1360.0000, NULL, 1360.0000, 19.0000, 1, 0, '0000-00-00 00:00:00', '', '', 0, 0, 0.0000, 0.0000, 0.0000),
(298, 50045, 583, 'RW-F16', 'RW-F16 (EU) [16 kWh] Battery Storage System | ESS', 1490.0000, 0.00, 1490.0000, 23.0000, 1, 0, '2025-10-07 12:00:13', '', '', 0, 0, 0.0000, 0.0000, 0.0000),
(294, 50104, 548, 'SUN-50K-SG01HP3-EU-BM3', 'SUN-50K-SG01HP3-EU-BM3 | Three-Phase Hybrid Inverter | 4 MPPT | HV Battery Supported', 3500.0000, NULL, 3500.0000, 19.0000, 1, 0, '0000-00-00 00:00:00', '', '', 0, 0, 0.0000, 0.0000, 0.0000),
(295, 50104, 573, 'BOS-G-Pack5.1', 'BOS-G-Pack Pro (EU) [5.10kWh] High-Performance Commercial Battery Storage Module | ESS', 599.0000, NULL, 7188.0000, 19.0000, 12, 0, '0000-00-00 00:00:00', '', '', 0, 0, 0.0000, 0.0000, 0.0000),
(296, 50104, 579, 'BOS-G-PDU-2', 'BOS-G-PDU-2 High-Performance Power Distribution Unit (PDU) | ESS', 590.0000, NULL, 590.0000, 19.0000, 1, 0, '0000-00-00 00:00:00', '', '', 0, 0, 0.0000, 0.0000, 0.0000),
(297, 50104, 594, '3U-HRack', 'BOS-G | 3U-HRack | Rack', 249.0000, NULL, 249.0000, 19.0000, 1, 0, '0000-00-00 00:00:00', '', '', 0, 0, 0.0000, 0.0000, 0.0000),
(299, 50104, 583, 'RW-F16', 'RW-F16 (EU) [16 kWh] Battery Storage System | ESS', 1450.0000, 0.00, 1450.0000, 19.0000, 1, 0, '2025-10-07 12:15:30', '', '', 0, 0, 0.0000, 0.0000, 0.0000),
(305, 50106, 548, 'SUN-50K-SG01HP3-EU-BM3', 'SUN-50K-SG01HP3-EU-BM3 | Three-Phase Hybrid Inverter | 4 MPPT | HV Battery Supported', 3500.0000, 0.00, 3500.0000, 22.0000, 1, 0, '2025-10-08 13:27:23', '', '', 0, 0, 0.0000, 0.0000, 0.0000),
(302, 50106, 592, 'GB-LM4.0-PRO', 'GB-L PRO | GB-LM4.0-PRO [4 kWh] Battery Storage System | ESS', 630.0000, 0.00, 5040.0000, 22.0000, 8, 0, '2025-08-28 15:11:35', '', '', 0, 0, 0.0000, 0.0000, 0.0000),
(303, 50106, 543, 'SUN-15K-SG01HP3-EU', 'SUN-15K-SG01HP3-EU | Three-Phase Hybrid Inverter | 2 MPPT | HV Battery Supported', 1199.0000, 0.00, 3597.0000, 22.0000, 3, 0, '2025-08-28 15:11:58', '', '', 0, 0, 0.0000, 0.0000, 0.0000),
(306, 50107, 539, 'SUN-20K-SG05LP3-EU-SM2', 'SUN-20K-SG05LP3-EU-SM2 | Three-Phase Hybrid Inverter | 2 MPPT | LV Battery Supported', 2439.5000, 0.00, 2439.5000, 19.0000, 1, 1, '2025-10-08 13:41:48', '', '', 0, 0, 0.0000, 0.0000, 0.0000),
(307, 50107, 591, 'SE-G5.1-Pro-B', 'SE-G5.1-Pro-B (EU) [5,12 kWh] Battery Storage System | ESS', 749.7000, 0.00, 4498.2000, 19.0000, 6, 1, '2025-10-08 13:42:10', '', '', 0, 0, 0.0000, 0.0000, 0.0000),
(308, 50108, 598, 'SUN-SMART-TX01', 'SUN-SMART-TX01 (Smart Transmitter) | Wireless Energy Management System', 22.0000, NULL, 44.0000, 21.0000, 2, 0, '0000-00-00 00:00:00', '', '', 0, 0, 0.0000, 0.0000, 0.0000),
(309, 50108, 601, 'SUN-SMART-PLUG01P1-F', 'SUN-SMART-PLUG01P1-F (Smart Plug) | Wireless Energy Management System', 39.0000, NULL, 234.0000, 21.0000, 6, 0, '0000-00-00 00:00:00', '', '', 0, 0, 0.0000, 0.0000, 0.0000),
(339, 50115, 294, 'SUN-15K-SG05LP3 -EU-SM2', 'Hybrid Inverter Deye SUN-15K-SG05LP3-EU-SM2 | 15KW | Three Phase | 2 MPPT | LV Battery Supported', 1800.0000, 0.00, 19800.0000, 0.0000, 11, 0, '2025-10-13 10:01:18', '', '', 0, 0, 0.0000, 0.0000, 0.0000),
(311, 50109, 599, 'SUN-SMART-CT01', 'SUN-SMART-CT01 (Wireless CT Monitor) | Wireless Energy Management System', 69.0000, 0.00, 345.0000, 25.0000, 5, 0, '0000-00-00 00:00:00', '', '', 0, 0, 0.0000, 0.0000, 0.0000),
(312, 50109, 598, 'SUN-SMART-TX01', 'SUN-SMART-TX01 (Smart Transmitter) | Wireless Energy Management System', 25.0000, 0.00, 125.0000, 25.0000, 5, 0, '0000-00-00 00:00:00', '', '', 0, 0, 0.0000, 0.0000, 0.0000),
(313, 50109, 601, 'SUN-SMART-PLUG01P1-F', 'SUN-SMART-PLUG01P1-F (Smart Plug) | Wireless Energy Management System', 59.0000, NULL, 118.0000, 25.0000, 2, 0, '0000-00-00 00:00:00', '', '', 0, 0, 0.0000, 0.0000, 0.0000),
(337, 50115, 529, 'SUN-12K-SG02LP1-EU-AM3', 'SUN-12K-SG02LP1-EU-AM3 | Single Phase Hybrid Inverter | 2 MPPT | LV Battery Supported', 1630.0000, 0.00, 3260.0000, 0.0000, 2, 0, '2025-10-13 10:00:54', '', '', 0, 0, 0.0000, 0.0000, 0.0000),
(338, 50115, 537, 'SUN-12K-SG05LP3-EU-SM2', 'SUN-12K-SG05LP3-EU-SM2 | Three-Phase Hybrid Inverter | 2 MPPT | LV Battery Supported', 1550.0000, 0.00, 21700.0000, 0.0000, 14, 0, '2025-10-13 10:00:54', '', '', 0, 0, 0.0000, 0.0000, 0.0000),
(324, 50111, 288, 'SUN-6K-SG05LP1-EU -SM2', 'Hybrid Inverter Deye SUN-6K-SG05LP1-EU -SM2 | 6000W | Single Phase | Hybrid Inverter | LV Battery Supported', 660.0000, 0.00, 7920.0000, 19.0000, 12, 0, '2025-10-09 14:17:50', '', '', 0, 0, 0.0000, 0.0000, 0.0000),
(317, 50111, 528, 'SUN-10K-SG02LP1-EU-AM3', 'SUN-10K-SG02LP1-EU-AM3 | Single Phase Hybrid Inverter | 2 MPPT | LV Battery Supported', 1200.0000, 0.00, 14400.0000, 19.0000, 12, 0, '2025-10-09 14:12:13', '', '', 0, 0, 0.0000, 0.0000, 0.0000),
(318, 50111, 533, 'SUN-5K-SG05LP3-EU-SM2', 'SUN-5K-SG05LP3-EU-SM2 | Three-Phase Hybrid Inverter | 2 MPPT | LV Battery Supported', 1200.0000, 0.00, 14400.0000, 19.0000, 12, 0, '2025-10-09 14:13:10', '', '', 0, 0, 0.0000, 0.0000, 0.0000),
(319, 50111, 536, 'SUN-10K-SG05LP3-EU-SM2', 'SUN-10K-SG05LP3-EU-SM2 | Three-Phase Hybrid Inverter | 2 MPPT | LV Battery Supported', 1300.0000, 0.00, 15600.0000, 19.0000, 12, 0, '2025-10-09 14:13:47', '', '', 0, 0, 0.0000, 0.0000, 0.0000),
(320, 50111, 537, 'SUN-12K-SG05LP3-EU-SM2', 'SUN-12K-SG05LP3-EU-SM2 | Three-Phase Hybrid Inverter | 2 MPPT | LV Battery Supported', 1350.0000, 0.00, 16200.0000, 19.0000, 12, 0, '2025-10-09 14:14:09', '', '', 0, 0, 0.0000, 0.0000, 0.0000),
(321, 50111, 591, 'SE-G5.1-Pro-B', 'SE-G5.1-Pro-B (EU) [5,12 kWh] Battery Storage System | ESS', 615.0000, 0.00, 14760.0000, 19.0000, 24, 0, '2025-10-09 14:14:36', '', '', 0, 0, 0.0000, 0.0000, 0.0000),
(322, 50111, 583, 'RW-F16', 'RW-F16 (EU) [16 kWh] Battery Storage System | ESS', 1400.0000, 0.00, 12600.0000, 19.0000, 9, 0, '2025-10-09 14:14:49', '', '', 0, 0, 0.0000, 0.0000, 0.0000),
(323, 50111, 573, 'BOS-G-Pack5.1', 'BOS-G-Pack Pro (EU) [5.10kWh] High-Performance Commercial Battery Storage Module | ESS', 639.0000, 0.00, 10224.0000, 19.0000, 16, 0, '2025-10-09 14:15:06', '', '', 0, 0, 0.0000, 0.0000, 0.0000),
(332, 50113, 536, 'SUN-10K-SG05LP3-EU-SM2', 'SUN-10K-SG05LP3-EU-SM2 | Three-Phase Hybrid Inverter | 2 MPPT | LV Battery Supported', 1199.0000, 0.00, 47960.0000, 23.0000, 40, 0, '2025-10-09 14:59:21', '', '', 0, 0, 0.0000, 0.0000, 0.0000),
(331, 50113, 535, 'SUN-8K-SG05LP3-EU-SM2', 'SUN-8K-SG05LP3-EU-SM2 | Three-Phase Hybrid Inverter | 2 MPPT | LV Battery Supported', 1149.0000, 0.00, 41364.0000, 23.0000, 36, 0, '2025-10-09 14:58:57', '', '', 0, 0, 0.0000, 0.0000, 0.0000),
(330, 50113, 533, 'SUN-5K-SG05LP3-EU-SM2', 'SUN-5K-SG05LP3-EU-SM2 | Three-Phase Hybrid Inverter | 2 MPPT | LV Battery Supported', 1099.0000, 0.00, 26376.0000, 23.0000, 24, 0, '2025-10-09 14:58:40', '', '', 0, 0, 0.0000, 0.0000, 0.0000),
(329, 50112, 591, 'SE-G5.1-Pro-B', 'SE-G5.1-Pro-B (EU) [5,12 kWh] Battery Storage System | ESS', 675.0000, 0.00, 27000.0000, 0.0000, 40, 0, '2025-10-09 14:26:21', '', '', 0, 0, 0.0000, 0.0000, 0.0000),
(333, 50113, 538, 'SUN-15K-SG05LP3-EU-SM2', 'SUN-15K-SG05LP3-EU-SM2 | Three-Phase Hybrid Inverter | 2 MPPT | LV Battery Supported', 1425.0000, 0.00, 14250.0000, 23.0000, 10, 0, '2025-10-09 14:59:38', '', '', 0, 0, 0.0000, 0.0000, 0.0000),
(334, 50113, 539, 'SUN-20K-SG05LP3-EU-SM2', 'SUN-20K-SG05LP3-EU-SM2 | Three-Phase Hybrid Inverter | 2 MPPT | LV Battery Supported', 1890.0000, 0.00, 18900.0000, 23.0000, 10, 0, '2025-10-09 14:59:53', '', '', 0, 0, 0.0000, 0.0000, 0.0000),
(335, 50114, 538, 'SUN-15K-SG05LP3-EU-SM2', 'SUN-15K-SG05LP3-EU-SM2 | Three-Phase Hybrid Inverter | 2 MPPT | LV Battery Supported', 1650.0000, NULL, 1650.0000, 24.0000, 1, 0, '0000-00-00 00:00:00', '', '', 0, 0, 0.0000, 0.0000, 0.0000),
(340, 50115, 297, 'SUN-20K-SG05LP3 -EU-SM2', 'Hybrid Inverter Deye SUN-20K-SG05LP3-EU-SM2 | 20KW | Three Phase | 2 MPPT | LV Battery Supported', 2300.0000, 0.00, 2300.0000, 0.0000, 1, 0, '2025-10-13 10:01:35', '', '', 0, 0, 0.0000, 0.0000, 0.0000),
(341, 50116, 598, 'SUN-SMART-TX01', 'SUN-SMART-TX01 (Smart Transmitter) | Wireless Energy Management System', 25.0000, NULL, 25.0000, 23.0000, 1, 0, '0000-00-00 00:00:00', '', '', 0, 0, 0.0000, 0.0000, 0.0000),
(350, 50123, 545, 'SUN-25K-SG01HP3-EU', 'SUN-25K-SG01HP3-EU | Three-Phase Hybrid Inverter | 2 MPPT | HV Battery Supported', 1699.0000, 0.00, 1699.0000, 23.0000, 1, 0, '2025-10-16 11:54:00', '', '', 0, 0, 0.0000, 0.0000, 0.0000),
(343, 50117, 536, 'SUN-10K-SG05LP3-EU-SM2', 'SUN-10K-SG05LP3-EU-SM2 | Three-Phase Hybrid Inverter | 2 MPPT | LV Battery Supported', 1399.0000, NULL, 2798.0000, 20.0000, 2, 0, '0000-00-00 00:00:00', '', '', 0, 0, 0.0000, 0.0000, 0.0000),
(344, 50117, 599, 'SUN-SMART-CT01', 'SUN-SMART-CT01 (Wireless CT Monitor) | Wireless Energy Management System', 59.0000, NULL, 236.0000, 20.0000, 4, 0, '0000-00-00 00:00:00', '', '', 0, 0, 0.0000, 0.0000, 0.0000),
(345, 50117, 539, 'SUN-20K-SG05LP3-EU-SM2', 'SUN-20K-SG05LP3-EU-SM2 | Three-Phase Hybrid Inverter | 2 MPPT | LV Battery Supported', 2050.0000, NULL, 2050.0000, 20.0000, 1, 0, '0000-00-00 00:00:00', '', '', 0, 0, 0.0000, 0.0000, 0.0000),
(346, 50118, 535, 'SUN-8K-SG05LP3-EU-SM2', 'SUN-8K-SG05LP3-EU-SM2 | Three-Phase Hybrid Inverter | 2 MPPT | LV Battery Supported', 1375.0000, NULL, 1375.0000, 21.0000, 1, 0, '0000-00-00 00:00:00', '', '', 0, 0, 0.0000, 0.0000, 0.0000),
(347, 50119, 602, 'SUN-EVSE22K01', 'SUN-EVSE22K01-EU-AC (Smart EV Charger) | Wireless Energy Management System', 289.0000, NULL, 289.0000, 20.0000, 1, 0, '0000-00-00 00:00:00', '', '', 0, 0, 0.0000, 0.0000, 0.0000),
(348, 50120, 602, 'SUN-EVSE22K01', 'SUN-EVSE22K01-EU-AC (Smart EV Charger) | Wireless Energy Management System', 289.0000, NULL, 289.0000, 20.0000, 1, 0, '0000-00-00 00:00:00', '', '', 0, 0, 0.0000, 0.0000, 0.0000),
(349, 50121, 527, 'SUN-8K-SG01LP1-EU', 'SUN-8K-SG01LP1-EU | Single Phase Hybrid Inverter | 2 MPPT | LV Battery Supported', 1090.0000, NULL, 1090.0000, 23.0000, 1, 0, '0000-00-00 00:00:00', '', '', 0, 0, 0.0000, 0.0000, 0.0000),
(351, 50124, 545, 'SUN-25K-SG01HP3-EU', 'SUN-25K-SG01HP3-EU | Three-Phase Hybrid Inverter | 2 MPPT | HV Battery Supported', 2021.8100, NULL, 4043.6200, 19.0000, 2, 1, '0000-00-00 00:00:00', '', '', 0, 0, 0.0000, 0.0000, 0.0000),
(352, 50124, 537, 'SUN-12K-SG05LP3-EU-SM2', 'SUN-12K-SG05LP3-EU-SM2 | Three-Phase Hybrid Inverter | 2 MPPT | LV Battery Supported', 1771.9100, NULL, 1771.9100, 19.0000, 1, 1, '0000-00-00 00:00:00', '', '', 0, 0, 0.0000, 0.0000, 0.0000),
(353, 50124, 583, 'RW-F16', 'RW-F16 (EU) [16 kWh] Battery Storage System | ESS', 1963.5000, 0.00, 3927.0000, 19.0000, 2, 1, '0000-00-00 00:00:00', '', '', 0, 0, 0.0000, 0.0000, 0.0000),
(370, 50128, 1005, 'SUN-8K-SG05LP1-EU', 'SUN-8K-SG05LP1-EU | Single Phase Hybrid Inverter | 2 MPPT | LV Battery Supported', 1060.0000, 0.00, 1060.0000, 19.0000, 1, 0, '2025-10-20 11:36:25', '', '', 0, 0, 0.0000, 0.0000, 0.0000),
(355, 50126, 593, 'GB-LBS-PRO+GB-LBase', 'GB-L PRO | GB-LBS-PRO+GB-LBase | ESS', 485.0000, 0.00, 2425.0000, 22.0000, 5, 0, '2025-09-03 10:03:29', '', '', 0, 0, 0.0000, 0.0000, 0.0000),
(356, 50126, 592, 'GB-LM4.0-PRO', 'GB-L PRO | GB-LM4.0-PRO [4 kWh] Battery Storage System | ESS', 620.0000, 0.00, 15500.0000, 22.0000, 25, 0, '2025-08-28 15:11:35', '', '', 0, 0, 0.0000, 0.0000, 0.0000),
(375, 50129, 1022, 'SUN-25K-SG01HP3-EU', 'SUN-25K-SG01HP3-EU | Three-Phase Hybrid Inverter | 2 MPPT | HV Battery Supported', 1699.0000, NULL, 1699.0000, 21.0000, 1, 0, '0000-00-00 00:00:00', '', '', 0, 0, 0.0000, 0.0000, 0.0000),
(358, 50126, 139, 'SUN XL02B', 'SUN XL02B', 28.5000, 0.00, 6270.0000, 22.0000, 220, 0, '2025-09-12 13:28:43', '', '', 0, 0, 0.0000, 0.0000, 0.0000),
(359, 50126, 587, 'SUN XL20B', 'SUN XL20B', 95.5000, 0.00, 286.5000, 22.0000, 3, 0, '2025-09-12 13:30:21', '', '', 0, 0, 0.0000, 0.0000, 0.0000),
(374, 50129, 1073, 'SUN-SMART-TX01', 'SUN-SMART-TX01 (Smart Transmitter) | Wireless Energy Management System', 25.0000, NULL, 25.0000, 21.0000, 1, 0, '0000-00-00 00:00:00', '', '', 0, 0, 0.0000, 0.0000, 0.0000),
(367, 50127, 573, 'BOS-G-Pack5.1', 'BOS-G-Pack Pro (EU) [5.10kWh] High-Performance Commercial Battery Storage Module | ESS', 639.0000, 0.00, 2556.0000, 21.0000, 4, 0, '0000-00-00 00:00:00', '', '', 0, 0, 0.0000, 0.0000, 0.0000),
(369, 50127, 579, 'BOS-G-PDU-2', 'BOS-G-PDU-2 High-Performance Power Distribution Unit (PDU) | ESS', 599.0000, 0.00, 599.0000, 21.0000, 1, 0, '2025-10-17 14:44:26', '', '', 0, 0, 0.0000, 0.0000, 0.0000),
(371, 50128, 1016, 'SUN-20K-SG05LP3-EU-SM2', 'SUN-20K-SG05LP3-EU-SM2 | Three-Phase Hybrid Inverter | 2 MPPT | LV Battery Supported', 1950.0000, 0.00, 1950.0000, 19.0000, 1, 0, '2025-10-20 11:36:25', '', '', 0, 0, 0.0000, 0.0000, 0.0000),
(372, 50128, 1059, 'RW-F16', 'RW-F16 (EU) [16 kWh] Battery Storage System | ESS', 1450.0000, 0.00, 5800.0000, 19.0000, 4, 0, '2025-10-20 11:36:25', '', '', 0, 0, 0.0000, 0.0000, 0.0000),
(373, 50129, 1072, 'SUN-EVSE22K01', 'SUN-EVSE22K01-EU-AC (Smart EV Charger) | Wireless Energy Management System', 289.0000, NULL, 289.0000, 21.0000, 1, 0, '0000-00-00 00:00:00', '', '', 0, 0, 0.0000, 0.0000, 0.0000),
(376, 50130, 1072, 'SUN-EVSE22K01', 'SUN-EVSE22K01-EU-AC (Smart EV Charger) | Wireless Energy Management System', 289.0000, NULL, 289.0000, 25.0000, 1, 0, '0000-00-00 00:00:00', '', '', 0, 0, 0.0000, 0.0000, 0.0000),
(377, 50131, 1061, 'RW-M6.1-B', 'RW-M6.1-B (EU) [6.1 kWh] Battery Storage System | ESS', 910.0000, NULL, 1820.0000, 25.0000, 2, 0, '0000-00-00 00:00:00', '', '', 0, 0, 0.0000, 0.0000, 0.0000),
(481, 50131, 589, '', 'WIFI STICK DEYE ', 40.0000, 0.00, 40.0000, 25.0000, 1, 0, '2025-10-29 11:50:14', '', '', 0, 0, 0.0000, 0.0000, 0.0000),
(482, 50150, 1073, 'SUN-SMART-TX01', 'SUN-SMART-TX01 (Smart Transmitter) | Wireless Energy Management System', 29.7500, NULL, 29.7500, 19.0000, 1, 1, '0000-00-00 00:00:00', '', '', 0, 0, 0.0000, 0.0000, 0.0000),
(379, 50132, 1062, 'SE-G5.1-Pro-B', 'SE-G5.1-Pro-B (EU) [5,12 kWh] Battery Storage System | ESS', 667.0000, 0.00, 208104.0000, 20.0000, 312, 0, '2025-10-21 06:24:42', '', '', 0, 0, 0.0000, 0.0000, 0.0000),
(380, 50133, 1044, 'AE-F2.0', 'AE-F2.0 (EU) Battery Pack Module | ESS', 285.0000, NULL, 285.0000, 19.0000, 1, 0, '0000-00-00 00:00:00', '', '', 0, 0, 0.0000, 0.0000, 0.0000),
(381, 50133, 1004, 'SUN-6K-SG03LP1-EU', 'SUN-6K-SG03LP1-EU | Single Phase Hybrid Inverter | 2 MPPT | LV Battery Supported', 669.0000, NULL, 669.0000, 19.0000, 1, 0, '0000-00-00 00:00:00', '', '', 0, 0, 0.0000, 0.0000, 0.0000),
(382, 50133, 1073, 'SUN-SMART-TX01', 'SUN-SMART-TX01 (Smart Transmitter) | Wireless Energy Management System', 25.0000, NULL, 25.0000, 19.0000, 1, 0, '0000-00-00 00:00:00', '', '', 0, 0, 0.0000, 0.0000, 0.0000),
(383, 50133, 1069, 'SUN-SMART-CT01', 'SUN-SMART-CT01 (Wireless CT Monitor) | Wireless Energy Management System', 59.0000, NULL, 118.0000, 19.0000, 2, 0, '0000-00-00 00:00:00', '', '', 0, 0, 0.0000, 0.0000, 0.0000),
(384, 50133, 1072, 'SUN-EVSE22K01', 'SUN-EVSE22K01-EU-AC (Smart EV Charger) | Wireless Energy Management System', 289.0000, NULL, 289.0000, 19.0000, 1, 0, '0000-00-00 00:00:00', '', '', 0, 0, 0.0000, 0.0000, 0.0000),
(385, 50134, 1069, 'SUN-SMART-CT01', 'SUN-SMART-CT01 (Wireless CT Monitor) | Wireless Energy Management System', 59.0000, NULL, 177.0000, 19.0000, 3, 0, '0000-00-00 00:00:00', '', '', 0, 0, 0.0000, 0.0000, 0.0000),
(386, 50134, 1073, 'SUN-SMART-TX01', 'SUN-SMART-TX01 (Smart Transmitter) | Wireless Energy Management System', 25.0000, NULL, 75.0000, 19.0000, 3, 0, '0000-00-00 00:00:00', '', '', 0, 0, 0.0000, 0.0000, 0.0000),
(387, 50134, 1071, 'SUN-SMART-PLUG01P1-F', 'SUN-SMART-PLUG01P1-F (Smart Plug) | Wireless Energy Management System', 49.0000, NULL, 147.0000, 19.0000, 3, 0, '0000-00-00 00:00:00', '', '', 0, 0, 0.0000, 0.0000, 0.0000),
(414, 50139, 1059, 'RW-F16', 'RW-F16 (EU) [16 kWh] Battery Storage System | ESS', 1490.0000, NULL, 1490.0000, 23.0000, 1, 0, '0000-00-00 00:00:00', '', '', 0, 0, 0.0000, 0.0000, 0.0000),
(404, 50135, 999, '', 'Pallet', 0.0000, 0.00, 0.0000, 20.0000, 10, 0, '2025-10-23 10:42:02', '', '', 0, 0, 0.0000, 0.0000, 0.0000),
(405, 50135, 949, '', 'Contract No.: XXX / VAT No.: XXX', 0.0000, 0.00, 0.0000, 20.0000, 1, 0, '2025-10-23 10:42:10', '', '', 0, 0, 0.0000, 0.0000, 0.0000),
(389, 50135, 1026, 'SUN-80K-SG02HP3-EU-EM6', 'SUN-80K-SG02HP3-EU-EM6 | Three-Phase Hybrid Inverter | 6 MPPT | HV Battery Supported', 5050.0000, 0.00, 1010000.0000, 20.0000, 200, 0, '2025-10-21 14:06:29', '', '', 0, 0, 0.0000, 0.0000, 0.0000),
(390, 50135, 1025, 'SUN-50K-SG01HP3-EU-BM3', 'SUN-50K-SG01HP3-EU-BM3 | Three-Phase Hybrid Inverter | 4 MPPT | HV Battery Supported', 3599.0000, 0.00, 719800.0000, 20.0000, 200, 0, '2025-10-21 14:06:46', '', '', 0, 0, 0.0000, 0.0000, 0.0000),
(391, 50135, 1016, 'SUN-20K-SG05LP3-EU-SM2', 'SUN-20K-SG05LP3-EU-SM2 | Three-Phase Hybrid Inverter | 2 MPPT | LV Battery Supported', 2100.0000, 0.00, 420000.0000, 20.0000, 200, 0, '2025-10-21 14:07:00', '', '', 0, 0, 0.0000, 0.0000, 0.0000),
(392, 50136, 1016, 'SUN-20K-SG05LP3-EU-SM2', 'SUN-20K-SG05LP3-EU-SM2 | Three-Phase Hybrid Inverter | 2 MPPT | LV Battery Supported', 2050.0000, 0.00, 410000.0000, 20.0000, 200, 0, '2025-10-21 15:06:26', '', '', 0, 0, 0.0000, 0.0000, 0.0000),
(394, 50137, 1059, 'RW-F16', 'RW-F16 (EU) [16 kWh] Battery Storage System | ESS', 1490.0000, NULL, 2980.0000, 21.0000, 2, 0, '0000-00-00 00:00:00', '', '', 0, 0, 0.0000, 0.0000, 0.0000),
(406, 50135, 950, '', 'EXW Kaarst - Full Payment in Advance -', 0.0000, 0.00, 0.0000, 20.0000, 1, 0, '2025-10-23 10:42:19', '', '', 0, 0, 0.0000, 0.0000, 0.0000),
(407, 50135, 951, '', 'Country of Origin: China', 0.0000, 0.00, 0.0000, 20.0000, 1, 0, '2025-10-23 10:42:28', '', '', 0, 0, 0.0000, 0.0000, 0.0000),
(408, 50138, 1043, 'SUN-M200G4-EU-Q0', 'SUN-M200G4-EU-Q0 | Micro Inverter | 4 MPPT', 159.0000, NULL, 318.0000, 22.0000, 2, 0, '0000-00-00 00:00:00', '', '', 0, 0, 0.0000, 0.0000, 0.0000),
(427, 50141, 1071, 'SUN-SMART-PLUG01P1-F', 'SUN-SMART-PLUG01P1-F (Smart Plug) | Wireless Energy Management System', 59.0000, NULL, 59.0000, 25.0000, 1, 0, '0000-00-00 00:00:00', '', '', 0, 0, 0.0000, 0.0000, 0.0000),
(425, 50141, 1072, 'SUN-EVSE22K01', 'SUN-EVSE22K01-EU-AC (Smart EV Charger) | Wireless Energy Management System', 349.0000, NULL, 349.0000, 25.0000, 1, 0, '0000-00-00 00:00:00', '', '', 0, 0, 0.0000, 0.0000, 0.0000),
(426, 50141, 1070, 'SUN-SMART-CT01', 'SUN-SMART-SWITCH01P3 (Smart Switch) | Wireless Energy Management System', 79.0000, NULL, 79.0000, 25.0000, 1, 0, '0000-00-00 00:00:00', '', '', 0, 0, 0.0000, 0.0000, 0.0000),
(424, 50126, 980, '', 'Gutschrift  Selbstabholung', -700.0000, 0.00, -700.0000, 22.0000, 1, 0, '2025-10-24 14:46:14', '', '', 0, 0, 0.0000, 0.0000, 0.0000),
(415, 50139, 1006, 'SUN-10K-SG02LP1-EU-AM3', 'SUN-10K-SG02LP1-EU-AM3 | Single Phase Hybrid Inverter | 2 MPPT | LV Battery Supported', 1299.0000, NULL, 1299.0000, 23.0000, 1, 0, '0000-00-00 00:00:00', '', '', 0, 0, 0.0000, 0.0000, 0.0000),
(416, 50140, 573, 'BOS-G-Pack5.1', 'BOS-G-Pack Pro (EU) [5.10kWh] High-Performance Commercial Battery Storage Module | ESS', 650.0000, 0.00, 7800.0000, 20.0000, 12, 0, '2025-08-29 14:55:21', '', '', 0, 0, 0.0000, 0.0000, 0.0000),
(420, 50140, 591, 'SE-G5.1-Pro-B', 'SE-G5.1-Pro-B (EU) [5,12 kWh] Battery Storage System | ESS', 630.0000, 0.00, 15120.0000, 20.0000, 24, 0, '2025-10-24 09:59:45', '', '', 0, 0, 0.0000, 0.0000, 0.0000),
(418, 50140, 579, 'BOS-G-PDU-2', 'BOS-G-PDU-2 High-Performance Power Distribution Unit (PDU) | ESS', 550.0000, 0.00, 1100.0000, 20.0000, 2, 0, '2025-08-29 14:56:19', '', '', 0, 0, 0.0000, 0.0000, 0.0000),
(419, 50140, 547, 'SUN-30K-SG02HP3-EU-AM3', 'SUN-30K-SG02HP3-EU-AM3 | Three-Phase Hybrid Inverter | 3 MPPT | HV Battery Supported', 2320.0000, 0.00, 6960.0000, 20.0000, 3, 0, '2025-08-29 14:59:07', '', '', 0, 0, 0.0000, 0.0000, 0.0000),
(421, 50140, 595, '3U-LRack', 'BOS-G | 3U-LRack | Rack', 250.0000, 0.00, 500.0000, 20.0000, 2, 0, '2025-10-24 10:00:03', '', '', 0, 0, 0.0000, 0.0000, 0.0000),
(422, 50140, 999, '', 'Pallet', 0.0000, 0.00, 0.0000, 20.0000, 5, 0, '2025-10-24 10:05:27', '', '', 0, 0, 0.0000, 0.0000, 0.0000),
(428, 50141, 1069, 'SUN-SMART-CT01', 'SUN-SMART-CT01 (Wireless CT Monitor) | Wireless Energy Management System', 69.0000, NULL, 414.0000, 25.0000, 6, 0, '0000-00-00 00:00:00', '', '', 0, 0, 0.0000, 0.0000, 0.0000),
(429, 50141, 1073, 'SUN-SMART-TX01', 'SUN-SMART-TX01 (Smart Transmitter) | Wireless Energy Management System', 25.0000, NULL, 125.0000, 25.0000, 5, 0, '0000-00-00 00:00:00', '', '', 0, 0, 0.0000, 0.0000, 0.0000),
(430, 50141, 1045, 'AE-FS2.0-2H2', 'AE-FS2.0-2H2 (EU) Home Solar Battery System | ESS', 569.0000, NULL, 569.0000, 25.0000, 1, 0, '0000-00-00 00:00:00', '', '', 0, 0, 0.0000, 0.0000, 0.0000),
(431, 50142, 1014, 'SUN-12K-SG05LP3-EU-SM2', 'SUN-12K-SG05LP3-EU-SM2 | Three-Phase Hybrid Inverter | 2 MPPT | LV Battery Supported', 1460.0000, 0.00, 17520.0000, 0.0000, 12, 0, '2025-10-27 09:49:23', '', '', 0, 0, 0.0000, 0.0000, 0.0000),
(432, 50142, 1016, 'SUN-20K-SG05LP3-EU-SM2', 'SUN-20K-SG05LP3-EU-SM2 | Three-Phase Hybrid Inverter | 2 MPPT | LV Battery Supported', 2160.0000, 0.00, 21600.0000, 0.0000, 10, 0, '2025-10-27 09:49:33', '', '', 0, 0, 0.0000, 0.0000, 0.0000),
(433, 50142, 1011, 'SUN-6K-SG05LP1-EU-AM2-P', 'SUN-6K-SG05LP1-EU-AM2-P | Three-Phase Hybrid Inverter | 2 MPPT | LV Battery Supported', 680.0000, 0.00, 6800.0000, 0.0000, 10, 0, '2025-10-27 09:50:34', '', '', 0, 0, 0.0000, 0.0000, 0.0000),
(434, 50142, 1024, 'SUN-30K-SG02HP3-EU-AM3', 'SUN-30K-SG02HP3-EU-AM3 | Three-Phase Hybrid Inverter | 3 MPPT | HV Battery Supported', 2380.0000, 0.00, 19040.0000, 0.0000, 8, 0, '2025-10-27 09:51:13', '', '', 0, 0, 0.0000, 0.0000, 0.0000),
(435, 50142, 1026, 'SUN-80K-SG02HP3-EU-EM6', 'SUN-80K-SG02HP3-EU-EM6 | Three-Phase Hybrid Inverter | 6 MPPT | HV Battery Supported', 5220.0000, 0.00, 20880.0000, 0.0000, 4, 0, '2025-10-27 09:51:23', '', '', 0, 0, 0.0000, 0.0000, 0.0000),
(436, 50142, 1056, 'BOS-G-PDU-2', 'BOS-G-PDU-2 High-Performance Power Distribution Unit (PDU) | ESS', 590.0000, 0.00, 4720.0000, 0.0000, 8, 0, '2025-10-27 09:51:36', '', '', 0, 0, 0.0000, 0.0000, 0.0000),
(437, 50142, 1050, 'BOS-G-Pack5.1-PRO', 'BOS-G-Pack5.1 PRO (EU) [5.10kWh] High-Performance Commercial Battery Storage Module | ESS', 688.0000, 0.00, 99072.0000, 0.0000, 144, 0, '2025-10-27 09:51:51', '', '', 0, 0, 0.0000, 0.0000, 0.0000),
(438, 50142, 1066, '3U-LRack', 'BOS-G | 3U-LRack | Rack', 235.0000, 0.00, 1175.0000, 0.0000, 5, 0, '2025-10-27 09:52:07', '', '', 0, 0, 0.0000, 0.0000, 0.0000),
(619, 50171, 1014, 'SUN-12K-SG05LP3-EU-SM2', 'SUN-12K-SG05LP3-EU-SM2 | Three-Phase Hybrid Inverter | 2 MPPT | LV Battery Supported', 1460.0000, 0.00, 35040.0000, 0.0000, 24, 0, '2025-11-11 13:47:58', '', '', 0, 0, 0.0000, 0.0000, 0.0000),
(443, 50143, 1050, 'BOS-G-Pack5.1-PRO', 'BOS-G-Pack5.1 PRO (EU) [5.10kWh] High-Performance Commercial Battery Storage Module | ESS', 635.0000, 0.00, 40640.0000, 0.0000, 64, 0, '2025-10-27 10:35:14', '', '', 0, 0, 0.0000, 0.0000, 0.0000),
(456, 50145, 1073, 'SUN-SMART-TX01', 'SUN-SMART-TX01 (Smart Transmitter) | Wireless Energy Management System', 22.0000, NULL, 22.0000, 23.0000, 1, 0, '0000-00-00 00:00:00', '', '', 0, 0, 0.0000, 0.0000, 0.0000),
(613, 50168, 1141, 'SUN_XL02 optimize Type B', 'SUN_XL02 optimize Type B', 28.5000, 0.00, 1425.0000, 22.0000, 50, 0, '2025-11-20 11:53:46', '', '', 0, 0, 0.0000, 0.0000, 0.0000),
(614, 50168, 1145, 'SUN-XL20-B-Concentrator', 'SUN XL20-B Concentrator', 95.5000, 0.00, 191.0000, 22.0000, 2, 0, '2025-11-20 11:54:09', '', '', 0, 0, 0.0000, 0.0000, 0.0000),
(615, 50168, 1064, 'GB-LBS-PRO+GB-LBase', 'GB-L PRO | GB-LBS-PRO+GB-LBase | ESS', 480.0000, 0.00, 480.0000, 22.0000, 1, 0, '2025-11-20 11:54:36', '', '', 0, 0, 0.0000, 0.0000, 0.0000),
(451, 50144, 1004, 'SUN-6K-SG05LP1-EU-AM2-P', 'SUN-6K-SG05LP1-EU-AM2-P | Single Phase Hybrid Inverter | 2 MPPT | LV Battery Supported', 676.0000, 0.00, 56784.0000, 0.0000, 84, 0, '2025-10-27 10:57:18', '', '', 0, 0, 0.0000, 0.0000, 0.0000),
(452, 50144, 1014, 'SUN-12K-SG05LP3-EU-SM2', 'SUN-12K-SG05LP3-EU-SM2 | Three-Phase Hybrid Inverter | 2 MPPT | LV Battery Supported', 1430.0000, 0.00, 171600.0000, 0.0000, 120, 0, '2025-10-27 10:57:55', '', '', 0, 0, 0.0000, 0.0000, 0.0000),
(453, 50144, 1015, 'SUN-15K-SG05LP3-EU-SM2', 'SUN-15K-SG05LP3-EU-SM2 | Three-Phase Hybrid Inverter | 2 MPPT | LV Battery Supported', 1610.0000, 0.00, 96600.0000, 0.0000, 60, 0, '2025-10-27 10:58:15', '', '', 0, 0, 0.0000, 0.0000, 0.0000),
(454, 50144, 999, '', 'Pallet', 0.0000, 0.00, 0.0000, 0.0000, 23, 0, '2025-10-27 10:59:03', '', '', 0, 0, 0.0000, 0.0000, 0.0000),
(455, 50144, 980, '', 'Discount', -10560.0000, 0.00, -10560.0000, 0.0000, 1, 0, '2025-10-27 11:03:46', '', '', 0, 0, 0.0000, 0.0000, 0.0000),
(457, 50145, 1059, 'RW-F16', 'RW-F16 (EU) [16 kWh] Battery Storage System | ESS', 1450.0000, NULL, 1450.0000, 23.0000, 1, 0, '0000-00-00 00:00:00', '', '', 0, 0, 0.0000, 0.0000, 0.0000),
(458, 50145, 1014, 'SUN-12K-SG05LP3-EU-SM2', 'SUN-12K-SG05LP3-EU-SM2 | Three-Phase Hybrid Inverter | 2 MPPT | LV Battery Supported', 1390.0000, NULL, 1390.0000, 23.0000, 1, 0, '0000-00-00 00:00:00', '', '', 0, 0, 0.0000, 0.0000, 0.0000),
(637, 50171, 1083, 'SUN-6K-SG05LP1-EU-AM2-P', 'SUN-6K-SG05LP1-EU-AM2-P', 680.0000, 0.00, 24480.0000, 0.0000, 36, 0, '2025-11-21 09:56:23', '', '', 0, 0, 0.0000, 0.0000, 0.0000),
(473, 50147, 1005, 'SUN-8K-SG05LP1-EU', 'SUN-8K-SG05LP1-EU | Single Phase Hybrid Inverter | 2 MPPT | LV Battery Supported', 1090.0000, NULL, 1090.0000, 23.0000, 1, 0, '0000-00-00 00:00:00', '', '', 0, 0, 0.0000, 0.0000, 0.0000),
(468, 50146, 1066, '3U-LRack', 'BOS-G | 3U-LRack | Rack', 239.0000, 0.00, 239.0000, 22.0000, 1, 0, '2025-10-28 10:50:13', '', '', 0, 0, 0.0000, 0.0000, 0.0000),
(467, 50146, 1056, 'BOS-G-PDU-2', 'BOS-G-PDU-2 High-Performance Power Distribution Unit (PDU) | ESS', 590.0000, 0.00, 590.0000, 22.0000, 1, 0, '2025-10-28 10:49:46', '', '', 0, 0, 0.0000, 0.0000, 0.0000),
(466, 50146, 1050, 'BOS-G-Pack5.1-PRO', 'BOS-G-Pack PRO (EU) [5.10kWh] High-Performance Commercial Battery Storage Module | ESS', 599.0000, 0.00, 1198.0000, 22.0000, 2, 0, '2025-10-28 10:49:19', '', '', 0, 0, 0.0000, 0.0000, 0.0000),
(474, 50147, 1059, 'RW-F16', 'RW-F16 (EU) [16 kWh] Battery Storage System | ESS', 1490.0000, NULL, 1490.0000, 23.0000, 1, 0, '0000-00-00 00:00:00', '', '', 0, 0, 0.0000, 0.0000, 0.0000),
(475, 50148, 1016, 'SUN-20K-SG05LP3-EU-SM2', 'SUN-20K-SG05LP3-EU-SM2 | Three-Phase Hybrid Inverter | 2 MPPT | LV Battery Supported', 1950.0000, 0.00, 3900.0000, 19.0000, 2, 0, '2025-10-29 09:44:09', '', '', 0, 0, 0.0000, 0.0000, 0.0000),
(476, 50149, 1026, 'SUN-80K-SG02HP3-EU-EM6', 'SUN-80K-SG02HP3-EU-EM6 | Three-Phase Hybrid Inverter | 6 MPPT | HV Battery Supported', 5190.0000, 0.00, 10380.0000, 0.0000, 2, 0, '2025-10-29 10:46:15', '', '', 0, 0, 0.0000, 0.0000, 0.0000),
(635, 50171, 1074, 'SE-F5-Pro', 'SE-F5 Pro Solar Battery System (Display Screen Version) | ESS', 685.0000, 0.00, 21920.0000, 0.0000, 32, 0, '2025-11-21 09:45:05', '', '', 0, 0, 0.0000, 0.0000, 0.0000),
(478, 50149, 950, '', 'EXW Kaarst - Full Payment in Advance -', 0.0000, 0.00, 0.0000, 0.0000, 1, 0, '2025-10-29 10:46:41', '', '', 0, 0, 0.0000, 0.0000, 0.0000),
(636, 50171, 1075, 'SE-F12', 'SE-F12 Solar Battery System (Display Screen Version) | ESS', 1181.2500, 0.00, 18900.0000, 0.0000, 16, 0, '2025-11-21 09:45:22', '', '', 0, 0, 0.0000, 0.0000, 0.0000),
(483, 50149, 1074, 'SE-F5-Pro -C', 'SE-F5 Pro Solar Battery System | ESS', 685.0000, 0.00, 21920.0000, 0.0000, 32, 0, '2025-10-30 15:22:34', '', '', 0, 0, 0.0000, 0.0000, 0.0000),
(595, 50165, 1004, 'SUN-6K-SG03LP1-EU-AM2-P', 'SUN-6K-SG03LP1-EU | Single Phase Hybrid Inverter | 2 MPPT | LV Battery Supported', 718.0000, 0.00, 10770.0000, 0.0000, 15, 0, '2025-11-14 09:14:41', '', '', 0, 0, 0.0000, 0.0000, 0.0000),
(490, 50151, 1071, 'SUN-SMART-PLUG01P1-F', 'SUN-SMART-PLUG01P1-F (Smart Plug) | Wireless Energy Management System', 49.0000, NULL, 147.0000, 19.0000, 3, 0, '0000-00-00 00:00:00', '', '', 0, 0, 0.0000, 0.0000, 0.0000),
(489, 50151, 1073, 'SUN-SMART-TX01', 'SUN-SMART-TX01 (Smart Transmitter) | Wireless Energy Management System', 25.0000, NULL, 75.0000, 19.0000, 3, 0, '0000-00-00 00:00:00', '', '', 0, 0, 0.0000, 0.0000, 0.0000),
(488, 50149, 1005, 'SUN-6K-SG05LP1-EU-AM2-P', 'SUN-6K-SG05LP1-EU | Single Phase Hybrid Inverter | 2 MPPT | LV Battery Supported', 680.0000, 0.00, 24480.0000, 0.0000, 36, 0, '2025-10-30 16:57:20', '', '', 0, 0, 0.0000, 0.0000, 0.0000),
(491, 50151, 1069, 'SUN-SMART-CT01', 'SUN-SMART-CT01 (Wireless CT Monitor) | Wireless Energy Management System', 59.0000, NULL, 177.0000, 19.0000, 3, 0, '0000-00-00 00:00:00', '', '', 0, 0, 0.0000, 0.0000, 0.0000),
(498, 50144, 950, '', 'NOTE: Weight According to Manifacturer-Data', 0.0000, 0.00, 0.0000, 0.0000, 1, 0, '2025-11-03 11:44:03', '', '', 0, 0, 0.0000, 0.0000, 0.0000),
(563, 50156, 1015, 'SUN-15K-SG05LP3-EU-SM2', 'SUN-15K-SG05LP3-EU-SM2 | Three-Phase Hybrid Inverter | 2 MPPT | LV Battery Supported', 1800.0000, 0.00, 5400.0000, 0.0000, 3, 0, '2025-11-12 09:30:09', '', '', 0, 0, 0.0000, 0.0000, 0.0000),
(495, 50152, 1069, 'SUN-SMART-CT01', 'SUN-SMART-CT01 (Wireless CT Monitor) | Wireless Energy Management System', 69.0000, NULL, 1035.0000, 25.0000, 15, 0, '0000-00-00 00:00:00', '', '', 0, 0, 0.0000, 0.0000, 0.0000),
(494, 50142, 1048, 'BOS-A', 'BOS-A', 990.0000, 0.00, 39600.0000, 0.0000, 40, 0, '2025-11-03 09:07:47', '', '', 0, 0, 0.0000, 0.0000, 0.0000),
(496, 50152, 1073, 'SUN-SMART-TX01', 'SUN-SMART-TX01 (Smart Transmitter) | Wireless Energy Management System', 25.0000, 0.00, 375.0000, 25.0000, 15, 0, '0000-00-00 00:00:00', '', '', 0, 0, 0.0000, 0.0000, 0.0000),
(515, 50155, 1069, 'SUN-SMART-CT01', 'SUN-SMART-CT01 (Wireless CT Monitor) | Wireless Energy Management System', 55.0000, NULL, 165.0000, 19.0000, 3, 0, '0000-00-00 00:00:00', '', '', 0, 0, 0.0000, 0.0000, 0.0000),
(500, 50153, 591, 'SE-G5.1-Pro-B', 'SE-G5.1-Pro-B (EU) [5,12 kWh] Battery Storage System | ESS', 749.7000, 0.00, 9746.1000, 19.0000, 13, 1, '2025-10-08 13:42:10', '', '', 0, 0, 0.0000, 0.0000, 0.0000),
(501, 50153, 536, 'SUN-10K-SG05LP3-EU-SM2', 'SUN-10K-SG05LP3-EU-SM2 | Three-Phase Hybrid Inverter | 2 MPPT | LV Battery Supported', 1664.8100, 0.00, 4994.4300, 19.0000, 3, 1, '2025-11-04 10:33:08', '', '', 0, 0, 0.0000, 0.0000, 0.0000),
(503, 50153, 534, 'SUN-6K-SG05LP3-EU-SM2', 'SUN-6K-SG05LP3-EU-SM2 | Three-Phase Hybrid Inverter | 2 MPPT | LV Battery Supported', 1606.5000, 0.00, 4819.5000, 19.0000, 3, 1, '2025-11-04 10:35:59', '', '', 0, 0, 0.0000, 0.0000, 0.0000),
(505, 50153, 1015, 'SUN-15K-SG05LP3-EU-SM2', 'SUN-15K-SG05LP3-EU-SM2 | Three-Phase Hybrid Inverter | 2 MPPT | LV Battery Supported', 1963.5000, 0.00, 1963.5000, 19.0000, 1, 1, '2025-11-04 10:41:18', '', '', 0, 0, 0.0000, 0.0000, 0.0000),
(516, 50155, 1073, 'SUN-SMART-TX01', 'SUN-SMART-TX01 (Smart Transmitter) | Wireless Energy Management System', 22.0000, NULL, 66.0000, 19.0000, 3, 0, '0000-00-00 00:00:00', '', '', 0, 0, 0.0000, 0.0000, 0.0000),
(608, 50167, 1071, 'SUN-SMART-PLUG01P1-F', 'SUN-SMART-PLUG01P1-F (Smart Plug) | Wireless Energy Management System', 49.0000, NULL, 147.0000, 0.0000, 3, 0, '0000-00-00 00:00:00', '', '', 0, 0, 0.0000, 0.0000, 0.0000),
(513, 50155, 1071, 'SUN-SMART-PLUG01P1-F', 'SUN-SMART-PLUG01P1-F (Smart Plug) | Wireless Energy Management System', 39.0000, NULL, 117.0000, 19.0000, 3, 0, '0000-00-00 00:00:00', '', '', 0, 0, 0.0000, 0.0000, 0.0000),
(514, 50155, 1072, 'SUN-EVSE22K01', 'SUN-EVSE22K01-EU-AC (Smart EV Charger) | Wireless Energy Management System', 279.0000, NULL, 279.0000, 19.0000, 1, 0, '0000-00-00 00:00:00', '', '', 0, 0, 0.0000, 0.0000, 0.0000),
(517, 50142, 1021, 'SUN-20K-SG01HP3-EU-AM2', 'SUN-20K-SG01HP3-EU-AM2 | Three-Phase Hybrid Inverter | 2 MPPT | HV Battery Supported', 1460.0000, 0.00, 5840.0000, 0.0000, 4, 0, '2025-11-04 15:10:55', '', '', 0, 0, 0.0000, 0.0000, 0.0000),
(618, 50170, 1059, 'RW-F16', 'RW-F16 (EU) [16 kWh] Battery Storage System | ESS', 1490.0000, NULL, 1490.0000, 21.0000, 1, 0, '0000-00-00 00:00:00', '', '', 0, 0, 0.0000, 0.0000, 0.0000),
(565, 50156, 1084, 'SUN-8K-SG05LP1-EU-AM2-P', 'SUN-8K-SG05LP1-EU-AM2-P', 1090.0000, 0.00, 6540.0000, 0.0000, 6, 0, '2025-11-12 09:31:11', '', '', 0, 0, 0.0000, 0.0000, 0.0000),
(522, 50156, 1026, 'SUN-80K-SG02HP3-EU-EM6', 'SUN-80K-SG02HP3-EU-EM6 | Three-Phase Hybrid Inverter | 6 MPPT | HV Battery Supported', 5220.0000, 0.00, 20880.0000, 0.0000, 4, 0, '2025-11-06 14:56:36', '', '', 0, 0, 0.0000, 0.0000, 0.0000),
(523, 50156, 1062, 'SE-G5.1-Pro-B', 'SE-G5.1-Pro-B (EU) [5,12 kWh] Battery Storage System | ESS', 675.0000, 0.00, 18900.0000, 0.0000, 28, 0, '2025-11-06 14:57:32', '', '', 0, 0, 0.0000, 0.0000, 0.0000),
(564, 50156, 1059, 'RW-F16', 'RW-F16 (EU) [16 kWh] Battery Storage System | ESS', 1670.0000, 0.00, 30060.0000, 0.0000, 18, 0, '2025-11-12 09:30:44', '', '', 0, 0, 0.0000, 0.0000, 0.0000),
(525, 50156, 1016, 'SUN-20K-SG05LP3-EU-SM2', 'SUN-20K-SG05LP3-EU-SM2 | Three-Phase Hybrid Inverter | 2 MPPT | LV Battery Supported', 2280.0000, 0.00, 22800.0000, 0.0000, 10, 0, '2025-11-06 14:58:20', '', '', 0, 0, 0.0000, 0.0000, 0.0000),
(567, 50098, 949, '', 'VAT No.: EL099371948', 0.0000, 0.00, 0.0000, 24.0000, 1, 0, '2025-11-12 09:50:29', '', '', 0, 0, 0.0000, 0.0000, 0.0000),
(527, 50157, 1072, 'SUN-EVSE22K01', 'SUN-EVSE22K01-EU-AC (Smart EV Charger) | Wireless Energy Management System', 289.0000, NULL, 289.0000, 25.0000, 1, 0, '0000-00-00 00:00:00', '', '', 0, 0, 0.0000, 0.0000, 0.0000),
(528, 50157, 1059, 'RW-F16', 'RW-F16 (EU) [16 kWh] Battery Storage System | ESS', 1490.0000, NULL, 1490.0000, 25.0000, 1, 0, '0000-00-00 00:00:00', '', '', 0, 0, 0.0000, 0.0000, 0.0000),
(529, 50158, 1059, 'RW-F16', 'RW-F16 (EU) [16 kWh] Battery Storage System | ESS', 1490.0000, NULL, 2980.0000, 21.0000, 2, 0, '0000-00-00 00:00:00', '', '', 0, 0, 0.0000, 0.0000, 0.0000),
(530, 50159, 579, 'BOS-G-PDU-2', 'BOS-G-PDU-2 High-Performance Power Distribution Unit (PDU) | ESS', 590.0000, 0.00, 2360.0000, 22.0000, 4, 0, '2025-11-07 13:51:22', '', '', 0, 0, 0.0000, 0.0000, 0.0000),
(532, 50159, 543, 'SUN-15K-SG01HP3-EU', 'SUN-15K-SG01HP3-EU | Three-Phase Hybrid Inverter | 2 MPPT | HV Battery Supported', 1199.0000, 0.00, 5995.0000, 22.0000, 5, 0, '2025-11-07 13:53:39', '', '', 0, 0, 0.0000, 0.0000, 0.0000),
(612, 50168, 1021, 'SUN-20K-SG01HP3-EU', 'SUN-20K-SG01HP3-EU-AM2 | Three-Phase Hybrid Inverter | 2 MPPT | HV Battery Supported', 1300.0000, 0.00, 3900.0000, 22.0000, 3, 0, '2025-11-20 11:51:13', '', '', 0, 0, 0.0000, 0.0000, 0.0000),
(534, 50156, 1014, 'SUN-12K-SG05LP3-EU-SM2', 'SUN-12K-SG05LP3-EU-SM2 | Three-Phase Hybrid Inverter | 2 MPPT | LV Battery Supported', 1550.0000, 0.00, 10850.0000, 0.0000, 7, 0, '2025-11-10 12:49:26', '', '', 0, 0, 0.0000, 0.0000, 0.0000),
(611, 50167, 1072, 'SUN-EVSE22K01', 'SUN-EVSE22K01-EU-AC (Smart EV Charger) | Wireless Energy Management System', 289.0000, NULL, 867.0000, 0.0000, 3, 0, '0000-00-00 00:00:00', '', '', 0, 0, 0.0000, 0.0000, 0.0000),
(536, 50160, 1030, 'SUN-6K-G06P3-EU-BM2-P1', 'SUN-6K-G06P3-EU-BM2-P1 | Three Phase String Inverter | 2 MPPT', 370.0000, 0.00, 7400.0000, 0.0000, 20, 0, '2025-10-27 10:37:24', '', '', 0, 0, 0.0000, 0.0000, 0.0000),
(617, 50170, 1014, 'SUN-12K-SG05LP3-EU-SM2', 'SUN-12K-SG05LP3-EU-SM2 | Three-Phase Hybrid Inverter | 2 MPPT | LV Battery Supported', 1430.0000, NULL, 1430.0000, 21.0000, 1, 0, '0000-00-00 00:00:00', '', '', 0, 0, 0.0000, 0.0000, 0.0000),
(616, 50169, 1026, 'SUN-80K-SG02HP3-EU-EM6', 'SUN-80K-SG02HP3-EU-EM6 | Three-Phase Hybrid Inverter | 6 MPPT | HV Battery Supported', 5050.0000, NULL, 5050.0000, 25.0000, 1, 0, '0000-00-00 00:00:00', '', '', 0, 0, 0.0000, 0.0000, 0.0000),
(541, 50160, 1078, 'SUN-XL02-B', 'SUN-XL02-B', 28.0000, 0.00, 8960.0000, 0.0000, 320, 0, '2025-10-27 13:04:50', '', '', 0, 0, 0.0000, 0.0000, 0.0000),
(542, 50160, 1079, 'SUN-XL20-B', 'SUN-XL20-B', 90.0000, 0.00, 1800.0000, 0.0000, 20, 0, '2025-10-27 13:04:50', '', '', 0, 0, 0.0000, 0.0000, 0.0000),
(548, 50161, 1015, 'SUN-15K-SG05LP3-EU-SM2', 'SUN-15K-SG05LP3-EU-SM2 | Three-Phase Hybrid Inverter | 2 MPPT | LV Battery Supported', 1700.0000, 0.00, 34000.0000, 0.0000, 20, 0, '2025-11-11 13:48:19', '', '', 0, 0, 0.0000, 0.0000, 0.0000),
(720, 50173, 8, '', 'DEYE LSE-3 Ethernet Logger', 55.0000, 0.00, 550.0000, 0.0000, 10, 0, '2025-12-09 15:31:32', '', '', 0, 0, 0.0000, 0.0000, 0.0000),
(721, 50194, 1059, 'RW-F16', 'RW-F16 (EU) [16 kWh] Battery Storage System | ESS', 1490.0000, NULL, 2980.0000, 21.0000, 2, 0, '0000-00-00 00:00:00', '', '', 0, 0, 0.0000, 0.0000, 0.0000),
(722, 50160, 566, 'SUN-M220G4-EU-Q0-1', 'SUN-M220G4-EU-Q0-1 | Micro Inverter | 4 MPPT', 195.0000, 0.00, 7800.0000, 0.0000, 40, 0, '2025-12-11 12:30:09', '', '', 0, 0, 0.0000, 0.0000, 0.0000),
(641, 50173, 1072, 'SUN-EVSE22K01', 'SUN-EVSE22K01-EU-AC (Smart EV Charger) | Wireless Energy Management System', 289.0000, 0.00, 578.0000, 0.0000, 2, 0, '0000-00-00 00:00:00', '', '', 0, 0, 0.0000, 0.0000, 0.0000),
(639, 50172, 1004, 'SUN-6K-SG03LP1-EU-AM2-P', 'SUN-6K-SG03LP1-EU | Single Phase Hybrid Inverter | 2 MPPT | LV Battery Supported', 699.0000, NULL, 699.0000, 20.0000, 1, 0, '0000-00-00 00:00:00', '', '', 0, 0, 0.0000, 0.0000, 0.0000),
(638, 50172, 1075, 'SE-F12-C', 'SE-F12-C Solar Battery System (Display Screen Version) | ESS', 1290.0000, NULL, 2580.0000, 20.0000, 2, 0, '0000-00-00 00:00:00', '', '', 0, 0, 0.0000, 0.0000, 0.0000),
(643, 50173, 1069, 'SUN-SMART-CT01', 'SUN-SMART-CT01 (Wireless CT Monitor) | Wireless Energy Management System', 59.0000, NULL, 177.0000, 0.0000, 3, 0, '0000-00-00 00:00:00', '', '', 0, 0, 0.0000, 0.0000, 0.0000),
(644, 50173, 1071, 'SUN-SMART-PLUG01P1-F', 'SUN-SMART-PLUG01P1-F (Smart Plug) | Wireless Energy Management System', 49.0000, 0.00, 98.0000, 0.0000, 2, 0, '0000-00-00 00:00:00', '', '', 0, 0, 0.0000, 0.0000, 0.0000),
(723, 50160, 1041, 'SUN-M100G4-EU-Q0', 'SUN-M100G4-EU-Q0 | Micro Inverter | 2 MPPT', 110.0000, 0.00, 7700.0000, 0.0000, 70, 0, '2025-12-11 12:30:40', '', '', 0, 0, 0.0000, 0.0000, 0.0000),
(646, 50174, 1025, 'SUN-50K-SG01HP3-EU-BM4', 'SUN-50K-SG01HP3-EU-BM4 | Three-Phase Hybrid Inverter | 4 MPPT | HV Battery Supported', 3924.0000, 0.00, 27468.0000, 0.0000, 7, 0, '2025-11-24 14:04:09', '', '', 0, 0, 0.0000, 0.0000, 0.0000),
(647, 50174, 1024, 'SUN-30K-SG02HP3-EU-AM3', 'SUN-30K-SG02HP3-EU-AM3 | Three-Phase Hybrid Inverter | 3 MPPT | HV Battery Supported', 2570.0000, 0.00, 2570.0000, 0.0000, 1, 0, '2025-11-24 14:05:14', '', '', 0, 0, 0.0000, 0.0000, 0.0000),
(562, 50156, 1061, 'RW-M6.1-B', 'RW-M6.1-B (EU) [6.1 kWh] Battery Storage System | ESS', 940.0000, 0.00, 3760.0000, 0.0000, 4, 0, '2025-11-12 09:29:37', '', '', 0, 0, 0.0000, 0.0000, 0.0000),
(579, 50163, 601, 'SUN-SMART-PLUG01P1-F', 'SUN-SMART-PLUG01P1-F (Smart Plug) | Wireless Energy Management System', 70.2100, 0.00, 70.2100, 19.0000, 1, 1, '2025-11-13 15:35:22', '', '', 0, 0, 0.0000, 0.0000, 0.0000),
(576, 50163, 1073, 'SUN-SMART-TX01', 'SUN-SMART-TX01 (Smart Transmitter) | Wireless Energy Management System', 29.7500, 0.00, 59.5000, 19.0000, 2, 1, '2025-11-13 15:34:40', '', '', 0, 0, 0.0000, 0.0000, 0.0000),
(577, 50163, 1072, 'SUN-EVSE22K01', 'SUN-EVSE22K01-EU-AC (Smart EV Charger) | Wireless Energy Management System', 415.3100, 0.00, 415.3100, 19.0000, 1, 1, '2025-11-13 15:34:54', '', '', 0, 0, 0.0000, 0.0000, 0.0000),
(578, 50163, 599, 'SUN-SMART-CT01', 'SUN-SMART-CT01 (Wireless CT Monitor) | Wireless Energy Management System', 82.1100, 0.00, 82.1100, 19.0000, 1, 1, '2025-11-13 15:35:22', '', '', 0, 0, 0.0000, 0.0000, 0.0000),
(603, 50154, 1059, 'RW-F16', 'RW-F16 (EU) [16 kWh] Battery Storage System | ESS', 1490.0000, 0.00, 160920.0000, 0.0000, 108, 0, '2025-11-18 11:40:40', '', '', 0, 0, 0.0000, 0.0000, 140.0000),
(574, 50162, 980, '', 'Gutschrift / Discount ETC. Rechnung 50140 vom 24.10.25 - eine BMS weniger', -550.0000, 0.00, -550.0000, 20.0000, 1, 0, '2025-11-12 12:09:41', '', '', 0, 0, 0.0000, 0.0000, 0.0000),
(580, 50163, 600, 'SUN-SMART-SWITCH01P3', 'SUN-SMART-SWITCH01P3 (Smart Switch) | Wireless Energy Management System', 94.0100, 0.00, 94.0100, 19.0000, 1, 1, '2025-11-13 15:35:22', '', '', 0, 0, 0.0000, 0.0000, 0.0000),
(586, 50164, 1062, 'SE-G5.1-Pro-B', 'SE-G5.1-Pro-B (EU) [5,12 kWh] Battery Storage System | ESS', 720.0000, 0.00, 14400.0000, 0.0000, 20, 0, '2025-11-14 09:16:52', '', '', 0, 0, 0.0000, 0.0000, 0.0000),
(609, 50167, 1069, 'SUN-SMART-CT01', 'SUN-SMART-CT01 (Wireless CT Monitor) | Wireless Energy Management System', 59.0000, NULL, 177.0000, 0.0000, 3, 0, '0000-00-00 00:00:00', '', '', 0, 0, 0.0000, 0.0000, 0.0000),
(610, 50167, 1070, 'SUN-SMART-SWITCH01P3', 'SUN-SMART-SWITCH01P3 (Smart Switch) | Wireless Energy Management System', 69.0000, NULL, 207.0000, 0.0000, 3, 0, '0000-00-00 00:00:00', '', '', 0, 0, 0.0000, 0.0000, 0.0000),
(594, 50149, 1075, 'SE-F12', 'SE-F12 Solar Battery System | ESS', 1181.2500, 0.00, 18900.0000, 0.0000, 16, 0, '2025-11-14 10:09:07', '', '', 0, 0, 0.0000, 0.0000, 0.0000),
(606, 50166, 1066, '3U-LRACK', 'BOS-G | 3U-LRack | Rack', 239.0000, NULL, 1195.0000, 0.0000, 5, 0, '0000-00-00 00:00:00', '', '', 0, 0, 0.0000, 0.0000, 0.0000),
(607, 50167, 1073, 'SUN-SMART-TX01', 'SUN-SMART-TX01 (Smart Transmitter) | Wireless Energy Management System', 25.0000, NULL, 75.0000, 0.0000, 3, 0, '0000-00-00 00:00:00', '', '', 0, 0, 0.0000, 0.0000, 0.0000),
(634, 50171, 1026, 'SUN-80K-SG02HP3-EU-EM6', 'SUN-80K-SG02HP3-EU-EM6 | Three-Phase Hybrid Inverter | 6 MPPT | HV Battery Supported', 5190.0000, 0.00, 10380.0000, 0.0000, 2, 0, '2025-11-21 09:44:46', '', '', 0, 0, 0.0000, 0.0000, 0.0000),
(622, 50171, 1062, 'SE-G5.1-Pro-B', 'SE-G5.1-Pro-B (EU) [5,12 kWh] Battery Storage System | ESS', 665.0000, 0.00, 74480.0000, 0.0000, 112, 0, '2025-11-11 13:48:48', '', '', 0, 0, 0.0000, 0.0000, 0.0000),
(623, 50171, 1025, 'SUN-50K-SG01HP3-EU-BM4', 'SUN-50K-SG01HP3-EU-BM4 | Three-Phase Hybrid Inverter | 4 MPPT | HV Battery Supported', 3660.0000, 0.00, 14640.0000, 0.0000, 4, 0, '2025-11-11 13:49:04', '', '', 0, 0, 0.0000, 0.0000, 0.0000),
(624, 50171, 1024, 'SUN-30K-SG02HP3-EU-AM3', 'SUN-30K-SG02HP3-EU-AM3 | Three-Phase Hybrid Inverter | 3 MPPT | HV Battery Supported', 2380.0000, 0.00, 11900.0000, 0.0000, 5, 0, '2025-11-11 13:49:21', '', '', 0, 0, 0.0000, 0.0000, 0.0000),
(625, 50171, 573, 'BOS-G-Pack5.1 Pro', 'BOS-G-Pack Pro (EU) [5.10kWh] High-Performance Commercial Battery Storage Module | ESS', 688.0000, 0.00, 77056.0000, 0.0000, 112, 0, '2025-11-11 13:49:34', '', '', 0, 0, 0.0000, 0.0000, 0.0000),
(626, 50171, 1056, 'BOS-G-PDU-2', 'BOS-G-PDU-2 High-Performance Power Distribution Unit (PDU) | ESS', 630.0000, 0.00, 5040.0000, 0.0000, 8, 0, '2025-11-11 13:49:48', '', '', 0, 0, 0.0000, 0.0000, 0.0000),
(627, 50171, 1065, '3U-HRACK', 'BOS-G | 3U-HRack | Rack', 280.0000, 0.00, 5600.0000, 0.0000, 20, 0, '2025-11-11 13:50:04', '', '', 0, 0, 0.0000, 0.0000, 0.0000),
(628, 50171, 1066, '3U-LRACK', 'BOS-G | 3U-LRack | Rack', 235.0000, 0.00, 1175.0000, 0.0000, 5, 0, '2025-11-11 14:20:02', '', '', 0, 0, 0.0000, 0.0000, 0.0000),
(629, 50171, 1073, 'SUN-SMART-TX01', 'SUN-SMART-TX01 (Smart Transmitter) | Wireless Energy Management System', 26.0000, 0.00, 520.0000, 0.0000, 20, 0, '2025-11-11 19:03:58', '', '', 0, 0, 0.0000, 0.0000, 0.0000),
(630, 50171, 1071, 'SUN-SMART-PLUG01P1-F', 'SUN-SMART-PLUG01P1-F (Smart Plug) | Wireless Energy Management System', 46.0000, 0.00, 5750.0000, 0.0000, 125, 0, '2025-11-11 19:04:22', '', '', 0, 0, 0.0000, 0.0000, 0.0000),
(631, 50171, 1070, 'SUN-SMART-SWITCH01P3', 'SUN-SMART-SWITCH01P3 (Smart Switch) | Wireless Energy Management System', 70.0000, 0.00, 700.0000, 0.0000, 10, 0, '2025-11-11 19:04:42', '', '', 0, 0, 0.0000, 0.0000, 0.0000),
(632, 50171, 1069, 'SUN-SMART-CT01', 'SUN-SMART-CT01 (Wireless CT Monitor) | Wireless Energy Management System', 61.0000, 0.00, 610.0000, 0.0000, 10, 0, '2025-11-11 19:05:05', '', '', 0, 0, 0.0000, 0.0000, 0.0000),
(648, 50174, 1050, 'BOS-G-Pack5.1-PRO', 'BOS-G-Pack PRO (EU) [5.10kWh] High-Performance Commercial Battery Storage Module | ESS', 708.0000, 0.00, 109032.0000, 0.0000, 154, 0, '2025-11-24 14:06:43', '', '', 0, 0, 0.0000, 0.0000, 0.0000),
(649, 50174, 1056, 'BOS-G-PDU-2', 'BOS-G-PDU-2 High-Performance Power Distribution Unit (PDU) | ESS', 653.0000, 0.00, 5224.0000, 0.0000, 8, 0, '2025-11-24 14:06:52', '', '', 0, 0, 0.0000, 0.0000, 0.0000),
(650, 50174, 1065, '3U-HRACK', 'BOS-G | 3U-HRack | Rack', 289.0000, 0.00, 2312.0000, 0.0000, 8, 0, '2025-11-24 14:07:06', '', '', 0, 0, 0.0000, 0.0000, 0.0000),
(651, 50174, 1004, 'SUN-6K-SG05LP1-EU-AM2-P', 'SUN-6K-SG05LP1-EU | Single Phase Hybrid Inverter | 2 MPPT | LV Battery Supported', 730.0000, 0.00, 13870.0000, 0.0000, 19, 0, '2025-11-24 14:07:34', '', '', 0, 0, 0.0000, 0.0000, 0.0000),
(652, 50174, 1062, 'SE-G5.1-Pro-B', 'SE-G5.1-Pro-B (EU) [5,12 kWh] Battery Storage System | ESS', 725.0000, 0.00, 20300.0000, 0.0000, 28, 0, '2025-11-24 14:07:45', '', '', 0, 0, 0.0000, 0.0000, 0.0000),
(653, 50174, 1021, 'SUN-20K-SG01HP3-EU-AM2', 'SUN-20K-SG01HP3-EU-AM2 | Three-Phase Hybrid Inverter | 2 MPPT | HV Battery Supported', 2460.0000, 0.00, 2460.0000, 0.0000, 1, 0, '2025-11-24 14:09:26', '', '', 0, 0, 0.0000, 0.0000, 0.0000),
(654, 50174, 1014, 'SUN-12K-SG05LP3-EU-SM2', 'SUN-12K-SG05LP3-EU-SM2 | Three-Phase Hybrid Inverter | 2 MPPT | LV Battery Supported', 1489.0000, 0.00, 2978.0000, 0.0000, 2, 0, '2025-11-24 14:09:43', '', '', 0, 0, 0.0000, 0.0000, 0.0000),
(655, 50174, 1059, 'RW-F16', 'RW-F16 (EU) [16 kWh] Battery Storage System | ESS', 1650.0000, 0.00, 1650.0000, 0.0000, 1, 0, '2025-11-24 14:09:55', '', '', 0, 0, 0.0000, 0.0000, 0.0000),
(660, 50176, 1050, 'BOS-G-Pack5.1-PRO', 'BOS-G-Pack PRO (EU) [5.10kWh] High-Performance Commercial Battery Storage Module | ESS', 639.0000, NULL, 7668.0000, 0.0000, 12, 0, '0000-00-00 00:00:00', '', '', 0, 0, 0.0000, 0.0000, 0.0000),
(659, 50175, 1015, 'SUN-15K-SG05LP3-EU-SM2', 'SUN-15K-SG05LP3-EU-SM2 | Three-Phase Hybrid Inverter | 2 MPPT | LV Battery Supported', 1650.0000, NULL, 1650.0000, 24.0000, 1, 0, '0000-00-00 00:00:00', '', '', 0, 0, 0.0000, 0.0000, 0.0000),
(661, 50176, 1068, 'BOS-A-Rack14', 'BOS-A | BOS-A-Rack14 | Rack', 269.0000, NULL, 269.0000, 0.0000, 1, 0, '0000-00-00 00:00:00', '', '', 0, 0, 0.0000, 0.0000, 0.0000),
(662, 50177, 982, 'SUN-BK100SG01-EU-AM2', 'SUN-BK100SG01-EU-AM2', 260.0000, 0.00, 7800.0000, 0.0000, 30, 0, '2025-11-26 13:32:45', '', '', 0, 0, 0.0000, 0.0000, 0.0000),
(667, 50177, 1078, 'SUN-XL02-B', 'SUN-XL02-B', 28.0000, 0.00, 8960.0000, 0.0000, 320, 0, '2025-11-26 13:35:21', '', '', 0, 0, 0.0000, 0.0000, 0.0000),
(668, 50177, 1079, 'SUN-XL20-B', 'SUN-XL20-B', 90.0000, 0.00, 1800.0000, 0.0000, 20, 0, '2025-11-26 13:35:32', '', '', 0, 0, 0.0000, 0.0000, 0.0000),
(665, 50177, 1041, 'SUN-M100G4-EU-Q0', 'SUN-M100G4-EU-Q0', 110.0000, 0.00, 7700.0000, 0.0000, 70, 0, '2025-11-26 13:34:24', '', '', 0, 0, 0.0000, 0.0000, 0.0000),
(666, 50177, 1043, 'SUN-M220G4-EU-Q0', 'SUN-M220G4-EU-Q0', 195.0000, 0.00, 7800.0000, 0.0000, 40, 0, '2025-11-26 13:34:43', '', '', 0, 0, 0.0000, 0.0000, 0.0000),
(669, 50177, 1030, 'SUN-6K-G06P3-EU-BM2', 'SUN-6K-G06P3-EU-BM2', 370.0000, 0.00, 7400.0000, 0.0000, 20, 0, '2025-11-26 13:36:06', '', '', 0, 0, 0.0000, 0.0000, 0.0000);
INSERT INTO `orders_products` (`orders_products_id`, `orders_id`, `products_id`, `products_model`, `products_name`, `products_price`, `products_discount_made`, `final_price`, `products_tax`, `products_quantity`, `allow_tax`, `date_added`, `amazon_order_item_code`, `amazon_sku`, `quantity_shipped`, `not_ship`, `marge`, `volume`, `weight`) VALUES
(687, 50183, 1025, 'SUN-50K-SG01HP3-EU-BM4', 'SUN-50K-SG01HP3-EU-BM4 | Three-Phase Hybrid Inverter | 4 MPPT | HV Battery Supported', 3675.0000, 0.00, 117600.0000, 0.0000, 32, 0, '2025-12-02 12:59:26', '', '', 0, 0, 0.0000, 0.0000, 102.5000),
(678, 50179, 1059, 'RW-F16', 'RW-F16 (EU) [16 kWh] Battery Storage System | ESS', 1490.0000, 0.00, 211580.0000, 0.0000, 142, 0, '2025-11-26 15:01:07', '', '', 0, 0, 0.0000, 0.2973, 146.7600),
(681, 50181, 1083, 'SUN-6K-SG05LP1-EU-AM2-P', 'SUN-6K-SG05LP1-EU-AM2-P', 740.0000, 0.00, 7400.0000, 0.0000, 10, 0, '2025-11-26 16:54:20', '', '', 0, 0, 0.0000, 0.0000, 0.0000),
(673, 50178, 1062, 'SE-G5.1-Pro-B', 'SE-G5.1-Pro-B (EU) [5,12 kWh] Battery Storage System | ESS', 675.0000, 0.00, 27000.0000, 0.0000, 40, 0, '2025-11-06 14:57:32', '', '', 0, 0, 0.0000, 0.0000, 0.0000),
(686, 50183, 1014, 'SUN-12K-SG05LP3-EU-SM2', 'SUN-12K-SG05LP3-EU-SM2 | Three-Phase Hybrid Inverter | 2 MPPT | LV Battery Supported', 1485.0000, 0.00, 71280.0000, 0.0000, 48, 0, '2025-12-02 12:59:12', '', '', 0, 0, 0.0000, 0.0000, 0.0000),
(682, 50181, 1014, 'SUN-12K-SG05LP3-EU-SM2', 'SUN-12K-SG05LP3-EU-SM2 | Three-Phase Hybrid Inverter | 2 MPPT | LV Battery Supported', 1530.0000, 0.00, 3060.0000, 0.0000, 2, 0, '2025-11-26 16:54:40', '', '', 0, 0, 0.0000, 0.0000, 0.0000),
(683, 50182, 1015, 'SUN-15K-SG05LP3-EU-SM2', 'SUN-15K-SG05LP3-EU-SM2 | Three-Phase Hybrid Inverter | 2 MPPT | LV Battery Supported', 1650.0000, NULL, 1650.0000, 19.0000, 1, 0, '0000-00-00 00:00:00', '', '', 0, 0, 0.0000, 0.0000, 0.0000),
(684, 50180, 1059, 'RW-F16', 'RW-F16 (EU) [16 kWh] Battery Storage System | ESS', 1670.0000, 0.00, 25050.0000, 0.0000, 15, 0, '2025-12-01 13:05:29', '', '', 0, 0, 0.0000, 0.0000, 0.0000),
(688, 50183, 1024, 'SUN-30K-SG02HP3-EU-AM3', 'SUN-30K-SG02HP3-EU-AM3 | Three-Phase Hybrid Inverter | 3 MPPT | HV Battery Supported', 2430.0000, 0.00, 48600.0000, 0.0000, 20, 0, '2025-12-02 12:59:41', '', '', 0, 0, 0.0000, 0.0000, 0.0000),
(689, 50183, 1008, 'SUN-16K-SG01LP1-EU', 'SUN-16K-SG01LP1-EU | Single Phase Hybrid Inverter | 3 MPPT | LV Battery Supported', 1730.0000, 0.00, 41520.0000, 0.0000, 24, 0, '2025-12-02 13:00:14', '', '', 0, 0, 0.0000, 0.0000, 0.0000),
(690, 50184, 1074, 'SE-F5-Pro', 'SE-F5 Pro Solar Battery System (Display Screen Version) | ESS', 685.0000, 0.00, 21920.0000, 0.0000, 32, 0, '2025-12-02 13:00:50', '', '', 0, 0, 0.0000, 0.0000, 0.0000),
(691, 50184, 1016, 'SUN-20K-SG05LP3-EU-SM2', 'SUN-20K-SG05LP3-EU-SM2 | Three-Phase Hybrid Inverter | 2 MPPT | LV Battery Supported', 2160.0000, 0.00, 8640.0000, 0.0000, 4, 0, '2025-12-02 13:01:07', '', '', 0, 0, 0.0000, 0.0000, 0.0000),
(692, 50184, 1059, 'RW-F16', 'RW-F16 (EU) [16 kWh] Battery Storage System | ESS', 1490.0000, 0.00, 17880.0000, 0.0000, 12, 0, '2025-12-02 13:01:21', '', '', 0, 0, 0.0000, 0.0000, 0.0000),
(693, 50185, 1068, 'BOS-A-Rack14', 'BOS-A | BOS-A-Rack14 | Rack', 300.0000, 0.00, 1500.0000, 0.0000, 5, 0, '2025-12-02 13:02:47', '', '', 0, 0, 0.0000, 0.0000, 0.0000),
(769, 50204, 1050, 'BOS-G-Pack5.1-PRO', 'BOS-G-Pack PRO (EU) [5.10kWh] High-Performance Commercial Battery Storage Module | ESS', 688.0000, 0.00, 27520.0000, 0.0000, 40, 0, '2025-12-17 15:07:07', '', '', 0, 0, 0.0000, 0.0000, 0.0000),
(770, 50204, 1056, 'BOS-G-PDU-2', 'BOS-G-PDU-2 High-Performance Power Distribution Unit (PDU) | ESS', 590.0000, 0.00, 4720.0000, 0.0000, 8, 0, '2025-12-17 15:07:51', '', '', 0, 0, 0.0000, 0.0000, 0.0000),
(696, 50185, 1052, 'BOS-B-PDU-2', 'BOS-B-PDU-2 High-Performance Power Distribution Unit (PDU) | ESS', 1070.0000, 0.00, 3210.0000, 0.0000, 3, 0, '2025-12-02 13:03:54', '', '', 0, 0, 0.0000, 0.0000, 0.0000),
(697, 50185, 872, 'BOS-B-PDU 2 Rack', 'BOS-B-PDU 2 Rack', 330.0000, 0.00, 990.0000, 0.0000, 3, 0, '2025-12-02 13:04:35', '', '', 0, 0, 0.0000, 0.0000, 0.0000),
(698, 50185, 1080, 'SUN-8K-SG05LP1-EU-AM2-P', 'SUN-8K-SG05LP1-EU-AM2-P', 980.0000, 0.00, 11760.0000, 0.0000, 12, 0, '2025-12-02 13:05:25', '', '', 0, 0, 0.0000, 0.0000, 0.0000),
(699, 50185, 1049, 'BOS-B', 'BOS-B-Pack (EU) [14.30kWh] High-Performance Commercial Battery Storage Module | ESS', 1530.0000, 0.00, 22950.0000, 0.0000, 15, 0, '2025-12-02 13:05:58', '', '', 0, 0, 0.0000, 0.0000, 0.0000),
(700, 50186, 1049, 'BOS-B', 'BOS-B-Pack (EU) [14.30kWh] High-Performance Commercial Battery Storage Module | ESS', 1530.0000, 0.00, 45900.0000, 0.0000, 30, 0, '2025-12-02 13:08:00', '', '', 0, 0, 0.0000, 0.0000, 0.0000),
(702, 50187, 1059, 'RW-F16', 'RW-F16 (EU) [16 kWh] Battery Storage System | ESS', 1600.0000, 0.00, 80000.0000, 23.0000, 50, 0, '2025-12-02 13:18:56', '', '', 0, 0, 0.0000, 0.0000, 0.0000),
(703, 50188, 1059, 'RW-F16', 'RW-F16 (EU) [16 kWh] Battery Storage System | ESS', 1500.0000, 0.00, 4500.0000, 20.0000, 3, 0, '2025-12-02 13:44:03', '', '', 0, 0, 0.0000, 0.0000, 0.0000),
(704, 50189, 1083, 'SUN-6K-SG05LP1-EU-AM2-P', 'SUN-6K-SG05LP1-EU-AM2-P | Single Phase Off-Grid Inverter | 2 MPPT | LV Battery Supported', 730.0000, 0.00, 23360.0000, 0.0000, 32, 0, '2025-12-02 14:59:19', '', '', 0, 0, 0.0000, 0.0000, 0.0000),
(705, 50189, 1007, 'SUN-12K-SG02LP1-EU-AM3', 'SUN-12K-SG02LP1-EU-AM3 | Single Phase Hybrid Inverter | 2 MPPT | LV Battery Supported', 1630.0000, 0.00, 19560.0000, 0.0000, 12, 0, '2025-12-02 14:59:39', '', '', 0, 0, 0.0000, 0.0000, 0.0000),
(706, 50189, 1014, 'SUN-12K-SG05LP3-EU-SM2', 'SUN-12K-SG05LP3-EU-SM2 | Three-Phase Hybrid Inverter | 2 MPPT | LV Battery Supported', 1550.0000, 0.00, 18600.0000, 0.0000, 12, 0, '2025-12-02 14:59:58', '', '', 0, 0, 0.0000, 0.0000, 0.0000),
(707, 50189, 1016, 'SUN-20K-SG05LP3-EU-SM2', 'SUN-20K-SG05LP3-EU-SM2 | Three-Phase Hybrid Inverter | 2 MPPT | LV Battery Supported', 2280.0000, 0.00, 45600.0000, 0.0000, 20, 0, '2025-12-02 15:00:19', '', '', 0, 0, 0.0000, 0.0000, 0.0000),
(709, 50190, 1083, 'SUN-6K-SG05LP1-EU-AM2-P', 'SUN-6K-SG05LP1-EU-AM2-P | Single Phase Off-Grid Inverter | 2 MPPT | LV Battery Supported', 740.0000, 0.00, 7400.0000, 0.0000, 10, 0, '2025-12-03 15:22:30', '', '', 0, 0, 0.0000, 0.0000, 0.0000),
(710, 50190, 1014, 'SUN-12K-SG05LP3-EU-SM2', 'SUN-12K-SG05LP3-EU-SM2 | Three-Phase Hybrid Inverter | 2 MPPT | LV Battery Supported', 1530.0000, 0.00, 3060.0000, 0.0000, 2, 0, '2025-12-03 15:22:42', '', '', 0, 0, 0.0000, 0.0000, 0.0000),
(742, 50199, 1006, 'SUN-10K-SG02LP1-EU-AM2-P', 'SUN-10K-SG02LP1-EU-AM2-P | Single Phase Hybrid Inverter | 2 MPPT | LV Battery Supported', 1209.0000, 0.00, 43524.0000, 21.0000, 36, 0, '2025-12-15 11:30:26', '', '', 0, 0, 0.0000, 0.0000, 0.0000),
(718, 50192, 599, 'SUN-SMART-CT01', 'SUN-SMART-CT01 (Wireless CT Monitor) | Wireless Energy Management System', 59.0000, NULL, 59.0000, 20.0000, 1, 0, '0000-00-00 00:00:00', '', '', 0, 0, 0.0000, 0.0000, 0.0000),
(716, 50191, 1075, 'SE-F12-C', 'SE-F12-C Solar Battery System (Display Screen Version) | ESS', 1380.0000, 0.00, 13800.0000, 0.0000, 10, 0, '2025-12-05 11:52:27', '', '', 0, 0, 0.0000, 0.0000, 0.0000),
(713, 50191, 1014, 'SUN-12K-SG05LP3-EU-SM2', 'SUN-12K-SG05LP3-EU-SM2 | Three-Phase Hybrid Inverter | 2 MPPT | LV Battery Supported', 1550.0000, 0.00, 10850.0000, 0.0000, 7, 0, '2025-12-02 14:59:58', '', '', 0, 0, 0.0000, 0.0000, 0.0000),
(715, 50191, 1083, 'SUN-6K-SG05LP1-EU-AM2-P', 'SUN-6K-SG05LP1-EU-AM2-P | Single Phase Off-Grid Inverter | 2 MPPT | LV Battery Supported', 730.0000, 0.00, 17520.0000, 0.0000, 24, 0, '2025-12-05 11:51:41', '', '', 0, 0, 0.0000, 0.0000, 0.0000),
(719, 50192, 602, 'SUN-EVSE22K01', 'SUN-EVSE22K01-EU-AC (Smart EV Charger) | Wireless Energy Management System', 289.0000, NULL, 289.0000, 20.0000, 1, 0, '0000-00-00 00:00:00', '', '', 0, 0, 0.0000, 0.0000, 0.0000),
(724, 50160, 1041, 'SUN-BK100SG01-EU-AM2', 'SUN-BK100SG01-EU-AM2 | Micro Inverter | 2 MPPT', 260.0000, 0.00, 7800.0000, 0.0000, 30, 0, '2025-12-11 12:32:36', '', '', 0, 0, 0.0000, 0.0000, 0.0000),
(725, 50195, 1025, 'SUN-50K-SG01HP3-EU-BM4', 'SUN-50K-SG01HP3-EU-BM4 | Three-Phase Hybrid Inverter | 4 MPPT | HV Battery Supported', 3680.0000, 0.00, 3680.0000, 20.0000, 1, 0, '2025-12-11 15:36:20', '', '', 0, 0, 0.0000, 0.0000, 0.0000),
(726, 50195, 1050, 'BOS-G-Pack5.1-PRO', 'BOS-G-Pack PRO (EU) [5.10kWh] High-Performance Commercial Battery Storage Module | ESS', 660.0000, 0.00, 6600.0000, 20.0000, 10, 0, '2025-12-11 15:44:05', '', '', 0, 0, 0.0000, 0.0000, 0.0000),
(729, 50195, 1056, 'BOS-G-PDU-2', 'BOS-G-PDU-2 High-Performance Power Distribution Unit (PDU) | ESS', 550.0000, 0.00, 550.0000, 20.0000, 1, 0, '2025-12-11 15:45:14', '', '', 0, 0, 0.0000, 0.0000, 0.0000),
(728, 50195, 1065, '3U-HRACK', 'BOS-G | 3U-HRack | Rack', 265.0000, 0.00, 265.0000, 20.0000, 1, 0, '2025-12-11 15:44:44', '', '', 0, 0, 0.0000, 0.0000, 0.0000),
(730, 50196, 1050, 'BOS-G-Pack5.1-PRO', 'BOS-G-Pack5.1 PRO (EU) [5.10kWh] High-Performance Commercial Battery Storage Module | ESS', 620.0000, 0.00, 210800.0000, 0.0000, 340, 0, '2025-12-12 09:08:28', '', '', 0, 0, 0.0000, 0.0000, 0.0000),
(731, 50196, 1056, 'BOS-G-PDU-2', 'BOS-G-PDU-2 High-Performance Power Distribution Unit (PDU) | ESS', 560.0000, 0.00, 19040.0000, 0.0000, 34, 0, '2025-12-12 09:09:23', '', '', 0, 0, 0.0000, 0.0000, 0.0000),
(732, 50196, 1065, '3U-HRACK', 'BOS-G | 3U-HRack | Rack', 210.0000, 0.00, 7140.0000, 0.0000, 34, 0, '2025-12-12 09:09:50', '', '', 0, 0, 0.0000, 0.0000, 0.0000),
(774, 50204, 1071, 'SUN-SMART-PLUG01P1-F', 'SUN-SMART-PLUG01P1-F (Smart Plug) | Wireless Energy Management System', 46.0000, 0.00, 4370.0000, 0.0000, 95, 0, '2025-12-17 15:18:08', '', '', 0, 0, 0.0000, 0.0000, 0.0000),
(735, 50197, 1015, 'SUN-15K-SG05LP3-EU-SM2', 'SUN-15K-SG05LP3-EU-SM2 | Three-Phase Hybrid Inverter | 2 MPPT | LV Battery Supported', 1700.0000, 0.00, 8500.0000, 0.0000, 5, 0, '2025-12-12 09:14:54', '', '', 0, 0, 0.0000, 0.0000, 0.0000),
(773, 50204, 1139, 'LSE-3 LAN', 'LSE-3 LAN', 35.0000, 0.00, 1400.0000, 0.0000, 40, 0, '2025-12-17 15:17:10', '', '', 0, 0, 0.0000, 0.0000, 0.0000),
(772, 50204, 1065, '3U-HRACK', 'BOS-G | 3U-HRack | Rack', 210.0000, 0.00, 2100.0000, 0.0000, 10, 0, '2025-12-17 15:16:34', '', '', 0, 0, 0.0000, 0.0000, 59.7200),
(771, 50204, 1025, 'SUN-50K-SG01HP3-EU-BM4', 'SUN-50K-SG01HP3-EU-BM4 | Three-Phase Hybrid Inverter | 4 MPPT | HV Battery Supported', 3660.0000, 0.00, 117120.0000, 0.0000, 32, 0, '2025-12-17 15:15:53', '', '', 0, 0, 0.0000, 0.0000, 0.0000),
(739, 50198, 1014, 'SUN-12K-SG05LP3-EU-SM2', 'SUN-12K-SG05LP3-EU-SM2 | Three-Phase Hybrid Inverter | 2 MPPT | LV Battery Supported', 1390.0000, 0.00, 2780.0000, 22.0000, 2, 0, '2025-12-15 10:28:50', '', '', 0, 0, 0.0000, 0.0000, 0.0000),
(740, 50198, 1021, 'SUN-20K-SG01HP3-EU-AM2', 'SUN-20K-SG01HP3-EU-AM2 | Three-Phase Hybrid Inverter | 2 MPPT | HV Battery Supported', 1300.0000, 0.00, 1300.0000, 22.0000, 1, 0, '2025-12-15 10:29:03', '', '', 0, 0, 0.0000, 0.0000, 0.0000),
(741, 50191, 8, 'Vertex S Trina', 'Trina Vertex S 445 Watt Modul', 53.0000, 0.00, 1908.0000, 0.0000, 36, 0, '2025-12-15 11:24:51', '', '', 0, 0, 0.0000, 0.0000, 0.0000),
(743, 50199, 1007, 'SUN-12K-SG02LP1-EU-AM3', 'SUN-12K-SG02LP1-EU-AM3 | Single Phase Hybrid Inverter | 2 MPPT | LV Battery Supported', 1300.0000, 0.00, 46800.0000, 21.0000, 36, 0, '2025-12-15 11:30:46', '', '', 0, 0, 0.0000, 0.0000, 0.0000),
(744, 50199, 1013, 'SUN-10K-SG05LP3-EU-SM2', 'SUN-10K-SG05LP3-EU-SM2 | Three-Phase Hybrid Inverter | 2 MPPT | LV Battery Supported', 1330.0000, 0.00, 15960.0000, 21.0000, 12, 0, '2025-12-15 11:31:33', '', '', 0, 0, 0.0000, 0.0000, 0.0000),
(745, 50199, 1014, 'SUN-12K-SG05LP3-EU-SM2', 'SUN-12K-SG05LP3-EU-SM2 | Three-Phase Hybrid Inverter | 2 MPPT | LV Battery Supported', 1380.0000, 0.00, 33120.0000, 21.0000, 24, 0, '2025-12-15 11:32:02', '', '', 0, 0, 0.0000, 0.0000, 0.0000),
(746, 50199, 1015, 'SUN-15K-SG05LP3-EU-SM2', 'SUN-15K-SG05LP3-EU-SM2 | Three-Phase Hybrid Inverter | 2 MPPT | LV Battery Supported', 1550.0000, 0.00, 46500.0000, 21.0000, 30, 0, '2025-12-15 11:32:25', '', '', 0, 0, 0.0000, 0.0000, 0.0000),
(747, 50199, 1016, 'SUN-20K-SG05LP3-EU-SM2', 'SUN-20K-SG05LP3-EU-SM2 | Three-Phase Hybrid Inverter | 2 MPPT | LV Battery Supported', 2095.0000, 0.00, 62850.0000, 21.0000, 30, 0, '2025-12-15 11:33:15', '', '', 0, 0, 0.0000, 0.0000, 0.0000),
(748, 50199, 1018, 'SUN-10K-SG01HP3-EU-AM2', 'SUN-10K-SG01HP3-EU-AM2 | Three-Phase Hybrid Inverter | 2 MPPT | HV Battery Supported', 910.0000, 0.00, 10920.0000, 21.0000, 12, 0, '2025-12-15 11:34:26', '', '', 0, 0, 0.0000, 0.0000, 0.0000),
(750, 50199, 1020, 'SUN-12K-SG05LP3-EU-SM2', 'SUN-15K-SG01HP3-EU-AM2 | Three-Phase Hybrid Inverter | 2 MPPT | HV Battery Supported', 1180.0000, 0.00, 14160.0000, 21.0000, 12, 0, '2025-12-15 11:35:52', '', '', 0, 0, 0.0000, 0.0000, 0.0000),
(751, 50199, 1021, 'SUN-20K-SG01HP3-EU-AM2', 'SUN-20K-SG01HP3-EU-AM2 | Three-Phase Hybrid Inverter | 2 MPPT | HV Battery Supported', 1365.0000, 0.00, 16380.0000, 21.0000, 12, 0, '2025-12-15 11:36:02', '', '', 0, 0, 0.0000, 0.0000, 0.0000),
(752, 50199, 1025, 'SUN-50K-SG01HP3-EU-BM4', 'SUN-50K-SG01HP3-EU-BM4 | Three-Phase Hybrid Inverter | 4 MPPT | HV Battery Supported', 3449.0000, 0.00, 27592.0000, 21.0000, 8, 0, '2025-12-15 11:36:14', '', '', 0, 0, 0.0000, 0.0000, 0.0000),
(753, 50199, 1026, 'SUN-80K-SG02HP3-EU-EM6', 'SUN-80K-SG02HP3-EU-EM6 | Three-Phase Hybrid Inverter | 6 MPPT | HV Battery Supported', 5057.0000, 0.00, 40456.0000, 21.0000, 8, 0, '2025-12-15 11:36:29', '', '', 0, 0, 0.0000, 0.0000, 0.0000),
(754, 50199, 1008, 'SUN-16K-SG01LP1-EU', 'SUN-16K-SG01LP1-EU | Single Phase Hybrid Inverter | 3 MPPT | LV Battery Supported', 1640.0000, 0.00, 16400.0000, 21.0000, 10, 0, '2025-12-15 11:38:08', '', '', 0, 0, 0.0000, 0.0000, 0.0000),
(777, 50205, 1062, 'SE-G5.1-Pro-B', 'SE-G5.1-Pro-B (EU) [5,12 kWh] Battery Storage System | ESS', 645.0000, 0.00, 268320.0000, 0.0000, 416, 0, '2025-12-17 15:56:59', '', '', 0, 0, 0.0000, 0.0000, 0.0000),
(763, 50201, 1073, 'SUN-SMART-TX01', 'SUN-SMART-TX01 (Smart Transmitter) | Wireless Energy Management System', 25.0000, NULL, 25.0000, 25.0000, 1, 0, '0000-00-00 00:00:00', '', '', 0, 0, 0.0000, 0.0000, 0.0000),
(762, 50201, 1069, 'SUN-SMART-CT01', 'SUN-SMART-CT01 (Wireless CT Monitor) | Wireless Energy Management System', 59.0000, NULL, 118.0000, 25.0000, 2, 0, '0000-00-00 00:00:00', '', '', 0, 0, 0.0000, 0.0000, 0.0000),
(761, 50201, 1012, 'SUN-8K-SG05LP3-EU-SM2', 'SUN-8K-SG05LP3-EU-SM2 | Three-Phase Hybrid Inverter | 2 MPPT | LV Battery Supported', 1375.0000, NULL, 1375.0000, 25.0000, 1, 0, '0000-00-00 00:00:00', '', '', 0, 0, 0.0000, 0.0000, 0.0000),
(776, 50204, 1014, 'SUN-12K-SG05LP3-EU-SM2', 'SUN-12K-SG05LP3-EU-SM2 | Three-Phase Hybrid Inverter | 2 MPPT | LV Battery Supported', 1460.0000, 0.00, 17520.0000, 0.0000, 12, 0, '2025-12-17 15:21:48', '', '', 0, 0, 0.0000, 0.0000, 0.0000),
(775, 50204, 1073, 'SUN-SMART-TX01', 'SUN-SMART-TX01 (Smart Transmitter) | Wireless Energy Management System', 26.0000, 0.00, 650.0000, 0.0000, 25, 0, '2025-12-17 15:20:42', '', '', 0, 0, 0.0000, 0.0000, 0.0000),
(766, 50203, 1015, 'SUN-15K-SG05LP3-EU-SM2', 'SUN-15K-SG05LP3-EU-SM2 | Three-Phase Hybrid Inverter | 2 MPPT | LV Battery Supported', 1650.0000, NULL, 1650.0000, 20.0000, 1, 0, '0000-00-00 00:00:00', '', '', 0, 0, 0.0000, 0.0000, 0.0000),
(768, 50204, 1016, 'SUN-20K-SG05LP3-EU-SM2', 'SUN-20K-SG05LP3-EU-SM2 | Three-Phase Hybrid Inverter | 2 MPPT | LV Battery Supported', 2160.0000, 0.00, 43200.0000, 0.0000, 20, 0, '2025-11-11 13:48:32', '', '', 0, 0, 0.0000, 0.0000, 0.0000),
(788, 50206, 1045, 'AE-FS2.0-2H2', 'AE-FS2.0-2H2 (EU) Home Solar Battery System | ESS', 540.0000, 0.00, 8100.0000, 0.0000, 15, 0, '2025-11-24 14:10:11', '', '', 0, 0, 0.0000, 0.0000, 0.0000),
(789, 50206, 1069, 'SUN-SMART-CT', 'SUN-SMART-CT for AE_FS2.0', 35.0000, 0.00, 525.0000, 0.0000, 15, 0, '2025-12-03 08:42:51', '', '', 0, 0, 0.0000, 0.0000, 0.0000);

-- --------------------------------------------------------

--
-- Tabellenstruktur für Tabelle `orders_products_attributes`
--

