INSERT INTO `products_tax_rates_allocation` (`products_tax_rates_allocation_id`, `products_id`, `tax_rates_id`, `date_added`) VALUES
(18310, 1026, 32, '2025-10-16 15:38:57'),
(18311, 1026, 35, '2025-10-16 15:38:57'),
(18312, 1026, 26, '2025-10-16 15:38:57'),
(18313, 1026, 39, '2025-10-16 15:38:57'),
(18314, 1026, 42, '2025-10-16 15:38:57'),
(18315, 1026, 45, '2025-10-16 15:38:57'),
(18316, 1026, 50, '2025-10-16 15:38:57'),
(18317, 1026, 54, '2025-10-16 15:38:57'),
(18318, 1026, 57, '2025-10-16 15:38:57'),
(18319, 1026, 61, '2025-10-16 15:38:57'),
(18320, 1026, 64, '2025-10-16 15:38:57'),
(18321, 1026, 67, '2025-10-16 15:38:57'),
(18322, 1026, 69, '2025-10-16 15:38:57'),
(18323, 1026, 72, '2025-10-16 15:38:57'),
(18324, 1026, 76, '2025-10-16 15:38:57'),
(18325, 1026, 79, '2025-10-16 15:38:57'),
(18326, 1026, 82, '2025-10-16 15:38:57'),
(18327, 1026, 84, '2025-10-16 15:38:57'),
(18328, 1026, 3, '2025-10-16 15:38:57'),
(18329, 1027, 1, '2025-10-16 15:39:05'),
(18330, 1027, 5, '2025-10-16 15:39:05'),
(18331, 1027, 9, '2025-10-16 15:39:05'),
(18332, 1027, 13, '2025-10-16 15:39:05'),
(18333, 1027, 15, '2025-10-16 15:39:05'),
(18334, 1027, 18, '2025-10-16 15:39:05'),
(18335, 1027, 21, '2025-10-16 15:39:05'),
(18336, 1027, 23, '2025-10-16 15:39:05'),
(18337, 1027, 24, '2025-10-16 15:39:05'),
(18338, 1027, 29, '2025-10-16 15:39:05'),
(18339, 1027, 32, '2025-10-16 15:39:05'),
(18340, 1027, 35, '2025-10-16 15:39:05'),
(18341, 1027, 26, '2025-10-16 15:39:05'),
(18342, 1027, 39, '2025-10-16 15:39:05'),
(18343, 1027, 42, '2025-10-16 15:39:05'),
(18344, 1027, 45, '2025-10-16 15:39:05'),
(18345, 1027, 50, '2025-10-16 15:39:05'),
(18346, 1027, 54, '2025-10-16 15:39:05'),
(18347, 1027, 57, '2025-10-16 15:39:05'),
(18348, 1027, 61, '2025-10-16 15:39:05'),
(18349, 1027, 64, '2025-10-16 15:39:05'),
(18350, 1027, 67, '2025-10-16 15:39:05'),
(18351, 1027, 69, '2025-10-16 15:39:05'),
(18352, 1027, 72, '2025-10-16 15:39:05'),
(18353, 1027, 76, '2025-10-16 15:39:05'),
(18354, 1027, 79, '2025-10-16 15:39:05'),
(18355, 1027, 82, '2025-10-16 15:39:05'),
(18356, 1027, 84, '2025-10-16 15:39:05'),
(18357, 1027, 3, '2025-10-16 15:39:05'),
(18358, 1028, 1, '2025-10-16 15:40:33'),
(18359, 1028, 5, '2025-10-16 15:40:33'),
(18360, 1028, 9, '2025-10-16 15:40:33'),
(18361, 1028, 13, '2025-10-16 15:40:33'),
(18362, 1028, 15, '2025-10-16 15:40:33'),
(18363, 1028, 18, '2025-10-16 15:40:33'),
(18364, 1028, 21, '2025-10-16 15:40:33'),
(18365, 1028, 23, '2025-10-16 15:40:33'),
(18366, 1028, 24, '2025-10-16 15:40:33'),
(18367, 1028, 29, '2025-10-16 15:40:33'),
(18368, 1028, 32, '2025-10-16 15:40:33'),
(18369, 1028, 35, '2025-10-16 15:40:33'),
(18370, 1028, 26, '2025-10-16 15:40:33'),
(18371, 1028, 39, '2025-10-16 15:40:33'),
(18372, 1028, 42, '2025-10-16 15:40:33'),
(18373, 1028, 45, '2025-10-16 15:40:33'),
(18374, 1028, 50, '2025-10-16 15:40:33'),
(18375, 1028, 54, '2025-10-16 15:40:33'),
(18376, 1028, 57, '2025-10-16 15:40:33'),
(18377, 1028, 61, '2025-10-16 15:40:33'),
(18378, 1028, 64, '2025-10-16 15:40:33'),
(18379, 1028, 67, '2025-10-16 15:40:33'),
(18380, 1028, 69, '2025-10-16 15:40:33'),
(18381, 1028, 72, '2025-10-16 15:40:33'),
(18382, 1028, 76, '2025-10-16 15:40:33'),
(18383, 1028, 79, '2025-10-16 15:40:33'),
(18384, 1028, 82, '2025-10-16 15:40:33'),
(18385, 1028, 84, '2025-10-16 15:40:33'),
(18386, 1028, 3, '2025-10-16 15:40:33'),
(18387, 1029, 1, '2025-10-16 15:40:39'),
(18388, 1029, 5, '2025-10-16 15:40:39'),
(18389, 1029, 9, '2025-10-16 15:40:39'),
(18390, 1029, 13, '2025-10-16 15:40:39'),
(18391, 1029, 15, '2025-10-16 15:40:39'),
(18392, 1029, 18, '2025-10-16 15:40:39'),
(18393, 1029, 21, '2025-10-16 15:40:39'),
(18394, 1029, 23, '2025-10-16 15:40:39'),
(18395, 1029, 24, '2025-10-16 15:40:39'),
(18396, 1029, 29, '2025-10-16 15:40:39'),
(18397, 1029, 32, '2025-10-16 15:40:39'),
(18398, 1029, 35, '2025-10-16 15:40:39'),
(18399, 1029, 26, '2025-10-16 15:40:39'),
(18400, 1029, 39, '2025-10-16 15:40:39'),
(18401, 1029, 42, '2025-10-16 15:40:39'),
(18402, 1029, 45, '2025-10-16 15:40:39'),
(18403, 1029, 50, '2025-10-16 15:40:39'),
(18404, 1029, 54, '2025-10-16 15:40:39'),
(18405, 1029, 57, '2025-10-16 15:40:39'),
(18406, 1029, 61, '2025-10-16 15:40:39'),
(18407, 1029, 64, '2025-10-16 15:40:39'),
(18408, 1029, 67, '2025-10-16 15:40:39'),
(18409, 1029, 69, '2025-10-16 15:40:39'),
(18410, 1029, 72, '2025-10-16 15:40:39'),
(18411, 1029, 76, '2025-10-16 15:40:39'),
(18412, 1029, 79, '2025-10-16 15:40:39'),
(18413, 1029, 82, '2025-10-16 15:40:39'),
(18414, 1029, 84, '2025-10-16 15:40:39'),
(18415, 1029, 3, '2025-10-16 15:40:39'),
(18416, 1030, 1, '2025-10-16 15:40:44'),
(18417, 1030, 5, '2025-10-16 15:40:44'),
(18418, 1030, 9, '2025-10-16 15:40:44'),
(18419, 1030, 13, '2025-10-16 15:40:44'),
(18420, 1030, 15, '2025-10-16 15:40:44'),
(18421, 1030, 18, '2025-10-16 15:40:44'),
(18422, 1030, 21, '2025-10-16 15:40:44'),
(18423, 1030, 23, '2025-10-16 15:40:44'),
(18424, 1030, 24, '2025-10-16 15:40:44'),
(18425, 1030, 29, '2025-10-16 15:40:44'),
(18426, 1030, 32, '2025-10-16 15:40:44'),
(18427, 1030, 35, '2025-10-16 15:40:44'),
(18428, 1030, 26, '2025-10-16 15:40:44'),
(18429, 1030, 39, '2025-10-16 15:40:44'),
(18430, 1030, 42, '2025-10-16 15:40:44'),
(18431, 1030, 45, '2025-10-16 15:40:44'),
(18432, 1030, 50, '2025-10-16 15:40:44'),
(18433, 1030, 54, '2025-10-16 15:40:44'),
(18434, 1030, 57, '2025-10-16 15:40:44'),
(18435, 1030, 61, '2025-10-16 15:40:44'),
(18436, 1030, 64, '2025-10-16 15:40:44'),
(18437, 1030, 67, '2025-10-16 15:40:44'),
(18438, 1030, 69, '2025-10-16 15:40:44'),
(18439, 1030, 72, '2025-10-16 15:40:44'),
(18440, 1030, 76, '2025-10-16 15:40:44'),
(18441, 1030, 79, '2025-10-16 15:40:44'),
(18442, 1030, 82, '2025-10-16 15:40:44'),
(18443, 1030, 84, '2025-10-16 15:40:44'),
(18444, 1030, 3, '2025-10-16 15:40:44'),
(18445, 1031, 1, '2025-10-16 15:40:51'),
(18446, 1031, 5, '2025-10-16 15:40:51'),
(18447, 1031, 9, '2025-10-16 15:40:51'),
(18448, 1031, 13, '2025-10-16 15:40:51'),
(18449, 1031, 15, '2025-10-16 15:40:51'),
(18450, 1031, 18, '2025-10-16 15:40:51'),
(18451, 1031, 21, '2025-10-16 15:40:51'),
(18452, 1031, 23, '2025-10-16 15:40:51'),
(18453, 1031, 24, '2025-10-16 15:40:51'),
(18454, 1031, 29, '2025-10-16 15:40:51'),
(18455, 1031, 32, '2025-10-16 15:40:51'),
(18456, 1031, 35, '2025-10-16 15:40:51'),
(18457, 1031, 26, '2025-10-16 15:40:51'),
(18458, 1031, 39, '2025-10-16 15:40:51'),
(18459, 1031, 42, '2025-10-16 15:40:51'),
(18460, 1031, 45, '2025-10-16 15:40:51'),
(18461, 1031, 50, '2025-10-16 15:40:51'),
(18462, 1031, 54, '2025-10-16 15:40:51'),
(18463, 1031, 57, '2025-10-16 15:40:51'),
(18464, 1031, 61, '2025-10-16 15:40:51'),
(18465, 1031, 64, '2025-10-16 15:40:51'),
(18466, 1031, 67, '2025-10-16 15:40:51'),
(18467, 1031, 69, '2025-10-16 15:40:51'),
(18468, 1031, 72, '2025-10-16 15:40:51'),
(18469, 1031, 76, '2025-10-16 15:40:51'),
(18470, 1031, 79, '2025-10-16 15:40:51'),
(18471, 1031, 82, '2025-10-16 15:40:51'),
(18472, 1031, 84, '2025-10-16 15:40:51'),
(18473, 1031, 3, '2025-10-16 15:40:51'),
(18474, 1032, 1, '2025-10-16 15:40:57'),
(18475, 1032, 5, '2025-10-16 15:40:57'),
(18476, 1032, 9, '2025-10-16 15:40:57'),
(18477, 1032, 13, '2025-10-16 15:40:57'),
(18478, 1032, 15, '2025-10-16 15:40:57'),
(18479, 1032, 18, '2025-10-16 15:40:57'),
(18480, 1032, 21, '2025-10-16 15:40:57'),
(18481, 1032, 23, '2025-10-16 15:40:57'),
(18482, 1032, 24, '2025-10-16 15:40:57'),
(18483, 1032, 29, '2025-10-16 15:40:57'),
(18484, 1032, 32, '2025-10-16 15:40:57'),
(18485, 1032, 35, '2025-10-16 15:40:57'),
(18486, 1032, 26, '2025-10-16 15:40:57'),
(18487, 1032, 39, '2025-10-16 15:40:57'),
(18488, 1032, 42, '2025-10-16 15:40:57'),
(18489, 1032, 45, '2025-10-16 15:40:57'),
(18490, 1032, 50, '2025-10-16 15:40:57'),
(18491, 1032, 54, '2025-10-16 15:40:57'),
(18492, 1032, 57, '2025-10-16 15:40:57'),
(18493, 1032, 61, '2025-10-16 15:40:57'),
(18494, 1032, 64, '2025-10-16 15:40:57'),
(18495, 1032, 67, '2025-10-16 15:40:57'),
(18496, 1032, 69, '2025-10-16 15:40:57'),
(18497, 1032, 72, '2025-10-16 15:40:57'),
(18498, 1032, 76, '2025-10-16 15:40:57'),
(18499, 1032, 79, '2025-10-16 15:40:57'),
(18500, 1032, 82, '2025-10-16 15:40:57'),
(18501, 1032, 84, '2025-10-16 15:40:57'),
(18502, 1032, 3, '2025-10-16 15:40:57'),
(18503, 1033, 1, '2025-10-16 15:41:05'),
(18504, 1033, 5, '2025-10-16 15:41:05'),
(18505, 1033, 9, '2025-10-16 15:41:05'),
(18506, 1033, 13, '2025-10-16 15:41:05'),
(18507, 1033, 15, '2025-10-16 15:41:05'),
(18508, 1033, 18, '2025-10-16 15:41:05'),
(18509, 1033, 21, '2025-10-16 15:41:05'),
(18510, 1033, 23, '2025-10-16 15:41:05'),
(18511, 1033, 24, '2025-10-16 15:41:05'),
(18512, 1033, 29, '2025-10-16 15:41:05'),
(18513, 1033, 32, '2025-10-16 15:41:05'),
(18514, 1033, 35, '2025-10-16 15:41:05'),
(18515, 1033, 26, '2025-10-16 15:41:05'),
(18516, 1033, 39, '2025-10-16 15:41:05'),
(18517, 1033, 42, '2025-10-16 15:41:05'),
(18518, 1033, 45, '2025-10-16 15:41:05'),
(18519, 1033, 50, '2025-10-16 15:41:05'),
(18520, 1033, 54, '2025-10-16 15:41:05'),
(18521, 1033, 57, '2025-10-16 15:41:05'),
(18522, 1033, 61, '2025-10-16 15:41:05'),
(18523, 1033, 64, '2025-10-16 15:41:05'),
(18524, 1033, 67, '2025-10-16 15:41:05'),
(18525, 1033, 69, '2025-10-16 15:41:05'),
(18526, 1033, 72, '2025-10-16 15:41:05'),
(18527, 1033, 76, '2025-10-16 15:41:05'),
(18528, 1033, 79, '2025-10-16 15:41:05'),
(18529, 1033, 82, '2025-10-16 15:41:05'),
(18530, 1033, 84, '2025-10-16 15:41:05'),
(18531, 1033, 3, '2025-10-16 15:41:05'),
(18532, 1034, 1, '2025-10-16 15:41:11'),
(18533, 1034, 5, '2025-10-16 15:41:11'),
(18534, 1034, 9, '2025-10-16 15:41:11'),
(18535, 1034, 13, '2025-10-16 15:41:11'),
(18536, 1034, 15, '2025-10-16 15:41:11'),
(18537, 1034, 18, '2025-10-16 15:41:11'),
(18538, 1034, 21, '2025-10-16 15:41:11'),
(18539, 1034, 23, '2025-10-16 15:41:11'),
(18540, 1034, 24, '2025-10-16 15:41:11'),
(18541, 1034, 29, '2025-10-16 15:41:11'),
(18542, 1034, 32, '2025-10-16 15:41:11'),
(18543, 1034, 35, '2025-10-16 15:41:11'),
(18544, 1034, 26, '2025-10-16 15:41:11'),
(18545, 1034, 39, '2025-10-16 15:41:11'),
(18546, 1034, 42, '2025-10-16 15:41:11'),
(18547, 1034, 45, '2025-10-16 15:41:11'),
(18548, 1034, 50, '2025-10-16 15:41:11'),
(18549, 1034, 54, '2025-10-16 15:41:11'),
(18550, 1034, 57, '2025-10-16 15:41:11'),
(18551, 1034, 61, '2025-10-16 15:41:11'),
(18552, 1034, 64, '2025-10-16 15:41:11'),
(18553, 1034, 67, '2025-10-16 15:41:11'),
(18554, 1034, 69, '2025-10-16 15:41:11'),
(18555, 1034, 72, '2025-10-16 15:41:11'),
(18556, 1034, 76, '2025-10-16 15:41:11'),
(18557, 1034, 79, '2025-10-16 15:41:11'),
(18558, 1034, 82, '2025-10-16 15:41:11'),
(18559, 1034, 84, '2025-10-16 15:41:11'),
(18560, 1034, 3, '2025-10-16 15:41:11'),
(18561, 1035, 1, '2025-10-16 15:41:18'),
(18562, 1035, 5, '2025-10-16 15:41:18'),
(18563, 1035, 9, '2025-10-16 15:41:18'),
(18564, 1035, 13, '2025-10-16 15:41:18'),
(18565, 1035, 15, '2025-10-16 15:41:18'),
(18566, 1035, 18, '2025-10-16 15:41:18'),
(18567, 1035, 21, '2025-10-16 15:41:18'),
(18568, 1035, 23, '2025-10-16 15:41:18'),
(18569, 1035, 24, '2025-10-16 15:41:18'),
(18570, 1035, 29, '2025-10-16 15:41:18'),
(18571, 1035, 32, '2025-10-16 15:41:18'),
(18572, 1035, 35, '2025-10-16 15:41:18'),
(18573, 1035, 26, '2025-10-16 15:41:18'),
(18574, 1035, 39, '2025-10-16 15:41:18'),
(18575, 1035, 42, '2025-10-16 15:41:18'),
(18576, 1035, 45, '2025-10-16 15:41:18'),
(18577, 1035, 50, '2025-10-16 15:41:18'),
(18578, 1035, 54, '2025-10-16 15:41:18'),
(18579, 1035, 57, '2025-10-16 15:41:18'),
(18580, 1035, 61, '2025-10-16 15:41:18'),
(18581, 1035, 64, '2025-10-16 15:41:18'),
(18582, 1035, 67, '2025-10-16 15:41:18'),
(18583, 1035, 69, '2025-10-16 15:41:18'),
(18584, 1035, 72, '2025-10-16 15:41:18'),
(18585, 1035, 76, '2025-10-16 15:41:18'),
(18586, 1035, 79, '2025-10-16 15:41:18'),
(18587, 1035, 82, '2025-10-16 15:41:18'),
(18588, 1035, 84, '2025-10-16 15:41:18'),
(18589, 1035, 3, '2025-10-16 15:41:18'),
(18590, 1036, 1, '2025-10-16 15:41:25'),
(18591, 1036, 5, '2025-10-16 15:41:25'),
(18592, 1036, 9, '2025-10-16 15:41:25'),
(18593, 1036, 13, '2025-10-16 15:41:25'),
(18594, 1036, 15, '2025-10-16 15:41:25'),
(18595, 1036, 18, '2025-10-16 15:41:25'),
(18596, 1036, 21, '2025-10-16 15:41:25'),
(18597, 1036, 23, '2025-10-16 15:41:25'),
(18598, 1036, 24, '2025-10-16 15:41:25'),
(18599, 1036, 29, '2025-10-16 15:41:25'),
(18600, 1036, 32, '2025-10-16 15:41:25'),
(18601, 1036, 35, '2025-10-16 15:41:25'),
(18602, 1036, 26, '2025-10-16 15:41:25'),
(18603, 1036, 39, '2025-10-16 15:41:25'),
(18604, 1036, 42, '2025-10-16 15:41:25'),
(18605, 1036, 45, '2025-10-16 15:41:25'),
(18606, 1036, 50, '2025-10-16 15:41:25'),
(18607, 1036, 54, '2025-10-16 15:41:25'),
(18608, 1036, 57, '2025-10-16 15:41:25'),
(18609, 1036, 61, '2025-10-16 15:41:25'),
(18610, 1036, 64, '2025-10-16 15:41:25'),
(18611, 1036, 67, '2025-10-16 15:41:25'),
(18612, 1036, 69, '2025-10-16 15:41:25'),
(18613, 1036, 72, '2025-10-16 15:41:25'),
(18614, 1036, 76, '2025-10-16 15:41:25'),
(18615, 1036, 79, '2025-10-16 15:41:25'),
(18616, 1036, 82, '2025-10-16 15:41:25'),
(18617, 1036, 84, '2025-10-16 15:41:25'),
(18618, 1036, 3, '2025-10-16 15:41:25'),
(18619, 1037, 1, '2025-10-16 15:41:31'),
(18620, 1037, 5, '2025-10-16 15:41:31'),
(18621, 1037, 9, '2025-10-16 15:41:31'),
(18622, 1037, 13, '2025-10-16 15:41:31'),
(18623, 1037, 15, '2025-10-16 15:41:31'),
(18624, 1037, 18, '2025-10-16 15:41:31'),
(18625, 1037, 21, '2025-10-16 15:41:31'),
(18626, 1037, 23, '2025-10-16 15:41:31'),
(18627, 1037, 24, '2025-10-16 15:41:31'),
(18628, 1037, 29, '2025-10-16 15:41:31'),
(18629, 1037, 32, '2025-10-16 15:41:31'),
(18630, 1037, 35, '2025-10-16 15:41:31'),
(18631, 1037, 26, '2025-10-16 15:41:31'),
(18632, 1037, 39, '2025-10-16 15:41:31'),
(18633, 1037, 42, '2025-10-16 15:41:31'),
(18634, 1037, 45, '2025-10-16 15:41:31'),
(18635, 1037, 50, '2025-10-16 15:41:31'),
(18636, 1037, 54, '2025-10-16 15:41:31'),
(18637, 1037, 57, '2025-10-16 15:41:31'),
(18638, 1037, 61, '2025-10-16 15:41:31'),
(18639, 1037, 64, '2025-10-16 15:41:31'),
(18640, 1037, 67, '2025-10-16 15:41:31'),
(18641, 1037, 69, '2025-10-16 15:41:31'),
(18642, 1037, 72, '2025-10-16 15:41:31'),
(18643, 1037, 76, '2025-10-16 15:41:31'),
(18644, 1037, 79, '2025-10-16 15:41:31'),
(18645, 1037, 82, '2025-10-16 15:41:31'),
(18646, 1037, 84, '2025-10-16 15:41:31'),
(18647, 1037, 3, '2025-10-16 15:41:31'),
(18648, 1038, 1, '2025-10-16 15:41:38'),
(18649, 1038, 5, '2025-10-16 15:41:38'),
(18650, 1038, 9, '2025-10-16 15:41:38'),
(18651, 1038, 13, '2025-10-16 15:41:38'),
(18652, 1038, 15, '2025-10-16 15:41:38'),
(18653, 1038, 18, '2025-10-16 15:41:38'),
(18654, 1038, 21, '2025-10-16 15:41:38'),
(18655, 1038, 23, '2025-10-16 15:41:38'),
(18656, 1038, 24, '2025-10-16 15:41:38'),
(18657, 1038, 29, '2025-10-16 15:41:38'),
(18658, 1038, 32, '2025-10-16 15:41:38'),
(18659, 1038, 35, '2025-10-16 15:41:38'),
(18660, 1038, 26, '2025-10-16 15:41:38'),
(18661, 1038, 39, '2025-10-16 15:41:38'),
(18662, 1038, 42, '2025-10-16 15:41:38'),
(18663, 1038, 45, '2025-10-16 15:41:38'),
(18664, 1038, 50, '2025-10-16 15:41:38'),
(18665, 1038, 54, '2025-10-16 15:41:38'),
(18666, 1038, 57, '2025-10-16 15:41:38'),
(18667, 1038, 61, '2025-10-16 15:41:38'),
(18668, 1038, 64, '2025-10-16 15:41:38'),
(18669, 1038, 67, '2025-10-16 15:41:38'),
(18670, 1038, 69, '2025-10-16 15:41:38'),
(18671, 1038, 72, '2025-10-16 15:41:38'),
(18672, 1038, 76, '2025-10-16 15:41:38'),
(18673, 1038, 79, '2025-10-16 15:41:38'),
(18674, 1038, 82, '2025-10-16 15:41:38'),
(18675, 1038, 84, '2025-10-16 15:41:38'),
(18676, 1038, 3, '2025-10-16 15:41:38'),
(18677, 1039, 1, '2025-10-16 15:41:45'),
(18678, 1039, 5, '2025-10-16 15:41:45'),
(18679, 1039, 9, '2025-10-16 15:41:45'),
(18680, 1039, 13, '2025-10-16 15:41:45'),
(18681, 1039, 15, '2025-10-16 15:41:45'),
(18682, 1039, 18, '2025-10-16 15:41:45'),
(18683, 1039, 21, '2025-10-16 15:41:45'),
(18684, 1039, 23, '2025-10-16 15:41:45'),
(18685, 1039, 24, '2025-10-16 15:41:45'),
(18686, 1039, 29, '2025-10-16 15:41:45'),
(18687, 1039, 32, '2025-10-16 15:41:45'),
(18688, 1039, 35, '2025-10-16 15:41:45'),
(18689, 1039, 26, '2025-10-16 15:41:45'),
(18690, 1039, 39, '2025-10-16 15:41:45'),
(18691, 1039, 42, '2025-10-16 15:41:45'),
(18692, 1039, 45, '2025-10-16 15:41:45'),
(18693, 1039, 50, '2025-10-16 15:41:45'),
(18694, 1039, 54, '2025-10-16 15:41:45'),
(18695, 1039, 57, '2025-10-16 15:41:45'),
(18696, 1039, 61, '2025-10-16 15:41:45'),
(18697, 1039, 64, '2025-10-16 15:41:45'),
(18698, 1039, 67, '2025-10-16 15:41:45'),
(18699, 1039, 69, '2025-10-16 15:41:45'),
(18700, 1039, 72, '2025-10-16 15:41:45'),
(18701, 1039, 76, '2025-10-16 15:41:45'),
(18702, 1039, 79, '2025-10-16 15:41:45'),
(18703, 1039, 82, '2025-10-16 15:41:45'),
(18704, 1039, 84, '2025-10-16 15:41:45'),
(18705, 1039, 3, '2025-10-16 15:41:45'),
(18706, 1040, 1, '2025-10-16 15:41:52'),
(18707, 1040, 5, '2025-10-16 15:41:52'),
(18708, 1040, 9, '2025-10-16 15:41:52'),
(18709, 1040, 13, '2025-10-16 15:41:52'),
(18710, 1040, 15, '2025-10-16 15:41:52'),
(18711, 1040, 18, '2025-10-16 15:41:52'),
(18712, 1040, 21, '2025-10-16 15:41:52'),
(18713, 1040, 23, '2025-10-16 15:41:52'),
(18714, 1040, 24, '2025-10-16 15:41:52'),
(18715, 1040, 29, '2025-10-16 15:41:52'),
(18716, 1040, 32, '2025-10-16 15:41:52'),
(18717, 1040, 35, '2025-10-16 15:41:52'),
(18718, 1040, 26, '2025-10-16 15:41:52'),
(18719, 1040, 39, '2025-10-16 15:41:52'),
(18720, 1040, 42, '2025-10-16 15:41:52'),
(18721, 1040, 45, '2025-10-16 15:41:52'),
(18722, 1040, 50, '2025-10-16 15:41:52'),
(18723, 1040, 54, '2025-10-16 15:41:52'),
(18724, 1040, 57, '2025-10-16 15:41:52'),
(18725, 1040, 61, '2025-10-16 15:41:52'),
(18726, 1040, 64, '2025-10-16 15:41:52'),
(18727, 1040, 67, '2025-10-16 15:41:52'),
(18728, 1040, 69, '2025-10-16 15:41:52'),
(18729, 1040, 72, '2025-10-16 15:41:52'),
(18730, 1040, 76, '2025-10-16 15:41:52'),
(18731, 1040, 79, '2025-10-16 15:41:52'),
(18732, 1040, 82, '2025-10-16 15:41:52'),
(18733, 1040, 84, '2025-10-16 15:41:52'),
(18734, 1040, 3, '2025-10-16 15:41:52'),
(18735, 1041, 1, '2025-10-16 15:42:01'),
(18736, 1041, 5, '2025-10-16 15:42:01'),
(18737, 1041, 9, '2025-10-16 15:42:01'),
(18738, 1041, 13, '2025-10-16 15:42:01'),
(18739, 1041, 15, '2025-10-16 15:42:01'),
(18740, 1041, 18, '2025-10-16 15:42:01'),
(18741, 1041, 21, '2025-10-16 15:42:01'),
(18742, 1041, 23, '2025-10-16 15:42:01'),
(18743, 1041, 24, '2025-10-16 15:42:01'),
(18744, 1041, 29, '2025-10-16 15:42:01'),
(18745, 1041, 32, '2025-10-16 15:42:01'),
(18746, 1041, 35, '2025-10-16 15:42:01'),
(18747, 1041, 26, '2025-10-16 15:42:01'),
(18748, 1041, 39, '2025-10-16 15:42:01'),
(18749, 1041, 42, '2025-10-16 15:42:01'),
(18750, 1041, 45, '2025-10-16 15:42:01'),
(18751, 1041, 50, '2025-10-16 15:42:01'),
(18752, 1041, 54, '2025-10-16 15:42:01'),
(18753, 1041, 57, '2025-10-16 15:42:01'),
(18754, 1041, 61, '2025-10-16 15:42:01'),
(18755, 1041, 64, '2025-10-16 15:42:01'),
(18756, 1041, 67, '2025-10-16 15:42:01'),
(18757, 1041, 69, '2025-10-16 15:42:01'),
(18758, 1041, 72, '2025-10-16 15:42:01'),
(18759, 1041, 76, '2025-10-16 15:42:01'),
(18760, 1041, 79, '2025-10-16 15:42:01'),
(18761, 1041, 82, '2025-10-16 15:42:01'),
(18762, 1041, 84, '2025-10-16 15:42:01'),
(18763, 1041, 3, '2025-10-16 15:42:01'),
(18764, 1042, 1, '2025-10-16 15:42:10'),
(18765, 1042, 5, '2025-10-16 15:42:10'),
(18766, 1042, 9, '2025-10-16 15:42:10'),
(18767, 1042, 13, '2025-10-16 15:42:10'),
(18768, 1042, 15, '2025-10-16 15:42:10'),
(18769, 1042, 18, '2025-10-16 15:42:10'),
(18770, 1042, 21, '2025-10-16 15:42:10'),
(18771, 1042, 23, '2025-10-16 15:42:10'),
(18772, 1042, 24, '2025-10-16 15:42:10'),
(18773, 1042, 29, '2025-10-16 15:42:10'),
(18774, 1042, 32, '2025-10-16 15:42:10'),
(18775, 1042, 35, '2025-10-16 15:42:10'),
(18776, 1042, 26, '2025-10-16 15:42:10'),
(18777, 1042, 39, '2025-10-16 15:42:10'),
(18778, 1042, 42, '2025-10-16 15:42:10'),
(18779, 1042, 45, '2025-10-16 15:42:10'),
(18780, 1042, 50, '2025-10-16 15:42:10'),
(18781, 1042, 54, '2025-10-16 15:42:10'),
(18782, 1042, 57, '2025-10-16 15:42:10'),
(18783, 1042, 61, '2025-10-16 15:42:10'),
(18784, 1042, 64, '2025-10-16 15:42:10'),
(18785, 1042, 67, '2025-10-16 15:42:10'),
(18786, 1042, 69, '2025-10-16 15:42:10'),
(18787, 1042, 72, '2025-10-16 15:42:10'),
(18788, 1042, 76, '2025-10-16 15:42:10'),
(18789, 1042, 79, '2025-10-16 15:42:10'),
(18790, 1042, 82, '2025-10-16 15:42:10'),
(18791, 1042, 84, '2025-10-16 15:42:10'),
(18792, 1042, 3, '2025-10-16 15:42:10'),
(18793, 1043, 1, '2025-10-16 15:42:17'),
(18794, 1043, 5, '2025-10-16 15:42:17'),
(18795, 1043, 9, '2025-10-16 15:42:17'),
(18796, 1043, 13, '2025-10-16 15:42:17'),
(18797, 1043, 15, '2025-10-16 15:42:17'),
(18798, 1043, 18, '2025-10-16 15:42:17'),
(18799, 1043, 21, '2025-10-16 15:42:17'),
(18800, 1043, 23, '2025-10-16 15:42:17'),
(18801, 1043, 24, '2025-10-16 15:42:17'),
(18802, 1043, 29, '2025-10-16 15:42:17'),
(18803, 1043, 32, '2025-10-16 15:42:17'),
(18804, 1043, 35, '2025-10-16 15:42:17'),
(18805, 1043, 26, '2025-10-16 15:42:17'),
(18806, 1043, 39, '2025-10-16 15:42:17'),
(18807, 1043, 42, '2025-10-16 15:42:17'),
(18808, 1043, 45, '2025-10-16 15:42:17'),
(18809, 1043, 50, '2025-10-16 15:42:17'),
(18810, 1043, 54, '2025-10-16 15:42:17'),
(18811, 1043, 57, '2025-10-16 15:42:17'),
(18812, 1043, 61, '2025-10-16 15:42:17'),
(18813, 1043, 64, '2025-10-16 15:42:17'),
(18814, 1043, 67, '2025-10-16 15:42:17'),
(18815, 1043, 69, '2025-10-16 15:42:17'),
(18816, 1043, 72, '2025-10-16 15:42:17'),
(18817, 1043, 76, '2025-10-16 15:42:17'),
(18818, 1043, 79, '2025-10-16 15:42:17'),
(18819, 1043, 82, '2025-10-16 15:42:17'),
(18820, 1043, 84, '2025-10-16 15:42:17'),
(18821, 1043, 3, '2025-10-16 15:42:17'),
(18822, 1044, 1, '2025-10-16 15:42:27'),
(18823, 1044, 5, '2025-10-16 15:42:27'),
(18824, 1044, 9, '2025-10-16 15:42:27'),
(18825, 1044, 13, '2025-10-16 15:42:27'),
(18826, 1044, 15, '2025-10-16 15:42:27'),
(18827, 1044, 18, '2025-10-16 15:42:27'),
(18828, 1044, 21, '2025-10-16 15:42:27'),
(18829, 1044, 23, '2025-10-16 15:42:27'),
(18830, 1044, 24, '2025-10-16 15:42:27'),
(18831, 1044, 29, '2025-10-16 15:42:27'),
(18832, 1044, 32, '2025-10-16 15:42:27'),
(18833, 1044, 35, '2025-10-16 15:42:27'),
(18834, 1044, 26, '2025-10-16 15:42:27'),
(18835, 1044, 39, '2025-10-16 15:42:27'),
(18836, 1044, 42, '2025-10-16 15:42:27'),
(18837, 1044, 45, '2025-10-16 15:42:27'),
(18838, 1044, 50, '2025-10-16 15:42:27'),
(18839, 1044, 54, '2025-10-16 15:42:27'),
(18840, 1044, 57, '2025-10-16 15:42:27'),
(18841, 1044, 61, '2025-10-16 15:42:27'),
(18842, 1044, 64, '2025-10-16 15:42:27'),
(18843, 1044, 67, '2025-10-16 15:42:27'),
(18844, 1044, 69, '2025-10-16 15:42:27'),
(18845, 1044, 72, '2025-10-16 15:42:27'),
(18846, 1044, 76, '2025-10-16 15:42:27'),
(18847, 1044, 79, '2025-10-16 15:42:27'),
(18848, 1044, 82, '2025-10-16 15:42:27'),
(18849, 1044, 84, '2025-10-16 15:42:27'),
(18850, 1044, 3, '2025-10-16 15:42:27'),
(18851, 1045, 1, '2025-10-16 15:42:33'),
(18852, 1045, 5, '2025-10-16 15:42:33'),
(18853, 1045, 9, '2025-10-16 15:42:33'),
(18854, 1045, 13, '2025-10-16 15:42:33'),
(18855, 1045, 15, '2025-10-16 15:42:33'),
(18856, 1045, 18, '2025-10-16 15:42:33'),
(18857, 1045, 21, '2025-10-16 15:42:33'),
(18858, 1045, 23, '2025-10-16 15:42:33'),
(18859, 1045, 24, '2025-10-16 15:42:33'),
(18860, 1045, 29, '2025-10-16 15:42:33'),
(18861, 1045, 32, '2025-10-16 15:42:33'),
(18862, 1045, 35, '2025-10-16 15:42:33'),
(18863, 1045, 26, '2025-10-16 15:42:33'),
(18864, 1045, 39, '2025-10-16 15:42:33'),
(18865, 1045, 42, '2025-10-16 15:42:33'),
(18866, 1045, 45, '2025-10-16 15:42:33'),
(18867, 1045, 50, '2025-10-16 15:42:33'),
(18868, 1045, 54, '2025-10-16 15:42:33'),
(18869, 1045, 57, '2025-10-16 15:42:33'),
(18870, 1045, 61, '2025-10-16 15:42:33'),
(18871, 1045, 64, '2025-10-16 15:42:33'),
(18872, 1045, 67, '2025-10-16 15:42:33'),
(18873, 1045, 69, '2025-10-16 15:42:33'),
(18874, 1045, 72, '2025-10-16 15:42:33'),
(18875, 1045, 76, '2025-10-16 15:42:33'),
(18876, 1045, 79, '2025-10-16 15:42:33'),
(18877, 1045, 82, '2025-10-16 15:42:33'),
(18878, 1045, 84, '2025-10-16 15:42:33'),
(18879, 1045, 3, '2025-10-16 15:42:33'),
(18880, 1046, 1, '2025-10-16 15:42:40'),
(18881, 1046, 5, '2025-10-16 15:42:40'),
(18882, 1046, 9, '2025-10-16 15:42:40'),
(18883, 1046, 13, '2025-10-16 15:42:40'),
(18884, 1046, 15, '2025-10-16 15:42:40'),
(18885, 1046, 18, '2025-10-16 15:42:40'),
(18886, 1046, 21, '2025-10-16 15:42:40'),
(18887, 1046, 23, '2025-10-16 15:42:40'),
(18888, 1046, 24, '2025-10-16 15:42:40'),
(18889, 1046, 29, '2025-10-16 15:42:40'),
(18890, 1046, 32, '2025-10-16 15:42:40'),
(18891, 1046, 35, '2025-10-16 15:42:40'),
(18892, 1046, 26, '2025-10-16 15:42:40'),
(18893, 1046, 39, '2025-10-16 15:42:40'),
(18894, 1046, 42, '2025-10-16 15:42:40'),
(18895, 1046, 45, '2025-10-16 15:42:40'),
(18896, 1046, 50, '2025-10-16 15:42:40'),
(18897, 1046, 54, '2025-10-16 15:42:40'),
(18898, 1046, 57, '2025-10-16 15:42:40'),
(18899, 1046, 61, '2025-10-16 15:42:40'),
(18900, 1046, 64, '2025-10-16 15:42:40'),
(18901, 1046, 67, '2025-10-16 15:42:40'),
(18902, 1046, 69, '2025-10-16 15:42:40'),
(18903, 1046, 72, '2025-10-16 15:42:40'),
(18904, 1046, 76, '2025-10-16 15:42:40'),
(18905, 1046, 79, '2025-10-16 15:42:40'),
(18906, 1046, 82, '2025-10-16 15:42:40'),
(18907, 1046, 84, '2025-10-16 15:42:40'),
(18908, 1046, 3, '2025-10-16 15:42:40'),
(18909, 1047, 1, '2025-10-16 15:42:48'),
(18910, 1047, 5, '2025-10-16 15:42:48'),
(18911, 1047, 9, '2025-10-16 15:42:48'),
(18912, 1047, 13, '2025-10-16 15:42:48'),
(18913, 1047, 15, '2025-10-16 15:42:48'),
(18914, 1047, 18, '2025-10-16 15:42:48'),
(18915, 1047, 21, '2025-10-16 15:42:48'),
(18916, 1047, 23, '2025-10-16 15:42:48'),
(18917, 1047, 24, '2025-10-16 15:42:48'),
(18918, 1047, 29, '2025-10-16 15:42:48'),
(18919, 1047, 32, '2025-10-16 15:42:48'),
(18920, 1047, 35, '2025-10-16 15:42:48'),
(18921, 1047, 26, '2025-10-16 15:42:48'),
(18922, 1047, 39, '2025-10-16 15:42:48'),
(18923, 1047, 42, '2025-10-16 15:42:48'),
(18924, 1047, 45, '2025-10-16 15:42:48'),
(18925, 1047, 50, '2025-10-16 15:42:48'),
(18926, 1047, 54, '2025-10-16 15:42:48'),
(18927, 1047, 57, '2025-10-16 15:42:48'),
(18928, 1047, 61, '2025-10-16 15:42:48'),
(18929, 1047, 64, '2025-10-16 15:42:48'),
(18930, 1047, 67, '2025-10-16 15:42:48'),
(18931, 1047, 69, '2025-10-16 15:42:48'),
(18932, 1047, 72, '2025-10-16 15:42:48'),
(18933, 1047, 76, '2025-10-16 15:42:48'),
(18934, 1047, 79, '2025-10-16 15:42:48'),
(18935, 1047, 82, '2025-10-16 15:42:48'),
(18936, 1047, 84, '2025-10-16 15:42:48'),
(18937, 1047, 3, '2025-10-16 15:42:48'),
(18938, 1048, 1, '2025-10-16 15:43:01'),
(18939, 1048, 5, '2025-10-16 15:43:01'),
(18940, 1048, 9, '2025-10-16 15:43:01'),
(18941, 1048, 13, '2025-10-16 15:43:01'),
(18942, 1048, 15, '2025-10-16 15:43:01'),
(18943, 1048, 18, '2025-10-16 15:43:01'),
(18944, 1048, 21, '2025-10-16 15:43:01'),
(18945, 1048, 23, '2025-10-16 15:43:01'),
(18946, 1048, 24, '2025-10-16 15:43:01'),
(18947, 1048, 29, '2025-10-16 15:43:01'),
(18948, 1048, 32, '2025-10-16 15:43:01'),
(18949, 1048, 35, '2025-10-16 15:43:01'),
(18950, 1048, 26, '2025-10-16 15:43:01'),
(18951, 1048, 39, '2025-10-16 15:43:01'),
(18952, 1048, 42, '2025-10-16 15:43:01'),
(18953, 1048, 45, '2025-10-16 15:43:01'),
(18954, 1048, 50, '2025-10-16 15:43:01'),
(18955, 1048, 54, '2025-10-16 15:43:01'),
(18956, 1048, 57, '2025-10-16 15:43:01'),
(18957, 1048, 61, '2025-10-16 15:43:01'),
(18958, 1048, 64, '2025-10-16 15:43:01'),
(18959, 1048, 67, '2025-10-16 15:43:01'),
(18960, 1048, 69, '2025-10-16 15:43:01'),
(18961, 1048, 72, '2025-10-16 15:43:01'),
(18962, 1048, 76, '2025-10-16 15:43:01'),
(18963, 1048, 79, '2025-10-16 15:43:01'),
(18964, 1048, 82, '2025-10-16 15:43:01'),
(18965, 1048, 84, '2025-10-16 15:43:01'),
(18966, 1048, 3, '2025-10-16 15:43:01'),
(18967, 1049, 1, '2025-10-16 15:43:08'),
(18968, 1049, 5, '2025-10-16 15:43:08'),
(18969, 1049, 9, '2025-10-16 15:43:08'),
(18970, 1049, 13, '2025-10-16 15:43:08'),
(18971, 1049, 15, '2025-10-16 15:43:08'),
(18972, 1049, 18, '2025-10-16 15:43:08'),
(18973, 1049, 21, '2025-10-16 15:43:08'),
(18974, 1049, 23, '2025-10-16 15:43:08'),
(18975, 1049, 24, '2025-10-16 15:43:08'),
(18976, 1049, 29, '2025-10-16 15:43:08'),
(18977, 1049, 32, '2025-10-16 15:43:08'),
(18978, 1049, 35, '2025-10-16 15:43:08'),
(18979, 1049, 26, '2025-10-16 15:43:08'),
(18980, 1049, 39, '2025-10-16 15:43:08'),
(18981, 1049, 42, '2025-10-16 15:43:08'),
(18982, 1049, 45, '2025-10-16 15:43:08'),
(18983, 1049, 50, '2025-10-16 15:43:08'),
(18984, 1049, 54, '2025-10-16 15:43:08'),
(18985, 1049, 57, '2025-10-16 15:43:08'),
(18986, 1049, 61, '2025-10-16 15:43:08'),
(18987, 1049, 64, '2025-10-16 15:43:08'),
(18988, 1049, 67, '2025-10-16 15:43:08'),
(18989, 1049, 69, '2025-10-16 15:43:08'),
(18990, 1049, 72, '2025-10-16 15:43:08'),
(18991, 1049, 76, '2025-10-16 15:43:08'),
(18992, 1049, 79, '2025-10-16 15:43:08'),
(18993, 1049, 82, '2025-10-16 15:43:08'),
(18994, 1049, 84, '2025-10-16 15:43:08'),
(18995, 1049, 3, '2025-10-16 15:43:08'),
(18996, 1050, 1, '2025-10-16 15:43:15'),
(18997, 1050, 5, '2025-10-16 15:43:15'),
(18998, 1050, 9, '2025-10-16 15:43:15'),
(18999, 1050, 13, '2025-10-16 15:43:15'),
(19000, 1050, 15, '2025-10-16 15:43:15'),
(19001, 1050, 18, '2025-10-16 15:43:15'),
(19002, 1050, 21, '2025-10-16 15:43:15'),
(19003, 1050, 23, '2025-10-16 15:43:15'),
(19004, 1050, 24, '2025-10-16 15:43:15'),
(19005, 1050, 29, '2025-10-16 15:43:15'),
(19006, 1050, 32, '2025-10-16 15:43:15'),
(19007, 1050, 35, '2025-10-16 15:43:15'),
(19008, 1050, 26, '2025-10-16 15:43:15'),
(19009, 1050, 39, '2025-10-16 15:43:15'),
(19010, 1050, 42, '2025-10-16 15:43:15'),
(19011, 1050, 45, '2025-10-16 15:43:15'),
(19012, 1050, 50, '2025-10-16 15:43:15'),
(19013, 1050, 54, '2025-10-16 15:43:15'),
(19014, 1050, 57, '2025-10-16 15:43:15'),
(19015, 1050, 61, '2025-10-16 15:43:15'),
(19016, 1050, 64, '2025-10-16 15:43:15'),
(19017, 1050, 67, '2025-10-16 15:43:15'),
(19018, 1050, 69, '2025-10-16 15:43:15'),
(19019, 1050, 72, '2025-10-16 15:43:15'),
(19020, 1050, 76, '2025-10-16 15:43:15'),
(19021, 1050, 79, '2025-10-16 15:43:15'),
(19022, 1050, 82, '2025-10-16 15:43:15'),
(19023, 1050, 84, '2025-10-16 15:43:15'),
(19024, 1050, 3, '2025-10-16 15:43:15'),
(19025, 1051, 1, '2025-10-16 15:43:22'),
(19026, 1051, 5, '2025-10-16 15:43:22'),
(19027, 1051, 9, '2025-10-16 15:43:22'),
(19028, 1051, 13, '2025-10-16 15:43:22'),
(19029, 1051, 15, '2025-10-16 15:43:22'),
(19030, 1051, 18, '2025-10-16 15:43:22'),
(19031, 1051, 21, '2025-10-16 15:43:22'),
(19032, 1051, 23, '2025-10-16 15:43:22'),
(19033, 1051, 24, '2025-10-16 15:43:22'),
(19034, 1051, 29, '2025-10-16 15:43:22'),
(19035, 1051, 32, '2025-10-16 15:43:22'),
(19036, 1051, 35, '2025-10-16 15:43:22'),
(19037, 1051, 26, '2025-10-16 15:43:22'),
(19038, 1051, 39, '2025-10-16 15:43:22'),
(19039, 1051, 42, '2025-10-16 15:43:22'),
(19040, 1051, 45, '2025-10-16 15:43:22'),
(19041, 1051, 50, '2025-10-16 15:43:22'),
(19042, 1051, 54, '2025-10-16 15:43:22'),
(19043, 1051, 57, '2025-10-16 15:43:22'),
(19044, 1051, 61, '2025-10-16 15:43:22'),
(19045, 1051, 64, '2025-10-16 15:43:22'),
(19046, 1051, 67, '2025-10-16 15:43:22'),
(19047, 1051, 69, '2025-10-16 15:43:22'),
(19048, 1051, 72, '2025-10-16 15:43:22'),
(19049, 1051, 76, '2025-10-16 15:43:22'),
(19050, 1051, 79, '2025-10-16 15:43:22'),
(19051, 1051, 82, '2025-10-16 15:43:22'),
(19052, 1051, 84, '2025-10-16 15:43:22'),
(19053, 1051, 3, '2025-10-16 15:43:22'),
(19054, 1052, 1, '2025-10-16 15:43:34'),
(19055, 1052, 5, '2025-10-16 15:43:34'),
(19056, 1052, 9, '2025-10-16 15:43:34'),
(19057, 1052, 13, '2025-10-16 15:43:34'),
(19058, 1052, 15, '2025-10-16 15:43:34'),
(19059, 1052, 18, '2025-10-16 15:43:34'),
(19060, 1052, 21, '2025-10-16 15:43:34'),
(19061, 1052, 23, '2025-10-16 15:43:34'),
(19062, 1052, 24, '2025-10-16 15:43:34'),
(19063, 1052, 29, '2025-10-16 15:43:34'),
(19064, 1052, 32, '2025-10-16 15:43:34'),
(19065, 1052, 35, '2025-10-16 15:43:34'),
(19066, 1052, 26, '2025-10-16 15:43:34'),
(19067, 1052, 39, '2025-10-16 15:43:34'),
(19068, 1052, 42, '2025-10-16 15:43:34'),
(19069, 1052, 45, '2025-10-16 15:43:34'),
(19070, 1052, 50, '2025-10-16 15:43:34'),
(19071, 1052, 54, '2025-10-16 15:43:34'),
(19072, 1052, 57, '2025-10-16 15:43:34'),
(19073, 1052, 61, '2025-10-16 15:43:34'),
(19074, 1052, 64, '2025-10-16 15:43:34'),
(19075, 1052, 67, '2025-10-16 15:43:34'),
(19076, 1052, 69, '2025-10-16 15:43:34'),
(19077, 1052, 72, '2025-10-16 15:43:34'),
(19078, 1052, 76, '2025-10-16 15:43:34'),
(19079, 1052, 79, '2025-10-16 15:43:34'),
(19080, 1052, 82, '2025-10-16 15:43:34'),
(19081, 1052, 84, '2025-10-16 15:43:34'),
(19082, 1052, 3, '2025-10-16 15:43:34'),
(19083, 1053, 1, '2025-10-16 15:44:06'),
(19084, 1053, 5, '2025-10-16 15:44:06'),
(19085, 1053, 9, '2025-10-16 15:44:06'),
(19086, 1053, 13, '2025-10-16 15:44:06'),
(19087, 1053, 15, '2025-10-16 15:44:06'),
(19088, 1053, 18, '2025-10-16 15:44:06'),
(19089, 1053, 21, '2025-10-16 15:44:06'),
(19090, 1053, 23, '2025-10-16 15:44:06'),
(19091, 1053, 24, '2025-10-16 15:44:06'),
(19092, 1053, 29, '2025-10-16 15:44:06'),
(19093, 1053, 32, '2025-10-16 15:44:06'),
(19094, 1053, 35, '2025-10-16 15:44:06'),
(19095, 1053, 26, '2025-10-16 15:44:06'),
(19096, 1053, 39, '2025-10-16 15:44:06'),
(19097, 1053, 42, '2025-10-16 15:44:06'),
(19098, 1053, 45, '2025-10-16 15:44:06'),
(19099, 1053, 50, '2025-10-16 15:44:06'),
(19100, 1053, 54, '2025-10-16 15:44:06'),
(19101, 1053, 57, '2025-10-16 15:44:06'),
(19102, 1053, 61, '2025-10-16 15:44:06'),
(19103, 1053, 64, '2025-10-16 15:44:06'),
(19104, 1053, 67, '2025-10-16 15:44:06'),
(19105, 1053, 69, '2025-10-16 15:44:06'),
(19106, 1053, 72, '2025-10-16 15:44:06'),
(19107, 1053, 76, '2025-10-16 15:44:06'),
(19108, 1053, 79, '2025-10-16 15:44:06'),
(19109, 1053, 82, '2025-10-16 15:44:06'),
(19110, 1053, 84, '2025-10-16 15:44:06'),
(19111, 1053, 3, '2025-10-16 15:44:06'),
(19112, 1054, 1, '2025-10-16 15:44:12'),
(19113, 1054, 5, '2025-10-16 15:44:12'),
(19114, 1054, 9, '2025-10-16 15:44:12'),
(19115, 1054, 13, '2025-10-16 15:44:12'),
(19116, 1054, 15, '2025-10-16 15:44:12'),
(19117, 1054, 18, '2025-10-16 15:44:12'),
(19118, 1054, 21, '2025-10-16 15:44:12'),
(19119, 1054, 23, '2025-10-16 15:44:12'),
(19120, 1054, 24, '2025-10-16 15:44:12'),
(19121, 1054, 29, '2025-10-16 15:44:12'),
(19122, 1054, 32, '2025-10-16 15:44:12'),
(19123, 1054, 35, '2025-10-16 15:44:12'),
(19124, 1054, 26, '2025-10-16 15:44:12'),
(19125, 1054, 39, '2025-10-16 15:44:12'),
(19126, 1054, 42, '2025-10-16 15:44:12'),
(19127, 1054, 45, '2025-10-16 15:44:12'),
(19128, 1054, 50, '2025-10-16 15:44:12'),
(19129, 1054, 54, '2025-10-16 15:44:12'),
(19130, 1054, 57, '2025-10-16 15:44:12'),
(19131, 1054, 61, '2025-10-16 15:44:12'),
(19132, 1054, 64, '2025-10-16 15:44:12'),
(19133, 1054, 67, '2025-10-16 15:44:12'),
(19134, 1054, 69, '2025-10-16 15:44:12'),
(19135, 1054, 72, '2025-10-16 15:44:12'),
(19136, 1054, 76, '2025-10-16 15:44:12'),
(19137, 1054, 79, '2025-10-16 15:44:12'),
(19138, 1054, 82, '2025-10-16 15:44:12'),
(19139, 1054, 84, '2025-10-16 15:44:12'),
(19140, 1054, 3, '2025-10-16 15:44:12'),
(19141, 1055, 1, '2025-10-16 15:44:19'),
(19142, 1055, 5, '2025-10-16 15:44:19'),
(19143, 1055, 9, '2025-10-16 15:44:19'),
(19144, 1055, 13, '2025-10-16 15:44:19'),
(19145, 1055, 15, '2025-10-16 15:44:19'),
(19146, 1055, 18, '2025-10-16 15:44:19'),
(19147, 1055, 21, '2025-10-16 15:44:19'),
(19148, 1055, 23, '2025-10-16 15:44:19'),
(19149, 1055, 24, '2025-10-16 15:44:19'),
(19150, 1055, 29, '2025-10-16 15:44:19'),
(19151, 1055, 32, '2025-10-16 15:44:19'),
(19152, 1055, 35, '2025-10-16 15:44:19'),
(19153, 1055, 26, '2025-10-16 15:44:19'),
(19154, 1055, 39, '2025-10-16 15:44:19'),
(19155, 1055, 42, '2025-10-16 15:44:19'),
(19156, 1055, 45, '2025-10-16 15:44:19'),
(19157, 1055, 50, '2025-10-16 15:44:19'),
(19158, 1055, 54, '2025-10-16 15:44:19'),
(19159, 1055, 57, '2025-10-16 15:44:19'),
(19160, 1055, 61, '2025-10-16 15:44:19'),
(19161, 1055, 64, '2025-10-16 15:44:19'),
(19162, 1055, 67, '2025-10-16 15:44:19'),
(19163, 1055, 69, '2025-10-16 15:44:19'),
(19164, 1055, 72, '2025-10-16 15:44:19'),
(19165, 1055, 76, '2025-10-16 15:44:19'),
(19166, 1055, 79, '2025-10-16 15:44:19'),
(19167, 1055, 82, '2025-10-16 15:44:19'),
(19168, 1055, 84, '2025-10-16 15:44:19'),
(19169, 1055, 3, '2025-10-16 15:44:19'),
(19170, 1056, 1, '2025-10-16 15:44:26'),
(19171, 1056, 5, '2025-10-16 15:44:26'),
(19172, 1056, 9, '2025-10-16 15:44:26'),
(19173, 1056, 13, '2025-10-16 15:44:26'),
(19174, 1056, 15, '2025-10-16 15:44:26'),
(19175, 1056, 18, '2025-10-16 15:44:26'),
(19176, 1056, 21, '2025-10-16 15:44:26'),
(19177, 1056, 23, '2025-10-16 15:44:26'),
(19178, 1056, 24, '2025-10-16 15:44:26'),
(19179, 1056, 29, '2025-10-16 15:44:26'),
(19180, 1056, 32, '2025-10-16 15:44:26'),
(19181, 1056, 35, '2025-10-16 15:44:26'),
(19182, 1056, 26, '2025-10-16 15:44:26'),
(19183, 1056, 39, '2025-10-16 15:44:26'),
(19184, 1056, 42, '2025-10-16 15:44:26'),
(19185, 1056, 45, '2025-10-16 15:44:26'),
(19186, 1056, 50, '2025-10-16 15:44:26'),
(19187, 1056, 54, '2025-10-16 15:44:26'),
(19188, 1056, 57, '2025-10-16 15:44:26'),
(19189, 1056, 61, '2025-10-16 15:44:26'),
(19190, 1056, 64, '2025-10-16 15:44:26'),
(19191, 1056, 67, '2025-10-16 15:44:26'),
(19192, 1056, 69, '2025-10-16 15:44:26'),
(19193, 1056, 72, '2025-10-16 15:44:26'),
(19194, 1056, 76, '2025-10-16 15:44:26'),
(19195, 1056, 79, '2025-10-16 15:44:26'),
(19196, 1056, 82, '2025-10-16 15:44:26'),
(19197, 1056, 84, '2025-10-16 15:44:26'),
(19198, 1056, 3, '2025-10-16 15:44:26'),
(19199, 1057, 1, '2025-10-16 15:44:33'),
(19200, 1057, 5, '2025-10-16 15:44:33'),
(19201, 1057, 9, '2025-10-16 15:44:33'),
(19202, 1057, 13, '2025-10-16 15:44:33'),
(19203, 1057, 15, '2025-10-16 15:44:33'),
(19204, 1057, 18, '2025-10-16 15:44:33'),
(19205, 1057, 21, '2025-10-16 15:44:33'),
(19206, 1057, 23, '2025-10-16 15:44:33'),
(19207, 1057, 24, '2025-10-16 15:44:33'),
(19208, 1057, 29, '2025-10-16 15:44:33'),
(19209, 1057, 32, '2025-10-16 15:44:33'),
(19210, 1057, 35, '2025-10-16 15:44:33'),
(19211, 1057, 26, '2025-10-16 15:44:33'),
(19212, 1057, 39, '2025-10-16 15:44:33'),
(19213, 1057, 42, '2025-10-16 15:44:33'),
(19214, 1057, 45, '2025-10-16 15:44:33'),
(19215, 1057, 50, '2025-10-16 15:44:33'),
(19216, 1057, 54, '2025-10-16 15:44:33'),
(19217, 1057, 57, '2025-10-16 15:44:33'),
(19218, 1057, 61, '2025-10-16 15:44:33'),
(19219, 1057, 64, '2025-10-16 15:44:33'),
(19220, 1057, 67, '2025-10-16 15:44:33'),
(19221, 1057, 69, '2025-10-16 15:44:33'),
(19222, 1057, 72, '2025-10-16 15:44:33'),
(19223, 1057, 76, '2025-10-16 15:44:33'),
(19224, 1057, 79, '2025-10-16 15:44:33'),
(19225, 1057, 82, '2025-10-16 15:44:33'),
(19226, 1057, 84, '2025-10-16 15:44:33'),
(19227, 1057, 3, '2025-10-16 15:44:33'),
(19228, 1058, 1, '2025-10-16 15:44:44'),
(19229, 1058, 5, '2025-10-16 15:44:44'),
(19230, 1058, 9, '2025-10-16 15:44:44'),
(19231, 1058, 13, '2025-10-16 15:44:44'),
(19232, 1058, 15, '2025-10-16 15:44:44'),
(19233, 1058, 18, '2025-10-16 15:44:44'),
(19234, 1058, 21, '2025-10-16 15:44:44'),
(19235, 1058, 23, '2025-10-16 15:44:44'),
(19236, 1058, 24, '2025-10-16 15:44:44'),
(19237, 1058, 29, '2025-10-16 15:44:44'),
(19238, 1058, 32, '2025-10-16 15:44:44'),
(19239, 1058, 35, '2025-10-16 15:44:44'),
(19240, 1058, 26, '2025-10-16 15:44:44'),
(19241, 1058, 39, '2025-10-16 15:44:44'),
(19242, 1058, 42, '2025-10-16 15:44:44'),
(19243, 1058, 45, '2025-10-16 15:44:44'),
(19244, 1058, 50, '2025-10-16 15:44:44'),
(19245, 1058, 54, '2025-10-16 15:44:44'),
(19246, 1058, 57, '2025-10-16 15:44:44'),
(19247, 1058, 61, '2025-10-16 15:44:44'),
(19248, 1058, 64, '2025-10-16 15:44:44'),
(19249, 1058, 67, '2025-10-16 15:44:44'),
(19250, 1058, 69, '2025-10-16 15:44:44'),
(19251, 1058, 72, '2025-10-16 15:44:44'),
(19252, 1058, 76, '2025-10-16 15:44:44'),
(19253, 1058, 79, '2025-10-16 15:44:44'),
(19254, 1058, 82, '2025-10-16 15:44:44'),
(19255, 1058, 84, '2025-10-16 15:44:44'),
(19256, 1058, 3, '2025-10-16 15:44:44'),
(19257, 1059, 1, '2025-10-16 15:45:05'),
(19258, 1059, 5, '2025-10-16 15:45:05'),
(19259, 1059, 9, '2025-10-16 15:45:05'),
(19260, 1059, 13, '2025-10-16 15:45:05'),
(19261, 1059, 15, '2025-10-16 15:45:05'),
(19262, 1059, 18, '2025-10-16 15:45:05'),
(19263, 1059, 21, '2025-10-16 15:45:05'),
(19264, 1059, 23, '2025-10-16 15:45:05'),
(19265, 1059, 24, '2025-10-16 15:45:05'),
(19266, 1059, 29, '2025-10-16 15:45:05'),
(19267, 1059, 32, '2025-10-16 15:45:05'),
(19268, 1059, 35, '2025-10-16 15:45:05'),
(19269, 1059, 26, '2025-10-16 15:45:05'),
(19270, 1059, 39, '2025-10-16 15:45:05'),
(19271, 1059, 42, '2025-10-16 15:45:05'),
(19272, 1059, 45, '2025-10-16 15:45:05'),
(19273, 1059, 50, '2025-10-16 15:45:05'),
(19274, 1059, 54, '2025-10-16 15:45:05'),
(19275, 1059, 57, '2025-10-16 15:45:05'),
(19276, 1059, 61, '2025-10-16 15:45:05'),
(19277, 1059, 64, '2025-10-16 15:45:05'),
(19278, 1059, 67, '2025-10-16 15:45:05'),
(19279, 1059, 69, '2025-10-16 15:45:05'),
(19280, 1059, 72, '2025-10-16 15:45:05'),
(19281, 1059, 76, '2025-10-16 15:45:05'),
(19282, 1059, 79, '2025-10-16 15:45:05'),
(19283, 1059, 82, '2025-10-16 15:45:05'),
(19284, 1059, 84, '2025-10-16 15:45:05'),
(19285, 1059, 3, '2025-10-16 15:45:05'),
(19286, 1060, 1, '2025-10-16 15:47:14'),
(19287, 1060, 5, '2025-10-16 15:47:14'),
(19288, 1060, 9, '2025-10-16 15:47:14'),
(19289, 1060, 13, '2025-10-16 15:47:14'),
(19290, 1060, 15, '2025-10-16 15:47:14'),
(19291, 1060, 18, '2025-10-16 15:47:14'),
(19292, 1060, 21, '2025-10-16 15:47:14'),
(19293, 1060, 23, '2025-10-16 15:47:14'),
(19294, 1060, 24, '2025-10-16 15:47:14'),
(19295, 1060, 29, '2025-10-16 15:47:14'),
(19296, 1060, 32, '2025-10-16 15:47:14'),
(19297, 1060, 35, '2025-10-16 15:47:14'),
(19298, 1060, 26, '2025-10-16 15:47:14'),
(19299, 1060, 39, '2025-10-16 15:47:14'),
(19300, 1060, 42, '2025-10-16 15:47:14'),
(19301, 1060, 45, '2025-10-16 15:47:14'),
(19302, 1060, 50, '2025-10-16 15:47:14'),
(19303, 1060, 54, '2025-10-16 15:47:14'),
(19304, 1060, 57, '2025-10-16 15:47:14'),
(19305, 1060, 61, '2025-10-16 15:47:14'),
(19306, 1060, 64, '2025-10-16 15:47:14'),
(19307, 1060, 67, '2025-10-16 15:47:14'),
(19308, 1060, 69, '2025-10-16 15:47:14'),
(19309, 1060, 72, '2025-10-16 15:47:14'),
(19310, 1060, 76, '2025-10-16 15:47:14'),
(19311, 1060, 79, '2025-10-16 15:47:14'),
(19312, 1060, 82, '2025-10-16 15:47:14'),
(19313, 1060, 84, '2025-10-16 15:47:14'),
(19314, 1060, 3, '2025-10-16 15:47:14'),
(19315, 1061, 1, '2025-10-16 15:47:38'),
(19316, 1061, 5, '2025-10-16 15:47:38'),
(19317, 1061, 9, '2025-10-16 15:47:38'),
(19318, 1061, 13, '2025-10-16 15:47:38'),
(19319, 1061, 15, '2025-10-16 15:47:38'),
(19320, 1061, 18, '2025-10-16 15:47:38'),
(19321, 1061, 21, '2025-10-16 15:47:38'),
(19322, 1061, 23, '2025-10-16 15:47:38'),
(19323, 1061, 24, '2025-10-16 15:47:38'),
(19324, 1061, 29, '2025-10-16 15:47:38'),
(19325, 1061, 32, '2025-10-16 15:47:38'),
(19326, 1061, 35, '2025-10-16 15:47:38'),
(19327, 1061, 26, '2025-10-16 15:47:38'),
(19328, 1061, 39, '2025-10-16 15:47:38'),
(19329, 1061, 42, '2025-10-16 15:47:38'),
(19330, 1061, 45, '2025-10-16 15:47:38'),
(19331, 1061, 50, '2025-10-16 15:47:38'),
(19332, 1061, 54, '2025-10-16 15:47:38'),
(19333, 1061, 57, '2025-10-16 15:47:38'),
(19334, 1061, 61, '2025-10-16 15:47:38'),
(19335, 1061, 64, '2025-10-16 15:47:38'),
(19336, 1061, 67, '2025-10-16 15:47:38'),
(19337, 1061, 69, '2025-10-16 15:47:38'),
(19338, 1061, 72, '2025-10-16 15:47:38'),
(19339, 1061, 76, '2025-10-16 15:47:38'),
(19340, 1061, 79, '2025-10-16 15:47:38'),
(19341, 1061, 82, '2025-10-16 15:47:38'),
(19342, 1061, 84, '2025-10-16 15:47:38'),
(19343, 1061, 3, '2025-10-16 15:47:38'),
(19344, 1062, 1, '2025-10-16 15:47:46'),
(19345, 1062, 5, '2025-10-16 15:47:46'),
(19346, 1062, 9, '2025-10-16 15:47:46'),
(19347, 1062, 13, '2025-10-16 15:47:46'),
(19348, 1062, 15, '2025-10-16 15:47:46'),
(19349, 1062, 18, '2025-10-16 15:47:46'),
(19350, 1062, 21, '2025-10-16 15:47:46'),
(19351, 1062, 23, '2025-10-16 15:47:46'),
(19352, 1062, 24, '2025-10-16 15:47:46'),
(19353, 1062, 29, '2025-10-16 15:47:46'),
(19354, 1062, 32, '2025-10-16 15:47:46'),
(19355, 1062, 35, '2025-10-16 15:47:46'),
(19356, 1062, 26, '2025-10-16 15:47:46'),
(19357, 1062, 39, '2025-10-16 15:47:46'),
(19358, 1062, 42, '2025-10-16 15:47:46'),
(19359, 1062, 45, '2025-10-16 15:47:46'),
(19360, 1062, 50, '2025-10-16 15:47:46'),
(19361, 1062, 54, '2025-10-16 15:47:46'),
(19362, 1062, 57, '2025-10-16 15:47:46'),
(19363, 1062, 61, '2025-10-16 15:47:46'),
(19364, 1062, 64, '2025-10-16 15:47:46'),
(19365, 1062, 67, '2025-10-16 15:47:46'),
(19366, 1062, 69, '2025-10-16 15:47:46'),
(19367, 1062, 72, '2025-10-16 15:47:46'),
(19368, 1062, 76, '2025-10-16 15:47:46'),
(19369, 1062, 79, '2025-10-16 15:47:46'),
(19370, 1062, 82, '2025-10-16 15:47:46'),
(19371, 1062, 84, '2025-10-16 15:47:46'),
(19372, 1062, 3, '2025-10-16 15:47:46'),
(19373, 1063, 1, '2025-10-16 15:48:12'),
(19374, 1063, 5, '2025-10-16 15:48:12'),
(19375, 1063, 9, '2025-10-16 15:48:12'),
(19376, 1063, 13, '2025-10-16 15:48:12'),
(19377, 1063, 15, '2025-10-16 15:48:12'),
(19378, 1063, 18, '2025-10-16 15:48:12'),
(19379, 1063, 21, '2025-10-16 15:48:12'),
(19380, 1063, 23, '2025-10-16 15:48:12'),
(19381, 1063, 24, '2025-10-16 15:48:12'),
(19382, 1063, 29, '2025-10-16 15:48:12'),
(19383, 1063, 32, '2025-10-16 15:48:12'),
(19384, 1063, 35, '2025-10-16 15:48:12'),
(19385, 1063, 26, '2025-10-16 15:48:12'),
(19386, 1063, 39, '2025-10-16 15:48:12'),
(19387, 1063, 42, '2025-10-16 15:48:12'),
(19388, 1063, 45, '2025-10-16 15:48:12'),
(19389, 1063, 50, '2025-10-16 15:48:12'),
(19390, 1063, 54, '2025-10-16 15:48:12'),
(19391, 1063, 57, '2025-10-16 15:48:12'),
(19392, 1063, 61, '2025-10-16 15:48:12'),
(19393, 1063, 64, '2025-10-16 15:48:12'),
(19394, 1063, 67, '2025-10-16 15:48:12'),
(19395, 1063, 69, '2025-10-16 15:48:12'),
(19396, 1063, 72, '2025-10-16 15:48:12'),
(19397, 1063, 76, '2025-10-16 15:48:12'),
(19398, 1063, 79, '2025-10-16 15:48:12'),
(19399, 1063, 82, '2025-10-16 15:48:12'),
(19400, 1063, 84, '2025-10-16 15:48:12'),
(19401, 1063, 3, '2025-10-16 15:48:12'),
(19402, 1064, 1, '2025-10-16 15:48:21'),
(19403, 1064, 5, '2025-10-16 15:48:21'),
(19404, 1064, 9, '2025-10-16 15:48:21'),
(19405, 1064, 13, '2025-10-16 15:48:21'),
(19406, 1064, 15, '2025-10-16 15:48:21'),
(19407, 1064, 18, '2025-10-16 15:48:21'),
(19408, 1064, 21, '2025-10-16 15:48:21'),
(19409, 1064, 23, '2025-10-16 15:48:21'),
(19410, 1064, 24, '2025-10-16 15:48:21'),
(19411, 1064, 29, '2025-10-16 15:48:21'),
(19412, 1064, 32, '2025-10-16 15:48:21'),
(19413, 1064, 35, '2025-10-16 15:48:21'),
(19414, 1064, 26, '2025-10-16 15:48:21'),
(19415, 1064, 39, '2025-10-16 15:48:21'),
(19416, 1064, 42, '2025-10-16 15:48:21'),
(19417, 1064, 45, '2025-10-16 15:48:21'),
(19418, 1064, 50, '2025-10-16 15:48:21'),
(19419, 1064, 54, '2025-10-16 15:48:21'),
(19420, 1064, 57, '2025-10-16 15:48:21'),
(19421, 1064, 61, '2025-10-16 15:48:21'),
(19422, 1064, 64, '2025-10-16 15:48:21'),
(19423, 1064, 67, '2025-10-16 15:48:21'),
(19424, 1064, 69, '2025-10-16 15:48:21'),
(19425, 1064, 72, '2025-10-16 15:48:21'),
(19426, 1064, 76, '2025-10-16 15:48:21'),
(19427, 1064, 79, '2025-10-16 15:48:21'),
(19428, 1064, 82, '2025-10-16 15:48:21'),
(19429, 1064, 84, '2025-10-16 15:48:21'),
(19430, 1064, 3, '2025-10-16 15:48:21'),
(19431, 1065, 1, '2025-10-16 15:48:29'),
(19432, 1065, 5, '2025-10-16 15:48:29'),
(19433, 1065, 9, '2025-10-16 15:48:29'),
(19434, 1065, 13, '2025-10-16 15:48:29'),
(19435, 1065, 15, '2025-10-16 15:48:29'),
(19436, 1065, 18, '2025-10-16 15:48:29'),
(19437, 1065, 21, '2025-10-16 15:48:29'),
(19438, 1065, 23, '2025-10-16 15:48:29'),
(19439, 1065, 24, '2025-10-16 15:48:29'),
(19440, 1065, 29, '2025-10-16 15:48:29'),
(19441, 1065, 32, '2025-10-16 15:48:29'),
(19442, 1065, 35, '2025-10-16 15:48:29'),
(19443, 1065, 26, '2025-10-16 15:48:29'),
(19444, 1065, 39, '2025-10-16 15:48:29'),
(19445, 1065, 42, '2025-10-16 15:48:29'),
(19446, 1065, 45, '2025-10-16 15:48:29'),
(19447, 1065, 50, '2025-10-16 15:48:29'),
(19448, 1065, 54, '2025-10-16 15:48:29'),
(19449, 1065, 57, '2025-10-16 15:48:29'),
(19450, 1065, 61, '2025-10-16 15:48:29'),
(19451, 1065, 64, '2025-10-16 15:48:29'),
(19452, 1065, 67, '2025-10-16 15:48:29'),
(19453, 1065, 69, '2025-10-16 15:48:29'),
(19454, 1065, 72, '2025-10-16 15:48:29'),
(19455, 1065, 76, '2025-10-16 15:48:29'),
(19456, 1065, 79, '2025-10-16 15:48:29'),
(19457, 1065, 82, '2025-10-16 15:48:29'),
(19458, 1065, 84, '2025-10-16 15:48:29'),
(19459, 1065, 3, '2025-10-16 15:48:29'),
(19460, 1066, 1, '2025-10-16 15:48:35'),
(19461, 1066, 5, '2025-10-16 15:48:35'),
(19462, 1066, 9, '2025-10-16 15:48:35'),
(19463, 1066, 13, '2025-10-16 15:48:35'),
(19464, 1066, 15, '2025-10-16 15:48:35'),
(19465, 1066, 18, '2025-10-16 15:48:35'),
(19466, 1066, 21, '2025-10-16 15:48:35'),
(19467, 1066, 23, '2025-10-16 15:48:35'),
(19468, 1066, 24, '2025-10-16 15:48:35'),
(19469, 1066, 29, '2025-10-16 15:48:35'),
(19470, 1066, 32, '2025-10-16 15:48:35'),
(19471, 1066, 35, '2025-10-16 15:48:35'),
(19472, 1066, 26, '2025-10-16 15:48:35'),
(19473, 1066, 39, '2025-10-16 15:48:35'),
(19474, 1066, 42, '2025-10-16 15:48:35'),
(19475, 1066, 45, '2025-10-16 15:48:35'),
(19476, 1066, 50, '2025-10-16 15:48:35'),
(19477, 1066, 54, '2025-10-16 15:48:35'),
(19478, 1066, 57, '2025-10-16 15:48:35'),
(19479, 1066, 61, '2025-10-16 15:48:35'),
(19480, 1066, 64, '2025-10-16 15:48:35'),
(19481, 1066, 67, '2025-10-16 15:48:35'),
(19482, 1066, 69, '2025-10-16 15:48:35'),
(19483, 1066, 72, '2025-10-16 15:48:35'),
(19484, 1066, 76, '2025-10-16 15:48:35'),
(19485, 1066, 79, '2025-10-16 15:48:35'),
(19486, 1066, 82, '2025-10-16 15:48:35'),
(19487, 1066, 84, '2025-10-16 15:48:35'),
(19488, 1066, 3, '2025-10-16 15:48:35'),
(19489, 1067, 1, '2025-10-16 15:48:43'),
(19490, 1067, 5, '2025-10-16 15:48:43'),
(19491, 1067, 9, '2025-10-16 15:48:43'),
(19492, 1067, 13, '2025-10-16 15:48:43'),
(19493, 1067, 15, '2025-10-16 15:48:43'),
(19494, 1067, 18, '2025-10-16 15:48:43'),
(19495, 1067, 21, '2025-10-16 15:48:43'),
(19496, 1067, 23, '2025-10-16 15:48:43'),
(19497, 1067, 24, '2025-10-16 15:48:43'),
(19498, 1067, 29, '2025-10-16 15:48:43'),
(19499, 1067, 32, '2025-10-16 15:48:43'),
(19500, 1067, 35, '2025-10-16 15:48:43'),
(19501, 1067, 26, '2025-10-16 15:48:43'),
(19502, 1067, 39, '2025-10-16 15:48:43'),
(19503, 1067, 42, '2025-10-16 15:48:43'),
(19504, 1067, 45, '2025-10-16 15:48:43'),
(19505, 1067, 50, '2025-10-16 15:48:43'),
(19506, 1067, 54, '2025-10-16 15:48:43'),
(19507, 1067, 57, '2025-10-16 15:48:43'),
(19508, 1067, 61, '2025-10-16 15:48:43'),
(19509, 1067, 64, '2025-10-16 15:48:43'),
(19510, 1067, 67, '2025-10-16 15:48:43'),
(19511, 1067, 69, '2025-10-16 15:48:43'),
(19512, 1067, 72, '2025-10-16 15:48:43'),
(19513, 1067, 76, '2025-10-16 15:48:43'),
(19514, 1067, 79, '2025-10-16 15:48:43'),
(19515, 1067, 82, '2025-10-16 15:48:43'),
(19516, 1067, 84, '2025-10-16 15:48:43'),
(19517, 1067, 3, '2025-10-16 15:48:43'),
(19518, 1068, 1, '2025-10-16 15:48:52'),
(19519, 1068, 5, '2025-10-16 15:48:52'),
(19520, 1068, 9, '2025-10-16 15:48:52'),
(19521, 1068, 13, '2025-10-16 15:48:52'),
(19522, 1068, 15, '2025-10-16 15:48:52'),
(19523, 1068, 18, '2025-10-16 15:48:52'),
(19524, 1068, 21, '2025-10-16 15:48:52'),
(19525, 1068, 23, '2025-10-16 15:48:52'),
(19526, 1068, 24, '2025-10-16 15:48:52'),
(19527, 1068, 29, '2025-10-16 15:48:52'),
(19528, 1068, 32, '2025-10-16 15:48:52'),
(19529, 1068, 35, '2025-10-16 15:48:52'),
(19530, 1068, 26, '2025-10-16 15:48:52'),
(19531, 1068, 39, '2025-10-16 15:48:52'),
(19532, 1068, 42, '2025-10-16 15:48:52'),
(19533, 1068, 45, '2025-10-16 15:48:52'),
(19534, 1068, 50, '2025-10-16 15:48:52'),
(19535, 1068, 54, '2025-10-16 15:48:52'),
(19536, 1068, 57, '2025-10-16 15:48:52'),
(19537, 1068, 61, '2025-10-16 15:48:52'),
(19538, 1068, 64, '2025-10-16 15:48:52'),
(19539, 1068, 67, '2025-10-16 15:48:52'),
(19540, 1068, 69, '2025-10-16 15:48:52'),
(19541, 1068, 72, '2025-10-16 15:48:52'),
(19542, 1068, 76, '2025-10-16 15:48:52'),
(19543, 1068, 79, '2025-10-16 15:48:52'),
(19544, 1068, 82, '2025-10-16 15:48:52'),
(19545, 1068, 84, '2025-10-16 15:48:52'),
(19546, 1068, 3, '2025-10-16 15:48:52'),
(19547, 1069, 1, '2025-10-16 15:49:10'),
(19548, 1069, 5, '2025-10-16 15:49:10'),
(19549, 1069, 9, '2025-10-16 15:49:10'),
(19550, 1069, 13, '2025-10-16 15:49:10'),
(19551, 1069, 15, '2025-10-16 15:49:10'),
(19552, 1069, 18, '2025-10-16 15:49:10'),
(19553, 1069, 21, '2025-10-16 15:49:10'),
(19554, 1069, 23, '2025-10-16 15:49:10'),
(19555, 1069, 24, '2025-10-16 15:49:10'),
(19556, 1069, 29, '2025-10-16 15:49:10'),
(19557, 1069, 32, '2025-10-16 15:49:10'),
(19558, 1069, 35, '2025-10-16 15:49:10'),
(19559, 1069, 26, '2025-10-16 15:49:10');
INSERT INTO `products_tax_rates_allocation` (`products_tax_rates_allocation_id`, `products_id`, `tax_rates_id`, `date_added`) VALUES
(19560, 1069, 39, '2025-10-16 15:49:10'),
(19561, 1069, 42, '2025-10-16 15:49:10'),
(19562, 1069, 45, '2025-10-16 15:49:10'),
(19563, 1069, 50, '2025-10-16 15:49:10'),
(19564, 1069, 54, '2025-10-16 15:49:10'),
(19565, 1069, 57, '2025-10-16 15:49:10'),
(19566, 1069, 61, '2025-10-16 15:49:10'),
(19567, 1069, 64, '2025-10-16 15:49:10'),
(19568, 1069, 67, '2025-10-16 15:49:10'),
(19569, 1069, 69, '2025-10-16 15:49:10'),
(19570, 1069, 72, '2025-10-16 15:49:10'),
(19571, 1069, 76, '2025-10-16 15:49:10'),
(19572, 1069, 79, '2025-10-16 15:49:10'),
(19573, 1069, 82, '2025-10-16 15:49:10'),
(19574, 1069, 84, '2025-10-16 15:49:10'),
(19575, 1069, 3, '2025-10-16 15:49:10'),
(19576, 1070, 1, '2025-10-16 15:49:19'),
(19577, 1070, 5, '2025-10-16 15:49:19'),
(19578, 1070, 9, '2025-10-16 15:49:19'),
(19579, 1070, 13, '2025-10-16 15:49:19'),
(19580, 1070, 15, '2025-10-16 15:49:19'),
(19581, 1070, 18, '2025-10-16 15:49:19'),
(19582, 1070, 21, '2025-10-16 15:49:19'),
(19583, 1070, 23, '2025-10-16 15:49:19'),
(19584, 1070, 24, '2025-10-16 15:49:19'),
(19585, 1070, 29, '2025-10-16 15:49:19'),
(19586, 1070, 32, '2025-10-16 15:49:19'),
(19587, 1070, 35, '2025-10-16 15:49:19'),
(19588, 1070, 26, '2025-10-16 15:49:19'),
(19589, 1070, 39, '2025-10-16 15:49:19'),
(19590, 1070, 42, '2025-10-16 15:49:19'),
(19591, 1070, 45, '2025-10-16 15:49:19'),
(19592, 1070, 50, '2025-10-16 15:49:19'),
(19593, 1070, 54, '2025-10-16 15:49:19'),
(19594, 1070, 57, '2025-10-16 15:49:19'),
(19595, 1070, 61, '2025-10-16 15:49:19'),
(19596, 1070, 64, '2025-10-16 15:49:19'),
(19597, 1070, 67, '2025-10-16 15:49:19'),
(19598, 1070, 69, '2025-10-16 15:49:19'),
(19599, 1070, 72, '2025-10-16 15:49:19'),
(19600, 1070, 76, '2025-10-16 15:49:19'),
(19601, 1070, 79, '2025-10-16 15:49:19'),
(19602, 1070, 82, '2025-10-16 15:49:19'),
(19603, 1070, 84, '2025-10-16 15:49:19'),
(19604, 1070, 3, '2025-10-16 15:49:19'),
(19605, 1071, 1, '2025-10-16 15:49:28'),
(19606, 1071, 5, '2025-10-16 15:49:28'),
(19607, 1071, 9, '2025-10-16 15:49:28'),
(19608, 1071, 13, '2025-10-16 15:49:28'),
(19609, 1071, 15, '2025-10-16 15:49:28'),
(19610, 1071, 18, '2025-10-16 15:49:28'),
(19611, 1071, 21, '2025-10-16 15:49:28'),
(19612, 1071, 23, '2025-10-16 15:49:28'),
(19613, 1071, 24, '2025-10-16 15:49:28'),
(19614, 1071, 29, '2025-10-16 15:49:28'),
(19615, 1071, 32, '2025-10-16 15:49:28'),
(19616, 1071, 35, '2025-10-16 15:49:28'),
(19617, 1071, 26, '2025-10-16 15:49:28'),
(19618, 1071, 39, '2025-10-16 15:49:28'),
(19619, 1071, 42, '2025-10-16 15:49:28'),
(19620, 1071, 45, '2025-10-16 15:49:28'),
(19621, 1071, 50, '2025-10-16 15:49:28'),
(19622, 1071, 54, '2025-10-16 15:49:28'),
(19623, 1071, 57, '2025-10-16 15:49:28'),
(19624, 1071, 61, '2025-10-16 15:49:28'),
(19625, 1071, 64, '2025-10-16 15:49:28'),
(19626, 1071, 67, '2025-10-16 15:49:28'),
(19627, 1071, 69, '2025-10-16 15:49:28'),
(19628, 1071, 72, '2025-10-16 15:49:28'),
(19629, 1071, 76, '2025-10-16 15:49:28'),
(19630, 1071, 79, '2025-10-16 15:49:28'),
(19631, 1071, 82, '2025-10-16 15:49:28'),
(19632, 1071, 84, '2025-10-16 15:49:28'),
(19633, 1071, 3, '2025-10-16 15:49:28'),
(19634, 1072, 1, '2025-10-16 15:49:37'),
(19635, 1072, 5, '2025-10-16 15:49:37'),
(19636, 1072, 9, '2025-10-16 15:49:37'),
(19637, 1072, 13, '2025-10-16 15:49:37'),
(19638, 1072, 15, '2025-10-16 15:49:37'),
(19639, 1072, 18, '2025-10-16 15:49:37'),
(19640, 1072, 21, '2025-10-16 15:49:37'),
(19641, 1072, 23, '2025-10-16 15:49:37'),
(19642, 1072, 24, '2025-10-16 15:49:37'),
(19643, 1072, 29, '2025-10-16 15:49:37'),
(19644, 1072, 32, '2025-10-16 15:49:37'),
(19645, 1072, 35, '2025-10-16 15:49:37'),
(19646, 1072, 26, '2025-10-16 15:49:37'),
(19647, 1072, 39, '2025-10-16 15:49:37'),
(19648, 1072, 42, '2025-10-16 15:49:37'),
(19649, 1072, 45, '2025-10-16 15:49:37'),
(19650, 1072, 50, '2025-10-16 15:49:37'),
(19651, 1072, 54, '2025-10-16 15:49:37'),
(19652, 1072, 57, '2025-10-16 15:49:37'),
(19653, 1072, 61, '2025-10-16 15:49:37'),
(19654, 1072, 64, '2025-10-16 15:49:37'),
(19655, 1072, 67, '2025-10-16 15:49:37'),
(19656, 1072, 69, '2025-10-16 15:49:37'),
(19657, 1072, 72, '2025-10-16 15:49:37'),
(19658, 1072, 76, '2025-10-16 15:49:37'),
(19659, 1072, 79, '2025-10-16 15:49:37'),
(19660, 1072, 82, '2025-10-16 15:49:37'),
(19661, 1072, 84, '2025-10-16 15:49:37'),
(19662, 1072, 3, '2025-10-16 15:49:37'),
(19663, 1073, 1, '2025-10-16 15:50:04'),
(19664, 1073, 5, '2025-10-16 15:50:04'),
(19665, 1073, 9, '2025-10-16 15:50:04'),
(19666, 1073, 13, '2025-10-16 15:50:04'),
(19667, 1073, 15, '2025-10-16 15:50:04'),
(19668, 1073, 18, '2025-10-16 15:50:04'),
(19669, 1073, 21, '2025-10-16 15:50:04'),
(19670, 1073, 23, '2025-10-16 15:50:04'),
(19671, 1073, 24, '2025-10-16 15:50:04'),
(19672, 1073, 29, '2025-10-16 15:50:04'),
(19673, 1073, 32, '2025-10-16 15:50:04'),
(19674, 1073, 35, '2025-10-16 15:50:04'),
(19675, 1073, 26, '2025-10-16 15:50:04'),
(19676, 1073, 39, '2025-10-16 15:50:04'),
(19677, 1073, 42, '2025-10-16 15:50:04'),
(19678, 1073, 45, '2025-10-16 15:50:04'),
(19679, 1073, 50, '2025-10-16 15:50:04'),
(19680, 1073, 54, '2025-10-16 15:50:04'),
(19681, 1073, 57, '2025-10-16 15:50:04'),
(19682, 1073, 61, '2025-10-16 15:50:04'),
(19683, 1073, 64, '2025-10-16 15:50:04'),
(19684, 1073, 67, '2025-10-16 15:50:04'),
(19685, 1073, 69, '2025-10-16 15:50:04'),
(19686, 1073, 72, '2025-10-16 15:50:04'),
(19687, 1073, 76, '2025-10-16 15:50:04'),
(19688, 1073, 79, '2025-10-16 15:50:04'),
(19689, 1073, 82, '2025-10-16 15:50:04'),
(19690, 1073, 84, '2025-10-16 15:50:04'),
(19691, 1073, 3, '2025-10-16 15:50:04'),
(19692, 1074, 1, '2025-10-16 15:50:24'),
(19693, 1074, 5, '2025-10-16 15:50:24'),
(19694, 1074, 9, '2025-10-16 15:50:24'),
(19695, 1074, 13, '2025-10-16 15:50:24'),
(19696, 1074, 15, '2025-10-16 15:50:24'),
(19697, 1074, 18, '2025-10-16 15:50:24'),
(19698, 1074, 21, '2025-10-16 15:50:24'),
(19699, 1074, 23, '2025-10-16 15:50:24'),
(19700, 1074, 24, '2025-10-16 15:50:24'),
(19701, 1074, 29, '2025-10-16 15:50:24'),
(19702, 1074, 32, '2025-10-16 15:50:24'),
(19703, 1074, 35, '2025-10-16 15:50:24'),
(19704, 1074, 26, '2025-10-16 15:50:24'),
(19705, 1074, 39, '2025-10-16 15:50:24'),
(19706, 1074, 42, '2025-10-16 15:50:24'),
(19707, 1074, 45, '2025-10-16 15:50:24'),
(19708, 1074, 50, '2025-10-16 15:50:24'),
(19709, 1074, 54, '2025-10-16 15:50:24'),
(19710, 1074, 57, '2025-10-16 15:50:24'),
(19711, 1074, 61, '2025-10-16 15:50:24'),
(19712, 1074, 64, '2025-10-16 15:50:24'),
(19713, 1074, 67, '2025-10-16 15:50:24'),
(19714, 1074, 69, '2025-10-16 15:50:24'),
(19715, 1074, 72, '2025-10-16 15:50:24'),
(19716, 1074, 76, '2025-10-16 15:50:24'),
(19717, 1074, 79, '2025-10-16 15:50:24'),
(19718, 1074, 82, '2025-10-16 15:50:24'),
(19719, 1074, 84, '2025-10-16 15:50:24'),
(19720, 1074, 3, '2025-10-16 15:50:24'),
(19721, 1075, 1, '2025-10-16 15:50:32'),
(19722, 1075, 5, '2025-10-16 15:50:32'),
(19723, 1075, 9, '2025-10-16 15:50:32'),
(19724, 1075, 13, '2025-10-16 15:50:32'),
(19725, 1075, 15, '2025-10-16 15:50:32'),
(19726, 1075, 18, '2025-10-16 15:50:32'),
(19727, 1075, 21, '2025-10-16 15:50:32'),
(19728, 1075, 23, '2025-10-16 15:50:32'),
(19729, 1075, 24, '2025-10-16 15:50:32'),
(19730, 1075, 29, '2025-10-16 15:50:32'),
(19731, 1075, 32, '2025-10-16 15:50:32'),
(19732, 1075, 35, '2025-10-16 15:50:32'),
(19733, 1075, 26, '2025-10-16 15:50:32'),
(19734, 1075, 39, '2025-10-16 15:50:32'),
(19735, 1075, 42, '2025-10-16 15:50:32'),
(19736, 1075, 45, '2025-10-16 15:50:32'),
(19737, 1075, 50, '2025-10-16 15:50:32'),
(19738, 1075, 54, '2025-10-16 15:50:32'),
(19739, 1075, 57, '2025-10-16 15:50:32'),
(19740, 1075, 61, '2025-10-16 15:50:32'),
(19741, 1075, 64, '2025-10-16 15:50:32'),
(19742, 1075, 67, '2025-10-16 15:50:32'),
(19743, 1075, 69, '2025-10-16 15:50:32'),
(19744, 1075, 72, '2025-10-16 15:50:32'),
(19745, 1075, 76, '2025-10-16 15:50:32'),
(19746, 1075, 79, '2025-10-16 15:50:32'),
(19747, 1075, 82, '2025-10-16 15:50:32'),
(19748, 1075, 84, '2025-10-16 15:50:32'),
(19749, 1075, 3, '2025-10-16 15:50:32'),
(19750, 1076, 1, '2025-10-16 15:50:41'),
(19751, 1076, 5, '2025-10-16 15:50:41'),
(19752, 1076, 9, '2025-10-16 15:50:41'),
(19753, 1076, 13, '2025-10-16 15:50:41'),
(19754, 1076, 15, '2025-10-16 15:50:41'),
(19755, 1076, 18, '2025-10-16 15:50:41'),
(19756, 1076, 21, '2025-10-16 15:50:41'),
(19757, 1076, 23, '2025-10-16 15:50:41'),
(19758, 1076, 24, '2025-10-16 15:50:41'),
(19759, 1076, 29, '2025-10-16 15:50:41'),
(19760, 1076, 32, '2025-10-16 15:50:41'),
(19761, 1076, 35, '2025-10-16 15:50:41'),
(19762, 1076, 26, '2025-10-16 15:50:41'),
(19763, 1076, 39, '2025-10-16 15:50:41'),
(19764, 1076, 42, '2025-10-16 15:50:41'),
(19765, 1076, 45, '2025-10-16 15:50:41'),
(19766, 1076, 50, '2025-10-16 15:50:41'),
(19767, 1076, 54, '2025-10-16 15:50:41'),
(19768, 1076, 57, '2025-10-16 15:50:41'),
(19769, 1076, 61, '2025-10-16 15:50:41'),
(19770, 1076, 64, '2025-10-16 15:50:41'),
(19771, 1076, 67, '2025-10-16 15:50:41'),
(19772, 1076, 69, '2025-10-16 15:50:41'),
(19773, 1076, 72, '2025-10-16 15:50:41'),
(19774, 1076, 76, '2025-10-16 15:50:41'),
(19775, 1076, 79, '2025-10-16 15:50:41'),
(19776, 1076, 82, '2025-10-16 15:50:41'),
(19777, 1076, 84, '2025-10-16 15:50:41'),
(19778, 1076, 3, '2025-10-16 15:50:41'),
(19779, 1077, 1, '2025-10-16 15:50:49'),
(19780, 1077, 5, '2025-10-16 15:50:49'),
(19781, 1077, 9, '2025-10-16 15:50:49'),
(19782, 1077, 13, '2025-10-16 15:50:49'),
(19783, 1077, 15, '2025-10-16 15:50:49'),
(19784, 1077, 18, '2025-10-16 15:50:49'),
(19785, 1077, 21, '2025-10-16 15:50:49'),
(19786, 1077, 23, '2025-10-16 15:50:49'),
(19787, 1077, 24, '2025-10-16 15:50:49'),
(19788, 1077, 29, '2025-10-16 15:50:49'),
(19789, 1077, 32, '2025-10-16 15:50:49'),
(19790, 1077, 35, '2025-10-16 15:50:49'),
(19791, 1077, 26, '2025-10-16 15:50:49'),
(19792, 1077, 39, '2025-10-16 15:50:49'),
(19793, 1077, 42, '2025-10-16 15:50:49'),
(19794, 1077, 45, '2025-10-16 15:50:49'),
(19795, 1077, 50, '2025-10-16 15:50:49'),
(19796, 1077, 54, '2025-10-16 15:50:49'),
(19797, 1077, 57, '2025-10-16 15:50:49'),
(19798, 1077, 61, '2025-10-16 15:50:49'),
(19799, 1077, 64, '2025-10-16 15:50:49'),
(19800, 1077, 67, '2025-10-16 15:50:49'),
(19801, 1077, 69, '2025-10-16 15:50:49'),
(19802, 1077, 72, '2025-10-16 15:50:49'),
(19803, 1077, 76, '2025-10-16 15:50:49'),
(19804, 1077, 79, '2025-10-16 15:50:49'),
(19805, 1077, 82, '2025-10-16 15:50:49'),
(19806, 1077, 84, '2025-10-16 15:50:49'),
(19807, 1077, 3, '2025-10-16 15:50:49');

-- --------------------------------------------------------

--
-- Tabellenstruktur für Tabelle `products_to_categories`
--

CREATE TABLE `products_to_categories` (
  `products_id` int(11) NOT NULL DEFAULT '0',
  `categories_id` int(11) NOT NULL DEFAULT '0'
) ENGINE=MyISAM DEFAULT CHARSET=utf8;

--
-- Daten für Tabelle `products_to_categories`
--

INSERT INTO `products_to_categories` (`products_id`, `categories_id`) VALUES
(1, 2),
(2, 2),
(3, 2),
(4, 2),
(5, 2),
(6, 2),
(7, 2),
(8, 2),
(9, 2),
(10, 2),
(11, 2),
(12, 2),
(13, 2),
(14, 2),
(15, 2),
(16, 2),
(17, 2),
(18, 2),
(19, 2),
(20, 2),
(101, 8),
(102, 8),
(103, 8),
(104, 8),
(105, 8),
(106, 9),
(107, 9),
(108, 9),
(109, 15),
(110, 15),
(111, 15),
(112, 15),
(113, 15),
(114, 15),
(115, 15),
(116, 15),
(117, 15),
(118, 15),
(119, 15),
(120, 15),
(121, 15),
(122, 15),
(123, 15),
(124, 15),
(125, 15),
(126, 15),
(127, 15),
(128, 15),
(129, 15),
(130, 15),
(131, 15),
(132, 15),
(133, 15),
(134, 15),
(135, 15),
(136, 15),
(137, 15),
(138, 15),
(139, 15),
(140, 15),
(141, 15),
(142, 15),
(143, 15),
(144, 15),
(145, 15),
(146, 15),
(147, 19),
(148, 15),
(149, 19),
(150, 19),
(151, 19),
(152, 19),
(153, 19),
(154, 15),
(155, 15),
(156, 15),
(157, 19),
(158, 15),
(159, 15),
(160, 15),
(161, 19),
(162, 19),
(163, 15),
(164, 15),
(165, 15),
(166, 15),
(167, 15),
(168, 15),
(169, 15),
(170, 15),
(171, 15),
(172, 15),
(173, 15),
(174, 15),
(175, 15),
(176, 7),
(177, 7),
(178, 7),
(179, 7),
(180, 7),
(181, 7),
(182, 7),
(183, 7),
(184, 7),
(185, 7),
(186, 15),
(187, 15),
(188, 15),
(189, 15),
(190, 15),
(191, 15),
(192, 15),
(193, 15),
(194, 15),
(195, 15),
(196, 15),
(197, 15),
(198, 15),
(199, 15),
(200, 15),
(201, 15),
(202, 15),
(203, 15),
(204, 15),
(205, 15),
(206, 15),
(207, 15),
(208, 15),
(209, 15),
(210, 15),
(211, 15),
(212, 15),
(213, 15),
(214, 15),
(215, 15),
(216, 15),
(217, 15),
(218, 15),
(219, 15),
(220, 15),
(221, 14),
(222, 15),
(223, 14),
(224, 15),
(225, 18),
(226, 18),
(227, 18),
(228, 15),
(229, 14),
(230, 14),
(231, 14),
(232, 14),
(233, 18),
(234, 18),
(235, 18),
(236, 18),
(237, 18),
(238, 18),
(239, 18),
(240, 18),
(241, 18),
(242, 15),
(243, 37),
(244, 4),
(245, 4),
(246, 4),
(247, 4),
(248, 17),
(249, 5),
(250, 15),
(251, 5),
(252, 5),
(253, 5),
(254, 3),
(255, 13),
(256, 13),
(257, 13),
(258, 13),
(259, 13),
(260, 3),
(261, 3),
(262, 3),
(263, 3),
(264, 15),
(265, 15),
(266, 15),
(267, 15),
(268, 15),
(269, 17),
(270, 14),
(271, 14),
(272, 14),
(273, 15),
(274, 15),
(275, 15),
(276, 15),
(277, 15),
(278, 15),
(279, 18),
(280, 4),
(281, 9),
(282, 9),
(283, 9),
(284, 9),
(285, 9),
(286, 9),
(287, 9),
(288, 9),
(289, 9),
(290, 9),
(291, 9),
(292, 15),
(293, 8),
(294, 8),
(295, 8),
(296, 8),
(297, 8),
(298, 15),
(299, 15),
(300, 15),
(301, 15),
(302, 15),
(303, 15),
(304, 15),
(305, 18),
(306, 7),
(321, 37),
(322, 37),
(323, 37),
(324, 37),
(325, 37),
(326, 37),
(327, 37),
(328, 37),
(329, 37),
(330, 37),
(331, 37),
(332, 37),
(333, 37),
(334, 37),
(335, 37),
(336, 37),
(337, 37),
(338, 37),
(339, 37),
(340, 37),
(341, 37),
(342, 37),
(343, 37),
(344, 37),
(345, 37),
(346, 37),
(347, 37),
(348, 37),
(349, 37),
(350, 37),
(351, 37),
(352, 37),
(353, 37),
(354, 37),
(355, 37),
(356, 37),
(357, 37),
(358, 37),
(359, 37),
(360, 37),
(361, 37),
(362, 37),
(363, 37),
(364, 37),
(365, 37),
(366, 37),
(367, 37),
(368, 37),
(369, 37),
(370, 37),
(371, 37),
(372, 37),
(373, 37),
(374, 37),
(375, 37),
(376, 37),
(377, 37),
(378, 37),
(379, 37),
(380, 37),
(381, 37),
(382, 37),
(383, 37),
(384, 37),
(385, 37),
(386, 37),
(387, 37),
(388, 37),
(389, 37),
(390, 37),
(391, 37),
(392, 37),
(393, 37),
(394, 37),
(395, 37),
(396, 37),
(397, 37),
(398, 37),
(399, 37),
(400, 37),
(401, 37),
(402, 37),
(403, 37),
(404, 37),
(405, 37),
(406, 37),
(407, 37),
(408, 37),
(409, 37),
(410, 37),
(411, 37),
(412, 37),
(413, 37),
(414, 37),
(415, 37),
(416, 37),
(417, 37),
(418, 37),
(419, 37),
(420, 37),
(421, 16),
(422, 20),
(423, 20),
(424, 20),
(425, 20),
(426, 20),
(427, 20),
(428, 20),
(429, 20),
(430, 20),
(431, 20),
(432, 20),
(433, 20),
(434, 20),
(435, 20),
(436, 20),
(437, 20),
(438, 20),
(439, 20),
(440, 20),
(441, 20),
(442, 20),
(443, 20),
(444, 20),
(445, 20),
(446, 20),
(447, 20),
(448, 20),
(449, 20),
(450, 20),
(451, 20),
(452, 20),
(453, 20),
(454, 20),
(455, 20),
(456, 20),
(457, 20),
(458, 20),
(459, 20),
(460, 20),
(461, 20),
(462, 20),
(463, 20),
(464, 20),
(465, 20),
(466, 20),
(467, 20),
(468, 20),
(469, 20),
(470, 20),
(471, 20),
(472, 20),
(473, 20),
(474, 20),
(475, 20),
(476, 20),
(477, 20),
(478, 20),
(479, 20),
(480, 20),
(481, 20),
(482, 20),
(483, 20),
(484, 20),
(485, 20),
(486, 20),
(487, 20),
(488, 20),
(489, 20),
(490, 20),
(491, 20),
(492, 20),
(493, 20),
(494, 20),
(495, 20),
(496, 20),
(497, 20),
(498, 20),
(499, 20),
(500, 21),
(501, 21),
(502, 21),
(503, 21),
(504, 21),
(505, 21),
(506, 21),
(507, 21),
(508, 21),
(509, 21),
(510, 21),
(511, 21),
(512, 21),
(513, 21),
(514, 21),
(515, 21),
(516, 21),
(517, 21),
(518, 21),
(519, 21),
(520, 21),
(521, 21),
(522, 23),
(523, 23),
(524, 38),
(525, 38),
(526, 38),
(527, 38),
(528, 38),
(529, 38),
(530, 38),
(531, 38),
(532, 15),
(533, 38),
(534, 38),
(535, 38),
(536, 38),
(537, 38),
(538, 38),
(539, 38),
(540, 38),
(541, 38),
(542, 38),
(543, 38),
(544, 38),
(545, 38),
(546, 38),
(547, 38),
(548, 38),
(549, 38),
(550, 38),
(551, 38),
(552, 38),
(553, 38),
(554, 38),
(555, 38),
(556, 38),
(557, 38),
(558, 38),
(559, 38),
(560, 38),
(561, 38),
(562, 38),
(563, 38),
(564, 38),
(565, 38),
(566, 38),
(567, 38),
(568, 38),
(569, 38),
(570, 38),
(571, 38),
(572, 38),
(573, 38),
(574, 38),
(575, 38),
(576, 38),
(577, 38),
(578, 38),
(579, 38),
(580, 38),
(581, 38),
(582, 38),
(583, 38),
(584, 32),
(585, 32),
(586, 32),
(587, 32),
(588, 32),
(589, 32),
(590, 38),
(591, 38),
(592, 38),
(593, 38),
(594, 38),
(595, 38),
(596, 38),
(597, 38),
(598, 38),
(599, 38),
(600, 38),
(601, 38),
(602, 38),
(603, 36),
(604, 36),
(605, 36),
(606, 36),
(607, 36),
(608, 36),
(609, 38),
(610, 38),
(611, 38),
(612, 38),
(613, 38),
(614, 38),
(615, 38),
(616, 38),
(617, 38),
(618, 38),
(619, 38),
(620, 38),
(621, 38),
(622, 38),
(623, 38),
(624, 38),
(625, 38),
(626, 38),
(627, 38),
(628, 38),
(629, 38),
(630, 38),
(631, 38),
(632, 38),
(633, 38),
(634, 38),
(635, 38),
(636, 38),
(637, 38),
(638, 38),
(639, 38),
(640, 38),
(641, 38),
(642, 38),
(643, 38),
(644, 38),
(645, 38),
(646, 38),
(647, 38),
(648, 38),
(649, 38),
(650, 38),
(651, 38),
(652, 38),
(653, 38),
(654, 38),
(655, 38),
(656, 38),
(657, 38),
(658, 38),
(659, 38),
(660, 38),
(661, 38),
(662, 38),
(663, 38),
(664, 38),
(665, 38),
(666, 38),
(667, 38),
(668, 38),
(669, 38),
(670, 38),
(671, 38),
(672, 38),
(673, 38),
(674, 38),
(675, 38),
(676, 38),
(677, 38),
(678, 38),
(679, 38),
(680, 38),
(681, 38),
(682, 38),
(683, 38),
(684, 38),
(685, 38),
(686, 38),
(687, 38),
(688, 38),
(689, 38),
(690, 38),
(691, 38),
(692, 38),
(693, 38),
(694, 38),
(695, 38),
(696, 38),
(697, 38),
(698, 38),
(699, 38),
(700, 38),
(701, 38),
(702, 38),
(703, 38),
(704, 38),
(705, 38),
(706, 38),
(707, 38),
(708, 38),
(709, 38),
(710, 38),
(711, 38),
(712, 38),
(713, 38),
(714, 38),
(715, 38),
(716, 38),
(717, 38),
(718, 38),
(719, 38),
(720, 38),
(721, 38),
(722, 38),
(723, 38),
(724, 38),
(725, 38),
(726, 38),
(727, 38),
(728, 38),
(729, 38),
(730, 38),
(731, 38),
(732, 38),
(733, 38),
(734, 38),
(735, 38),
(736, 38),
(737, 38),
(738, 38),
(739, 38),
(740, 38),
(741, 38),
(742, 38),
(743, 38),
(744, 38),
(745, 38),
(746, 38),
(747, 38),
(748, 38),
(749, 38),
(750, 38),
(751, 38),
(752, 38),
(753, 38),
(754, 38),
(755, 38),
(756, 38),
(757, 38),
(758, 38),
(759, 38),
(760, 38),
(761, 38),
(762, 38),
(763, 38),
(764, 38),
(765, 38),
(766, 38),
(767, 38),
(768, 38),
(769, 38),
(770, 38),
(771, 38),
(772, 38),
(773, 38),
(774, 38),
(775, 38),
(776, 38),
(777, 38),
(778, 38),
(779, 38),
(780, 38),
(781, 38),
(782, 38),
(783, 38),
(784, 38),
(785, 38),
(786, 38),
(787, 38),
(788, 38),
(789, 38),
(790, 38),
(791, 38),
(792, 38),
(793, 38),
(794, 38),
(795, 38),
(796, 38),
(797, 38),
(798, 38),
(799, 38),
(800, 38),
(801, 38),
(802, 38),
(803, 38),
(804, 38),
(805, 38),
(806, 38),
(807, 38),
(808, 38),
(809, 38),
(810, 38),
(811, 38),
(812, 38),
(813, 38),
(814, 38),
(815, 38),
(816, 38),
(817, 38),
(818, 38),
(819, 38),
(820, 38),
(821, 38),
(822, 38),
(823, 38),
(824, 38),
(825, 38),
(826, 38),
(827, 38),
(828, 38),
(829, 38),
(830, 38),
(831, 38),
(832, 38),
(833, 38),
(834, 38),
(835, 38),
(836, 38),
(837, 38),
(838, 38),
(839, 38),
(840, 38),
(841, 38),
(842, 38),
(843, 38),
(844, 38),
(845, 38),
(846, 38),
(847, 38),
(848, 38),
(849, 38),
(850, 38),
(851, 38),
(852, 38),
(853, 38),
(854, 38),
(855, 38),
(856, 38),
(857, 38),
(858, 38),
(859, 38),
(860, 38),
(861, 38),
(862, 38),
(863, 38),
(864, 38),
(865, 38),
(866, 38),
(867, 38),
(868, 38),
(869, 38),
(870, 38),
(871, 38),
(872, 38),
(873, 38),
(874, 38),
(875, 38),
(876, 38),
(877, 38),
(878, 38),
(879, 38),
(880, 38),
(881, 38),
(882, 38),
(883, 38),
(884, 38),
(885, 38),
(886, 38),
(887, 38),
(888, 38),
(889, 38),
(890, 38),
(891, 38),
(892, 38),
(893, 38),
(894, 38),
(895, 38),
(896, 38),
(897, 38),
(898, 38),
(899, 38),
(900, 38),
(901, 38),
(902, 38),
(903, 38),
(904, 38),
(905, 38),
(906, 38),
(907, 38),
(908, 38),
(909, 38),
(910, 38),
(911, 38),
(912, 38),
(913, 38),
(914, 38),
(915, 38),
(916, 38),
(917, 38),
(918, 38),
(919, 38),
(920, 38),
(921, 38),
(922, 38),
(923, 38),
(924, 38),
(925, 38),
(926, 38),
(927, 38),
(928, 38),
(929, 38),
(930, 38),
(931, 38),
(932, 38),
(933, 38),
(934, 38),
(935, 38),
(936, 38),
(937, 38),
(938, 38),
(939, 38),
(940, 38),
(941, 38),
(942, 38),
(943, 38),
(944, 38),
(945, 38),
(946, 38),
(947, 38),
(948, 38),
(949, 39),
(950, 39),
(951, 39),
(952, 38),
(953, 38),
(954, 38),
(955, 38),
(956, 38),
(957, 38),
(958, 38),
(959, 38),
(960, 38),
(961, 38),
(962, 38),
(963, 38),
(964, 38),
(965, 38),
(966, 38),
(967, 38),
(968, 38),
(969, 38),
(970, 38),
(971, 38),
(972, 38),
(973, 38),
(974, 38),
(975, 38),
(976, 38),
(977, 38),
(978, 38),
(979, 38),
(980, 39),
(981, 38),
(982, 38),
(983, 38),
(984, 38),
(985, 38),
(986, 38),
(987, 38),
(988, 38),
(989, 38),
(990, 38),
(991, 38),
(992, 38),
(993, 38),
(994, 38),
(995, 38),
(996, 38),
(997, 38),
(998, 38),
(999, 38),
(1000, 38),
(1001, 38),
(1002, 33),
(1002, 39),
(1003, 33),
(1003, 39),
(1004, 33),
(1004, 39),
(1005, 33),
(1005, 39),
(1006, 33),
(1006, 39),
(1007, 33),
(1007, 39),
(1008, 33),
(1008, 39),
(1009, 33),
(1009, 39),
(1010, 35),
(1010, 39),
(1011, 35),
(1011, 39),
(1012, 35),
(1012, 39),
(1013, 35),
(1013, 39),
(1014, 35),
(1014, 39),
(1015, 35),
(1015, 39),
(1016, 35),
(1016, 39),
(1017, 34),
(1017, 39),
(1018, 34),
(1018, 39),
(1019, 34),
(1019, 39),
(1020, 34),
(1020, 39),
(1021, 34),
(1021, 39),
(1022, 34),
(1022, 39),
(1023, 34),
(1023, 39),
(1024, 34),
(1024, 39),
(1025, 34),
(1025, 39),
(1026, 34),
(1026, 39),
(1027, 29),
(1027, 39),
(1028, 29),
(1028, 39),
(1029, 29),
(1029, 39),
(1030, 29),
(1030, 39),
(1031, 29),
(1031, 39),
(1032, 29),
(1032, 39),
(1033, 29),
(1033, 39),
(1034, 29),
(1034, 39),
(1035, 29),
(1035, 39),
(1036, 29),
(1036, 39),
(1037, 29),
(1037, 39),
(1038, 29),
(1038, 39),
(1039, 29),
(1039, 39),
(1040, 28),
(1040, 39),
(1041, 28),
(1041, 39),
(1042, 28),
(1042, 39),
(1043, 28),
(1043, 39),
(1044, 28),
(1044, 39),
(1045, 28),
(1045, 39),
(1046, 26),
(1046, 39),
(1047, 26),
(1047, 39),
(1048, 26),
(1048, 27),
(1048, 39),
(1049, 27),
(1049, 39),
(1050, 26),
(1050, 27),
(1050, 39),
(1051, 26),
(1051, 27),
(1051, 39),
(1052, 27),
(1052, 39),
(1053, 27),
(1053, 39),
(1054, 27),
(1054, 39),
(1055, 27),
(1055, 39),
(1056, 26),
(1056, 27),
(1056, 39),
(1057, 26),
(1057, 27),
(1057, 39),
(1058, 26),
(1058, 27),
(1058, 39),
(1059, 26),
(1059, 39),
(1060, 26),
(1060, 39),
(1061, 26),
(1061, 39),
(1062, 26),
(1062, 39),
(1063, 26),
(1063, 39),
(1064, 26),
(1064, 39),
(1065, 26),
(1065, 27),
(1065, 31),
(1065, 39),
(1066, 26),
(1066, 27),
(1066, 31),
(1066, 39),
(1067, 26),
(1067, 27),
(1067, 31),
(1067, 39),
(1068, 26),
(1068, 27),
(1068, 31),
(1068, 39),
(1069, 31),
(1069, 39),
(1070, 31),
(1070, 39),
(1071, 31),
(1071, 39),
(1072, 31),
(1072, 39),
(1073, 31),
(1073, 39),
(1074, 26),
(1074, 39),
(1075, 26),
(1075, 39),
(1076, 26),
(1076, 39),
(1077, 27),
(1077, 39),
(1078, 39),
(1079, 39),
(1080, 39),
(1081, 39),
(1082, 39),
(1083, 33),
(1083, 39),
(1084, 39),
(1085, 39),
(1086, 39),
(1087, 39),
(1088, 39),
(1089, 39),
(1090, 39),
(1091, 39),
(1092, 39),
(1093, 39),
(1094, 39),
(1095, 39),
(1096, 39),
(1097, 39),
(1098, 39),
(1099, 39),
(1100, 39),
(1101, 39),
(1102, 39),
(1103, 39),
(1104, 39),
(1105, 39),
(1106, 39),
(1107, 39),
(1108, 39),
(1109, 39),
(1110, 39),
(1111, 39),
(1112, 39),
(1113, 39),
(1114, 39),
(1115, 39),
(1116, 39),
(1117, 39),
(1118, 39),
(1119, 39),
(1120, 39),
(1121, 39),
(1122, 39),
(1123, 39),
(1124, 39),
(1125, 39),
(1126, 39),
(1127, 39),
(1128, 39),
(1129, 39),
(1130, 39),
(1131, 39),
(1132, 39),
(1133, 39),
(1134, 39),
(1135, 39),
(1136, 39),
(1137, 39),
(1138, 39),
(1139, 39),
(1140, 39),
(1141, 39),
(1142, 39),
(1143, 39),
(1144, 39),
(1145, 39),
(1146, 39),
(1147, 39),
(1148, 39),
(1149, 39),
(1150, 39);

-- --------------------------------------------------------

--
-- Tabellenstruktur für Tabelle `products_to_characteristics`
--

CREATE TABLE `products_to_characteristics` (
  `products_to_characteristics_id` int(11) NOT NULL,
  `products_id` int(11) NOT NULL DEFAULT '0',
  `products_characteristic_set_id` int(11) NOT NULL DEFAULT '0'
) ENGINE=MyISAM DEFAULT CHARSET=utf8;

--
-- Daten für Tabelle `products_to_characteristics`
--

INSERT INTO `products_to_characteristics` (`products_to_characteristics_id`, `products_id`, `products_characteristic_set_id`) VALUES
(322, 127, 98),
(323, 127, 110),
(324, 127, 112),
(325, 127, 114),
(326, 127, 124),
(327, 127, 131),
(328, 127, 134),
(329, 127, 138),
(330, 127, 141),
(331, 127, 141),
(332, 128, 99),
(333, 128, 110),
(334, 128, 112),
(335, 128, 115),
(336, 128, 125),
(337, 128, 131),
(338, 128, 134),
(339, 128, 138),
(340, 128, 141),
(341, 128, 141),
(342, 129, 100),
(343, 129, 110),
(344, 129, 112),
(345, 129, 113),
(346, 129, 122),
(347, 129, 131),
(348, 129, 134),
(349, 129, 139),
(350, 129, 141),
(351, 129, 141),
(352, 130, 101),
(353, 130, 110),
(354, 130, 112),
(355, 130, 114),
(356, 130, 123),
(357, 130, 131),
(358, 130, 134),
(359, 130, 138),
(360, 130, 141),
(361, 130, 141),
(362, 119, 102),
(363, 119, 112),
(364, 119, 145),
(365, 119, 152),
(366, 131, 103),
(367, 131, 112),
(368, 131, 116),
(369, 131, 126),
(370, 131, 145),
(371, 131, 149),
(372, 131, 152),
(373, 132, 104),
(374, 132, 112),
(375, 132, 117),
(376, 132, 127),
(377, 132, 145),
(378, 132, 150),
(379, 132, 152),
(380, 133, 105),
(381, 133, 112),
(382, 133, 118),
(383, 133, 128),
(384, 133, 145),
(385, 133, 151),
(386, 133, 152),
(387, 137, 98),
(388, 137, 112),
(389, 137, 114),
(390, 137, 124),
(391, 137, 131),
(392, 137, 134),
(393, 137, 138),
(394, 137, 141),
(395, 137, 141),
(396, 138, 98),
(397, 138, 112),
(398, 138, 114),
(399, 138, 124),
(400, 138, 131),
(401, 138, 134),
(402, 138, 138),
(403, 138, 141),
(404, 138, 141),
(405, 139, 98),
(406, 139, 112),
(407, 139, 114),
(408, 139, 124),
(409, 139, 131),
(410, 139, 134),
(411, 139, 138),
(412, 139, 141),
(413, 139, 141),
(414, 173, 101),
(415, 173, 110),
(416, 173, 112),
(417, 173, 114),
(418, 173, 123),
(419, 173, 131),
(420, 173, 134),
(421, 173, 138),
(422, 173, 141),
(423, 173, 141),
(424, 174, 101),
(425, 174, 110),
(426, 174, 112),
(427, 174, 114),
(428, 174, 123),
(429, 174, 131),
(430, 174, 134),
(431, 174, 138),
(432, 174, 141),
(433, 174, 141),
(434, 175, 101),
(435, 175, 110),
(436, 175, 112),
(437, 175, 114),
(438, 175, 123),
(439, 175, 131),
(440, 175, 134),
(441, 175, 138),
(442, 175, 141),
(443, 175, 141),
(444, 167, 101),
(445, 167, 110),
(446, 167, 112),
(447, 167, 114),
(448, 167, 123),
(449, 167, 131),
(450, 167, 134),
(451, 167, 138),
(452, 167, 141),
(453, 167, 141),
(454, 168, 101),
(455, 168, 110),
(456, 168, 112),
(457, 168, 114),
(458, 168, 123),
(459, 168, 131),
(460, 168, 134),
(461, 168, 138),
(462, 168, 141),
(463, 168, 141),
(464, 169, 101),
(465, 169, 110),
(466, 169, 112),
(467, 169, 114),
(468, 169, 123),
(469, 169, 131),
(470, 169, 134),
(471, 169, 138),
(472, 169, 141),
(473, 169, 141),
(474, 172, 98),
(475, 172, 110),
(476, 172, 112),
(477, 172, 114),
(478, 172, 124),
(479, 172, 131),
(480, 172, 134),
(481, 172, 138),
(482, 172, 141),
(483, 172, 141),
(484, 171, 99),
(485, 171, 110),
(486, 171, 112),
(487, 171, 115),
(488, 171, 125),
(489, 171, 131),
(490, 171, 134),
(491, 171, 138),
(492, 171, 141),
(493, 171, 141),
(494, 170, 99),
(495, 170, 110),
(496, 170, 112),
(497, 170, 115),
(498, 170, 125),
(499, 170, 131),
(500, 170, 134),
(501, 170, 138),
(502, 170, 141),
(503, 170, 141),
(504, 160, 99),
(505, 160, 110),
(506, 160, 112),
(507, 160, 115),
(508, 160, 125),
(509, 160, 131),
(510, 160, 134),
(511, 160, 138),
(512, 160, 141),
(513, 160, 141),
(514, 159, 99),
(515, 159, 110),
(516, 159, 112),
(517, 159, 115),
(518, 159, 125),
(519, 159, 131),
(520, 159, 134),
(521, 159, 138),
(522, 159, 141),
(523, 159, 141),
(524, 227, 106),
(525, 227, 111),
(526, 227, 112),
(527, 227, 120),
(528, 227, 129),
(529, 227, 132),
(530, 227, 137),
(531, 227, 140),
(532, 227, 142),
(533, 227, 142),
(534, 186, 106),
(535, 186, 111),
(536, 186, 112),
(537, 186, 120),
(538, 186, 129),
(539, 186, 132),
(540, 186, 137),
(541, 186, 140),
(542, 186, 142),
(543, 186, 142),
(544, 233, 106),
(545, 233, 111),
(546, 233, 112),
(547, 233, 120),
(548, 233, 129),
(549, 233, 132),
(550, 233, 137),
(551, 233, 140),
(552, 233, 142),
(553, 233, 142),
(554, 234, 106),
(555, 234, 111),
(556, 234, 112),
(557, 234, 120),
(558, 234, 129),
(559, 234, 132),
(560, 234, 137),
(561, 234, 140),
(562, 234, 142),
(563, 234, 142),
(564, 235, 106),
(565, 235, 111),
(566, 235, 112),
(567, 235, 120),
(568, 235, 129),
(569, 235, 132),
(570, 235, 137),
(571, 235, 140),
(572, 235, 142),
(573, 235, 142),
(574, 236, 106),
(575, 236, 111),
(576, 236, 112),
(577, 236, 120),
(578, 236, 129),
(579, 236, 132),
(580, 236, 137),
(581, 236, 140),
(582, 236, 142),
(583, 236, 142),
(584, 237, 111),
(585, 237, 111),
(586, 238, 107),
(587, 238, 111),
(588, 238, 112),
(589, 238, 119),
(590, 238, 130),
(591, 238, 132),
(592, 238, 136),
(593, 238, 140),
(594, 238, 143),
(595, 238, 143),
(596, 239, 107),
(597, 239, 111),
(598, 239, 112),
(599, 239, 119),
(600, 239, 130),
(601, 239, 132),
(602, 239, 136),
(603, 239, 140),
(604, 239, 143),
(605, 239, 143),
(606, 240, 107),
(607, 240, 111),
(608, 240, 112),
(609, 240, 119),
(610, 240, 130),
(611, 240, 132),
(612, 240, 136),
(613, 240, 140),
(614, 240, 143),
(615, 240, 143),
(616, 241, 107),
(617, 241, 111),
(618, 241, 112),
(619, 241, 119),
(620, 241, 130),
(621, 241, 132),
(622, 241, 136),
(623, 241, 140),
(624, 241, 143),
(625, 241, 143),
(626, 226, 107),
(627, 226, 111),
(628, 226, 112),
(629, 226, 119),
(630, 226, 130),
(631, 226, 132),
(632, 226, 136),
(633, 226, 140),
(634, 226, 143),
(635, 226, 143),
(636, 225, 108),
(637, 225, 111),
(638, 225, 112),
(639, 225, 121),
(640, 225, 129),
(641, 225, 132),
(642, 225, 137),
(643, 225, 140),
(644, 225, 144),
(645, 225, 144),
(646, 243, 109),
(647, 243, 111),
(648, 243, 112),
(649, 243, 114),
(650, 243, 129),
(651, 243, 133),
(652, 243, 137),
(653, 243, 140),
(654, 243, 140),
(655, 254, 111),
(656, 254, 111),
(657, 255, 111),
(658, 255, 111),
(659, 256, 111),
(660, 256, 111),
(661, 257, 111),
(662, 257, 111),
(663, 258, 111),
(664, 258, 111),
(665, 259, 111),
(666, 259, 111),
(667, 260, 111),
(668, 260, 111),
(669, 261, 111),
(670, 261, 111),
(671, 262, 111),
(672, 262, 111),
(673, 263, 111),
(674, 263, 111),
(675, 264, 111),
(676, 264, 111),
(677, 265, 111),
(678, 265, 111),
(679, 266, 111),
(680, 266, 111),
(681, 267, 111),
(682, 267, 111),
(683, 268, 111),
(684, 268, 111),
(685, 273, 107),
(686, 273, 111),
(687, 273, 112),
(688, 273, 119),
(689, 273, 130),
(690, 273, 132),
(691, 273, 136),
(692, 273, 140),
(693, 273, 143),
(694, 273, 143),
(695, 274, 107),
(696, 274, 111),
(697, 274, 112),
(698, 274, 119),
(699, 274, 130),
(700, 274, 132),
(701, 274, 136),
(702, 274, 140),
(703, 274, 143),
(704, 274, 143),
(705, 275, 107),
(706, 275, 111),
(707, 275, 112),
(708, 275, 119),
(709, 275, 130),
(710, 275, 132),
(711, 275, 136),
(712, 275, 140),
(713, 275, 143),
(714, 275, 143),
(715, 276, 107),
(716, 276, 111),
(717, 276, 112),
(718, 276, 119),
(719, 276, 130),
(720, 276, 132),
(721, 276, 136),
(722, 276, 140),
(723, 276, 143),
(724, 276, 143),
(725, 277, 107),
(726, 277, 111),
(727, 277, 112),
(728, 277, 119),
(729, 277, 130),
(730, 277, 132),
(731, 277, 136),
(732, 277, 140),
(733, 277, 143),
(734, 277, 143),
(735, 278, 107),
(736, 278, 111),
(737, 278, 112),
(738, 278, 119),
(739, 278, 130),
(740, 278, 132),
(741, 278, 136),
(742, 278, 140),
(743, 278, 143),
(744, 278, 143),
(745, 279, 108),
(746, 279, 111),
(747, 279, 112),
(748, 279, 121),
(749, 279, 129),
(750, 279, 132),
(751, 279, 137),
(752, 279, 140),
(753, 279, 144),
(754, 279, 144),
(755, 147, 155),
(756, 147, 161),
(757, 147, 164),
(758, 147, 174),
(759, 147, 176),
(760, 147, 179),
(761, 147, 186),
(762, 147, 192),
(763, 147, 193),
(764, 147, 194),
(765, 147, 195),
(766, 154, 157),
(767, 154, 161),
(768, 154, 172),
(769, 154, 174),
(770, 154, 183),
(771, 154, 187),
(772, 154, 192),
(773, 154, 193),
(774, 154, 194),
(775, 154, 195),
(776, 152, 157),
(777, 152, 161),
(778, 152, 167),
(779, 152, 174),
(780, 152, 181),
(781, 152, 187),
(782, 152, 192),
(783, 152, 193),
(784, 152, 194),
(785, 152, 195),
(786, 155, 157),
(787, 155, 161),
(788, 155, 173),
(789, 155, 174),
(790, 155, 183),
(791, 155, 191),
(792, 155, 193),
(793, 155, 194),
(794, 155, 195),
(795, 153, 157),
(796, 153, 161),
(797, 153, 168),
(798, 153, 181),
(799, 153, 191),
(800, 153, 193),
(801, 153, 194),
(802, 153, 195),
(803, 157, 159),
(804, 157, 161),
(805, 157, 170),
(806, 157, 174),
(807, 157, 177),
(808, 157, 197),
(809, 157, 196),
(810, 157, 189),
(811, 157, 192),
(812, 157, 193),
(813, 157, 194),
(814, 157, 195),
(815, 158, 160),
(816, 158, 161),
(817, 158, 171),
(818, 158, 174),
(819, 158, 190),
(820, 158, 192),
(821, 158, 193),
(822, 158, 194),
(823, 158, 195),
(824, 156, 158),
(825, 156, 161),
(826, 156, 169),
(827, 156, 174),
(828, 156, 182),
(829, 156, 188),
(830, 156, 192),
(831, 156, 193),
(832, 156, 194),
(833, 156, 195),
(834, 150, 156),
(835, 150, 161),
(836, 150, 165),
(837, 150, 174),
(838, 150, 180),
(839, 150, 187),
(840, 150, 192),
(841, 150, 193),
(842, 150, 194),
(843, 150, 195),
(844, 151, 156),
(845, 151, 161),
(846, 151, 168),
(847, 151, 174),
(848, 151, 180),
(849, 151, 187),
(850, 151, 191),
(851, 151, 193),
(852, 151, 194),
(853, 151, 195),
(854, 149, 153),
(855, 149, 161),
(856, 149, 162),
(857, 149, 174),
(858, 149, 178),
(859, 149, 184),
(860, 149, 192),
(861, 149, 193),
(862, 149, 194),
(863, 149, 195),
(864, 148, 154),
(865, 148, 161),
(866, 148, 163),
(867, 148, 176),
(868, 148, 185),
(869, 148, 192),
(870, 148, 193),
(871, 148, 194),
(872, 148, 195),
(873, 101, 240),
(874, 101, 242),
(875, 101, 244),
(876, 101, 245),
(877, 101, 507),
(878, 101, 509),
(879, 101, 510),
(880, 101, 511),
(881, 101, 512),
(882, 101, 512),
(883, 102, 240),
(884, 102, 242),
(885, 102, 244),
(886, 102, 245),
(887, 102, 507),
(888, 102, 509),
(889, 102, 510),
(890, 102, 511),
(891, 102, 512),
(892, 102, 512),
(893, 103, 240),
(894, 103, 242),
(895, 103, 244),
(896, 103, 245),
(897, 103, 507),
(898, 103, 509),
(899, 103, 510),
(900, 103, 511),
(901, 103, 512),
(902, 103, 512),
(903, 104, 240),
(904, 104, 242),
(905, 104, 244),
(906, 104, 245),
(907, 104, 507),
(908, 104, 509),
(909, 104, 510),
(910, 104, 511),
(911, 104, 512),
(912, 104, 512),
(913, 105, 240),
(914, 105, 242),
(915, 105, 244),
(916, 105, 245),
(917, 105, 507),
(918, 105, 509),
(919, 105, 510),
(920, 105, 511),
(921, 105, 512),
(922, 105, 512),
(923, 106, 240),
(924, 106, 242),
(925, 106, 244),
(926, 106, 246),
(927, 106, 508),
(928, 106, 509),
(929, 106, 510),
(930, 106, 511),
(931, 106, 512),
(932, 106, 513),
(933, 106, 515),
(934, 106, 515),
(935, 107, 240),
(936, 107, 242),
(937, 107, 244),
(938, 107, 246),
(939, 107, 508),
(940, 107, 509),
(941, 107, 510),
(942, 107, 511),
(943, 107, 512),
(944, 107, 513),
(945, 107, 515),
(946, 107, 515),
(947, 108, 240),
(948, 108, 242),
(949, 108, 244),
(950, 108, 246),
(951, 108, 508),
(952, 108, 509),
(953, 108, 510),
(954, 108, 511),
(955, 108, 512),
(956, 108, 513),
(957, 108, 515),
(958, 108, 515),
(959, 109, 514),
(960, 109, 517),
(961, 109, 522),
(962, 109, 525),
(963, 109, 526),
(964, 109, 526),
(965, 110, 240),
(966, 110, 517),
(967, 110, 522),
(968, 110, 525),
(969, 110, 526),
(970, 110, 529),
(971, 110, 529),
(972, 111, 240),
(973, 111, 518),
(974, 111, 522),
(975, 111, 525),
(976, 111, 526),
(977, 111, 531),
(978, 111, 531),
(979, 112, 240),
(980, 112, 517),
(981, 112, 522),
(982, 112, 525),
(983, 112, 526),
(984, 112, 530),
(985, 112, 530),
(986, 113, 240),
(987, 113, 518),
(988, 113, 522),
(989, 113, 525),
(990, 113, 526),
(991, 113, 533),
(992, 113, 533),
(993, 114, 240),
(994, 114, 518),
(995, 114, 522),
(996, 114, 525),
(997, 114, 526),
(998, 114, 533),
(999, 114, 533),
(1000, 115, 240),
(1001, 115, 519),
(1002, 115, 522),
(1003, 115, 525),
(1004, 115, 526),
(1005, 115, 534),
(1006, 115, 534),
(1007, 116, 240),
(1008, 116, 519),
(1009, 116, 522),
(1010, 116, 525),
(1011, 116, 526),
(1012, 116, 537),
(1013, 116, 537),
(1014, 117, 240),
(1015, 117, 519),
(1016, 117, 522),
(1017, 117, 525),
(1018, 117, 526),
(1019, 117, 537),
(1020, 117, 537),
(1021, 118, 240),
(1022, 118, 519),
(1023, 118, 522),
(1024, 118, 525),
(1025, 118, 526),
(1026, 118, 537),
(1027, 118, 537),
(1028, 120, 240),
(1029, 120, 518),
(1030, 120, 522),
(1031, 120, 525),
(1032, 120, 526),
(1033, 120, 538),
(1034, 120, 544),
(1035, 120, 544),
(1036, 121, 240),
(1037, 121, 518),
(1038, 121, 522),
(1039, 121, 525),
(1040, 121, 526),
(1041, 121, 538),
(1042, 121, 538),
(1043, 122, 240),
(1044, 122, 518),
(1045, 122, 522),
(1046, 122, 525),
(1047, 122, 526),
(1048, 122, 538),
(1049, 122, 538),
(1050, 134, 518),
(1051, 134, 522),
(1052, 134, 525),
(1053, 134, 526),
(1054, 134, 531),
(1055, 134, 531),
(1056, 136, 518),
(1057, 136, 522),
(1058, 136, 525),
(1059, 136, 526),
(1060, 136, 531),
(1061, 136, 531),
(1062, 137, 243),
(1063, 137, 244),
(1064, 137, 246),
(1065, 137, 421),
(1066, 137, 456),
(1067, 137, 508),
(1068, 137, 509),
(1069, 137, 510),
(1070, 137, 511),
(1071, 137, 512),
(1072, 137, 513),
(1073, 137, 515),
(1074, 137, 518),
(1075, 137, 525),
(1076, 137, 525),
(1077, 138, 243),
(1078, 138, 244),
(1079, 138, 245),
(1080, 138, 423),
(1081, 138, 458),
(1082, 138, 507),
(1083, 138, 509),
(1084, 138, 510),
(1085, 138, 511),
(1086, 138, 512),
(1087, 138, 513),
(1088, 138, 515),
(1089, 138, 518),
(1090, 138, 525),
(1091, 138, 525),
(1092, 139, 243),
(1093, 139, 244),
(1094, 139, 245),
(1095, 139, 425),
(1096, 139, 460),
(1097, 139, 507),
(1098, 139, 509),
(1099, 139, 510),
(1100, 139, 511),
(1101, 139, 512),
(1102, 139, 513),
(1103, 139, 515),
(1104, 139, 518),
(1105, 139, 525),
(1106, 139, 525),
(1107, 140, 240),
(1108, 140, 517),
(1109, 140, 522),
(1110, 140, 525),
(1111, 140, 526),
(1112, 140, 529),
(1113, 140, 529),
(1114, 141, 240),
(1115, 141, 518),
(1116, 141, 522),
(1117, 141, 525),
(1118, 141, 526),
(1119, 141, 531),
(1120, 141, 531),
(1121, 142, 240),
(1122, 142, 518),
(1123, 142, 522),
(1124, 142, 525),
(1125, 142, 526),
(1126, 142, 533),
(1127, 142, 533),
(1128, 143, 240),
(1129, 143, 517),
(1130, 143, 522),
(1131, 143, 525),
(1132, 143, 526),
(1133, 143, 530),
(1134, 143, 530),
(1135, 144, 240),
(1136, 144, 518),
(1137, 144, 522),
(1138, 144, 525),
(1139, 144, 526),
(1140, 144, 533),
(1141, 144, 533),
(1142, 145, 240),
(1143, 145, 519),
(1144, 145, 522),
(1145, 145, 525),
(1146, 145, 526),
(1147, 145, 534),
(1148, 145, 534),
(1149, 146, 240),
(1150, 146, 519),
(1151, 146, 522),
(1152, 146, 525),
(1153, 146, 526),
(1154, 146, 537),
(1155, 146, 537),
(1156, 159, 240),
(1157, 159, 242),
(1158, 159, 244),
(1159, 159, 245),
(1160, 159, 507),
(1161, 159, 509),
(1162, 159, 510),
(1163, 159, 511),
(1164, 159, 512),
(1165, 159, 512),
(1166, 160, 240),
(1167, 160, 242),
(1168, 160, 244),
(1169, 160, 245),
(1170, 160, 507),
(1171, 160, 509),
(1172, 160, 510),
(1173, 160, 511),
(1174, 160, 512),
(1175, 160, 512),
(1176, 170, 240),
(1177, 170, 242),
(1178, 170, 244),
(1179, 170, 245),
(1180, 170, 507),
(1181, 170, 509),
(1182, 170, 510),
(1183, 170, 511),
(1184, 170, 512),
(1185, 170, 512),
(1186, 167, 240),
(1187, 167, 242),
(1188, 167, 244),
(1189, 167, 245),
(1190, 167, 507),
(1191, 167, 509),
(1192, 167, 510),
(1193, 167, 511),
(1194, 167, 512),
(1195, 167, 512),
(1196, 168, 240),
(1197, 168, 242),
(1198, 168, 244),
(1199, 168, 245),
(1200, 168, 507),
(1201, 168, 509),
(1202, 168, 510),
(1203, 168, 511),
(1204, 168, 512),
(1205, 168, 512),
(1206, 169, 240),
(1207, 169, 242),
(1208, 169, 244),
(1209, 169, 245),
(1210, 169, 507),
(1211, 169, 509),
(1212, 169, 510),
(1213, 169, 511),
(1214, 169, 512),
(1215, 169, 512),
(1216, 171, 240),
(1217, 171, 242),
(1218, 171, 244),
(1219, 171, 245),
(1220, 171, 507),
(1221, 171, 509),
(1222, 171, 510),
(1223, 171, 511),
(1224, 171, 512),
(1225, 171, 512),
(1226, 172, 240),
(1227, 172, 242),
(1228, 172, 244),
(1229, 172, 245),
(1230, 172, 507),
(1231, 172, 509),
(1232, 172, 510),
(1233, 172, 511),
(1234, 172, 512),
(1235, 172, 512),
(1236, 173, 240),
(1237, 173, 242),
(1238, 173, 244),
(1239, 173, 245),
(1240, 173, 507),
(1241, 173, 509),
(1242, 173, 510),
(1243, 173, 511),
(1244, 173, 512),
(1245, 173, 512),
(1246, 174, 240),
(1247, 174, 242),
(1248, 174, 244),
(1249, 174, 245),
(1250, 174, 507),
(1251, 174, 509),
(1252, 174, 510),
(1253, 174, 511),
(1254, 174, 512),
(1255, 174, 512),
(1256, 175, 240),
(1257, 175, 242),
(1258, 175, 244),
(1259, 175, 245),
(1260, 175, 507),
(1261, 175, 509),
(1262, 175, 510),
(1263, 175, 511),
(1264, 175, 512),
(1265, 175, 512),
(1266, 176, 240),
(1267, 176, 241),
(1268, 176, 244),
(1269, 176, 247),
(1270, 176, 422),
(1271, 176, 457),
(1272, 176, 507),
(1273, 176, 509),
(1274, 176, 510),
(1275, 176, 511),
(1276, 176, 512),
(1277, 176, 513),
(1278, 176, 524),
(1279, 176, 545),
(1280, 176, 547),
(1281, 176, 548),
(1282, 176, 550),
(1283, 176, 551),
(1284, 176, 552),
(1285, 176, 553),
(1286, 176, 554),
(1287, 176, 555),
(1288, 176, 556),
(1289, 176, 559),
(1290, 176, 561),
(1291, 176, 562),
(1292, 176, 567),
(1293, 176, 571),
(1294, 176, 573),
(1295, 176, 574),
(1296, 176, 575),
(1297, 177, 240),
(1298, 177, 241),
(1299, 177, 244),
(1300, 177, 247),
(1301, 177, 423),
(1302, 177, 458),
(1303, 177, 507),
(1304, 177, 509),
(1305, 177, 510),
(1306, 177, 511),
(1307, 177, 512),
(1308, 177, 513),
(1309, 177, 524),
(1310, 177, 545),
(1311, 177, 547),
(1312, 177, 548),
(1313, 177, 550),
(1314, 177, 551),
(1315, 177, 552),
(1316, 177, 553),
(1317, 177, 554),
(1318, 177, 555),
(1319, 177, 556),
(1320, 177, 559),
(1321, 177, 561),
(1322, 177, 562),
(1323, 177, 567),
(1324, 177, 571),
(1325, 177, 573),
(1326, 177, 574),
(1327, 177, 575),
(1328, 178, 240),
(1329, 178, 241),
(1330, 178, 244),
(1331, 178, 247),
(1332, 178, 424),
(1333, 178, 459),
(1334, 178, 507),
(1335, 178, 509),
(1336, 178, 510),
(1337, 178, 511),
(1338, 178, 512),
(1339, 178, 513),
(1340, 178, 524),
(1341, 178, 545),
(1342, 178, 547),
(1343, 178, 548),
(1344, 178, 550),
(1345, 178, 551),
(1346, 178, 552),
(1347, 178, 553),
(1348, 178, 554),
(1349, 178, 555),
(1350, 178, 556),
(1351, 178, 559),
(1352, 178, 561),
(1353, 178, 562),
(1354, 178, 567),
(1355, 178, 571),
(1356, 178, 573),
(1357, 178, 574),
(1358, 178, 575),
(1359, 179, 240),
(1360, 179, 241),
(1361, 179, 244),
(1362, 179, 247),
(1363, 179, 425),
(1364, 179, 460),
(1365, 179, 507),
(1366, 179, 509),
(1367, 179, 510),
(1368, 179, 511),
(1369, 179, 512),
(1370, 179, 513),
(1371, 179, 524),
(1372, 179, 545),
(1373, 179, 547),
(1374, 179, 548),
(1375, 179, 550),
(1376, 179, 551),
(1377, 179, 552),
(1378, 179, 553),
(1379, 179, 554),
(1380, 179, 555),
(1381, 179, 556),
(1382, 179, 559),
(1383, 179, 561),
(1384, 179, 562),
(1385, 179, 567),
(1386, 179, 571),
(1387, 179, 573),
(1388, 179, 574),
(1389, 179, 575),
(1390, 180, 240),
(1391, 180, 241),
(1392, 180, 244),
(1393, 180, 247),
(1394, 180, 426),
(1395, 180, 466),
(1396, 180, 507),
(1397, 180, 509),
(1398, 180, 510),
(1399, 180, 511),
(1400, 180, 512),
(1401, 180, 513),
(1402, 180, 524),
(1403, 180, 545),
(1404, 180, 547),
(1405, 180, 548),
(1406, 180, 550),
(1407, 180, 551),
(1408, 180, 552),
(1409, 180, 553),
(1410, 180, 554),
(1411, 180, 555),
(1412, 180, 556),
(1413, 180, 559),
(1414, 180, 561),
(1415, 180, 562),
(1416, 180, 567),
(1417, 180, 571),
(1418, 180, 573),
(1419, 180, 574),
(1420, 180, 575),
(1421, 181, 240),
(1422, 181, 241),
(1423, 181, 244),
(1424, 181, 247),
(1425, 181, 427),
(1426, 181, 465),
(1427, 181, 507),
(1428, 181, 509),
(1429, 181, 510),
(1430, 181, 511),
(1431, 181, 512),
(1432, 181, 513),
(1433, 181, 524),
(1434, 181, 545),
(1435, 181, 547),
(1436, 181, 548),
(1437, 181, 550),
(1438, 181, 551),
(1439, 181, 552),
(1440, 181, 553),
(1441, 181, 554),
(1442, 181, 555),
(1443, 181, 556),
(1444, 181, 559),
(1445, 181, 561),
(1446, 181, 562),
(1447, 181, 567),
(1448, 181, 571),
(1449, 181, 573),
(1450, 181, 574),
(1451, 181, 575),
(1452, 182, 240),
(1453, 182, 241),
(1454, 182, 244),
(1455, 182, 247),
(1456, 182, 428),
(1457, 182, 464),
(1458, 182, 507),
(1459, 182, 509),
(1460, 182, 510),
(1461, 182, 511),
(1462, 182, 512),
(1463, 182, 513),
(1464, 182, 524),
(1465, 182, 546),
(1466, 182, 547),
(1467, 182, 549),
(1468, 182, 550),
(1469, 182, 551),
(1470, 182, 552),
(1471, 182, 553),
(1472, 182, 554),
(1473, 182, 555),
(1474, 182, 557),
(1475, 182, 560),
(1476, 182, 561),
(1477, 182, 562),
(1478, 182, 567),
(1479, 182, 571),
(1480, 182, 573),
(1481, 182, 574),
(1482, 182, 575),
(1483, 183, 240),
(1484, 183, 241),
(1485, 183, 244),
(1486, 183, 247),
(1487, 183, 429),
(1488, 183, 463),
(1489, 183, 507),
(1490, 183, 509),
(1491, 183, 510),
(1492, 183, 511),
(1493, 183, 512),
(1494, 183, 513),
(1495, 183, 524),
(1496, 183, 546),
(1497, 183, 547),
(1498, 183, 549),
(1499, 183, 550),
(1500, 183, 551),
(1501, 183, 552),
(1502, 183, 553),
(1503, 183, 554),
(1504, 183, 555),
(1505, 183, 557),
(1506, 183, 560),
(1507, 183, 561),
(1508, 183, 562),
(1509, 183, 567),
(1510, 183, 571),
(1511, 183, 573),
(1512, 183, 574),
(1513, 183, 575),
(1514, 184, 240),
(1515, 184, 241),
(1516, 184, 244),
(1517, 184, 247),
(1518, 184, 430),
(1519, 184, 462),
(1520, 184, 507),
(1521, 184, 509),
(1522, 184, 510),
(1523, 184, 511),
(1524, 184, 512),
(1525, 184, 513),
(1526, 184, 524),
(1527, 184, 546),
(1528, 184, 547),
(1529, 184, 549),
(1530, 184, 550),
(1531, 184, 551),
(1532, 184, 552),
(1533, 184, 553),
(1534, 184, 554),
(1535, 184, 555),
(1536, 184, 557),
(1537, 184, 560),
(1538, 184, 561),
(1539, 184, 562),
(1540, 184, 567),
(1541, 184, 571),
(1542, 184, 573),
(1543, 184, 574),
(1544, 184, 575),
(1545, 185, 240),
(1546, 185, 241),
(1547, 185, 244),
(1548, 185, 247),
(1549, 185, 431),
(1550, 185, 461),
(1551, 185, 507),
(1552, 185, 509),
(1553, 185, 510),
(1554, 185, 511),
(1555, 185, 512),
(1556, 185, 513),
(1557, 185, 524),
(1558, 185, 546),
(1559, 185, 547),
(1560, 185, 549),
(1561, 185, 550),
(1562, 185, 551),
(1563, 185, 552),
(1564, 185, 553),
(1565, 185, 554),
(1566, 185, 555),
(1567, 185, 557),
(1568, 185, 560),
(1569, 185, 561),
(1570, 185, 562),
(1571, 185, 567),
(1572, 185, 571),
(1573, 185, 573),
(1574, 185, 574),
(1575, 185, 575),
(1576, 187, 240),
(1577, 187, 518),
(1578, 187, 522),
(1579, 187, 525),
(1580, 187, 526),
(1581, 187, 539),
(1582, 187, 539),
(1583, 188, 240),
(1584, 188, 518),
(1585, 188, 522),
(1586, 188, 525),
(1587, 188, 526),
(1588, 188, 539),
(1589, 188, 539),
(1590, 189, 240),
(1591, 189, 518),
(1592, 189, 522),
(1593, 189, 525),
(1594, 189, 526),
(1595, 189, 539),
(1596, 189, 539),
(1597, 191, 240),
(1598, 191, 432),
(1599, 191, 475),
(1600, 191, 520),
(1601, 191, 523),
(1602, 191, 540),
(1603, 191, 540),
(1604, 192, 240),
(1605, 192, 432),
(1606, 192, 475),
(1607, 192, 520),
(1608, 192, 523),
(1609, 192, 540),
(1610, 192, 563),
(1611, 192, 568),
(1612, 192, 572),
(1613, 192, 572),
(1614, 193, 240),
(1615, 193, 432),
(1616, 193, 475),
(1617, 193, 520),
(1618, 193, 523),
(1619, 193, 524),
(1620, 193, 527),
(1621, 193, 540),
(1622, 193, 563),
(1623, 193, 568),
(1624, 193, 572),
(1625, 193, 572),
(1626, 194, 240),
(1627, 194, 432),
(1628, 194, 475),
(1629, 194, 520),
(1630, 194, 523),
(1631, 194, 540),
(1632, 194, 563),
(1633, 194, 568),
(1634, 194, 572),
(1635, 194, 572),
(1636, 195, 240),
(1637, 195, 432),
(1638, 195, 475),
(1639, 195, 520),
(1640, 195, 523),
(1641, 195, 540),
(1642, 195, 563),
(1643, 195, 568),
(1644, 195, 572),
(1645, 195, 572),
(1646, 196, 240),
(1647, 196, 432),
(1648, 196, 475),
(1649, 196, 520),
(1650, 196, 523),
(1651, 196, 540),
(1652, 196, 563),
(1653, 196, 568),
(1654, 196, 572),
(1655, 196, 572),
(1656, 197, 240),
(1657, 197, 432),
(1658, 197, 475),
(1659, 197, 520),
(1660, 197, 523),
(1661, 197, 540),
(1662, 197, 563),
(1663, 197, 568),
(1664, 197, 572),
(1665, 197, 572),
(1666, 198, 240),
(1667, 198, 432),
(1668, 198, 475),
(1669, 198, 520),
(1670, 198, 523),
(1671, 198, 540),
(1672, 198, 563),
(1673, 198, 568),
(1674, 198, 572),
(1675, 198, 572),
(1676, 199, 240),
(1677, 199, 432),
(1678, 199, 475),
(1679, 199, 520),
(1680, 199, 523),
(1681, 199, 540),
(1682, 199, 563),
(1683, 199, 568),
(1684, 199, 572),
(1685, 199, 572),
(1686, 200, 240),
(1687, 200, 432),
(1688, 200, 475),
(1689, 200, 520),
(1690, 200, 523),
(1691, 200, 540),
(1692, 200, 563),
(1693, 200, 568),
(1694, 200, 572),
(1695, 200, 572),
(1696, 201, 240),
(1697, 201, 432),
(1698, 201, 475),
(1699, 201, 520),
(1700, 201, 523),
(1701, 201, 540),
(1702, 201, 563),
(1703, 201, 568),
(1704, 201, 572),
(1705, 201, 572),
(1706, 202, 240),
(1707, 202, 433),
(1708, 202, 476),
(1709, 202, 520),
(1710, 202, 523),
(1711, 202, 524),
(1712, 202, 527),
(1713, 202, 540),
(1714, 202, 563),
(1715, 202, 568),
(1716, 202, 572),
(1717, 202, 572),
(1718, 203, 240),
(1719, 203, 441),
(1720, 203, 484),
(1721, 203, 520),
(1722, 203, 523),
(1723, 203, 524),
(1724, 203, 527),
(1725, 203, 540),
(1726, 203, 564),
(1727, 203, 569),
(1728, 203, 572),
(1729, 203, 572),
(1730, 204, 240),
(1731, 204, 440),
(1732, 204, 483),
(1733, 204, 520),
(1734, 204, 523),
(1735, 204, 524),
(1736, 204, 527),
(1737, 204, 540),
(1738, 204, 564),
(1739, 204, 569),
(1740, 204, 572),
(1741, 204, 572),
(1742, 205, 240),
(1743, 205, 439),
(1744, 205, 482),
(1745, 205, 520),
(1746, 205, 523),
(1747, 205, 524),
(1748, 205, 527),
(1749, 205, 540),
(1750, 205, 564),
(1751, 205, 569),
(1752, 205, 572),
(1753, 205, 572),
(1754, 206, 240),
(1755, 206, 438),
(1756, 206, 481),
(1757, 206, 520),
(1758, 206, 523),
(1759, 206, 524),
(1760, 206, 527),
(1761, 206, 540),
(1762, 206, 564),
(1763, 206, 569),
(1764, 206, 572),
(1765, 206, 572),
(1766, 207, 240),
(1767, 207, 437),
(1768, 207, 480),
(1769, 207, 520),
(1770, 207, 523),
(1771, 207, 524),
(1772, 207, 527),
(1773, 207, 540),
(1774, 207, 563),
(1775, 207, 568),
(1776, 207, 572),
(1777, 207, 572),
(1778, 208, 240),
(1779, 208, 436),
(1780, 208, 479),
(1781, 208, 520),
(1782, 208, 523),
(1783, 208, 524),
(1784, 208, 527),
(1785, 208, 540),
(1786, 208, 563),
(1787, 208, 568),
(1788, 208, 572),
(1789, 208, 572),
(1790, 209, 240),
(1791, 209, 435),
(1792, 209, 478),
(1793, 209, 520),
(1794, 209, 523),
(1795, 209, 524),
(1796, 209, 527),
(1797, 209, 540),
(1798, 209, 563),
(1799, 209, 568),
(1800, 209, 572),
(1801, 209, 572),
(1802, 210, 240),
(1803, 210, 434),
(1804, 210, 477),
(1805, 210, 520),
(1806, 210, 523),
(1807, 210, 524),
(1808, 210, 527),
(1809, 210, 540),
(1810, 210, 563),
(1811, 210, 568),
(1812, 210, 572),
(1813, 210, 572),
(1814, 211, 240),
(1815, 211, 440),
(1816, 211, 483),
(1817, 211, 521),
(1818, 211, 523),
(1819, 211, 524),
(1820, 211, 527),
(1821, 211, 541),
(1822, 211, 563),
(1823, 211, 568),
(1824, 211, 572),
(1825, 211, 572),
(1826, 212, 240),
(1827, 212, 441),
(1828, 212, 484),
(1829, 212, 521),
(1830, 212, 523),
(1831, 212, 524),
(1832, 212, 527),
(1833, 212, 541),
(1834, 212, 563),
(1835, 212, 568),
(1836, 212, 572),
(1837, 212, 572),
(1838, 213, 240),
(1839, 213, 442),
(1840, 213, 485),
(1841, 213, 521),
(1842, 213, 523),
(1843, 213, 524),
(1844, 213, 527),
(1845, 213, 541),
(1846, 213, 564),
(1847, 213, 569),
(1848, 213, 572),
(1849, 213, 572),
(1850, 214, 240),
(1851, 214, 443),
(1852, 214, 486),
(1853, 214, 521),
(1854, 214, 523),
(1855, 214, 524),
(1856, 214, 527),
(1857, 214, 541),
(1858, 214, 564),
(1859, 214, 569),
(1860, 214, 572),
(1861, 214, 572),
(1862, 215, 240),
(1863, 215, 440),
(1864, 215, 483),
(1865, 215, 521),
(1866, 215, 523),
(1867, 215, 524),
(1868, 215, 527),
(1869, 215, 541),
(1870, 215, 563),
(1871, 215, 568),
(1872, 215, 572),
(1873, 215, 572),
(1874, 216, 240),
(1875, 216, 445),
(1876, 216, 488),
(1877, 216, 521),
(1878, 216, 523),
(1879, 216, 524),
(1880, 216, 527),
(1881, 216, 542),
(1882, 216, 566),
(1883, 216, 570),
(1884, 216, 572),
(1885, 216, 572),
(1886, 217, 240),
(1887, 217, 446),
(1888, 217, 489),
(1889, 217, 521),
(1890, 217, 523),
(1891, 217, 524),
(1892, 217, 527),
(1893, 217, 542),
(1894, 217, 566),
(1895, 217, 570),
(1896, 217, 572),
(1897, 217, 572),
(1898, 218, 240),
(1899, 218, 447),
(1900, 218, 490),
(1901, 218, 521),
(1902, 218, 523),
(1903, 218, 524),
(1904, 218, 527),
(1905, 218, 542),
(1906, 218, 566),
(1907, 218, 570),
(1908, 218, 572),
(1909, 218, 572),
(1910, 219, 240),
(1911, 219, 448),
(1912, 219, 491),
(1913, 219, 521),
(1914, 219, 523),
(1915, 219, 524),
(1916, 219, 527),
(1917, 219, 542),
(1918, 219, 566),
(1919, 219, 570),
(1920, 219, 572),
(1921, 219, 572),
(1922, 220, 240),
(1923, 220, 449),
(1924, 220, 492),
(1925, 220, 521),
(1926, 220, 523),
(1927, 220, 524),
(1928, 220, 527),
(1929, 220, 543),
(1930, 220, 566),
(1931, 220, 570),
(1932, 220, 572),
(1933, 220, 572),
(1934, 222, 240),
(1935, 222, 518),
(1936, 222, 522),
(1937, 222, 525),
(1938, 222, 526),
(1939, 222, 539),
(1940, 222, 539),
(1941, 223, 240),
(1942, 223, 518),
(1943, 223, 522),
(1944, 223, 525),
(1945, 223, 526),
(1946, 223, 539),
(1947, 223, 539),
(1948, 224, 240),
(1949, 224, 518),
(1950, 224, 522),
(1951, 224, 525),
(1952, 224, 526),
(1953, 224, 539),
(1954, 224, 539),
(1955, 229, 240),
(1956, 229, 518),
(1957, 229, 522),
(1958, 229, 525),
(1959, 229, 526),
(1960, 229, 539),
(1961, 229, 539),
(1962, 231, 240),
(1963, 231, 518),
(1964, 231, 522),
(1965, 231, 525),
(1966, 231, 526),
(1967, 231, 539),
(1968, 231, 539),
(1969, 232, 240),
(1970, 232, 518),
(1971, 232, 522),
(1972, 232, 525),
(1973, 232, 526),
(1974, 232, 539),
(1975, 232, 539),
(1976, 244, 240),
(1977, 244, 240),
(1978, 245, 240),
(1979, 245, 240),
(1980, 246, 240),
(1981, 246, 240),
(1982, 247, 240),
(1983, 247, 240),
(1984, 270, 240),
(1985, 270, 518),
(1986, 270, 522),
(1987, 270, 525),
(1988, 270, 526),
(1989, 270, 539),
(1990, 270, 539),
(1991, 271, 240),
(1992, 271, 518),
(1993, 271, 522),
(1994, 271, 525),
(1995, 271, 526),
(1996, 271, 539),
(1997, 271, 539),
(1998, 272, 240),
(1999, 272, 518),
(2000, 272, 522),
(2001, 272, 525),
(2002, 272, 526),
(2003, 272, 539),
(2004, 272, 539),
(2005, 280, 240),
(2006, 280, 240),
(2007, 281, 240),
(2008, 281, 243),
(2009, 281, 244),
(2010, 281, 246),
(2011, 281, 508),
(2012, 281, 509),
(2013, 281, 510),
(2014, 281, 511),
(2015, 281, 512),
(2016, 281, 513),
(2017, 281, 515),
(2018, 281, 515),
(2019, 282, 240),
(2020, 282, 243),
(2021, 282, 244),
(2022, 282, 246),
(2023, 282, 508),
(2024, 282, 509),
(2025, 282, 510),
(2026, 282, 511),
(2027, 282, 512),
(2028, 282, 513),
(2029, 282, 515),
(2030, 282, 515),
(2031, 283, 240),
(2032, 283, 243),
(2033, 283, 244),
(2034, 283, 246),
(2035, 283, 508),
(2036, 283, 509),
(2037, 283, 510),
(2038, 283, 511),
(2039, 283, 512),
(2040, 283, 513),
(2041, 283, 515),
(2042, 283, 515),
(2043, 284, 240),
(2044, 284, 243),
(2045, 284, 244),
(2046, 284, 246),
(2047, 284, 508),
(2048, 284, 509),
(2049, 284, 510),
(2050, 284, 511),
(2051, 284, 512),
(2052, 284, 513),
(2053, 284, 515),
(2054, 284, 515),
(2055, 285, 240),
(2056, 285, 243),
(2057, 285, 244),
(2058, 285, 246),
(2059, 285, 508),
(2060, 285, 509),
(2061, 285, 510),
(2062, 285, 511),
(2063, 285, 512),
(2064, 285, 513),
(2065, 285, 515),
(2066, 285, 515),
(2067, 286, 240),
(2068, 286, 243),
(2069, 286, 244),
(2070, 286, 246),
(2071, 286, 508),
(2072, 286, 509),
(2073, 286, 510),
(2074, 286, 511),
(2075, 286, 512),
(2076, 286, 513),
(2077, 286, 515),
(2078, 286, 515),
(2079, 287, 240),
(2080, 287, 243),
(2081, 287, 244),
(2082, 287, 246),
(2083, 287, 508),
(2084, 287, 509),
(2085, 287, 510),
(2086, 287, 511),
(2087, 287, 512),
(2088, 287, 513),
(2089, 287, 515),
(2090, 287, 515),
(2091, 288, 240),
(2092, 288, 243),
(2093, 288, 244),
(2094, 288, 246),
(2095, 288, 508),
(2096, 288, 509),
(2097, 288, 510),
(2098, 288, 511),
(2099, 288, 512),
(2100, 288, 513),
(2101, 288, 515),
(2102, 288, 515),
(2103, 289, 240),
(2104, 289, 243),
(2105, 289, 244),
(2106, 289, 246),
(2107, 289, 508),
(2108, 289, 509),
(2109, 289, 510),
(2110, 289, 511),
(2111, 289, 512),
(2112, 289, 513),
(2113, 289, 515),
(2114, 289, 515),
(2115, 290, 240),
(2116, 290, 243),
(2117, 290, 244),
(2118, 290, 246),
(2119, 290, 508),
(2120, 290, 509),
(2121, 290, 510),
(2122, 290, 511),
(2123, 290, 512),
(2124, 290, 513),
(2125, 290, 515),
(2126, 290, 515),
(2127, 291, 240),
(2128, 291, 243),
(2129, 291, 244),
(2130, 291, 246),
(2131, 291, 508),
(2132, 291, 509),
(2133, 291, 510),
(2134, 291, 511),
(2135, 291, 512),
(2136, 291, 513),
(2137, 291, 515),
(2138, 291, 515),
(2139, 292, 240),
(2140, 292, 241),
(2141, 292, 244),
(2142, 292, 247),
(2143, 292, 423),
(2144, 292, 458),
(2145, 292, 507),
(2146, 292, 509),
(2147, 292, 510),
(2148, 292, 511),
(2149, 292, 512),
(2150, 292, 513),
(2151, 292, 524),
(2152, 292, 545),
(2153, 292, 547),
(2154, 292, 548),
(2155, 292, 550),
(2156, 292, 551),
(2157, 292, 552),
(2158, 292, 553),
(2159, 292, 554),
(2160, 292, 555),
(2161, 292, 556),
(2162, 292, 559),
(2163, 292, 561),
(2164, 292, 562),
(2165, 292, 567),
(2166, 292, 571),
(2167, 292, 573),
(2168, 292, 574),
(2169, 292, 575),
(2170, 293, 240),
(2171, 293, 241),
(2172, 293, 244),
(2173, 293, 249),
(2174, 293, 450),
(2175, 293, 496),
(2176, 293, 507),
(2177, 293, 509),
(2178, 293, 510),
(2179, 293, 511),
(2180, 293, 512),
(2181, 293, 513),
(2182, 293, 524),
(2183, 293, 528),
(2184, 293, 545),
(2185, 293, 551),
(2186, 293, 558),
(2187, 293, 562),
(2188, 293, 567),
(2189, 293, 572),
(2190, 293, 572),
(2191, 294, 240),
(2192, 294, 241),
(2193, 294, 244),
(2194, 294, 253),
(2195, 294, 451),
(2196, 294, 495),
(2197, 294, 507),
(2198, 294, 509),
(2199, 294, 510),
(2200, 294, 511),
(2201, 294, 512),
(2202, 294, 513),
(2203, 294, 524),
(2204, 294, 528),
(2205, 294, 545),
(2206, 294, 551),
(2207, 294, 558),
(2208, 294, 562),
(2209, 294, 567),
(2210, 294, 572),
(2211, 294, 572),
(2212, 295, 240),
(2213, 295, 241),
(2214, 295, 244),
(2215, 295, 247),
(2216, 295, 452),
(2217, 295, 497),
(2218, 295, 507),
(2219, 295, 509),
(2220, 295, 510),
(2221, 295, 511),
(2222, 295, 512),
(2223, 295, 513),
(2224, 295, 524),
(2225, 295, 528),
(2226, 295, 545),
(2227, 295, 551),
(2228, 295, 558),
(2229, 295, 562),
(2230, 295, 567),
(2231, 295, 572),
(2232, 295, 572),
(2233, 296, 240),
(2234, 296, 241),
(2235, 296, 244),
(2236, 296, 252),
(2237, 296, 453),
(2238, 296, 498),
(2239, 296, 507),
(2240, 296, 509),
(2241, 296, 510),
(2242, 296, 511),
(2243, 296, 512),
(2244, 296, 513),
(2245, 296, 524),
(2246, 296, 528),
(2247, 296, 545),
(2248, 296, 551),
(2249, 296, 558),
(2250, 296, 562),
(2251, 296, 567),
(2252, 296, 572),
(2253, 296, 572),
(2254, 297, 240),
(2255, 297, 242),
(2256, 297, 244),
(2257, 297, 253),
(2258, 297, 454),
(2259, 297, 499),
(2260, 297, 507),
(2261, 297, 509),
(2262, 297, 510),
(2263, 297, 511),
(2264, 297, 512),
(2265, 297, 513),
(2266, 297, 524),
(2267, 297, 528),
(2268, 297, 545),
(2269, 297, 551),
(2270, 297, 558),
(2271, 297, 562),
(2272, 297, 567),
(2273, 297, 572),
(2274, 297, 572),
(2275, 298, 240),
(2276, 298, 241),
(2277, 298, 244),
(2278, 298, 245),
(2279, 298, 500),
(2280, 298, 507),
(2281, 298, 509),
(2282, 298, 510),
(2283, 298, 511),
(2284, 298, 512),
(2285, 298, 513),
(2286, 298, 524),
(2287, 298, 528),
(2288, 298, 545),
(2289, 298, 548),
(2290, 298, 551),
(2291, 298, 553),
(2292, 298, 562),
(2293, 298, 567),
(2294, 298, 572),
(2295, 298, 572),
(2296, 299, 240),
(2297, 299, 241),
(2298, 299, 244),
(2299, 299, 245),
(2300, 299, 501),
(2301, 299, 507),
(2302, 299, 509),
(2303, 299, 510),
(2304, 299, 511),
(2305, 299, 512),
(2306, 299, 513),
(2307, 299, 524),
(2308, 299, 528),
(2309, 299, 545),
(2310, 299, 548),
(2311, 299, 551),
(2312, 299, 553),
(2313, 299, 562),
(2314, 299, 567),
(2315, 299, 572),
(2316, 299, 572),
(2317, 300, 240),
(2318, 300, 241),
(2319, 300, 244),
(2320, 300, 245),
(2321, 300, 502),
(2322, 300, 507),
(2323, 300, 509),
(2324, 300, 510),
(2325, 300, 511),
(2326, 300, 512),
(2327, 300, 513),
(2328, 300, 524),
(2329, 300, 528),
(2330, 300, 545),
(2331, 300, 548),
(2332, 300, 551),
(2333, 300, 553),
(2334, 300, 562),
(2335, 300, 567),
(2336, 300, 572),
(2337, 300, 572),
(2338, 301, 240),
(2339, 301, 241),
(2340, 301, 244),
(2341, 301, 245),
(2342, 301, 503),
(2343, 301, 507),
(2344, 301, 509),
(2345, 301, 510),
(2346, 301, 511),
(2347, 301, 512),
(2348, 301, 513),
(2349, 301, 524),
(2350, 301, 528),
(2351, 301, 545),
(2352, 301, 548),
(2353, 301, 551),
(2354, 301, 553),
(2355, 301, 562),
(2356, 301, 567),
(2357, 301, 572),
(2358, 301, 572),
(2359, 302, 240),
(2360, 302, 241),
(2361, 302, 244),
(2362, 302, 245),
(2363, 302, 504),
(2364, 302, 507),
(2365, 302, 509),
(2366, 302, 510),
(2367, 302, 511),
(2368, 302, 512),
(2369, 302, 513),
(2370, 302, 524),
(2371, 302, 528),
(2372, 302, 545),
(2373, 302, 548),
(2374, 302, 551),
(2375, 302, 553),
(2376, 302, 562),
(2377, 302, 567),
(2378, 302, 572),
(2379, 302, 572),
(2380, 303, 240),
(2381, 303, 241),
(2382, 303, 244),
(2383, 303, 245),
(2384, 303, 505),
(2385, 303, 507),
(2386, 303, 509),
(2387, 303, 510),
(2388, 303, 511),
(2389, 303, 512),
(2390, 303, 513),
(2391, 303, 524),
(2392, 303, 528),
(2393, 303, 545),
(2394, 303, 548),
(2395, 303, 551),
(2396, 303, 553),
(2397, 303, 562),
(2398, 303, 567),
(2399, 303, 572),
(2400, 303, 572),
(2401, 304, 240),
(2402, 304, 241),
(2403, 304, 244),
(2404, 304, 245),
(2405, 304, 506),
(2406, 304, 507),
(2407, 304, 509),
(2408, 304, 510),
(2409, 304, 511),
(2410, 304, 512),
(2411, 304, 513),
(2412, 304, 524),
(2413, 304, 528),
(2414, 304, 545),
(2415, 304, 548),
(2416, 304, 551),
(2417, 304, 553),
(2418, 304, 562),
(2419, 304, 567),
(2420, 304, 572),
(2421, 304, 572),
(2422, 123, 256),
(2423, 123, 258),
(2424, 123, 259),
(2425, 123, 260),
(2426, 123, 261),
(2427, 123, 262),
(2428, 123, 263),
(2429, 123, 264),
(2430, 123, 265),
(2431, 123, 266),
(2432, 123, 267),
(2433, 123, 268),
(2434, 123, 269),
(2435, 123, 270),
(2436, 123, 271),
(2437, 123, 272),
(2438, 123, 273),
(2439, 123, 274),
(2440, 123, 275),
(2441, 124, 256),
(2442, 124, 258),
(2443, 124, 259),
(2444, 124, 260),
(2445, 124, 261),
(2446, 124, 262),
(2447, 124, 263),
(2448, 124, 264),
(2449, 124, 265),
(2450, 124, 266),
(2451, 124, 267),
(2452, 124, 268),
(2453, 124, 269),
(2454, 124, 270),
(2455, 124, 271),
(2456, 124, 272),
(2457, 124, 273),
(2458, 124, 274),
(2459, 124, 275),
(2460, 125, 256),
(2461, 125, 258),
(2462, 125, 259),
(2463, 125, 260),
(2464, 125, 261),
(2465, 125, 262),
(2466, 125, 263),
(2467, 125, 264),
(2468, 125, 265),
(2469, 125, 266),
(2470, 125, 267),
(2471, 125, 268),
(2472, 125, 269),
(2473, 125, 270),
(2474, 125, 271),
(2475, 125, 272),
(2476, 125, 273),
(2477, 125, 274),
(2478, 125, 275),
(2479, 126, 256),
(2480, 126, 258),
(2481, 126, 259),
(2482, 126, 260),
(2483, 126, 261),
(2484, 126, 262),
(2485, 126, 263),
(2486, 126, 264),
(2487, 126, 265),
(2488, 126, 266),
(2489, 126, 267),
(2490, 126, 268),
(2491, 126, 269),
(2492, 126, 270),
(2493, 126, 271),
(2494, 126, 272),
(2495, 126, 273),
(2496, 126, 274),
(2497, 126, 275),
(2498, 137, 258),
(2499, 137, 259),
(2500, 137, 260),
(2501, 137, 261),
(2502, 137, 262),
(2503, 137, 263),
(2504, 137, 264),
(2505, 137, 265),
(2506, 137, 266),
(2507, 137, 267),
(2508, 137, 268),
(2509, 137, 269),
(2510, 137, 270),
(2511, 137, 271),
(2512, 137, 272),
(2513, 137, 273),
(2514, 137, 274),
(2515, 137, 275),
(2516, 134, 258),
(2517, 134, 259),
(2518, 134, 260),
(2519, 134, 261),
(2520, 134, 262),
(2521, 134, 263),
(2522, 134, 264),
(2523, 134, 265),
(2524, 134, 266),
(2525, 134, 267),
(2526, 134, 268),
(2527, 134, 269),
(2528, 134, 270),
(2529, 134, 271),
(2530, 134, 272),
(2531, 134, 273),
(2532, 134, 274),
(2533, 134, 275),
(2534, 136, 258),
(2535, 136, 259),
(2536, 136, 260),
(2537, 136, 261),
(2538, 136, 262),
(2539, 136, 263),
(2540, 136, 264),
(2541, 136, 265),
(2542, 136, 266),
(2543, 136, 267),
(2544, 136, 268),
(2545, 136, 269),
(2546, 136, 270),
(2547, 136, 271),
(2548, 136, 272),
(2549, 136, 273),
(2550, 136, 274),
(2551, 136, 275),
(2552, 138, 258),
(2553, 138, 259),
(2554, 138, 260),
(2555, 138, 261),
(2556, 138, 262),
(2557, 138, 263),
(2558, 138, 264),
(2559, 138, 265),
(2560, 138, 266),
(2561, 138, 267),
(2562, 138, 268),
(2563, 138, 269),
(2564, 138, 270),
(2565, 138, 271),
(2566, 138, 272),
(2567, 138, 273),
(2568, 138, 274),
(2569, 138, 275),
(2570, 139, 258),
(2571, 139, 259),
(2572, 139, 260),
(2573, 139, 261),
(2574, 139, 262),
(2575, 139, 263),
(2576, 139, 264),
(2577, 139, 265),
(2578, 139, 266),
(2579, 139, 267),
(2580, 139, 268),
(2581, 139, 269),
(2582, 139, 270),
(2583, 139, 271),
(2584, 139, 272),
(2585, 139, 273),
(2586, 139, 274),
(2587, 139, 275),
(2588, 248, 257),
(2589, 248, 257),
(2590, 250, 257),
(2591, 250, 257),
(2592, 269, 257),
(2593, 269, 257),
(2594, 105, 202),
(2595, 105, 213),
(2596, 105, 225),
(2597, 105, 233),
(2598, 105, 233),
(2599, 104, 201),
(2600, 104, 212),
(2601, 104, 224),
(2602, 104, 233),
(2603, 104, 233),
(2604, 103, 200),
(2605, 103, 211),
(2606, 103, 223),
(2607, 103, 233),
(2608, 103, 233),
(2609, 102, 199),
(2610, 102, 210),
(2611, 102, 222),
(2612, 102, 233),
(2613, 102, 233),
(2614, 101, 198),
(2615, 101, 209),
(2616, 101, 221),
(2617, 101, 233),
(2618, 101, 233),
(2619, 106, 203),
(2620, 106, 208),
(2621, 106, 220),
(2622, 106, 232),
(2623, 106, 232),
(2624, 107, 204),
(2625, 107, 209),
(2626, 107, 221),
(2627, 107, 232),
(2628, 107, 232),
(2629, 108, 205),
(2630, 108, 210),
(2631, 108, 222),
(2632, 108, 232),
(2633, 108, 232),
(2634, 109, 206),
(2635, 109, 339),
(2636, 109, 373),
(2637, 109, 373),
(2638, 110, 207),
(2639, 110, 339),
(2640, 110, 373),
(2641, 110, 373),
(2642, 111, 278),
(2643, 111, 341),
(2644, 111, 375),
(2645, 111, 375),
(2646, 112, 277),
(2647, 112, 340),
(2648, 112, 374),
(2649, 112, 374),
(2650, 113, 279),
(2651, 113, 342),
(2652, 113, 376),
(2653, 113, 376),
(2654, 114, 280),
(2655, 114, 343),
(2656, 114, 377),
(2657, 114, 377),
(2658, 115, 281),
(2659, 115, 344),
(2660, 115, 378),
(2661, 115, 378),
(2662, 116, 282),
(2663, 116, 345),
(2664, 116, 378),
(2665, 116, 378),
(2666, 117, 283),
(2667, 117, 346),
(2668, 117, 379),
(2669, 117, 379),
(2670, 118, 284),
(2671, 118, 347),
(2672, 118, 380),
(2673, 118, 380),
(2674, 120, 285),
(2675, 120, 340),
(2676, 120, 375),
(2677, 120, 375),
(2678, 121, 287),
(2679, 121, 348),
(2680, 121, 378),
(2681, 121, 378),
(2682, 122, 288),
(2683, 122, 348),
(2684, 122, 378),
(2685, 122, 378),
(2686, 134, 234),
(2687, 134, 234),
(2688, 136, 235),
(2689, 136, 235),
(2690, 135, 239),
(2691, 137, 236),
(2692, 137, 236),
(2693, 138, 237),
(2694, 138, 237),
(2695, 139, 238),
(2696, 139, 238),
(2697, 123, 238),
(2698, 124, 238),
(2699, 125, 238),
(2700, 126, 238),
(2701, 140, 207),
(2702, 140, 339),
(2703, 140, 373),
(2704, 140, 373),
(2705, 141, 278),
(2706, 141, 341),
(2707, 141, 375),
(2708, 141, 375),
(2709, 142, 280),
(2710, 142, 343),
(2711, 142, 377),
(2712, 142, 377),
(2713, 143, 277),
(2714, 143, 340),
(2715, 143, 374),
(2716, 143, 374),
(2717, 144, 279),
(2718, 144, 342),
(2719, 144, 376),
(2720, 144, 376),
(2721, 145, 281),
(2722, 145, 344),
(2723, 145, 378),
(2724, 145, 378),
(2725, 146, 284),
(2726, 146, 347),
(2727, 146, 380),
(2728, 146, 380),
(2729, 159, 202),
(2730, 159, 213),
(2731, 159, 225),
(2732, 159, 233),
(2733, 159, 233),
(2734, 160, 202),
(2735, 160, 213),
(2736, 160, 225),
(2737, 160, 233),
(2738, 160, 233),
(2739, 170, 201),
(2740, 170, 212),
(2741, 170, 224),
(2742, 170, 233),
(2743, 170, 233),
(2744, 167, 202),
(2745, 167, 213),
(2746, 167, 225),
(2747, 167, 233),
(2748, 167, 233),
(2749, 168, 202),
(2750, 168, 213),
(2751, 168, 225),
(2752, 168, 233),
(2753, 168, 233),
(2754, 169, 202),
(2755, 169, 213),
(2756, 169, 225),
(2757, 169, 233),
(2758, 169, 233),
(2759, 171, 201),
(2760, 171, 212),
(2761, 171, 224),
(2762, 171, 233),
(2763, 171, 233),
(2764, 172, 201),
(2765, 172, 212),
(2766, 172, 224),
(2767, 172, 233),
(2768, 172, 233),
(2769, 173, 201),
(2770, 173, 212),
(2771, 173, 224),
(2772, 173, 233),
(2773, 173, 233),
(2774, 174, 201),
(2775, 174, 212),
(2776, 174, 224),
(2777, 174, 233),
(2778, 174, 233),
(2779, 175, 201),
(2780, 175, 212),
(2781, 175, 224),
(2782, 175, 233),
(2783, 175, 233),
(3152, 176, 210),
(3153, 176, 222),
(3155, 137, 578),
(3154, 176, 233),
(2788, 177, 292),
(2789, 177, 211),
(2790, 177, 223),
(2791, 177, 233),
(2792, 177, 233),
(2793, 178, 293),
(2794, 178, 212),
(2795, 178, 224),
(2796, 178, 233),
(2797, 178, 233),
(2798, 179, 294),
(2799, 179, 213),
(2800, 179, 225),
(2801, 179, 233),
(2802, 179, 233),
(2803, 180, 295),
(2804, 180, 217),
(2805, 180, 231),
(2806, 180, 233),
(2807, 180, 233),
(2808, 181, 296),
(2809, 181, 216),
(2810, 181, 230),
(2811, 181, 233),
(2812, 181, 233),
(2813, 182, 297),
(2814, 182, 215),
(2815, 182, 229),
(2816, 182, 233),
(2817, 182, 233),
(2818, 183, 298),
(2819, 183, 576),
(2820, 183, 228),
(2821, 183, 233),
(2822, 183, 233),
(2823, 184, 299),
(2824, 184, 218),
(2825, 184, 227),
(2826, 184, 233),
(2827, 184, 233),
(2828, 185, 300),
(2829, 185, 219),
(2830, 185, 226),
(2831, 185, 233),
(2832, 185, 233),
(2833, 187, 301),
(2834, 187, 341),
(2835, 187, 381),
(2836, 187, 381),
(2837, 188, 302),
(2838, 188, 342),
(2839, 188, 376),
(2840, 188, 376),
(2841, 189, 303),
(2842, 189, 343),
(2843, 189, 377),
(2844, 189, 377),
(2845, 191, 304),
(2846, 191, 349),
(2847, 191, 382),
(2848, 191, 232),
(2849, 191, 232),
(2850, 192, 304),
(2851, 192, 349),
(2852, 192, 382),
(2853, 192, 232),
(2854, 192, 232),
(2855, 193, 304),
(2856, 193, 349),
(2857, 193, 382),
(2858, 193, 232),
(2859, 193, 232),
(2860, 194, 304),
(2861, 194, 349),
(2862, 194, 382),
(2863, 194, 232),
(2864, 194, 232),
(2865, 195, 304),
(2866, 195, 349),
(2867, 195, 382),
(2868, 195, 232),
(2869, 195, 232),
(2870, 196, 304),
(2871, 196, 349),
(2872, 196, 382),
(2873, 196, 232),
(2874, 196, 232),
(2875, 197, 304),
(2876, 197, 349),
(2877, 197, 382),
(2878, 197, 232),
(2879, 197, 232),
(2880, 198, 304),
(2881, 198, 349),
(2882, 198, 382),
(2883, 198, 232),
(2884, 198, 232),
(2885, 199, 304),
(2886, 199, 349),
(2887, 199, 382),
(2888, 199, 232),
(2889, 199, 232),
(2890, 200, 304),
(2891, 200, 349),
(2892, 200, 382),
(2893, 200, 232),
(2894, 200, 232),
(2895, 201, 304),
(2896, 201, 349),
(2897, 201, 382),
(2898, 201, 232),
(2899, 201, 232),
(2900, 202, 305),
(2901, 202, 350),
(2902, 202, 383),
(2903, 202, 232),
(2904, 202, 232),
(2905, 203, 313),
(2906, 203, 358),
(2907, 203, 391),
(2908, 203, 232),
(2909, 203, 232),
(2910, 204, 312),
(2911, 204, 357),
(2912, 204, 390),
(2913, 204, 232),
(2914, 204, 232),
(2915, 205, 311),
(2916, 205, 355),
(2917, 205, 388),
(2918, 205, 232),
(2919, 205, 232),
(2920, 206, 310),
(2921, 206, 355),
(2922, 206, 388),
(2923, 206, 232),
(2924, 206, 232),
(2925, 207, 309),
(2926, 207, 354),
(2927, 207, 387),
(2928, 207, 232),
(2929, 207, 232),
(2930, 208, 308),
(2931, 208, 353),
(2932, 208, 386),
(2933, 208, 232),
(2934, 208, 232),
(2935, 209, 307),
(2936, 209, 352),
(2937, 209, 385),
(2938, 209, 232),
(2939, 209, 232),
(2940, 210, 306),
(2941, 210, 349),
(2942, 210, 382),
(2943, 210, 232),
(2944, 210, 232),
(2945, 211, 314),
(2946, 211, 357),
(2947, 211, 390),
(2948, 211, 232),
(2949, 211, 232),
(2950, 212, 315),
(2951, 212, 358),
(2952, 212, 391),
(2953, 212, 232),
(2954, 212, 232),
(2955, 213, 316),
(2956, 213, 359),
(2957, 213, 392),
(2958, 213, 232),
(2959, 213, 232),
(2960, 214, 317),
(2961, 214, 360),
(2962, 214, 393),
(2963, 214, 232),
(2964, 214, 232),
(2965, 215, 314),
(2966, 215, 357),
(2967, 215, 390),
(2968, 215, 232),
(2969, 215, 232),
(2970, 216, 319),
(2971, 216, 362),
(2972, 216, 395),
(2973, 216, 232),
(2974, 216, 232),
(2975, 217, 320),
(2976, 217, 363),
(2977, 217, 397),
(2978, 217, 232),
(2979, 217, 232),
(2980, 218, 321),
(2981, 218, 364),
(2982, 218, 396),
(2983, 218, 232),
(2984, 218, 232),
(2985, 219, 322),
(2986, 219, 365),
(2987, 219, 398),
(2988, 219, 232),
(2989, 219, 232),
(2990, 220, 323),
(2991, 220, 366),
(2992, 220, 399),
(2993, 220, 232),
(2994, 220, 232),
(2995, 222, 301),
(2996, 222, 341),
(2997, 222, 381),
(2998, 222, 381),
(2999, 223, 302),
(3000, 223, 342),
(3001, 223, 376),
(3002, 223, 376),
(3003, 224, 303),
(3004, 224, 343),
(3005, 224, 377),
(3006, 224, 377),
(3007, 229, 302),
(3008, 229, 342),
(3009, 229, 376),
(3010, 229, 376),
(3011, 231, 302),
(3012, 231, 342),
(3013, 231, 376),
(3014, 231, 376),
(3015, 232, 302),
(3016, 232, 342),
(3017, 232, 376),
(3018, 232, 376),
(3019, 270, 324),
(3020, 270, 341),
(3021, 270, 400),
(3022, 270, 400),
(3023, 271, 325),
(3024, 271, 342),
(3025, 271, 401),
(3026, 271, 401),
(3027, 272, 326),
(3028, 272, 343),
(3029, 272, 402),
(3030, 272, 402),
(3031, 281, 203),
(3032, 281, 208),
(3033, 281, 220),
(3034, 281, 232),
(3035, 281, 232),
(3036, 282, 203),
(3037, 282, 208),
(3038, 282, 220),
(3039, 282, 232),
(3040, 282, 232),
(3041, 283, 203),
(3042, 283, 208),
(3043, 283, 220),
(3044, 283, 232),
(3045, 283, 232),
(3046, 284, 203),
(3047, 284, 208),
(3048, 284, 220),
(3049, 284, 232),
(3050, 284, 232),
(3051, 285, 203),
(3052, 285, 208),
(3053, 285, 220),
(3054, 285, 232),
(3055, 285, 232),
(3056, 286, 203),
(3057, 286, 208),
(3058, 286, 220),
(3059, 286, 232),
(3060, 286, 232),
(3061, 287, 203),
(3062, 287, 208),
(3063, 287, 220),
(3064, 287, 232),
(3065, 287, 232),
(3066, 288, 203),
(3067, 288, 208),
(3068, 288, 220),
(3069, 288, 232),
(3070, 288, 232),
(3071, 289, 203),
(3072, 289, 208),
(3073, 289, 220),
(3074, 289, 232),
(3075, 289, 232),
(3076, 290, 203),
(3077, 290, 208),
(3078, 290, 220),
(3079, 290, 232),
(3080, 290, 232),
(3081, 291, 203),
(3082, 291, 208),
(3083, 291, 220),
(3084, 291, 232),
(3085, 291, 232),
(3086, 292, 292),
(3087, 292, 211),
(3088, 292, 223),
(3089, 292, 233),
(3090, 292, 233),
(3091, 293, 327),
(3092, 293, 368),
(3093, 293, 408),
(3094, 293, 233),
(3095, 293, 233),
(3096, 294, 328),
(3097, 294, 369),
(3098, 294, 409),
(3099, 294, 233),
(3100, 294, 233),
(3101, 295, 327),
(3102, 295, 370),
(3103, 295, 411),
(3104, 295, 233),
(3105, 295, 233),
(3106, 296, 330),
(3107, 296, 371),
(3108, 296, 412),
(3109, 296, 233),
(3110, 296, 233),
(3111, 297, 327),
(3112, 297, 372),
(3113, 297, 410),
(3114, 297, 233),
(3115, 297, 233),
(3116, 298, 332),
(3117, 298, 355),
(3118, 298, 414),
(3119, 298, 233),
(3120, 298, 233),
(3121, 299, 333),
(3122, 299, 358),
(3123, 299, 415),
(3124, 299, 233),
(3125, 299, 233),
(3126, 300, 334),
(3127, 300, 360),
(3128, 300, 416),
(3129, 300, 233),
(3130, 300, 233),
(3131, 301, 335),
(3132, 301, 361),
(3133, 301, 417),
(3134, 301, 233),
(3135, 301, 233),
(3136, 302, 336),
(3137, 302, 364),
(3138, 302, 418),
(3139, 302, 233),
(3140, 302, 233),
(3141, 303, 337),
(3142, 303, 366),
(3143, 303, 419),
(3144, 303, 233),
(3145, 303, 233),
(3146, 304, 338),
(3147, 304, 367),
(3148, 304, 420),
(3149, 304, 233),
(3150, 304, 233),
(3151, 176, 577),
(3156, 138, 578),
(3157, 139, 578),
(3158, 134, 578),
(3159, 136, 578),
(3160, 135, 578),
(3161, 123, 578),
(3162, 124, 578),
(3163, 125, 578),
(3164, 126, 578),
(3165, 119, 578),
(3166, 131, 578),
(3167, 132, 578),
(3168, 133, 578),
(3169, 128, 578),
(3170, 127, 578),
(3171, 130, 578),
(3172, 129, 578),
(3173, 106, 578),
(3174, 107, 578),
(3175, 108, 578),
(3176, 101, 578),
(3177, 102, 578),
(3178, 103, 578),
(3179, 104, 578),
(3180, 105, 578),
(3181, 110, 578),
(3182, 112, 578),
(3183, 111, 578),
(3184, 113, 578),
(3185, 114, 578),
(3186, 115, 578),
(3187, 116, 578),
(3188, 117, 578),
(3189, 118, 578),
(3190, 120, 578),
(3191, 122, 578),
(3192, 121, 578),
(3193, 140, 578),
(3194, 141, 578),
(3195, 142, 578),
(3196, 143, 578),
(3197, 144, 578),
(3198, 145, 578),
(3199, 146, 578),
(3200, 159, 578),
(3201, 160, 578),
(3202, 170, 578),
(3203, 167, 578),
(3204, 168, 578),
(3205, 169, 578),
(3206, 171, 578),
(3207, 172, 578),
(3208, 173, 578),
(3209, 174, 578),
(3210, 175, 578),
(3211, 176, 578),
(3212, 177, 578),
(3213, 178, 578),
(3214, 179, 578),
(3215, 180, 578),
(3216, 181, 578),
(3217, 182, 578),
(3218, 183, 578),
(3219, 184, 578),
(3220, 185, 578),
(3221, 187, 578),
(3222, 188, 578),
(3223, 189, 578),
(3224, 191, 578),
(3225, 192, 578),
(3226, 193, 578),
(3227, 194, 578),
(3228, 195, 578),
(3229, 196, 578),
(3230, 197, 578),
(3231, 198, 578),
(3232, 199, 578),
(3233, 200, 578),
(3234, 201, 578),
(3235, 202, 578),
(3236, 203, 578),
(3237, 204, 578),
(3238, 205, 578),
(3239, 206, 578),
(3240, 207, 578),
(3241, 208, 578),
(3242, 209, 578),
(3243, 210, 578),
(3244, 211, 578),
(3245, 212, 578),
(3246, 213, 578),
(3247, 214, 578),
(3248, 215, 578),
(3249, 216, 578),
(3250, 217, 578),
(3251, 218, 578),
(3252, 219, 578),
(3253, 220, 578),
(3254, 222, 578),
(3255, 223, 578),
(3256, 224, 578),
(3257, 229, 578),
(3258, 231, 578),
(3259, 232, 578),
(3260, 244, 578),
(3261, 245, 578),
(3262, 246, 578),
(3263, 247, 578),
(3264, 248, 578),
(3265, 249, 578),
(3266, 251, 578),
(3267, 250, 578),
(3268, 252, 578),
(3269, 253, 578),
(3270, 254, 578),
(3271, 255, 578),
(3272, 256, 578),
(3273, 257, 578),
(3274, 258, 578),
(3275, 259, 578),
(3276, 260, 578),
(3277, 261, 578),
(3278, 262, 578),
(3279, 263, 578),
(3280, 237, 578),
(3281, 264, 578),
(3282, 265, 578),
(3283, 266, 578),
(3284, 267, 578),
(3285, 268, 578),
(3286, 269, 578),
(3287, 270, 578),
(3288, 271, 578),
(3289, 272, 578),
(3290, 280, 578),
(3291, 281, 578),
(3292, 282, 578),
(3293, 283, 578),
(3294, 284, 578),
(3295, 285, 578),
(3296, 286, 578),
(3297, 287, 578),
(3298, 288, 578),
(3299, 289, 578),
(3300, 290, 578),
(3301, 291, 578),
(3302, 292, 578),
(3303, 293, 578),
(3304, 294, 578),
(3305, 295, 578),
(3306, 296, 578),
(3307, 297, 578),
(3308, 298, 578),
(3309, 299, 578),
(3310, 300, 578),
(3311, 301, 578),
(3312, 302, 578),
(3313, 303, 578),
(3314, 304, 578),
(3334, 522, 580),
(3333, 522, 579),
(3975, 523, 587),
(3974, 523, 586),
(3973, 523, 585),
(3972, 523, 584),
(3971, 523, 583),
(3970, 523, 581),
(3969, 523, 580),
(3968, 523, 579),
(3335, 522, 581),
(3336, 522, 582),
(3337, 522, 583),
(3338, 522, 584),
(3339, 522, 585),
(3340, 522, 586),
(3341, 522, 587),
(3342, 522, 588),
(3344, 421, 111),
(3345, 421, 112),
(3346, 421, 114),
(3347, 421, 129),
(3348, 421, 131),
(3349, 421, 137),
(3363, 524, 605),
(3362, 524, 598),
(3364, 524, 606),
(3365, 524, 607),
(3366, 524, 608),
(3367, 524, 611),
(3368, 524, 612),
(3369, 524, 613),
(3483, 525, 605),
(3482, 525, 599),
(3484, 525, 606),
(3485, 525, 607),
(3486, 525, 609),
(3487, 525, 611),
(3488, 525, 612),
(3489, 525, 613),
(3475, 526, 605),
(3474, 526, 600),
(3476, 526, 606),
(3477, 526, 607),
(3478, 526, 609),
(3479, 526, 611),
(3480, 526, 612),
(3481, 526, 613),
(3411, 527, 605),
(3410, 527, 601),
(3412, 527, 606),
(3413, 527, 607),
(3414, 527, 614),
(3415, 527, 611),
(3416, 527, 612),
(3417, 527, 613),
(3427, 528, 605),
(3426, 528, 602),
(3428, 528, 606),
(3429, 528, 607),
(3430, 528, 615),
(3431, 528, 611),
(3432, 528, 612),
(3433, 528, 613),
(3443, 529, 605),
(3442, 529, 603),
(3444, 529, 606),
(3445, 529, 607),
(3446, 529, 616),
(3447, 529, 611),
(3448, 529, 612),
(3449, 529, 613),
(3467, 530, 605),
(3466, 530, 604),
(3468, 530, 606),
(3469, 530, 607),
(3470, 530, 617),
(3471, 530, 611),
(3472, 530, 612),
(3473, 530, 613),
(3515, 531, 605),
(3514, 531, 618),
(3516, 531, 606),
(3517, 531, 607),
(3518, 531, 610),
(3519, 531, 611),
(3520, 531, 612),
(3521, 531, 620),
(3522, 532, 605),
(3523, 532, 601),
(3524, 532, 606),
(3525, 532, 607),
(3526, 532, 614),
(3527, 532, 611),
(3528, 532, 612),
(3529, 532, 613),
(3546, 533, 634),
(3545, 533, 635),
(3544, 533, 627),
(3543, 533, 636),
(3542, 533, 637),
(3541, 533, 638),
(3572, 534, 621),
(3540, 533, 593),
(3547, 533, 633),
(3573, 534, 638),
(3574, 534, 637),
(3575, 534, 636),
(3576, 534, 628),
(3577, 534, 635),
(3578, 534, 634),
(3579, 534, 633),
(3564, 535, 622),
(3565, 535, 638),
(3566, 535, 637),
(3567, 535, 636),
(3568, 535, 630),
(3569, 535, 635),
(3570, 535, 634),
(3571, 535, 633),
(3636, 536, 623),
(3637, 536, 638),
(3638, 536, 637),
(3639, 536, 636),
(3640, 536, 631),
(3641, 536, 635),
(3642, 536, 634),
(3643, 536, 633),
(3628, 537, 624),
(3629, 537, 638),
(3630, 537, 637),
(3631, 537, 636),
(3632, 537, 632),
(3633, 537, 635),
(3634, 537, 634),
(3635, 537, 633),
(3612, 538, 625),
(3613, 538, 638),
(3614, 538, 637),
(3615, 538, 636),
(3616, 538, 639),
(3617, 538, 635),
(3618, 538, 634),
(3619, 538, 633),
(3620, 539, 626),
(3621, 539, 638),
(3622, 539, 637),
(3623, 539, 636),
(3624, 539, 640),
(3625, 539, 635),
(3626, 539, 634),
(3627, 539, 633),
(3659, 540, 662),
(3658, 540, 661),
(3657, 540, 660),
(3656, 540, 657),
(3655, 540, 656),
(3654, 540, 655),
(3653, 540, 653),
(3652, 540, 642),
(3675, 541, 662),
(3674, 541, 661),
(3673, 541, 660),
(3672, 541, 657),
(3671, 541, 656),
(3670, 541, 655),
(3669, 541, 653),
(3668, 541, 643),
(3691, 542, 662),
(3690, 542, 661);
INSERT INTO `products_to_characteristics` (`products_to_characteristics_id`, `products_id`, `products_characteristic_set_id`) VALUES
(3689, 542, 660),
(3688, 542, 657),
(3687, 542, 656),
(3686, 542, 655),
(3685, 542, 653),
(3684, 542, 644),
(3707, 543, 662),
(3706, 543, 661),
(3705, 543, 660),
(3704, 543, 657),
(3703, 543, 656),
(3702, 543, 655),
(3701, 543, 653),
(3700, 543, 645),
(3723, 544, 662),
(3722, 544, 661),
(3721, 544, 660),
(3720, 544, 657),
(3719, 544, 656),
(3718, 544, 655),
(3717, 544, 653),
(3716, 544, 646),
(3739, 545, 662),
(3738, 545, 661),
(3737, 545, 660),
(3736, 545, 658),
(3735, 545, 656),
(3734, 545, 655),
(3733, 545, 653),
(3732, 545, 647),
(3755, 546, 662),
(3754, 546, 661),
(3753, 546, 660),
(3752, 546, 659),
(3751, 546, 656),
(3750, 546, 655),
(3749, 546, 653),
(3748, 546, 648),
(3771, 547, 662),
(3770, 547, 661),
(3769, 547, 660),
(3768, 547, 659),
(3767, 547, 656),
(3766, 547, 655),
(3765, 547, 653),
(3764, 547, 649),
(3787, 548, 662),
(3786, 548, 661),
(3785, 548, 660),
(3784, 548, 659),
(3783, 548, 656),
(3782, 548, 655),
(3781, 548, 653),
(3780, 548, 650),
(3803, 549, 662),
(3802, 549, 661),
(3801, 549, 660),
(3800, 549, 663),
(3799, 549, 656),
(3798, 549, 655),
(3797, 549, 653),
(3796, 549, 651),
(3820, 551, 665),
(3821, 551, 666),
(3822, 551, 667),
(3823, 551, 668),
(3815, 550, 668),
(3814, 550, 667),
(3813, 550, 666),
(3812, 550, 664),
(3831, 552, 682),
(3830, 552, 669),
(3829, 552, 670),
(3828, 552, 671),
(3855, 553, 682),
(3854, 553, 669),
(3853, 553, 670),
(3852, 553, 672),
(3859, 554, 682),
(3858, 554, 669),
(3857, 554, 670),
(3856, 554, 673),
(3863, 555, 682),
(3862, 555, 669),
(3861, 555, 670),
(3860, 555, 674),
(3871, 556, 682),
(3870, 556, 669),
(3869, 556, 670),
(3868, 556, 675),
(3867, 557, 682),
(3866, 557, 669),
(3865, 557, 670),
(3864, 557, 676),
(3883, 558, 682),
(3882, 558, 669),
(3881, 558, 683),
(3880, 558, 677),
(3891, 559, 682),
(3890, 559, 669),
(3889, 559, 683),
(3888, 559, 678),
(3917, 562, 683),
(3918, 562, 669),
(3919, 562, 682),
(3911, 561, 682),
(3910, 561, 669),
(3909, 561, 683),
(3908, 561, 680),
(3916, 562, 681),
(3939, 563, 703),
(3938, 563, 706),
(3937, 563, 691),
(3936, 563, 687),
(3935, 564, 703),
(3934, 564, 695),
(3933, 564, 692),
(3932, 564, 688),
(3959, 565, 708),
(3958, 565, 705),
(3957, 565, 693),
(3956, 565, 689),
(3967, 566, 708),
(3966, 566, 704),
(3965, 566, 694),
(3964, 566, 690),
(3976, 523, 588),
(3986, 567, 714),
(3987, 567, 711),
(3985, 567, 710),
(3984, 567, 709),
(3988, 567, 713),
(3989, 568, 714),
(3990, 568, 711),
(3991, 568, 710),
(3992, 568, 709),
(3993, 568, 713),
(4003, 569, 721),
(4002, 569, 720),
(4001, 569, 719),
(4000, 569, 718),
(3999, 569, 717),
(4004, 569, 722),
(4029, 571, 711),
(4028, 571, 727),
(4027, 571, 726),
(4026, 571, 725),
(4039, 572, 711),
(4030, 571, 713),
(4020, 570, 713),
(4019, 570, 711),
(4018, 570, 715),
(4017, 570, 724),
(4016, 570, 723),
(4038, 572, 731),
(4037, 572, 730),
(4036, 572, 728),
(4040, 572, 713),
(4049, 573, 711),
(4048, 573, 734),
(4047, 573, 733),
(4046, 573, 732),
(4050, 573, 713),
(4057, 574, 736),
(4061, 575, 738),
(4060, 575, 737),
(4077, 577, 739),
(4056, 574, 735),
(4066, 571, 740),
(4075, 576, 739),
(4067, 574, 740),
(4068, 572, 741),
(4069, 575, 741),
(4070, 576, 741),
(4071, 577, 741),
(4080, 578, 739),
(4073, 578, 741),
(4074, 576, 743),
(4076, 577, 744),
(4078, 578, 745),
(4079, 578, 747),
(4092, 579, 750),
(4093, 579, 742),
(4094, 567, 752),
(4095, 568, 752),
(4091, 579, 748),
(4096, 569, 751),
(4097, 570, 751),
(4118, 581, 713),
(4108, 580, 713),
(4107, 580, 711),
(4106, 580, 715),
(4105, 580, 754),
(4104, 580, 753),
(4117, 581, 711),
(4116, 581, 757),
(4115, 581, 756),
(4114, 581, 755),
(4133, 582, 713),
(4132, 582, 711),
(4131, 582, 760),
(4130, 582, 759),
(4129, 582, 758),
(4143, 583, 713),
(4142, 583, 711),
(4141, 583, 763),
(4140, 583, 762),
(4139, 583, 761),
(4144, 584, 713),
(4145, 584, 711),
(4146, 584, 763),
(4147, 584, 762),
(4148, 584, 761),
(4149, 585, 739),
(4150, 585, 741),
(4151, 585, 745),
(4152, 585, 747),
(4153, 586, 739),
(4154, 586, 741),
(4155, 586, 744),
(4156, 587, 739),
(4157, 587, 741),
(4158, 587, 743),
(4159, 588, 738),
(4160, 588, 737),
(4161, 588, 741),
(4162, 589, 711),
(4163, 589, 727),
(4164, 589, 726),
(4165, 589, 725),
(4166, 589, 713),
(4167, 589, 740),
(4177, 590, 713),
(4176, 590, 711),
(4175, 590, 766),
(4174, 590, 765),
(4173, 590, 764),
(4187, 591, 713),
(4186, 591, 711),
(4185, 591, 769),
(4184, 591, 768),
(4183, 591, 767),
(4198, 592, 713),
(4197, 592, 711),
(4196, 592, 773),
(4195, 592, 772),
(4194, 592, 771),
(4193, 592, 770),
(4199, 593, 713),
(4200, 593, 711),
(4201, 593, 773),
(4202, 593, 772),
(4203, 593, 771),
(4204, 593, 770),
(4205, 593, 774),
(4206, 593, 775),
(4207, 593, 776),
(4208, 593, 777),
(4209, 593, 778),
(4234, 598, 790),
(4233, 598, 789),
(4232, 598, 788),
(4231, 598, 787),
(4230, 598, 780),
(4229, 598, 781),
(4228, 598, 779),
(4226, 597, 740),
(4225, 596, 740),
(4223, 595, 742),
(4222, 594, 742),
(4235, 598, 791),
(4236, 598, 792),
(4237, 598, 793),
(4253, 599, 790),
(4252, 599, 789),
(4251, 599, 788),
(4250, 599, 787),
(4249, 599, 780),
(4248, 599, 782),
(4244, 599, 779),
(4254, 599, 791),
(4255, 599, 792),
(4256, 599, 793),
(4272, 600, 790),
(4271, 600, 789),
(4270, 600, 788),
(4269, 600, 787),
(4268, 600, 780),
(4267, 600, 783),
(4263, 600, 779),
(4273, 600, 791),
(4274, 600, 792),
(4275, 600, 793),
(4291, 601, 790),
(4290, 601, 789),
(4289, 601, 788),
(4288, 601, 787),
(4287, 601, 780),
(4286, 601, 784),
(4282, 601, 779),
(4292, 601, 791),
(4293, 601, 792),
(4294, 601, 793),
(4310, 602, 790),
(4309, 602, 789),
(4308, 602, 788),
(4307, 602, 787),
(4306, 602, 780),
(4305, 602, 785),
(4301, 602, 779),
(4311, 602, 791),
(4312, 602, 792),
(4313, 602, 793),
(4314, 592, 794),
(4315, 592, 796),
(4316, 592, 797),
(4317, 592, 795),
(4318, 592, 798),
(4319, 609, 605),
(4320, 609, 618),
(4321, 609, 606),
(4322, 609, 607),
(4323, 609, 610),
(4324, 609, 611),
(4325, 609, 612),
(4326, 609, 620),
(4371, 1002, 608),
(4349, 611, 712),
(4348, 611, 711),
(4347, 611, 806),
(4346, 611, 804),
(4345, 611, 801),
(4370, 1002, 607),
(4354, 612, 712),
(4353, 612, 711),
(4352, 612, 806),
(4351, 612, 803),
(4350, 612, 800),
(4369, 1002, 606),
(4359, 613, 712),
(4358, 613, 711),
(4357, 613, 806),
(4356, 613, 802),
(4355, 613, 799),
(4368, 1002, 598),
(4367, 1002, 605),
(4366, 614, 807),
(4372, 1002, 611),
(4373, 1002, 612),
(4374, 1002, 613),
(4375, 1003, 605),
(4376, 1003, 599),
(4377, 1003, 606),
(4378, 1003, 607),
(4379, 1003, 609),
(4380, 1003, 611),
(4381, 1003, 612),
(4382, 1003, 613),
(4383, 1004, 605),
(4384, 1004, 600),
(4385, 1004, 606),
(4386, 1004, 607),
(4387, 1004, 609),
(4388, 1004, 611),
(4389, 1004, 612),
(4390, 1004, 613),
(4391, 1005, 605),
(4392, 1005, 601),
(4393, 1005, 606),
(4394, 1005, 607),
(4395, 1005, 614),
(4396, 1005, 611),
(4397, 1005, 612),
(4398, 1005, 613),
(4399, 1006, 605),
(4400, 1006, 602),
(4401, 1006, 606),
(4402, 1006, 607),
(4403, 1006, 615),
(4404, 1006, 611),
(4405, 1006, 612),
(4406, 1006, 613),
(4407, 1007, 605),
(4408, 1007, 603),
(4409, 1007, 606),
(4410, 1007, 607),
(4411, 1007, 616),
(4412, 1007, 611),
(4413, 1007, 612),
(4414, 1007, 613),
(4415, 1008, 605),
(4416, 1008, 604),
(4417, 1008, 606),
(4418, 1008, 607),
(4419, 1008, 617),
(4420, 1008, 611),
(4421, 1008, 612),
(4422, 1008, 613),
(4423, 1009, 605),
(4424, 1009, 618),
(4425, 1009, 606),
(4426, 1009, 607),
(4427, 1009, 610),
(4428, 1009, 611),
(4429, 1009, 612),
(4430, 1009, 620),
(4431, 1010, 634),
(4432, 1010, 635),
(4433, 1010, 627),
(4434, 1010, 636),
(4435, 1010, 637),
(4436, 1010, 638),
(4437, 1010, 593),
(4438, 1010, 633),
(4439, 1011, 621),
(4440, 1011, 638),
(4441, 1011, 637),
(4442, 1011, 636),
(4443, 1011, 628),
(4444, 1011, 635),
(4445, 1011, 634),
(4446, 1011, 633),
(4447, 1012, 622),
(4448, 1012, 638),
(4449, 1012, 637),
(4450, 1012, 636),
(4451, 1012, 630),
(4452, 1012, 635),
(4453, 1012, 634),
(4454, 1012, 633),
(4455, 1013, 623),
(4456, 1013, 638),
(4457, 1013, 637),
(4458, 1013, 636),
(4459, 1013, 631),
(4460, 1013, 635),
(4461, 1013, 634),
(4462, 1013, 633),
(4463, 1014, 624),
(4464, 1014, 638),
(4465, 1014, 637),
(4466, 1014, 636),
(4467, 1014, 632),
(4468, 1014, 635),
(4469, 1014, 634),
(4470, 1014, 633),
(4471, 1015, 625),
(4472, 1015, 638),
(4473, 1015, 637),
(4474, 1015, 636),
(4475, 1015, 639),
(4476, 1015, 635),
(4477, 1015, 634),
(4478, 1015, 633),
(4479, 1016, 626),
(4480, 1016, 638),
(4481, 1016, 637),
(4482, 1016, 636),
(4483, 1016, 640),
(4484, 1016, 635),
(4485, 1016, 634),
(4486, 1016, 633),
(4487, 1017, 662),
(4488, 1017, 661),
(4489, 1017, 660),
(4490, 1017, 657),
(4491, 1017, 656),
(4492, 1017, 655),
(4493, 1017, 653),
(4494, 1017, 642),
(4495, 1018, 662),
(4496, 1018, 661),
(4497, 1018, 660),
(4498, 1018, 657),
(4499, 1018, 656),
(4500, 1018, 655),
(4501, 1018, 653),
(4502, 1018, 643),
(4503, 1019, 662),
(4504, 1019, 661),
(4505, 1019, 660),
(4506, 1019, 657),
(4507, 1019, 656),
(4508, 1019, 655),
(4509, 1019, 653),
(4510, 1019, 644),
(4511, 1020, 662),
(4512, 1020, 661),
(4513, 1020, 660),
(4514, 1020, 657),
(4515, 1020, 656),
(4516, 1020, 655),
(4517, 1020, 653),
(4518, 1020, 645),
(4519, 1021, 662),
(4520, 1021, 661),
(4521, 1021, 660),
(4522, 1021, 657),
(4523, 1021, 656),
(4524, 1021, 655),
(4525, 1021, 653),
(4526, 1021, 646),
(4527, 1022, 662),
(4528, 1022, 661),
(4529, 1022, 660),
(4530, 1022, 658),
(4531, 1022, 656),
(4532, 1022, 655),
(4533, 1022, 653),
(4534, 1022, 647),
(4535, 1023, 662),
(4536, 1023, 661),
(4537, 1023, 660),
(4538, 1023, 659),
(4539, 1023, 656),
(4540, 1023, 655),
(4541, 1023, 653),
(4542, 1023, 648),
(4826, 1024, 662),
(4825, 1024, 661),
(4824, 1024, 660),
(4823, 1024, 808),
(4822, 1024, 656),
(4821, 1024, 655),
(4820, 1024, 653),
(4819, 1024, 649),
(4551, 1025, 662),
(4552, 1025, 661),
(4553, 1025, 660),
(4554, 1025, 659),
(4555, 1025, 656),
(4556, 1025, 655),
(4557, 1025, 653),
(4558, 1025, 650),
(4559, 1026, 662),
(4560, 1026, 661),
(4561, 1026, 660),
(4562, 1026, 663),
(4563, 1026, 656),
(4564, 1026, 655),
(4565, 1026, 653),
(4566, 1026, 651),
(4567, 1027, 668),
(4568, 1027, 667),
(4569, 1027, 666),
(4570, 1027, 664),
(4571, 1028, 665),
(4572, 1028, 666),
(4573, 1028, 667),
(4574, 1028, 668),
(4575, 1029, 682),
(4576, 1029, 669),
(4577, 1029, 670),
(4578, 1029, 671),
(4579, 1030, 682),
(4580, 1030, 669),
(4581, 1030, 670),
(4582, 1030, 672),
(4583, 1031, 682),
(4584, 1031, 669),
(4585, 1031, 670),
(4586, 1031, 673),
(4587, 1032, 682),
(4588, 1032, 669),
(4589, 1032, 670),
(4590, 1032, 674),
(4591, 1033, 682),
(4592, 1033, 669),
(4593, 1033, 670),
(4594, 1033, 675),
(4595, 1034, 682),
(4596, 1034, 669),
(4597, 1034, 670),
(4598, 1034, 676),
(4599, 1035, 682),
(4600, 1035, 669),
(4601, 1035, 683),
(4602, 1035, 677),
(4603, 1036, 682),
(4604, 1036, 669),
(4605, 1036, 683),
(4606, 1036, 678),
(4607, 1038, 682),
(4608, 1038, 669),
(4609, 1038, 683),
(4610, 1038, 680),
(4611, 1039, 683),
(4612, 1039, 669),
(4613, 1039, 682),
(4614, 1039, 681),
(4615, 1040, 703),
(4616, 1040, 706),
(4617, 1040, 691),
(4618, 1040, 687),
(4619, 1041, 703),
(4620, 1041, 695),
(4621, 1041, 692),
(4622, 1041, 688),
(4623, 1042, 708),
(4624, 1042, 705),
(4625, 1042, 693),
(4626, 1042, 689),
(4627, 1043, 708),
(4628, 1043, 704),
(4629, 1043, 694),
(4630, 1043, 690),
(4631, 1044, 714),
(4632, 1044, 711),
(4633, 1044, 710),
(4634, 1044, 709),
(4635, 1044, 713),
(4636, 1044, 752),
(4637, 1045, 714),
(4638, 1045, 711),
(4639, 1045, 710),
(4640, 1045, 709),
(4641, 1045, 713),
(4642, 1045, 752),
(4643, 1046, 721),
(4644, 1046, 720),
(4645, 1046, 719),
(4646, 1046, 718),
(4647, 1046, 717),
(4648, 1046, 722),
(4649, 1046, 751),
(4650, 1047, 713),
(4651, 1047, 711),
(4652, 1047, 715),
(4653, 1047, 724),
(4654, 1047, 723),
(4655, 1047, 751),
(4656, 1048, 711),
(4657, 1048, 727),
(4658, 1048, 726),
(4659, 1048, 725),
(4660, 1048, 713),
(4661, 1048, 740),
(4662, 1049, 711),
(4663, 1049, 731),
(4664, 1049, 730),
(4665, 1049, 728),
(4666, 1049, 713),
(4667, 1049, 741),
(4668, 1050, 711),
(4669, 1050, 734),
(4670, 1050, 733),
(4671, 1050, 732),
(4672, 1050, 713),
(4673, 1051, 736),
(4674, 1051, 735),
(4675, 1051, 740),
(4676, 1052, 738),
(4677, 1052, 737),
(4678, 1052, 741),
(4679, 1053, 739),
(4680, 1053, 741),
(4681, 1053, 743),
(4682, 1054, 739),
(4683, 1054, 741),
(4684, 1054, 744),
(4685, 1055, 739),
(4686, 1055, 741),
(4687, 1055, 745),
(4688, 1055, 747),
(4689, 1056, 750),
(4690, 1056, 742),
(4691, 1056, 748),
(4692, 1057, 713),
(4693, 1057, 711),
(4694, 1057, 715),
(4695, 1057, 754),
(4696, 1057, 753),
(4697, 1058, 713),
(4698, 1058, 711),
(4699, 1058, 757),
(4700, 1058, 756),
(4701, 1058, 755),
(4702, 1059, 713),
(4703, 1059, 711),
(4704, 1059, 763),
(4705, 1059, 762),
(4706, 1059, 761),
(4707, 1060, 713),
(4708, 1060, 711),
(4709, 1060, 760),
(4710, 1060, 759),
(4711, 1060, 758),
(4712, 1061, 713),
(4713, 1061, 711),
(4714, 1061, 766),
(4715, 1061, 765),
(4716, 1061, 764),
(4717, 1062, 713),
(4718, 1062, 711),
(4719, 1062, 769),
(4720, 1062, 768),
(4721, 1062, 767),
(4722, 1063, 713),
(4723, 1063, 711),
(4724, 1063, 773),
(4725, 1063, 772),
(4726, 1063, 771),
(4727, 1063, 770),
(4728, 1063, 794),
(4729, 1063, 796),
(4730, 1063, 797),
(4731, 1063, 795),
(4732, 1063, 798),
(4733, 1064, 713),
(4734, 1064, 711),
(4735, 1064, 773),
(4736, 1064, 772),
(4737, 1064, 771),
(4738, 1064, 770),
(4739, 1064, 774),
(4740, 1064, 775),
(4741, 1064, 776),
(4742, 1064, 777),
(4743, 1064, 778),
(4744, 1065, 742),
(4745, 1066, 742),
(4746, 1067, 740),
(4747, 1068, 740),
(4748, 1069, 790),
(4749, 1069, 789),
(4750, 1069, 788),
(4751, 1069, 787),
(4752, 1069, 780),
(4753, 1069, 782),
(4754, 1069, 779),
(4755, 1069, 791),
(4756, 1069, 792),
(4757, 1069, 793),
(4758, 1070, 790),
(4759, 1070, 789),
(4760, 1070, 788),
(4761, 1070, 787),
(4762, 1070, 780),
(4763, 1070, 783),
(4764, 1070, 779),
(4765, 1070, 791),
(4766, 1070, 792),
(4767, 1070, 793),
(4768, 1071, 790),
(4769, 1071, 789),
(4770, 1071, 788),
(4771, 1071, 787),
(4772, 1071, 780),
(4773, 1071, 784),
(4774, 1071, 779),
(4775, 1071, 791),
(4776, 1071, 792),
(4777, 1071, 793),
(4778, 1072, 790),
(4779, 1072, 789),
(4780, 1072, 788),
(4781, 1072, 787),
(4782, 1072, 780),
(4783, 1072, 785),
(4784, 1072, 779),
(4785, 1072, 791),
(4786, 1072, 792),
(4787, 1072, 793),
(4788, 1073, 790),
(4789, 1073, 789),
(4790, 1073, 788),
(4791, 1073, 787),
(4792, 1073, 780),
(4793, 1073, 781),
(4794, 1073, 779),
(4795, 1073, 791),
(4796, 1073, 792),
(4797, 1073, 793),
(4798, 1074, 712),
(4799, 1074, 711),
(4800, 1074, 806),
(4801, 1074, 804),
(4802, 1074, 801),
(4803, 1075, 712),
(4804, 1075, 711),
(4805, 1075, 806),
(4806, 1075, 803),
(4807, 1075, 800),
(4808, 1076, 712),
(4809, 1076, 711),
(4810, 1076, 806),
(4811, 1076, 802),
(4812, 1076, 799),
(4813, 1077, 807),
(4815, 1037, 679),
(4816, 1037, 683),
(4817, 1037, 669),
(4818, 1037, 682);

-- --------------------------------------------------------

--
-- Tabellenstruktur für Tabelle `products_to_groups`
--

CREATE TABLE `products_to_groups` (
  `products_id` int(11) NOT NULL DEFAULT '0',
  `groups_id` int(11) NOT NULL DEFAULT '0'
) ENGINE=MyISAM DEFAULT CHARSET=utf8;

-- --------------------------------------------------------

--
-- Tabellenstruktur für Tabelle `products_vpe`
--

CREATE TABLE `products_vpe` (
  `products_vpe_id` int(11) NOT NULL DEFAULT '0',
  `language_id` int(11) NOT NULL DEFAULT '0',
  `products_vpe_name` varchar(32) NOT NULL
) ENGINE=MyISAM DEFAULT CHARSET=utf8;

-- --------------------------------------------------------

--
-- Tabellenstruktur für Tabelle `products_xsell`
--

CREATE TABLE `products_xsell` (
  `ID` int(10) NOT NULL,
  `products_id` int(10) UNSIGNED NOT NULL DEFAULT '1',
  `xsell_id` int(10) UNSIGNED NOT NULL DEFAULT '1',
  `sort_order` int(10) UNSIGNED NOT NULL DEFAULT '1',
  `reverse_cross_selling` int(1) NOT NULL
) ENGINE=MyISAM DEFAULT CHARSET=utf8;

-- --------------------------------------------------------

--
-- Tabellenstruktur für Tabelle `product_properties_xy_prices`
--

CREATE TABLE `product_properties_xy_prices` (
  `product_properties_xy_prices_id` int(11) NOT NULL,
  `products_id` int(11) NOT NULL,
  `products_properties_id_X` int(11) NOT NULL,
  `products_properties_id_Y` int(11) NOT NULL
) ENGINE=MyISAM DEFAULT CHARSET=utf8;

-- --------------------------------------------------------

--
-- Tabellenstruktur für Tabelle `product_properties_xy_prices_values`
--

CREATE TABLE `product_properties_xy_prices_values` (
  `product_properties_xy_prices_values_id` int(11) NOT NULL,
  `product_properties_xy_prices_id` int(11) NOT NULL,
  `val_X` int(11) NOT NULL,
  `val_Y` int(11) NOT NULL,
  `xy_price` float NOT NULL
) ENGINE=MyISAM DEFAULT CHARSET=utf8;

-- --------------------------------------------------------

--
-- Tabellenstruktur für Tabelle `product_properties_xy_prices_values_for_properties`
--

CREATE TABLE `product_properties_xy_prices_values_for_properties` (
  `product_properties_xy_prices_values_for_properties_id` int(11) NOT NULL,
  `product_properties_xy_prices_values_id` int(11) NOT NULL,
  `products_properties_id` int(11) NOT NULL,
  `price_netto` float NOT NULL
) ENGINE=MyISAM DEFAULT CHARSET=utf8;

-- --------------------------------------------------------

--
-- Tabellenstruktur für Tabelle `product_un_classification`
--

CREATE TABLE `product_un_classification` (
  `product_un_classification_id` int(11) NOT NULL,
  `products_id` int(11) NOT NULL,
  `un_classifications_id` int(11) NOT NULL,
  `ADR_Class` varchar(16) COLLATE utf8mb4_unicode_ci NOT NULL,
  `Packaging_Group` varchar(32) COLLATE utf8mb4_unicode_ci NOT NULL,
  `Bk` varchar(8) COLLATE utf8mb4_unicode_ci NOT NULL,
  `TUNNEL_CATEGORY` varchar(24) COLLATE utf8mb4_unicode_ci NOT NULL
) ENGINE=InnoDB DEFAULT CHARSET=utf8mb4 COLLATE=utf8mb4_unicode_ci;

--
-- Daten für Tabelle `product_un_classification`
--

INSERT INTO `product_un_classification` (`product_un_classification_id`, `products_id`, `un_classifications_id`, `ADR_Class`, `Packaging_Group`, `Bk`, `TUNNEL_CATEGORY`) VALUES
(1, 1044, 1, 'ADR_Class_9', 'Packaging_Group_I', 'Bk_2', 'TUNNEL_CATEGORY_E'),
(2, 1076, 1, 'ADR_Class_9', 'Packaging_Group_I', 'Bk_2', 'TUNNEL_CATEGORY_E'),
(3, 1045, 1, 'ADR_Class_9', 'Packaging_Group_I', 'Bk_2', 'TUNNEL_CATEGORY_E'),
(4, 1046, 1, 'ADR_Class_9', 'Packaging_Group_I', 'Bk_2', 'TUNNEL_CATEGORY_E'),
(5, 1047, 1, 'ADR_Class_9', 'Packaging_Group_I', 'Bk_2', 'TUNNEL_CATEGORY_E'),
(6, 1048, 1, 'ADR_Class_9', 'Packaging_Group_I', 'Bk_2', 'TUNNEL_CATEGORY_E'),
(7, 1049, 1, 'ADR_Class_9', 'Packaging_Group_I', 'Bk_2', 'TUNNEL_CATEGORY_E'),
(8, 1050, 1, 'ADR_Class_9', 'Packaging_Group_I', 'Bk_2', 'TUNNEL_CATEGORY_E'),
(15, 1057, 1, 'ADR_Class_9', 'Packaging_Group_I', 'Bk_2', 'TUNNEL_CATEGORY_E'),
(16, 1058, 1, 'ADR_Class_9', 'Packaging_Group_I', 'Bk_2', 'TUNNEL_CATEGORY_E'),
(17, 1059, 1, 'ADR_Class_9', 'Packaging_Group_I', 'Bk_2', 'TUNNEL_CATEGORY_E'),
(18, 1060, 1, 'ADR_Class_9', 'Packaging_Group_I', 'Bk_2', 'TUNNEL_CATEGORY_E'),
(19, 1061, 1, 'ADR_Class_9', 'Packaging_Group_I', 'Bk_2', 'TUNNEL_CATEGORY_E'),
(20, 1062, 1, 'ADR_Class_9', 'Packaging_Group_I', 'Bk_2', 'TUNNEL_CATEGORY_E'),
(21, 1063, 1, 'ADR_Class_9', 'Packaging_Group_I', 'Bk_2', 'TUNNEL_CATEGORY_E'),
(22, 1064, 1, 'ADR_Class_9', 'Packaging_Group_I', 'Bk_2', 'TUNNEL_CATEGORY_E'),
(23, 1074, 1, 'ADR_Class_9', 'Packaging_Group_I', 'Bk_2', 'TUNNEL_CATEGORY_E'),
(24, 1075, 1, 'ADR_Class_9', 'Packaging_Group_I', 'Bk_2', 'TUNNEL_CATEGORY_E'),
(25, 573, 1, 'ADR_Class_1', 'Packaging_Group_II', 'Bk_2', 'TUNNEL_CATEGORY_E');

-- --------------------------------------------------------

--
-- Tabellenstruktur für Tabelle `push_customer_allocations`
--

CREATE TABLE `push_customer_allocations` (
  `push_customer_allocations_id` int(11) NOT NULL,
  `customers_id` int(11) NOT NULL,
  `allocation` varchar(16) NOT NULL
) ENGINE=MyISAM DEFAULT CHARSET=utf8;

-- --------------------------------------------------------

--
-- Tabellenstruktur für Tabelle `reclamations`
--

CREATE TABLE `reclamations` (
  `reclamations_id` int(11) NOT NULL,
  `orders_id` int(11) NOT NULL DEFAULT '0',
  `customers_id` int(11) NOT NULL DEFAULT '0',
  `ebay_id` varchar(32) NOT NULL DEFAULT '',
  `customers_cid` varchar(32) DEFAULT NULL,
  `customers_vat_id` varchar(20) DEFAULT NULL,
  `customers_status` int(11) DEFAULT NULL,
  `customers_status_name` varchar(32) NOT NULL DEFAULT '',
  `customers_status_image` varchar(64) DEFAULT NULL,
  `customers_status_discount` decimal(4,2) DEFAULT NULL,
  `customers_name` varchar(64) NOT NULL DEFAULT '',
  `customers_company` varchar(128) DEFAULT NULL,
  `customers_street_address` varchar(64) NOT NULL DEFAULT '',
  `customers_suburb` varchar(64) DEFAULT NULL,
  `customers_city` varchar(64) NOT NULL,
  `customers_postcode` varchar(10) NOT NULL DEFAULT '',
  `customers_state` varchar(32) DEFAULT NULL,
  `customers_country` varchar(32) NOT NULL DEFAULT '',
  `customers_telephone` varchar(32) NOT NULL DEFAULT '',
  `customers_email_address` varchar(96) NOT NULL DEFAULT '',
  `customers_address_format_id` int(5) NOT NULL DEFAULT '0',
  `delivery_name` varchar(64) NOT NULL DEFAULT '',
  `delivery_company` varchar(128) DEFAULT NULL,
  `delivery_street_address` varchar(64) NOT NULL DEFAULT '',
  `delivery_suburb` varchar(64) DEFAULT NULL,
  `delivery_city` varchar(64) NOT NULL,
  `delivery_postcode` varchar(10) NOT NULL DEFAULT '',
  `delivery_state` varchar(32) DEFAULT NULL,
  `delivery_country` varchar(32) NOT NULL DEFAULT '',
  `delivery_address_format_id` int(5) NOT NULL DEFAULT '0',
  `billing_name` varchar(64) NOT NULL DEFAULT '',
  `billing_company` varchar(128) DEFAULT NULL,
  `billing_street_address` varchar(64) NOT NULL DEFAULT '',
  `billing_suburb` varchar(64) DEFAULT NULL,
  `billing_city` varchar(64) NOT NULL,
  `billing_postcode` varchar(10) NOT NULL DEFAULT '',
  `billing_state` varchar(32) DEFAULT NULL,
  `billing_country` varchar(32) NOT NULL DEFAULT '',
  `billing_address_format_id` int(5) NOT NULL DEFAULT '0',
  `payment_method` varchar(32) NOT NULL DEFAULT '',
  `comments` varchar(255) DEFAULT NULL,
  `last_modified` datetime DEFAULT NULL,
  `date_created` datetime DEFAULT NULL,
  `date_payment` datetime NOT NULL DEFAULT '0000-00-00 00:00:00',
  `reclamations_status` int(5) NOT NULL DEFAULT '0',
  `reclamations_type` int(11) NOT NULL DEFAULT '0',
  `reclamations_date_finished` datetime DEFAULT NULL,
  `currency` char(3) DEFAULT NULL,
  `currency_value` decimal(14,6) DEFAULT NULL,
  `account_type` int(1) NOT NULL DEFAULT '0',
  `language` varchar(32) NOT NULL DEFAULT '',
  `versender` varchar(32) NOT NULL DEFAULT '',
  `rueckerstattung` int(11) NOT NULL DEFAULT '0',
  `send` int(1) NOT NULL DEFAULT '0',
  `send_status` int(1) NOT NULL DEFAULT '0',
  `repair` int(1) NOT NULL DEFAULT '0',
  `kto_nummer` varchar(32) NOT NULL DEFAULT '',
  `kto_inhaber` varchar(128) NOT NULL DEFAULT '',
  `kto_blz` varchar(32) NOT NULL DEFAULT '',
  `kto_bank` varchar(128) NOT NULL DEFAULT '',
  `rueckerstattungsbetrag` float NOT NULL DEFAULT '0',
  `rueckerstattungsgrund` text NOT NULL,
  `block_shipping` int(1) NOT NULL DEFAULT '0',
  `versender_proposal` varchar(32) NOT NULL DEFAULT '',
  `shipping_comments` text NOT NULL,
  `block_shipping_comment` varchar(255) NOT NULL,
  `block_shipping_end_date` datetime NOT NULL
) ENGINE=MyISAM DEFAULT CHARSET=utf8;

-- --------------------------------------------------------

--
-- Tabellenstruktur für Tabelle `reclamations_bestandssperre`
--

CREATE TABLE `reclamations_bestandssperre` (
  `reclamations_bestandssperre_id` int(11) NOT NULL,
  `reclamations_id` int(11) NOT NULL DEFAULT '0',
  `products_id` int(11) NOT NULL DEFAULT '0',
  `storage_id` int(11) NOT NULL DEFAULT '0',
  `quantity` int(11) NOT NULL DEFAULT '0'
) ENGINE=MyISAM DEFAULT CHARSET=utf8;

-- --------------------------------------------------------

--
-- Tabellenstruktur für Tabelle `reclamations_products`
--

CREATE TABLE `reclamations_products` (
  `reclamations_products_id` int(11) NOT NULL,
  `reclamations_id` int(11) NOT NULL DEFAULT '0',
  `products_id` int(11) NOT NULL DEFAULT '0',
  `products_model` varchar(64) DEFAULT NULL,
  `products_name` varchar(128) NOT NULL DEFAULT '',
  `products_price` decimal(15,4) NOT NULL DEFAULT '0.0000',
  `products_discount_made` decimal(4,2) DEFAULT NULL,
  `final_price` decimal(15,4) NOT NULL DEFAULT '0.0000',
  `products_tax` decimal(7,4) NOT NULL DEFAULT '0.0000',
  `products_quantity` int(2) NOT NULL DEFAULT '0',
  `allow_tax` int(1) NOT NULL DEFAULT '0',
  `false_products_id` int(11) NOT NULL,
  `quantity_shipped` int(11) NOT NULL
) ENGINE=MyISAM DEFAULT CHARSET=utf8;

-- --------------------------------------------------------

--
-- Tabellenstruktur für Tabelle `reclamations_products_properties`
--

CREATE TABLE `reclamations_products_properties` (
  `reclamations_products_properties_id` int(11) NOT NULL,
  `reclamations_products_id` int(11) NOT NULL,
  `property_title` varchar(64) NOT NULL,
  `property_value` varchar(64) NOT NULL,
  `input_span` int(11) NOT NULL
) ENGINE=MyISAM DEFAULT CHARSET=utf8;

-- --------------------------------------------------------

--
-- Tabellenstruktur für Tabelle `reclamations_products_serials`
--

CREATE TABLE `reclamations_products_serials` (
  `reclamations_products_serials_id` int(11) NOT NULL,
  `reclamations_products_id` int(11) NOT NULL DEFAULT '0',
  `products_id` int(11) NOT NULL DEFAULT '0',
  `serial_number` varchar(128) NOT NULL DEFAULT ''
) ENGINE=MyISAM DEFAULT CHARSET=utf8;

-- --------------------------------------------------------

--
-- Tabellenstruktur für Tabelle `reclamations_reasons`
--

CREATE TABLE `reclamations_reasons` (
  `reclamations_reasons_id` int(11) NOT NULL,
  `reason` varchar(64) NOT NULL,
  `date_added` datetime NOT NULL
) ENGINE=MyISAM DEFAULT CHARSET=utf8;

--
-- Daten für Tabelle `reclamations_reasons`
--

INSERT INTO `reclamations_reasons` (`reclamations_reasons_id`, `reason`, `date_added`) VALUES
(1, 'Transportschaden', '2010-11-24 22:45:15'),
(2, 'Ware hat nicht gefallen', '2010-11-24 22:45:24'),
(3, 'Qualitätsproblem', '2010-11-24 22:45:46'),
(4, 'Durch Kunden beim aufbau beschädigt', '2010-11-24 22:46:01');

-- --------------------------------------------------------

--
-- Tabellenstruktur für Tabelle `reclamations_recalculate`
--

CREATE TABLE `reclamations_recalculate` (
  `reclamations_recalculate_id` int(11) NOT NULL,
  `reclamations_id` int(11) NOT NULL DEFAULT '0',
  `n_price` decimal(15,4) NOT NULL DEFAULT '0.0000',
  `b_price` decimal(15,4) NOT NULL DEFAULT '0.0000',
  `tax` decimal(15,4) NOT NULL DEFAULT '0.0000',
  `tax_rate` decimal(7,4) NOT NULL DEFAULT '0.0000',
  `class` varchar(32) NOT NULL DEFAULT ''
) ENGINE=MyISAM DEFAULT CHARSET=utf8;

-- --------------------------------------------------------

--
-- Tabellenstruktur für Tabelle `reclamations_status`
--

CREATE TABLE `reclamations_status` (
  `reclamations_status_id` int(11) NOT NULL DEFAULT '0',
  `language_id` int(11) NOT NULL DEFAULT '1',
  `reclamations_status_name` varchar(32) NOT NULL DEFAULT ''
) ENGINE=MyISAM DEFAULT CHARSET=utf8;

--
-- Daten für Tabelle `reclamations_status`
--

INSERT INTO `reclamations_status` (`reclamations_status_id`, `language_id`, `reclamations_status_name`) VALUES
(3, 2, 'Abgeschlossen'),
(1, 2, 'Eingeleitet'),
(2, 2, 'In Bearbeitung');

-- --------------------------------------------------------

--
-- Tabellenstruktur für Tabelle `reclamations_status_history`
--

CREATE TABLE `reclamations_status_history` (
  `reclamations_status_history_id` int(11) NOT NULL,
  `reclamations_id` int(11) NOT NULL DEFAULT '0',
  `reclamations_status_id` int(5) NOT NULL DEFAULT '0',
  `date_added` datetime NOT NULL DEFAULT '0000-00-00 00:00:00',
  `customer_notified` int(1) DEFAULT '0',
  `comments` text,
  `editor_id` int(11) NOT NULL DEFAULT '0'
) ENGINE=MyISAM DEFAULT CHARSET=utf8;

-- --------------------------------------------------------

--
-- Tabellenstruktur für Tabelle `reclamations_total`
--

CREATE TABLE `reclamations_total` (
  `reclamations_total_id` int(10) UNSIGNED NOT NULL,
  `reclamations_id` int(11) NOT NULL DEFAULT '0',
  `title` varchar(255) NOT NULL DEFAULT '',
  `text` varchar(255) NOT NULL DEFAULT '',
  `value` decimal(15,4) NOT NULL DEFAULT '0.0000',
  `class` varchar(32) NOT NULL DEFAULT '',
  `sort_order` int(11) NOT NULL DEFAULT '0'
) ENGINE=MyISAM DEFAULT CHARSET=utf8;

-- --------------------------------------------------------

--
-- Tabellenstruktur für Tabelle `reclamations_to_reclamations_reasons`
--

CREATE TABLE `reclamations_to_reclamations_reasons` (
  `reclamations_id` int(11) NOT NULL,
  `reclamations_reasons_id` int(11) NOT NULL
) ENGINE=MyISAM DEFAULT CHARSET=utf8;

-- --------------------------------------------------------

--
-- Tabellenstruktur für Tabelle `reclamations_types`
--

CREATE TABLE `reclamations_types` (
  `reclamations_types_id` int(11) NOT NULL,
  `reclamations_types_title` varchar(128) NOT NULL DEFAULT ''
) ENGINE=MyISAM DEFAULT CHARSET=utf8;

--
-- Daten für Tabelle `reclamations_types`
--

INSERT INTO `reclamations_types` (`reclamations_types_id`, `reclamations_types_title`) VALUES
(2, 'Widerruf | Ruecktritt'),
(3, 'Defekt | Ersatzversand'),
(4, 'Falschlieferung | Neuversand'),
(5, 'Falsche Adresse | Neuversand'),
(6, 'Vereinfachte Warenrücknahme');

-- --------------------------------------------------------

--
-- Tabellenstruktur für Tabelle `retouren`
--

CREATE TABLE `retouren` (
  `retoure_id` int(11) NOT NULL,
  `orders_id` int(11) NOT NULL DEFAULT '0',
  `reclamations_id` int(11) NOT NULL DEFAULT '0',
  `customers_id` int(11) NOT NULL DEFAULT '0',
  `shipping_company` varchar(128) NOT NULL DEFAULT '',
  `shipping_name` varchar(128) NOT NULL DEFAULT '',
  `shipping_name2` varchar(128) NOT NULL DEFAULT '',
  `shipping_street` varchar(128) NOT NULL DEFAULT '',
  `shipping_street2` varchar(128) NOT NULL DEFAULT '',
  `shipping_postcode` varchar(6) NOT NULL DEFAULT '',
  `shipping_city` varchar(128) NOT NULL DEFAULT '',
  `shipping_country` varchar(128) NOT NULL DEFAULT '',
  `date_created` datetime NOT NULL DEFAULT '0000-00-00 00:00:00',
  `date_initiated` datetime NOT NULL DEFAULT '0000-00-00 00:00:00',
  `date_finished` datetime NOT NULL DEFAULT '0000-00-00 00:00:00',
  `retoure_status` int(11) NOT NULL DEFAULT '0',
  `versender` varchar(32) NOT NULL DEFAULT '',
  `costs` float NOT NULL DEFAULT '0'
) ENGINE=MyISAM DEFAULT CHARSET=utf8;

-- --------------------------------------------------------

--
-- Tabellenstruktur für Tabelle `retoure_products`
--

CREATE TABLE `retoure_products` (
  `retoure_products_id` int(11) NOT NULL,
  `retoure_id` int(11) NOT NULL DEFAULT '0',
  `products_id` int(11) NOT NULL DEFAULT '0',
  `products_model` varchar(64) DEFAULT NULL,
  `products_name` varchar(64) NOT NULL DEFAULT '',
  `products_quantity` int(2) NOT NULL DEFAULT '0',
  `false_products_id` int(11) NOT NULL
) ENGINE=MyISAM DEFAULT CHARSET=utf8;

-- --------------------------------------------------------

--
-- Tabellenstruktur für Tabelle `retoure_products_properties`
--

CREATE TABLE `retoure_products_properties` (
  `retoure_products_properties_id` int(11) NOT NULL,
  `retoure_products_id` int(11) NOT NULL,
  `property_title` varchar(64) NOT NULL,
  `property_value` varchar(64) NOT NULL,
  `input_span` int(11) NOT NULL
) ENGINE=MyISAM DEFAULT CHARSET=utf8;

-- --------------------------------------------------------

--
-- Tabellenstruktur für Tabelle `retoure_products_serials`
--

CREATE TABLE `retoure_products_serials` (
  `retoure_products_serials_id` int(11) NOT NULL,
  `retoure_products_id` int(11) NOT NULL DEFAULT '0',
  `products_id` int(11) NOT NULL DEFAULT '0',
  `serial_number` varchar(128) NOT NULL DEFAULT ''
) ENGINE=MyISAM DEFAULT CHARSET=utf8;

-- --------------------------------------------------------

--
-- Tabellenstruktur für Tabelle `retoure_status`
--

CREATE TABLE `retoure_status` (
  `retoure_status_id` int(11) NOT NULL,
  `retoure_status_name` varchar(64) NOT NULL DEFAULT ''
) ENGINE=MyISAM DEFAULT CHARSET=utf8;

--
-- Daten für Tabelle `retoure_status`
--

INSERT INTO `retoure_status` (`retoure_status_id`, `retoure_status_name`) VALUES
(1, 'Angelegt'),
(2, 'Abholung angewiesen'),
(3, 'Beendet'),
(4, 'Fehlgeschlagen');

-- --------------------------------------------------------

--
-- Tabellenstruktur für Tabelle `retoure_status_history`
--

CREATE TABLE `retoure_status_history` (
  `retoure_status_history_id` int(11) NOT NULL,
  `retoure_id` int(11) NOT NULL DEFAULT '0',
  `retoure_status_id` int(5) NOT NULL DEFAULT '0',
  `date_added` datetime NOT NULL DEFAULT '0000-00-00 00:00:00',
  `customer_notified` int(1) DEFAULT '0',
  `comments` text,
  `editor_id` int(11) NOT NULL DEFAULT '0'
) ENGINE=MyISAM DEFAULT CHARSET=utf8;

--
-- Daten für Tabelle `retoure_status_history`
--

INSERT INTO `retoure_status_history` (`retoure_status_history_id`, `retoure_id`, `retoure_status_id`, `date_added`, `customer_notified`, `comments`, `editor_id`) VALUES
(1, 1, 1, '2010-03-25 22:13:04', 0, 'Aus der Reklamation 1 heraus angelegt.', 1),
(2, 1, 2, '2010-03-25 22:25:27', 0, 'Neuer Status. Keine Retoureinfo per Email versendet', 1),
(3, 1, 2, '2010-03-25 22:25:41', 0, 'Wareneingang wurde gebucht.', 1),
(4, 1, 3, '2010-03-25 22:25:41', 0, 'Auf neuen Status gesetzt.', 1),
(5, 2, 1, '2013-11-06 17:27:01', 0, 'Aus der Reklamation 2 heraus angelegt.', 1),
(6, 2, 2, '2013-11-06 17:27:49', 1, 'Retoureinfo per Email an system@yes-websolutions.de versendet', 1);

-- --------------------------------------------------------

--
-- Tabellenstruktur für Tabelle `reviews`
--

CREATE TABLE `reviews` (
  `reviews_id` int(11) NOT NULL,
  `products_id` int(11) NOT NULL DEFAULT '0',
  `customers_id` int(11) DEFAULT NULL,
  `customers_name` varchar(64) NOT NULL DEFAULT '',
  `reviews_rating` int(1) DEFAULT NULL,
  `date_added` datetime DEFAULT NULL,
  `last_modified` datetime DEFAULT NULL,
  `reviews_read` int(5) NOT NULL DEFAULT '0'
) ENGINE=MyISAM DEFAULT CHARSET=utf8;

-- --------------------------------------------------------

--
-- Tabellenstruktur für Tabelle `reviews_description`
--

CREATE TABLE `reviews_description` (
  `reviews_id` int(11) NOT NULL DEFAULT '0',
  `languages_id` int(11) NOT NULL DEFAULT '0',
  `reviews_text` text NOT NULL
) ENGINE=MyISAM DEFAULT CHARSET=utf8;

-- --------------------------------------------------------

--
-- Tabellenstruktur für Tabelle `rueckerstattungen_status`
--

CREATE TABLE `rueckerstattungen_status` (
  `rueckerstattungen_status_id` int(11) NOT NULL,
  `rueckerstattungen_status_title` varchar(32) NOT NULL DEFAULT ''
) ENGINE=MyISAM DEFAULT CHARSET=utf8;

--
-- Daten für Tabelle `rueckerstattungen_status`
--

INSERT INTO `rueckerstattungen_status` (`rueckerstattungen_status_id`, `rueckerstattungen_status_title`) VALUES
(1, 'Offen'),
(2, 'Ueberwiesen'),
(3, 'Keine Rueckerstattung'),
(4, 'In Bearbeitung');

-- --------------------------------------------------------

--
-- Tabellenstruktur für Tabelle `rueckerstattungen_status_history`
--

CREATE TABLE `rueckerstattungen_status_history` (
  `rueckerstattungen_status_history_id` int(11) NOT NULL,
  `rueckerstattungen_id` int(11) NOT NULL DEFAULT '0',
  `rueckerstattungen_status_id` int(5) NOT NULL DEFAULT '0',
  `date_added` datetime NOT NULL DEFAULT '0000-00-00 00:00:00',
  `customer_notified` int(1) DEFAULT '0',
  `comments` text,
  `editor_id` int(11) NOT NULL DEFAULT '0'
) ENGINE=MyISAM DEFAULT CHARSET=utf8;

--
-- Daten für Tabelle `rueckerstattungen_status_history`
--

INSERT INTO `rueckerstattungen_status_history` (`rueckerstattungen_status_history_id`, `rueckerstattungen_id`, `rueckerstattungen_status_id`, `date_added`, `customer_notified`, `comments`, `editor_id`) VALUES
(1, 1, 1, '2025-07-22 12:52:09', 0, 'Aus Stornierung der Rechnung 6 heraus angelegt. Grund: Rückerstattung erweitertes Storno Auftrag 6', 5006);

-- --------------------------------------------------------

--
-- Tabellenstruktur für Tabelle `rueckerstattungen_types`
--

CREATE TABLE `rueckerstattungen_types` (
  `rueckerstattungen_type_id` int(11) NOT NULL,
  `rueckerstattungen_type_title` varchar(128) NOT NULL DEFAULT ''
) ENGINE=MyISAM DEFAULT CHARSET=utf8;

--
-- Daten für Tabelle `rueckerstattungen_types`
--

INSERT INTO `rueckerstattungen_types` (`rueckerstattungen_type_id`, `rueckerstattungen_type_title`) VALUES
(1, 'Keine Rückerstattung'),
(2, 'Bank/Überweisung'),
(3, 'Bar'),
(4, 'Paypal'),
(5, 'Kreditkarte'),
(6, 'Amazon');

-- --------------------------------------------------------

--
-- Tabellenstruktur für Tabelle `search_allocations`
--

CREATE TABLE `search_allocations` (
  `word` varchar(32) NOT NULL,
  `pid` text NOT NULL,
  `language_id` int(1) NOT NULL
) ENGINE=MyISAM DEFAULT CHARSET=utf8;

-- --------------------------------------------------------

--
-- Tabellenstruktur für Tabelle `secupay_payment_allocations`
--

CREATE TABLE `secupay_payment_allocations` (
  `secupay_payment_allocations_id` int(11) NOT NULL,
  `orders_id` int(11) NOT NULL,
  `payment_transaction_id` varchar(64) NOT NULL,
  `transaction_id` varchar(64) NOT NULL
) ENGINE=InnoDB DEFAULT CHARSET=utf8;

-- --------------------------------------------------------

--
-- Tabellenstruktur für Tabelle `shipper_profiles`
--

CREATE TABLE `shipper_profiles` (
  `shipper_profiles_id` int(11) NOT NULL,
  `profile_name` varchar(32) NOT NULL,
  `versender` varchar(16) NOT NULL,
  `versender_params` text NOT NULL
) ENGINE=InnoDB DEFAULT CHARSET=utf8;

--
-- Daten für Tabelle `shipper_profiles`
--

INSERT INTO `shipper_profiles` (`shipper_profiles_id`, `profile_name`, `versender`, `versender_params`) VALUES
(1, 'GLS', 'GLS', ''),
(2, 'DPD', 'DPD', '');

-- --------------------------------------------------------

--
-- Tabellenstruktur für Tabelle `shippings`
--

CREATE TABLE `shippings` (
  `id` int(11) NOT NULL,
  `orders_id` int(11) NOT NULL DEFAULT '0',
  `reclamations_id` int(11) NOT NULL DEFAULT '0',
  `customers_id` int(11) NOT NULL DEFAULT '0',
  `weight` float DEFAULT NULL,
  `packages` int(11) NOT NULL DEFAULT '0',
  `versender` varchar(128) NOT NULL DEFAULT '',
  `date_added` datetime NOT NULL DEFAULT '0000-00-00 00:00:00',
  `date_finished` datetime NOT NULL DEFAULT '0000-00-00 00:00:00',
  `name1` varchar(64) NOT NULL DEFAULT '',
  `name2` varchar(64) NOT NULL DEFAULT '',
  `company` varchar(128) DEFAULT NULL,
  `street1` varchar(64) NOT NULL DEFAULT '',
  `street2` varchar(64) NOT NULL DEFAULT '',
  `postcode` varchar(10) NOT NULL,
  `city` varchar(64) NOT NULL DEFAULT '',
  `country_id` int(11) NOT NULL DEFAULT '0',
  `country_name` varchar(64) NOT NULL DEFAULT '',
  `country_special` varchar(64) NOT NULL DEFAULT '',
  `ebay_id` varchar(20) NOT NULL DEFAULT '',
  `email` varchar(64) NOT NULL DEFAULT '',
  `status` int(1) NOT NULL DEFAULT '0',
  `csv_status` int(1) NOT NULL DEFAULT '0',
  `comments` text NOT NULL,
  `feedback_mail_sent` int(1) NOT NULL,
  `pdf_status` int(1) NOT NULL,
  `tracking_id` varchar(64) NOT NULL,
  `shipper_export_status` int(1) NOT NULL,
  `email_send_status` int(1) NOT NULL,
  `additional_params` text NOT NULL,
  `secupay_send_status` int(1) DEFAULT '0' COMMENT 'Wurde die Versandmeldung an secupay uebergeben?',
  `stop_recreate` int(1) NOT NULL COMMENT 'verhindern das geloeschte DHL Label im versandmodul gemeldet werden bzw neu erzeugt werden'
) ENGINE=MyISAM DEFAULT CHARSET=utf8;

--
-- Daten für Tabelle `shippings`
--

INSERT INTO `shippings` (`id`, `orders_id`, `reclamations_id`, `customers_id`, `weight`, `packages`, `versender`, `date_added`, `date_finished`, `name1`, `name2`, `company`, `street1`, `street2`, `postcode`, `city`, `country_id`, `country_name`, `country_special`, `ebay_id`, `email`, `status`, `csv_status`, `comments`, `feedback_mail_sent`, `pdf_status`, `tracking_id`, `shipper_export_status`, `email_send_status`, `additional_params`, `secupay_send_status`, `stop_recreate`) VALUES
(1, 6, 0, 5009, 0, 1, 'Spedition', '2025-07-22 12:47:45', '2025-07-22 12:48:10', 'Sebastian Janus', '', 'SekiArt', 'Langenberg 14', '', '21077', 'Hamburg', 89, 'Guatemala', '', '', 'info@sekiart.com', 1, 1, '', 0, 1, '', 0, 1, '', 0, 0),
(3, 50005, 0, 5030, 0, 1, 'Spedition', '2025-08-06 10:33:03', '2025-08-06 14:24:36', 'Claude Hosselet', '', 'IZIAP SRL', 'Rue Gérard Cossement 11', '', '7711', 'Dottignies', 21, 'Belgium', '', '', 'claude@hosselet.eu', 1, 1, '', 0, 1, '', 0, 1, '', 0, 0),
(5, 50007, 0, 5052, 0, 1, 'Spedition', '2025-08-13 10:58:29', '2025-08-13 10:58:42', 'Emonas Paukste', '', 'Uab Topgoldus', 'vytauto 12 - 10', 'VYTAUTO', '92137', 'Klaipeda', 123, 'Lithuania', '', '', 'info@topgold.lt', 1, 1, '', 0, 1, '', 0, 1, '', 0, 0),
(6, 50009, 0, 5062, 0, 1, 'UPS', '2025-08-13 13:20:49', '2025-08-13 13:21:03', 'Oleksandr Semeniy', '', 'AUTONOMO', 'AVD. DUQUE DE TAMAMES 45/3H', '', '03300', 'ORIHUELA', 195, 'Spain', '', '', 'avtoalex777@gmail.com', 1, 1, '', 0, 1, '', 0, 1, '', 0, 0),
(7, 50010, 0, 5072, 0, 1, 'Spedition', '2025-08-21 08:47:16', '2025-08-21 08:47:29', 'Peter Urban', '', 'IMPP, s.r.o.', 'Zelená', '432/2', '92210', 'Trebatice', 189, 'Slovakia (Slovak Republic)', '', '', 'urban.peter@impp.sk', 1, 1, '', 0, 1, '', 0, 1, '', 0, 0),
(8, 50019, 0, 5088, 0, 1, 'UPS', '2025-09-09 09:38:21', '2025-09-09 09:39:50', 'Evangelos Tarsanis', '', 'AMF ELECTRONICS', 'Arcimidous 33-35', '', '14569', 'Anixi', 84, 'Greece', '', '', 'e.tarsanis@amfelectronics.gr', 1, 1, '', 0, 1, '', 0, 1, '', 0, 0),
(9, 50025, 0, 5104, 0, 1, 'Spedition', '2025-09-09 13:35:36', '2025-09-09 13:35:47', 'A. Malinowski', '', 'PPHU AWM S.C.', 'Ul. Warszawska 5', '', '26-660', 'Jedlanka', 170, 'Poland', '', '', '2025820_144028@syd-green-energy.com', 1, 1, '', 0, 1, '', 0, 1, '', 0, 0),
(10, 50002, 0, 5029, 0, 1, 'Spedition', '2025-09-10 10:43:23', '2025-09-10 10:43:30', 'gregory ernst', '', 'FOR ENERGY', 'rue des tilleuls 12', '', '5537', 'Anhee', 21, 'Belgium', '', '', 'greg@for-energy.be', 1, 1, '', 0, 1, '', 0, 1, '', 0, 0),
(11, 50015, 0, 5042, 0, 1, 'UPS', '2025-09-10 14:40:10', '2025-09-10 14:40:40', 'Reyhan Ismail', '', 'Reiman DK', 'Hristo Smirnenski 35', '', '7400', 'Isperih', 33, 'Bulgaria', '', '', 'reimandk@gmail.com', 1, 1, '', 0, 1, '', 0, 1, '', 0, 0),
(12, 50059, 0, 5011, 0, 1, 'Spedition', '2025-09-12 15:08:40', '2025-09-12 15:08:49', 'Yohan  Dubois', '', 'ENERGIE PLUS/QUALIWATT', '16-18 rue Eiffel', '', '77220', 'Gretz-Armainvilliers', 73, 'France', '', '', 'yohan.d@qualiwatt.com', 1, 1, '', 0, 1, '', 0, 1, '', 0, 0),
(13, 50066, 0, 5030, 0, 1, 'Spedition', '2025-09-12 15:10:19', '2025-09-12 15:10:29', 'Claude Hosselet', '', 'IZIAP SRL', 'Rue Gérard Cossement 11', '', '7711', 'Dottignies', 21, 'Belgium', '', '', 'claude@hosselet.eu', 1, 1, '', 0, 1, '', 0, 1, '', 0, 0),
(14, 50043, 0, 5117, 0, 1, 'Spedition', '2025-10-08 10:47:47', '2025-10-08 10:48:32', 'Dejan VOLGEMUT', '', 'ENERGOSOL D.O.O.', 'INDUSTRIJSKA CESTA 5', '', '2270', 'ORMOŽ', 190, 'Slovenia', '', '', 'dejan.volgemut@energosol.si', 1, 1, '', 0, 1, '', 0, 1, '', 0, 0),
(15, 50103, 0, 5136, 0, 1, 'Spedition', '2025-10-08 10:47:47', '2025-10-08 10:48:32', 'Jörgen Axelsson', '', 'TT-Teknik AB', 'Kvillingegatan 35', '', '60241', 'NORRKÖPING', 203, 'Sweden', '', '', 'jorgen@tt-teknik.se', 1, 1, '', 0, 1, '', 0, 1, '', 0, 0),
(16, 50105, 0, 5097, 0, 1, 'Spedition', '2025-10-08 10:47:48', '2025-10-08 10:48:32', 'Janne Koho', '', 'X3M Import Oy', 'Kalatie, 55', 'Janne Koho', '25410', 'Suomusjarvi', 72, 'Finland', '', '', 'janne.koho@x3mimport.fi', 1, 1, '', 0, 1, '', 0, 1, '', 0, 0);

-- --------------------------------------------------------

--
-- Tabellenstruktur für Tabelle `shippings_products`
--

CREATE TABLE `shippings_products` (
  `shippings_products_id` int(11) NOT NULL,
  `shippings_id` int(11) NOT NULL,
  `products_id` int(11) NOT NULL,
  `quantity` int(11) NOT NULL,
  `source_products_id` int(11) NOT NULL
) ENGINE=MyISAM DEFAULT CHARSET=utf8;

--
-- Daten für Tabelle `shippings_products`
--

INSERT INTO `shippings_products` (`shippings_products_id`, `shippings_id`, `products_id`, `quantity`, `source_products_id`) VALUES
(1, 1, 570, 208, 6),
(4, 3, 573, 4, 38),
(5, 3, 19, 1, 40),
(6, 3, 227, 1, 41),
(14, 7, 537, 1, 50),
(13, 6, 526, 1, 49),
(12, 5, 579, 1, 47),
(11, 5, 573, 3, 46),
(15, 7, 19, 1, 51),
(16, 8, 529, 2, 63),
(17, 9, 583, 30, 75),
(18, 10, 583, 20, 28),
(19, 11, 528, 1, 57),
(20, 12, 598, 20, 156),
(21, 13, 573, 8, 173),
(22, 13, 594, 1, 174),
(23, 13, 579, 1, 175),
(24, 14, 592, 20, 107),
(25, 14, 543, 7, 108),
(26, 14, 593, 5, 152),
(27, 14, 139, 150, 201),
(28, 14, 587, 10, 202),
(29, 15, 537, 1, 282),
(30, 15, 570, 6, 283),
(31, 15, 569, 1, 284),
(32, 16, 539, 1, 300);

-- --------------------------------------------------------

--
-- Tabellenstruktur für Tabelle `shippings_tracking_numbers`
--

CREATE TABLE `shippings_tracking_numbers` (
  `shippings_tracking_numbers_id` int(11) NOT NULL,
  `shippings_id` int(11) NOT NULL,
  `tracking_number` varchar(64) NOT NULL,
  `date_added` datetime NOT NULL,
  `manifest` int(1) NOT NULL
) ENGINE=InnoDB DEFAULT CHARSET=utf8;

-- --------------------------------------------------------

--
-- Tabellenstruktur für Tabelle `shippings_tracking_numbers_temp`
--

CREATE TABLE `shippings_tracking_numbers_temp` (
  `shippings_tracking_numbers_temp_id` int(11) NOT NULL,
  `target_type` varchar(16) NOT NULL COMMENT 'zb order oder reclamation',
  `target_type_id` int(11) NOT NULL COMMENT 'die orders_id oder reclamations_id',
  `transaction_id` varchar(64) NOT NULL,
  `versender` varchar(16) NOT NULL,
  `date_added` datetime NOT NULL
) ENGINE=InnoDB DEFAULT CHARSET=utf8;

-- --------------------------------------------------------

--
-- Tabellenstruktur für Tabelle `shipping_graduation`
--

CREATE TABLE `shipping_graduation` (
  `shipping_graduation_id` int(11) NOT NULL,
  `value` int(11) NOT NULL DEFAULT '0'
) ENGINE=MyISAM DEFAULT CHARSET=utf8;

--
-- Daten für Tabelle `shipping_graduation`
--

INSERT INTO `shipping_graduation` (`shipping_graduation_id`, `value`) VALUES
(1, 0);

-- --------------------------------------------------------

--
-- Tabellenstruktur für Tabelle `shipping_graduation_countries`
--

CREATE TABLE `shipping_graduation_countries` (
  `shipping_graduation_countries_id` int(11) NOT NULL,
  `country_id` int(11) NOT NULL DEFAULT '0',
  `shipping_graduation_groups_id` int(11) NOT NULL DEFAULT '0'
) ENGINE=MyISAM DEFAULT CHARSET=utf8;

--
-- Daten für Tabelle `shipping_graduation_countries`
--

INSERT INTO `shipping_graduation_countries` (`shipping_graduation_countries_id`, `country_id`, `shipping_graduation_groups_id`) VALUES
(1330, 203, 2),
(1548, 239, 3),
(1547, 238, 3),
(1329, 195, 2),
(1328, 190, 2),
(1327, 189, 2),
(1326, 175, 2),
(1325, 171, 2),
(1324, 170, 2),
(1323, 150, 2),
(1334, 81, 1),
(1322, 132, 2),
(1321, 123, 2),
(1320, 117, 2),
(205, -1, 999999),
(1319, 105, 2),
(1318, 103, 2),
(1317, 97, 2),
(1316, 84, 2),
(1315, 73, 2),
(1314, 72, 2),
(1313, 67, 2),
(1312, 57, 2),
(1546, 237, 3),
(1311, 56, 2),
(1310, 55, 2),
(1309, 53, 2),
(1308, 33, 2),
(1307, 21, 2),
(1306, 14, 2),
(1545, 236, 3),
(1544, 235, 3),
(1543, 234, 3),
(1542, 233, 3),
(1541, 232, 3),
(1540, 231, 3),
(1539, 230, 3),
(1538, 229, 3),
(1537, 228, 3),
(1536, 227, 3),
(1535, 226, 3),
(1534, 240, 3),
(1533, 224, 3),
(1532, 223, 3),
(1531, 222, 3),
(1530, 221, 3),
(1529, 220, 3),
(1528, 219, 3),
(1527, 218, 3),
(1526, 217, 3),
(1525, 216, 3),
(1524, 215, 3),
(1523, 214, 3),
(1522, 213, 3),
(1521, 212, 3),
(1520, 211, 3),
(1519, 210, 3),
(1518, 209, 3),
(1517, 208, 3),
(1516, 207, 3),
(1515, 206, 3),
(1514, 205, 3),
(1513, 204, 3),
(1512, 202, 3),
(1511, 201, 3),
(1510, 200, 3),
(1509, 199, 3),
(1508, 198, 3),
(1507, 197, 3),
(1506, 196, 3),
(1505, 194, 3),
(1504, 193, 3),
(1503, 192, 3),
(1502, 191, 3),
(1501, 188, 3),
(1500, 187, 3),
(1499, 186, 3),
(1498, 241, 3),
(1497, 185, 3),
(1496, 184, 3),
(1495, 183, 3),
(1494, 182, 3),
(1493, 181, 3),
(1492, 180, 3),
(1491, 179, 3),
(1490, 178, 3),
(1489, 177, 3),
(1488, 176, 3),
(1487, 174, 3),
(1486, 173, 3),
(1485, 172, 3),
(1484, 169, 3),
(1483, 168, 3),
(1482, 167, 3),
(1481, 166, 3),
(1480, 165, 3),
(1479, 164, 3),
(1478, 163, 3),
(1477, 162, 3),
(1476, 161, 3),
(1475, 160, 3),
(1474, 159, 3),
(1473, 158, 3),
(1472, 157, 3),
(1471, 156, 3),
(1470, 155, 3),
(1469, 154, 3),
(1468, 153, 3),
(1467, 152, 3),
(1466, 151, 3),
(1465, 149, 3),
(1464, 148, 3),
(1463, 147, 3),
(1462, 146, 3),
(1461, 145, 3),
(1460, 144, 3),
(1459, 143, 3),
(1458, 142, 3),
(1457, 141, 3),
(1456, 140, 3),
(1455, 139, 3),
(1454, 138, 3),
(1453, 137, 3),
(1452, 136, 3),
(1451, 135, 3),
(1450, 134, 3),
(1449, 133, 3),
(1448, 131, 3),
(1447, 130, 3),
(1446, 129, 3),
(1445, 128, 3),
(1444, 127, 3),
(1443, 126, 3),
(1442, 125, 3),
(1441, 124, 3),
(1440, 122, 3),
(1439, 121, 3),
(1438, 120, 3),
(1437, 119, 3),
(1436, 118, 3),
(1435, 116, 3),
(1434, 115, 3),
(1433, 114, 3),
(1432, 113, 3),
(1431, 112, 3),
(1430, 111, 3),
(1429, 110, 3),
(1428, 109, 3),
(1427, 108, 3),
(1426, 107, 3),
(1425, 106, 3),
(1424, 104, 3),
(1423, 102, 3),
(1422, 101, 3),
(1421, 100, 3),
(1420, 99, 3),
(1419, 98, 3),
(1418, 96, 3),
(1417, 95, 3),
(1416, 94, 3),
(1415, 93, 3),
(1414, 92, 3),
(1413, 91, 3),
(1412, 90, 3),
(1411, 89, 3),
(1410, 88, 3),
(1409, 87, 3),
(1408, 86, 3),
(1407, 85, 3),
(1406, 83, 3),
(1405, 82, 3),
(1404, 80, 3),
(1403, 79, 3),
(1402, 78, 3),
(1401, 77, 3),
(1400, 76, 3),
(1399, 75, 3),
(1398, 74, 3),
(1397, 71, 3),
(1396, 70, 3),
(1395, 69, 3),
(1394, 68, 3),
(1393, 66, 3),
(1392, 65, 3),
(1391, 64, 3),
(1390, 63, 3),
(1389, 62, 3),
(1388, 61, 3),
(1387, 60, 3),
(1386, 59, 3),
(1385, 58, 3),
(1384, 54, 3),
(1383, 52, 3),
(1382, 51, 3),
(1381, 50, 3),
(1380, 49, 3),
(1379, 48, 3),
(1378, 47, 3),
(1377, 46, 3),
(1376, 45, 3),
(1375, 44, 3),
(1374, 43, 3),
(1373, 42, 3),
(1372, 41, 3),
(1371, 40, 3),
(1370, 39, 3),
(1369, 38, 3),
(1368, 37, 3),
(1367, 36, 3),
(1366, 35, 3),
(1365, 34, 3),
(1364, 32, 3),
(1363, 31, 3),
(1362, 30, 3),
(1361, 29, 3),
(1360, 28, 3),
(1359, 27, 3),
(1358, 26, 3),
(1357, 25, 3),
(1356, 24, 3),
(1355, 23, 3),
(1354, 22, 3),
(1353, 20, 3),
(1352, 19, 3),
(1351, 18, 3),
(1350, 17, 3),
(1349, 16, 3),
(1348, 15, 3),
(1347, 13, 3),
(1346, 12, 3),
(1345, 11, 3),
(1344, 10, 3),
(1343, 9, 3),
(1342, 8, 3),
(1341, 7, 3),
(1340, 6, 3),
(1339, 5, 3),
(1338, 4, 3),
(1337, 3, 3),
(1336, 2, 3),
(1335, 1, 3);

-- --------------------------------------------------------

--
-- Tabellenstruktur für Tabelle `shipping_graduation_groups`
--

CREATE TABLE `shipping_graduation_groups` (
  `shipping_graduation_groups_id` int(11) NOT NULL,
  `title` varchar(32) NOT NULL DEFAULT '',
  `shippingcosts_multiplikator` int(1) NOT NULL DEFAULT '0',
  `shippingcosts_products_multiplikator` int(1) NOT NULL DEFAULT '0',
  `shippingcosts_only_max` int(11) NOT NULL DEFAULT '0',
  `show_weight` int(1) NOT NULL DEFAULT '0',
  `not_ship` int(1) NOT NULL DEFAULT '0',
  `weight_calc` int(1) NOT NULL DEFAULT '0',
  `allow_cod` int(1) NOT NULL DEFAULT '0',
  `cod_fee` float NOT NULL DEFAULT '0'
) ENGINE=MyISAM DEFAULT CHARSET=utf8;

--
-- Daten für Tabelle `shipping_graduation_groups`
--

INSERT INTO `shipping_graduation_groups` (`shipping_graduation_groups_id`, `title`, `shippingcosts_multiplikator`, `shippingcosts_products_multiplikator`, `shippingcosts_only_max`, `show_weight`, `not_ship`, `weight_calc`, `allow_cod`, `cod_fee`) VALUES
(1, 'Gruppe 1', 0, 0, 1, 1, 0, 1, 0, 0),
(2, 'Gruppe 2', 0, 0, 1, 1, 0, 1, 0, 0),
(3, 'Gruppe 3', 0, 0, 0, 1, 1, 1, 0, 0),
(4, 'Gruppe 4', 0, 0, 0, 0, 1, 0, 0, 0),
(5, 'Gruppe 5', 0, 0, 0, 0, 1, 0, 0, 0),
(999999, 'Alle anderen Länder', 0, 0, 0, 0, 1, 0, 0, 0);

-- --------------------------------------------------------

--
-- Tabellenstruktur für Tabelle `shipping_graduation_products`
--

CREATE TABLE `shipping_graduation_products` (
  `shipping_graduation_products_id` int(11) NOT NULL,
  `shipping_graduation_groups_id` int(11) NOT NULL DEFAULT '0',
  `graduation_id` int(11) NOT NULL DEFAULT '0',
  `products_id` int(11) NOT NULL DEFAULT '0',
  `value` float NOT NULL DEFAULT '0'
) ENGINE=MyISAM DEFAULT CHARSET=utf8;

-- --------------------------------------------------------

--
-- Tabellenstruktur für Tabelle `shipping_graduation_values`
--

CREATE TABLE `shipping_graduation_values` (
  `shipping_graduation_id` int(11) NOT NULL DEFAULT '0',
  `shipping_graduation_weights_id` int(11) NOT NULL DEFAULT '0',
  `shipping_graduation_groups_id` int(11) NOT NULL DEFAULT '0',
  `grad_value` float NOT NULL DEFAULT '0',
  `grad_value_cost` float NOT NULL
) ENGINE=MyISAM DEFAULT CHARSET=utf8;

--
-- Daten für Tabelle `shipping_graduation_values`
--

INSERT INTO `shipping_graduation_values` (`shipping_graduation_id`, `shipping_graduation_weights_id`, `shipping_graduation_groups_id`, `grad_value`, `grad_value_cost`) VALUES
(2, 1, 1, 10, 0),
(2, 1, 2, 11, 0),
(2, 1, 3, 12, 0),
(2, 1, 4, 13, 0),
(2, 2, 1, 20, 0),
(2, 2, 2, 21, 0),
(2, 2, 3, 22, 0),
(2, 2, 4, 23, 0),
(2, 3, 1, 34, 0),
(2, 3, 2, 35, 0),
(2, 3, 3, 36, 0),
(2, 3, 4, 37, 0);

-- --------------------------------------------------------

--
-- Tabellenstruktur für Tabelle `shipping_graduation_weights`
--

CREATE TABLE `shipping_graduation_weights` (
  `shipping_graduation_weights_id` int(11) NOT NULL,
  `weight` float NOT NULL DEFAULT '0'
) ENGINE=MyISAM DEFAULT CHARSET=utf8;

-- --------------------------------------------------------

--
-- Tabellenstruktur für Tabelle `shipping_status`
--

CREATE TABLE `shipping_status` (
  `shipping_status_id` int(11) NOT NULL DEFAULT '0',
  `language_id` int(11) NOT NULL DEFAULT '1',
  `shipping_status_name` varchar(32) NOT NULL DEFAULT '',
  `shipping_status_image` varchar(32) NOT NULL DEFAULT ''
) ENGINE=MyISAM DEFAULT CHARSET=utf8;

--
-- Daten für Tabelle `shipping_status`
--

INSERT INTO `shipping_status` (`shipping_status_id`, `language_id`, `shipping_status_name`, `shipping_status_image`) VALUES
(1, 2, 'after offer evaluation', ''),
(1, 3, 'after offer evaluation', ''),
(2, 3, 'Available for Pre-Order', ''),
(2, 2, 'Available for Pre-Order', '');

-- --------------------------------------------------------

--
-- Tabellenstruktur für Tabelle `specials`
--

CREATE TABLE `specials` (
  `specials_id` int(11) NOT NULL,
  `products_id` int(11) NOT NULL DEFAULT '0',
  `specials_quantity` int(4) NOT NULL DEFAULT '0',
  `specials_new_products_price` decimal(15,4) NOT NULL DEFAULT '0.0000',
  `specials_date_added` datetime DEFAULT NULL,
  `specials_last_modified` datetime DEFAULT NULL,
  `expires_date` datetime DEFAULT NULL,
  `date_status_change` datetime DEFAULT NULL,
  `status` int(1) NOT NULL DEFAULT '1',
  `start_date` datetime NOT NULL,
  `sell_to_v1null` int(1) NOT NULL,
  `ebay_price_revise` int(1) NOT NULL
) ENGINE=MyISAM DEFAULT CHARSET=utf8;

-- --------------------------------------------------------

--
-- Tabellenstruktur für Tabelle `specials_ebay_revise`
--

CREATE TABLE `specials_ebay_revise` (
  `specials_ebay_revise_id` int(11) NOT NULL,
  `specials_id` int(11) NOT NULL,
  `ebay_auctions_id` int(11) NOT NULL,
  `sku` varchar(64) NOT NULL,
  `orig_price` decimal(15,4) NOT NULL,
  `status` int(1) NOT NULL COMMENT 'wenn der np wieder gesetzt werden soll, auf 1',
  `original_price` decimal(13,4) NOT NULL,
  `special_price` decimal(13,4) NOT NULL,
  `is_revised` int(1) NOT NULL
) ENGINE=InnoDB DEFAULT CHARSET=utf8;

-- --------------------------------------------------------

--
-- Tabellenstruktur für Tabelle `storages`
--

CREATE TABLE `storages` (
  `id` int(11) NOT NULL,
  `name` varchar(128) NOT NULL DEFAULT '',
  `beschreibung` text NOT NULL,
  `schema_key` varchar(32) NOT NULL DEFAULT '',
  `schema_start` int(11) NOT NULL DEFAULT '0',
  `default_storage` enum('n','y') NOT NULL DEFAULT 'n',
  `storage_company` varchar(64) NOT NULL,
  `storage_suburb` varchar(64) NOT NULL,
  `storage_name` varchar(64) NOT NULL,
  `storage_street_address` varchar(64) NOT NULL,
  `storage_city` varchar(32) NOT NULL,
  `storage_postcode` varchar(10) NOT NULL,
  `storage_country` tinyint(4) NOT NULL,
  `storage_telephone` varchar(32) NOT NULL
) ENGINE=MyISAM DEFAULT CHARSET=utf8;

--
-- Daten für Tabelle `storages`
--

INSERT INTO `storages` (`id`, `name`, `beschreibung`, `schema_key`, `schema_start`, `default_storage`, `storage_company`, `storage_suburb`, `storage_name`, `storage_street_address`, `storage_city`, `storage_postcode`, `storage_country`, `storage_telephone`) VALUES
(1, 'EXW Kaarst - payment in advance -', '', 'KAA-', 1, 'n', 'SYD Green Energy GmbH & Co. KG', '', '', 'An der Gümpgesbrücke 26', 'Kaarst', '41564', 81, '02131 52811-23'),
(3, '3. SSC', '', 'SSC-', 1, 'n', '', '', '', '', '', '', 81, ''),
(4, 'FOB Shanghai - payment in advance -', '', 'HH-', 1, 'n', '', '', '', '', '', '', 81, ''),
(5, '0. ONLINE', '', 'SHOP-', 0, 'n', '', '', '', '', '', '', 81, '');

-- --------------------------------------------------------

--
-- Tabellenstruktur für Tabelle `storage_numbers`
--

CREATE TABLE `storage_numbers` (
  `id` int(11) NOT NULL,
  `products_id` int(11) NOT NULL DEFAULT '0',
  `storage_id` int(11) NOT NULL DEFAULT '0',
  `nummer` varchar(64) NOT NULL DEFAULT ''
) ENGINE=MyISAM DEFAULT CHARSET=utf8;

--
-- Daten für Tabelle `storage_numbers`
--

INSERT INTO `storage_numbers` (`id`, `products_id`, `storage_id`, `nummer`) VALUES
(5, 505, 1, 'KAA-1'),
(52, 567, 3, 'SSC-16'),
(7, 506, 1, 'KAA-2'),
(51, 568, 3, 'SSC-15'),
(9, 507, 1, 'KAA-3'),
(50, 550, 3, 'SSC-0'),
(11, 508, 1, 'KAA-4'),
(49, 562, 3, 'SSC-13'),
(13, 509, 1, 'KAA-5'),
(48, 561, 3, 'SSC-12'),
(15, 510, 1, 'KAA-6'),
(47, 554, 3, 'SSC-11'),
(17, 511, 1, 'KAA-7'),
(46, 553, 3, 'SSC-10'),
(19, 512, 1, 'KAA-8'),
(45, 552, 3, 'SSC-9'),
(21, 513, 1, 'KAA-9'),
(44, 559, 3, 'SSC-8'),
(23, 514, 1, 'KAA-10'),
(43, 558, 3, 'SSC-7'),
(25, 515, 1, 'KAA-11'),
(42, 560, 3, 'SSC-6'),
(27, 516, 1, 'KAA-12'),
(41, 557, 3, 'SSC-5'),
(29, 517, 1, 'KAA-13'),
(40, 555, 3, 'SSC-4'),
(31, 518, 1, 'KAA-14'),
(39, 556, 3, 'SSC-3'),
(33, 519, 1, 'KAA-15'),
(38, 551, 3, 'SSC-2'),
(35, 520, 1, 'KAA-16'),
(263, 524, 5, 'SHOP-1'),
(53, 581, 3, 'SSC-17'),
(54, 590, 3, 'SSC-18'),
(55, 226, 3, 'SSC-19'),
(56, 573, 3, 'SSC-20'),
(57, 571, 3, 'SSC-21'),
(58, 572, 3, 'SSC-22'),
(59, 580, 3, 'SSC-23'),
(60, 591, 3, 'SSC-24'),
(61, 582, 3, 'SSC-25'),
(62, 570, 3, 'SSC-26'),
(63, 598, 3, 'SSC-27'),
(64, 599, 3, 'SSC-28'),
(65, 600, 3, 'SSC-29'),
(66, 601, 3, 'SSC-30'),
(67, 602, 3, 'SSC-31'),
(68, 579, 3, 'SSC-32'),
(69, 595, 3, 'SSC-33'),
(70, 594, 3, 'SSC-34'),
(71, 593, 3, 'SSC-35'),
(72, 569, 3, 'SSC-36'),
(73, 574, 3, 'SSC-37'),
(74, 596, 3, 'SSC-38'),
(75, 597, 3, 'SSC-39'),
(76, 575, 3, 'SSC-40'),
(77, 571, 4, 'HH-1'),
(78, 531, 4, 'HH-2'),
(79, 526, 4, 'HH-3'),
(80, 535, 4, 'HH-4'),
(81, 528, 4, 'HH-5'),
(82, 529, 4, 'HH-6'),
(83, 530, 4, 'HH-7'),
(84, 533, 4, 'HH-8'),
(85, 534, 4, 'HH-9'),
(86, 536, 4, 'HH-10'),
(87, 538, 4, 'HH-11'),
(88, 539, 4, 'HH-12'),
(89, 543, 4, 'HH-13'),
(90, 548, 4, 'HH-14'),
(91, 549, 4, 'HH-15'),
(92, 590, 4, 'HH-16'),
(93, 583, 4, 'HH-17'),
(94, 226, 4, 'HH-18'),
(95, 573, 4, 'HH-19'),
(96, 580, 4, 'HH-20'),
(97, 591, 4, 'HH-21'),
(98, 570, 4, 'HH-22'),
(99, 572, 4, 'HH-23'),
(100, 568, 4, 'HH-24'),
(101, 567, 4, 'HH-25'),
(102, 579, 4, 'HH-26'),
(103, 595, 4, 'HH-27'),
(104, 594, 4, 'HH-28'),
(105, 593, 4, 'HH-29'),
(106, 569, 4, 'HH-30'),
(107, 574, 4, 'HH-31'),
(108, 597, 4, 'HH-32'),
(109, 575, 4, 'HH-33'),
(110, 563, 4, 'HH-34'),
(111, 565, 4, 'HH-35'),
(112, 566, 4, 'HH-36'),
(113, 564, 4, 'HH-37'),
(114, 603, 1, 'KAA-17'),
(115, 531, 1, 'KAA-18'),
(116, 530, 1, 'KAA-19'),
(117, 529, 1, 'KAA-20'),
(118, 528, 1, 'KAA-21'),
(119, 527, 1, 'KAA-22'),
(120, 526, 1, 'KAA-23'),
(121, 525, 1, 'KAA-24'),
(122, 524, 1, 'KAA-25'),
(123, 549, 1, 'KAA-26'),
(124, 548, 1, 'KAA-27'),
(125, 547, 1, 'KAA-28'),
(126, 546, 1, 'KAA-29'),
(127, 545, 1, 'KAA-30'),
(128, 544, 1, 'KAA-31'),
(129, 543, 1, 'KAA-32'),
(130, 542, 1, 'KAA-33'),
(131, 541, 1, 'KAA-34'),
(132, 540, 1, 'KAA-35'),
(133, 539, 1, 'KAA-36'),
(134, 538, 1, 'KAA-37'),
(135, 537, 1, 'KAA-38'),
(136, 536, 1, 'KAA-39'),
(137, 535, 1, 'KAA-40'),
(138, 534, 1, 'KAA-41'),
(139, 533, 1, 'KAA-42'),
(140, 604, 1, 'KAA-43'),
(141, 597, 1, 'KAA-44'),
(142, 596, 1, 'KAA-45'),
(143, 595, 1, 'KAA-46'),
(144, 594, 1, 'KAA-47'),
(145, 593, 1, 'KAA-48'),
(146, 592, 1, 'KAA-49'),
(147, 591, 1, 'KAA-50'),
(148, 590, 1, 'KAA-51'),
(149, 583, 1, 'KAA-52'),
(150, 582, 1, 'KAA-53'),
(151, 581, 1, 'KAA-54'),
(152, 580, 1, 'KAA-55'),
(153, 579, 1, 'KAA-56'),
(154, 574, 1, 'KAA-57'),
(155, 573, 1, 'KAA-58'),
(156, 571, 1, 'KAA-59'),
(157, 570, 1, 'KAA-60'),
(158, 569, 1, 'KAA-61'),
(159, 605, 1, 'KAA-62'),
(160, 578, 1, 'KAA-63'),
(161, 577, 1, 'KAA-64'),
(162, 576, 1, 'KAA-65'),
(163, 575, 1, 'KAA-66'),
(164, 572, 1, 'KAA-67'),
(165, 606, 1, 'KAA-68'),
(166, 568, 1, 'KAA-69'),
(167, 567, 1, 'KAA-70'),
(168, 566, 1, 'KAA-71'),
(169, 565, 1, 'KAA-72'),
(170, 564, 1, 'KAA-73'),
(171, 563, 1, 'KAA-74'),
(172, 607, 1, 'KAA-75'),
(173, 562, 1, 'KAA-76'),
(174, 561, 1, 'KAA-77'),
(175, 560, 1, 'KAA-78'),
(176, 559, 1, 'KAA-79'),
(177, 558, 1, 'KAA-80'),
(178, 557, 1, 'KAA-81'),
(179, 556, 1, 'KAA-82'),
(180, 555, 1, 'KAA-83'),
(181, 554, 1, 'KAA-84'),
(182, 553, 1, 'KAA-85'),
(183, 552, 1, 'KAA-86'),
(184, 551, 1, 'KAA-87'),
(185, 550, 1, 'KAA-88'),
(186, 608, 1, 'KAA-89'),
(187, 602, 1, 'KAA-90'),
(188, 601, 1, 'KAA-91'),
(189, 600, 1, 'KAA-92'),
(190, 599, 1, 'KAA-93'),
(191, 598, 1, 'KAA-94'),
(192, 527, 4, 'HH-38'),
(193, 525, 4, 'HH-39'),
(194, 524, 4, 'HH-40'),
(195, 547, 4, 'HH-41'),
(196, 546, 4, 'HH-42'),
(197, 545, 4, 'HH-43'),
(198, 544, 4, 'HH-44'),
(199, 542, 4, 'HH-45'),
(200, 541, 4, 'HH-46'),
(201, 540, 4, 'HH-47'),
(202, 537, 4, 'HH-48'),
(203, 596, 4, 'HH-49'),
(204, 592, 4, 'HH-50'),
(205, 582, 4, 'HH-51'),
(206, 581, 4, 'HH-52'),
(207, 578, 4, 'HH-53'),
(208, 577, 4, 'HH-54'),
(209, 576, 4, 'HH-55'),
(210, 562, 4, 'HH-56'),
(211, 561, 4, 'HH-57'),
(212, 560, 4, 'HH-58'),
(213, 559, 4, 'HH-59'),
(214, 558, 4, 'HH-60'),
(215, 557, 4, 'HH-61'),
(216, 556, 4, 'HH-62'),
(217, 555, 4, 'HH-63'),
(218, 554, 4, 'HH-64'),
(219, 553, 4, 'HH-65'),
(220, 552, 4, 'HH-66'),
(221, 551, 4, 'HH-67'),
(222, 550, 4, 'HH-68'),
(223, 602, 4, 'HH-69'),
(224, 601, 4, 'HH-70'),
(225, 600, 4, 'HH-71'),
(226, 599, 4, 'HH-72'),
(227, 598, 4, 'HH-73'),
(262, 531, 3, 'SSC-75'),
(229, 530, 3, 'SSC-42'),
(230, 529, 3, 'SSC-43'),
(231, 528, 3, 'SSC-44'),
(232, 527, 3, 'SSC-45'),
(233, 526, 3, 'SSC-46'),
(234, 525, 3, 'SSC-47'),
(235, 524, 3, 'SSC-48'),
(236, 549, 3, 'SSC-49'),
(237, 548, 3, 'SSC-50'),
(238, 547, 3, 'SSC-51'),
(239, 546, 3, 'SSC-52'),
(240, 545, 3, 'SSC-53'),
(241, 544, 3, 'SSC-54'),
(242, 543, 3, 'SSC-55'),
(243, 542, 3, 'SSC-56'),
(244, 541, 3, 'SSC-57'),
(245, 540, 3, 'SSC-58'),
(246, 539, 3, 'SSC-59'),
(247, 538, 3, 'SSC-60'),
(248, 537, 3, 'SSC-61'),
(249, 536, 3, 'SSC-62'),
(250, 535, 3, 'SSC-63'),
(251, 534, 3, 'SSC-64'),
(252, 533, 3, 'SSC-65'),
(253, 592, 3, 'SSC-66'),
(254, 583, 3, 'SSC-67'),
(255, 578, 3, 'SSC-68'),
(256, 577, 3, 'SSC-69'),
(257, 576, 3, 'SSC-70'),
(258, 566, 3, 'SSC-71'),
(259, 565, 3, 'SSC-72'),
(260, 564, 3, 'SSC-73'),
(261, 563, 3, 'SSC-74'),
(264, 525, 5, 'SHOP-2'),
(265, 526, 5, 'SHOP-3'),
(266, 527, 5, 'SHOP-4'),
(267, 528, 5, 'SHOP-5'),
(268, 529, 5, 'SHOP-6'),
(269, 530, 5, 'SHOP-7'),
(270, 531, 5, 'SHOP-8'),
(271, 533, 5, 'SHOP-9'),
(272, 534, 5, 'SHOP-10'),
(273, 535, 5, 'SHOP-11'),
(274, 536, 5, 'SHOP-12'),
(275, 537, 5, 'SHOP-13'),
(276, 538, 5, 'SHOP-14'),
(277, 539, 5, 'SHOP-15'),
(278, 549, 5, 'SHOP-16'),
(279, 548, 5, 'SHOP-17'),
(280, 547, 5, 'SHOP-18'),
(281, 546, 5, 'SHOP-19'),
(282, 545, 5, 'SHOP-20'),
(283, 544, 5, 'SHOP-21'),
(284, 543, 5, 'SHOP-22'),
(285, 542, 5, 'SHOP-23'),
(286, 541, 5, 'SHOP-24'),
(287, 540, 5, 'SHOP-25'),
(288, 597, 5, 'SHOP-26'),
(289, 596, 5, 'SHOP-27'),
(290, 595, 5, 'SHOP-28'),
(291, 594, 5, 'SHOP-29'),
(292, 593, 5, 'SHOP-30'),
(293, 592, 5, 'SHOP-31'),
(294, 591, 5, 'SHOP-32'),
(295, 590, 5, 'SHOP-33'),
(296, 583, 5, 'SHOP-34'),
(297, 582, 5, 'SHOP-35'),
(298, 581, 5, 'SHOP-36'),
(299, 580, 5, 'SHOP-37'),
(300, 579, 5, 'SHOP-38'),
(301, 574, 5, 'SHOP-39'),
(302, 573, 5, 'SHOP-40'),
(303, 571, 5, 'SHOP-41'),
(304, 570, 5, 'SHOP-42'),
(305, 569, 5, 'SHOP-43'),
(306, 578, 5, 'SHOP-44'),
(307, 577, 5, 'SHOP-45'),
(308, 576, 5, 'SHOP-46'),
(309, 575, 5, 'SHOP-47'),
(310, 572, 5, 'SHOP-48'),
(311, 568, 5, 'SHOP-49'),
(312, 567, 5, 'SHOP-50'),
(313, 566, 5, 'SHOP-51'),
(314, 565, 5, 'SHOP-52'),
(315, 564, 5, 'SHOP-53'),
(316, 563, 5, 'SHOP-54'),
(317, 562, 5, 'SHOP-55'),
(318, 561, 5, 'SHOP-56'),
(319, 560, 5, 'SHOP-57'),
(320, 559, 5, 'SHOP-58'),
(321, 558, 5, 'SHOP-59'),
(322, 557, 5, 'SHOP-60'),
(323, 556, 5, 'SHOP-61'),
(324, 555, 5, 'SHOP-62'),
(325, 554, 5, 'SHOP-63'),
(326, 553, 5, 'SHOP-64'),
(327, 552, 5, 'SHOP-65'),
(328, 551, 5, 'SHOP-66'),
(329, 550, 5, 'SHOP-67'),
(330, 602, 5, 'SHOP-68'),
(331, 601, 5, 'SHOP-69'),
(332, 600, 5, 'SHOP-70'),
(333, 599, 5, 'SHOP-71'),
(334, 598, 5, 'SHOP-72');

-- --------------------------------------------------------

--
-- Tabellenstruktur für Tabelle `storage_places`
--

CREATE TABLE `storage_places` (
  `storage_places_id` int(11) NOT NULL,
  `storage_id` int(11) NOT NULL,
  `title` varchar(64) NOT NULL,
  `storage_type` int(1) NOT NULL,
  `description` text NOT NULL
) ENGINE=MyISAM DEFAULT CHARSET=utf8 COMMENT='lagerplaetze';

--
-- Daten für Tabelle `storage_places`
--

INSERT INTO `storage_places` (`storage_places_id`, `storage_id`, `title`, `storage_type`, `description`) VALUES
(12, 5, 'FUNCTION', 0, ''),
(9, 4, 'HH-Warehouse', 0, ''),
(10, 3, 'SSC-Warehouse', 0, ''),
(11, 1, 'Kaarst-Central-Warehouse', 0, '');

-- --------------------------------------------------------

--
-- Tabellenstruktur für Tabelle `storage_products`
--

CREATE TABLE `storage_products` (
  `id` int(11) NOT NULL,
  `storage_id` int(11) NOT NULL DEFAULT '0',
  `products_id` int(11) NOT NULL DEFAULT '0',
  `quantity` int(11) NOT NULL DEFAULT '0',
  `created` timestamp NOT NULL DEFAULT CURRENT_TIMESTAMP,
  `changed` datetime NOT NULL DEFAULT '0000-00-00 00:00:00',
  `storage_place` varchar(100) NOT NULL DEFAULT '',
  `priority` int(11) NOT NULL,
  `storage_places_id` int(11) NOT NULL
) ENGINE=MyISAM DEFAULT CHARSET=utf8;

--
-- Daten für Tabelle `storage_products`
--

INSERT INTO `storage_products` (`id`, `storage_id`, `products_id`, `quantity`, `created`, `changed`, `storage_place`, `priority`, `storage_places_id`) VALUES
(9, 3, 551, 0, '2025-07-16 08:58:18', '0000-00-00 00:00:00', '', 0, 10),
(10, 3, 556, 11, '2025-07-16 08:58:31', '0000-00-00 00:00:00', '', 0, 10),
(11, 3, 555, 361, '2025-07-16 08:58:43', '0000-00-00 00:00:00', '', 0, 10),
(12, 3, 557, 0, '2025-07-16 08:59:03', '0000-00-00 00:00:00', '', 0, 10),
(13, 3, 560, 0, '2025-07-16 08:59:29', '0000-00-00 00:00:00', '', 0, 10),
(14, 3, 558, 24, '2025-07-16 08:59:50', '0000-00-00 00:00:00', '', 0, 10),
(15, 3, 559, 10, '2025-07-16 09:00:05', '0000-00-00 00:00:00', '', 0, 10),
(16, 3, 552, 1, '2025-07-16 09:00:19', '0000-00-00 00:00:00', '', 1, 10),
(17, 3, 553, 0, '2025-07-16 09:00:45', '0000-00-00 00:00:00', '', 0, 10),
(18, 3, 554, 40, '2025-07-16 09:00:58', '0000-00-00 00:00:00', '', 0, 10),
(19, 3, 561, 53, '2025-07-16 09:01:09', '0000-00-00 00:00:00', '', 0, 10),
(20, 3, 562, 0, '2025-07-16 09:01:20', '0000-00-00 00:00:00', '', 0, 10),
(21, 3, 550, 54, '2025-07-16 09:08:19', '0000-00-00 00:00:00', '', 0, 10),
(22, 3, 568, 2925, '2025-07-16 09:23:06', '0000-00-00 00:00:00', '', 0, 10),
(23, 3, 567, 943, '2025-07-16 09:23:16', '0000-00-00 00:00:00', '', 0, 10),
(24, 3, 581, 37, '2025-07-16 09:23:29', '0000-00-00 00:00:00', '', 0, 10),
(25, 3, 590, 2485, '2025-07-16 09:23:40', '0000-00-00 00:00:00', '', 0, 10),
(27, 3, 573, 677, '2025-07-16 09:24:58', '0000-00-00 00:00:00', '', 0, 10),
(28, 3, 571, 2543, '2025-07-16 09:25:12', '0000-00-00 00:00:00', '', 0, 10),
(29, 3, 572, 360, '2025-07-16 09:25:22', '0000-00-00 00:00:00', '', 0, 10),
(30, 3, 580, 9, '2025-07-16 09:27:43', '0000-00-00 00:00:00', '', 0, 10),
(31, 3, 591, 0, '2025-07-16 09:28:01', '0000-00-00 00:00:00', '', 0, 10),
(32, 3, 582, 0, '2025-07-16 09:28:11', '0000-00-00 00:00:00', '', 0, 10),
(33, 3, 570, 152, '2025-07-16 09:28:22', '0000-00-00 00:00:00', '', 0, 10),
(34, 3, 598, 0, '2025-07-16 09:29:02', '0000-00-00 00:00:00', '', 0, 10),
(35, 3, 599, 0, '2025-07-16 09:29:16', '0000-00-00 00:00:00', '', 0, 10),
(36, 3, 600, 0, '2025-07-16 09:29:27', '0000-00-00 00:00:00', '', 0, 10),
(37, 3, 601, 0, '2025-07-16 09:29:35', '0000-00-00 00:00:00', '', 0, 10),
(38, 3, 602, 0, '2025-07-16 09:29:45', '0000-00-00 00:00:00', '', 0, 10),
(39, 3, 579, 598, '2025-07-16 09:31:39', '0000-00-00 00:00:00', '', 0, 10),
(40, 3, 595, 378, '2025-07-16 09:32:18', '0000-00-00 00:00:00', '', 0, 10),
(41, 3, 594, 401, '2025-07-16 09:32:57', '0000-00-00 00:00:00', '', 0, 10),
(42, 3, 593, 101, '2025-07-16 09:33:46', '0000-00-00 00:00:00', '', 0, 10),
(43, 3, 569, 137, '2025-07-16 09:34:19', '0000-00-00 00:00:00', '', 0, 10),
(44, 3, 574, 200, '2025-07-16 09:34:30', '0000-00-00 00:00:00', '', 0, 10),
(45, 3, 596, 62, '2025-07-16 09:35:00', '0000-00-00 00:00:00', '', 0, 10),
(46, 3, 597, 131, '2025-07-16 09:35:09', '0000-00-00 00:00:00', '', 0, 10),
(47, 3, 575, 24, '2025-07-16 09:35:35', '0000-00-00 00:00:00', '', 0, 10),
(49, 4, 531, 0, '2025-07-16 11:51:22', '0000-00-00 00:00:00', '', 0, 9),
(50, 4, 526, 0, '2025-07-16 11:51:38', '0000-00-00 00:00:00', '', 0, 9),
(52, 4, 528, 0, '2025-07-16 11:54:12', '0000-00-00 00:00:00', '', 0, 9),
(53, 4, 529, 0, '2025-07-16 11:54:22', '0000-00-00 00:00:00', '', 0, 9),
(54, 4, 530, 0, '2025-07-16 11:54:33', '0000-00-00 00:00:00', '', 0, 9),
(55, 4, 533, 0, '2025-07-16 11:55:02', '0000-00-00 00:00:00', '', 0, 9),
(56, 4, 534, 0, '2025-07-16 11:55:12', '0000-00-00 00:00:00', '', 0, 9),
(57, 4, 535, 0, '2025-07-16 11:55:20', '0000-00-00 00:00:00', '', 0, 9),
(58, 4, 536, 0, '2025-07-16 11:55:41', '0000-00-00 00:00:00', '', 0, 9),
(59, 4, 538, 0, '2025-07-16 11:55:54', '0000-00-00 00:00:00', '', 0, 9),
(60, 4, 539, 0, '2025-07-16 11:56:05', '0000-00-00 00:00:00', '', 0, 9),
(61, 4, 543, 0, '2025-07-16 11:56:20', '0000-00-00 00:00:00', '', 0, 9),
(62, 4, 548, 0, '2025-07-16 11:56:40', '0000-00-00 00:00:00', '', 0, 9),
(63, 4, 549, 430, '2025-07-16 11:56:53', '0000-00-00 00:00:00', '', 0, 9),
(64, 4, 590, 0, '2025-07-16 11:59:25', '0000-00-00 00:00:00', '', 0, 9),
(65, 4, 583, 0, '2025-07-16 12:00:42', '0000-00-00 00:00:00', '', 0, 9),
(67, 4, 573, 0, '2025-07-16 12:01:43', '0000-00-00 00:00:00', '', 0, 9),
(68, 4, 580, 0, '2025-07-16 12:02:00', '0000-00-00 00:00:00', '', 0, 9),
(69, 4, 591, 0, '2025-07-16 12:02:30', '0000-00-00 00:00:00', '', 0, 9),
(70, 4, 570, 0, '2025-07-16 12:02:40', '0000-00-00 00:00:00', '', 0, 9),
(71, 4, 571, 281, '2025-07-16 12:02:51', '0000-00-00 00:00:00', '', 0, 9),
(72, 4, 572, 1140, '2025-07-16 12:03:05', '0000-00-00 00:00:00', '', 0, 9),
(73, 4, 568, 0, '2025-07-16 12:03:17', '0000-00-00 00:00:00', '', 0, 9),
(74, 4, 567, 0, '2025-07-16 12:03:28', '0000-00-00 00:00:00', '', 0, 9),
(75, 4, 579, 0, '2025-07-16 12:03:40', '0000-00-00 00:00:00', '', 0, 9),
(76, 4, 595, 0, '2025-07-16 12:04:21', '0000-00-00 00:00:00', '', 0, 9),
(77, 4, 594, 0, '2025-07-16 12:04:30', '0000-00-00 00:00:00', '', 0, 9),
(78, 4, 593, 0, '2025-07-16 12:05:32', '0000-00-00 00:00:00', '', 0, 9),
(79, 4, 569, 0, '2025-07-16 12:06:20', '0000-00-00 00:00:00', '', 0, 9),
(80, 4, 574, 0, '2025-07-16 12:06:31', '0000-00-00 00:00:00', '', 0, 9),
(81, 4, 597, 72, '2025-07-16 12:06:58', '0000-00-00 00:00:00', '', 0, 9),
(82, 4, 575, 76, '2025-07-16 12:07:47', '0000-00-00 00:00:00', '', 0, 9),
(83, 4, 563, 0, '2025-07-16 12:13:04', '0000-00-00 00:00:00', '', 0, 9),
(84, 4, 565, 0, '2025-07-16 12:13:14', '0000-00-00 00:00:00', '', 0, 9),
(85, 4, 566, 0, '2025-07-16 12:13:23', '0000-00-00 00:00:00', '', 0, 9),
(86, 4, 564, 0, '2025-07-16 12:13:33', '0000-00-00 00:00:00', '', 0, 9),
(88, 1, 531, 0, '2025-07-18 08:14:22', '0000-00-00 00:00:00', '', 0, 11),
(89, 1, 530, 0, '2025-07-18 08:14:22', '0000-00-00 00:00:00', '', 0, 11),
(90, 1, 529, 0, '2025-07-18 08:14:22', '0000-00-00 00:00:00', '', 0, 11),
(91, 1, 528, 0, '2025-07-18 08:14:22', '0000-00-00 00:00:00', '', 0, 11),
(92, 1, 527, 0, '2025-07-18 08:14:22', '0000-00-00 00:00:00', '', 0, 11),
(93, 1, 526, 0, '2025-07-18 08:14:22', '0000-00-00 00:00:00', '', 0, 11),
(94, 1, 525, 0, '2025-07-18 08:14:22', '0000-00-00 00:00:00', '', 0, 11),
(95, 1, 524, 0, '2025-07-18 08:14:22', '0000-00-00 00:00:00', '', 0, 11),
(96, 1, 549, 0, '2025-07-18 08:14:39', '0000-00-00 00:00:00', '', 0, 11),
(97, 1, 548, 0, '2025-07-18 08:14:39', '0000-00-00 00:00:00', '', 0, 11),
(98, 1, 547, 0, '2025-07-18 08:14:39', '0000-00-00 00:00:00', '', 0, 11),
(99, 1, 546, 0, '2025-07-18 08:14:39', '0000-00-00 00:00:00', '', 0, 11),
(100, 1, 545, 0, '2025-07-18 08:14:39', '0000-00-00 00:00:00', '', 0, 11),
(101, 1, 544, 0, '2025-07-18 08:14:39', '0000-00-00 00:00:00', '', 0, 11),
(102, 1, 543, 0, '2025-07-18 08:14:39', '0000-00-00 00:00:00', '', 0, 11),
(103, 1, 542, 0, '2025-07-18 08:14:39', '0000-00-00 00:00:00', '', 0, 11),
(104, 1, 541, 0, '2025-07-18 08:14:39', '0000-00-00 00:00:00', '', 0, 11),
(105, 1, 540, 0, '2025-07-18 08:14:39', '0000-00-00 00:00:00', '', 0, 11),
(106, 1, 539, 0, '2025-07-18 08:14:54', '0000-00-00 00:00:00', '', 0, 11),
(107, 1, 538, 0, '2025-07-18 08:14:54', '0000-00-00 00:00:00', '', 0, 11),
(108, 1, 537, 0, '2025-07-18 08:14:54', '0000-00-00 00:00:00', '', 0, 11),
(109, 1, 536, 0, '2025-07-18 08:14:54', '0000-00-00 00:00:00', '', 0, 11),
(110, 1, 535, 0, '2025-07-18 08:14:54', '0000-00-00 00:00:00', '', 0, 11),
(111, 1, 534, 0, '2025-07-18 08:14:54', '0000-00-00 00:00:00', '', 0, 11),
(112, 1, 533, 0, '2025-07-18 08:14:54', '0000-00-00 00:00:00', '', 0, 11),
(114, 1, 597, 0, '2025-07-18 08:15:11', '0000-00-00 00:00:00', '', 0, 11),
(115, 1, 596, 0, '2025-07-18 08:15:11', '0000-00-00 00:00:00', '', 0, 11),
(116, 1, 595, 0, '2025-07-18 08:15:11', '0000-00-00 00:00:00', '', 0, 11),
(117, 1, 594, 0, '2025-07-18 08:15:11', '0000-00-00 00:00:00', '', 0, 11),
(118, 1, 593, 0, '2025-07-18 08:15:11', '0000-00-00 00:00:00', '', 0, 11),
(119, 1, 592, 0, '2025-07-18 08:15:11', '0000-00-00 00:00:00', '', 0, 11),
(120, 1, 591, 0, '2025-07-18 08:15:11', '0000-00-00 00:00:00', '', 0, 11),
(121, 1, 590, 0, '2025-07-18 08:15:11', '0000-00-00 00:00:00', '', 0, 11),
(122, 1, 583, 0, '2025-07-18 08:15:11', '0000-00-00 00:00:00', '', 0, 11),
(123, 1, 582, 0, '2025-07-18 08:15:11', '0000-00-00 00:00:00', '', 0, 11),
(124, 1, 581, 0, '2025-07-18 08:15:11', '0000-00-00 00:00:00', '', 0, 11),
(125, 1, 580, 0, '2025-07-18 08:15:11', '0000-00-00 00:00:00', '', 0, 11),
(126, 1, 579, 0, '2025-07-18 08:15:11', '0000-00-00 00:00:00', '', 0, 11),
(127, 1, 574, 0, '2025-07-18 08:15:11', '0000-00-00 00:00:00', '', 0, 11),
(128, 1, 573, 0, '2025-07-18 08:15:11', '0000-00-00 00:00:00', '', 0, 11),
(129, 1, 571, 0, '2025-07-18 08:15:11', '0000-00-00 00:00:00', '', 0, 11),
(130, 1, 570, 0, '2025-07-18 08:15:11', '0000-00-00 00:00:00', '', 0, 11),
(131, 1, 569, 0, '2025-07-18 08:15:11', '0000-00-00 00:00:00', '', 0, 11),
(133, 1, 578, 0, '2025-07-18 08:15:27', '0000-00-00 00:00:00', '', 0, 11),
(134, 1, 577, 0, '2025-07-18 08:15:27', '0000-00-00 00:00:00', '', 0, 11),
(135, 1, 576, 0, '2025-07-18 08:15:27', '0000-00-00 00:00:00', '', 0, 11),
(136, 1, 575, 0, '2025-07-18 08:15:27', '0000-00-00 00:00:00', '', 0, 11),
(137, 1, 572, 0, '2025-07-18 08:15:27', '0000-00-00 00:00:00', '', 0, 11),
(139, 1, 568, 0, '2025-07-18 08:15:44', '0000-00-00 00:00:00', '', 0, 11),
(140, 1, 567, 0, '2025-07-18 08:15:44', '0000-00-00 00:00:00', '', 0, 11),
(141, 1, 566, 0, '2025-07-18 08:15:44', '0000-00-00 00:00:00', '', 0, 11),
(142, 1, 565, 0, '2025-07-18 08:15:44', '0000-00-00 00:00:00', '', 0, 11),
(143, 1, 564, 0, '2025-07-18 08:15:44', '0000-00-00 00:00:00', '', 0, 11),
(144, 1, 563, 0, '2025-07-18 08:15:44', '0000-00-00 00:00:00', '', 0, 11),
(146, 1, 562, 0, '2025-07-18 08:16:00', '0000-00-00 00:00:00', '', 0, 11),
(147, 1, 561, 0, '2025-07-18 08:16:00', '0000-00-00 00:00:00', '', 0, 11),
(148, 1, 560, 0, '2025-07-18 08:16:00', '0000-00-00 00:00:00', '', 0, 11),
(149, 1, 559, 0, '2025-07-18 08:16:00', '0000-00-00 00:00:00', '', 0, 11),
(150, 1, 558, 0, '2025-07-18 08:16:00', '0000-00-00 00:00:00', '', 0, 11),
(151, 1, 557, 0, '2025-07-18 08:16:00', '0000-00-00 00:00:00', '', 0, 11),
(152, 1, 556, 0, '2025-07-18 08:16:00', '0000-00-00 00:00:00', '', 0, 11),
(153, 1, 555, 0, '2025-07-18 08:16:00', '0000-00-00 00:00:00', '', 0, 11),
(154, 1, 554, 0, '2025-07-18 08:16:00', '0000-00-00 00:00:00', '', 0, 11),
(155, 1, 553, 0, '2025-07-18 08:16:00', '0000-00-00 00:00:00', '', 0, 11),
(156, 1, 552, 0, '2025-07-18 08:16:00', '0000-00-00 00:00:00', '', 2, 11),
(157, 1, 551, 0, '2025-07-18 08:16:00', '0000-00-00 00:00:00', '', 0, 11),
(158, 1, 550, 0, '2025-07-18 08:16:00', '0000-00-00 00:00:00', '', 0, 11),
(160, 1, 602, 0, '2025-07-18 08:16:15', '0000-00-00 00:00:00', '', 0, 11),
(161, 1, 601, 0, '2025-07-18 08:16:15', '0000-00-00 00:00:00', '', 0, 11),
(162, 1, 600, 0, '2025-07-18 08:16:15', '0000-00-00 00:00:00', '', 0, 11),
(163, 1, 599, 0, '2025-07-18 08:16:15', '0000-00-00 00:00:00', '', 0, 11),
(164, 1, 598, 0, '2025-07-18 08:16:15', '0000-00-00 00:00:00', '', 0, 11),
(165, 4, 527, 0, '2025-07-18 08:19:55', '0000-00-00 00:00:00', '', 0, 9),
(166, 4, 525, 0, '2025-07-18 08:19:55', '0000-00-00 00:00:00', '', 0, 9),
(167, 4, 524, 0, '2025-07-18 08:19:55', '0000-00-00 00:00:00', '', 0, 9),
(168, 4, 547, 0, '2025-07-18 08:20:17', '0000-00-00 00:00:00', '', 0, 9),
(169, 4, 546, 0, '2025-07-18 08:20:17', '0000-00-00 00:00:00', '', 0, 9),
(170, 4, 545, 0, '2025-07-18 08:20:17', '0000-00-00 00:00:00', '', 0, 9),
(171, 4, 544, 0, '2025-07-18 08:20:17', '0000-00-00 00:00:00', '', 0, 9),
(172, 4, 542, 0, '2025-07-18 08:20:17', '0000-00-00 00:00:00', '', 0, 9),
(173, 4, 541, 0, '2025-07-18 08:20:17', '0000-00-00 00:00:00', '', 0, 9),
(174, 4, 540, 0, '2025-07-18 08:20:17', '0000-00-00 00:00:00', '', 0, 9),
(175, 4, 537, 0, '2025-07-18 08:20:30', '0000-00-00 00:00:00', '', 0, 9),
(176, 4, 596, 0, '2025-07-18 08:20:47', '0000-00-00 00:00:00', '', 0, 9),
(177, 4, 592, 0, '2025-07-18 08:20:47', '0000-00-00 00:00:00', '', 0, 9),
(178, 4, 582, 0, '2025-07-18 08:20:47', '0000-00-00 00:00:00', '', 0, 9),
(179, 4, 581, 0, '2025-07-18 08:20:47', '0000-00-00 00:00:00', '', 0, 9),
(180, 4, 578, 0, '2025-07-18 08:21:02', '0000-00-00 00:00:00', '', 0, 9),
(181, 4, 577, 0, '2025-07-18 08:21:02', '0000-00-00 00:00:00', '', 0, 9),
(182, 4, 576, 0, '2025-07-18 08:21:02', '0000-00-00 00:00:00', '', 0, 9),
(183, 4, 562, 0, '2025-07-18 08:21:35', '0000-00-00 00:00:00', '', 0, 9),
(184, 4, 561, 0, '2025-07-18 08:21:35', '0000-00-00 00:00:00', '', 0, 9),
(185, 4, 560, 0, '2025-07-18 08:21:35', '0000-00-00 00:00:00', '', 0, 9),
(186, 4, 559, 0, '2025-07-18 08:21:35', '0000-00-00 00:00:00', '', 0, 9),
(187, 4, 558, 0, '2025-07-18 08:21:35', '0000-00-00 00:00:00', '', 0, 9),
(188, 4, 557, 0, '2025-07-18 08:21:35', '0000-00-00 00:00:00', '', 0, 9),
(189, 4, 556, 0, '2025-07-18 08:21:35', '0000-00-00 00:00:00', '', 0, 9),
(190, 4, 555, 0, '2025-07-18 08:21:35', '0000-00-00 00:00:00', '', 0, 9),
(191, 4, 554, 0, '2025-07-18 08:21:35', '0000-00-00 00:00:00', '', 0, 9),
(192, 4, 553, 0, '2025-07-18 08:21:35', '0000-00-00 00:00:00', '', 0, 9),
(193, 4, 552, 0, '2025-07-18 08:21:35', '0000-00-00 00:00:00', '', 3, 9),
(194, 4, 551, 0, '2025-07-18 08:21:35', '0000-00-00 00:00:00', '', 0, 9),
(195, 4, 550, 0, '2025-07-18 08:21:35', '0000-00-00 00:00:00', '', 0, 9),
(196, 4, 602, 0, '2025-07-18 08:21:52', '0000-00-00 00:00:00', '', 0, 9),
(197, 4, 601, 0, '2025-07-18 08:21:52', '0000-00-00 00:00:00', '', 0, 9),
(198, 4, 600, 0, '2025-07-18 08:21:52', '0000-00-00 00:00:00', '', 0, 9),
(199, 4, 599, 0, '2025-07-18 08:21:52', '0000-00-00 00:00:00', '', 0, 9),
(200, 4, 598, 0, '2025-07-18 08:21:52', '0000-00-00 00:00:00', '', 0, 9),
(235, 3, 531, 0, '2025-07-18 08:54:57', '0000-00-00 00:00:00', '', 0, 10),
(202, 3, 530, 18, '2025-07-18 08:22:08', '0000-00-00 00:00:00', '', 0, 10),
(203, 3, 529, 866, '2025-07-18 08:22:08', '0000-00-00 00:00:00', '', 0, 10),
(204, 3, 528, 350, '2025-07-18 08:22:08', '0000-00-00 00:00:00', '', 0, 10),
(205, 3, 527, 1352, '2025-07-18 08:22:08', '0000-00-00 00:00:00', '', 0, 10),
(206, 3, 526, 1736, '2025-07-18 08:22:08', '0000-00-00 00:00:00', '', 0, 10),
(207, 3, 525, 2131, '2025-07-18 08:22:08', '0000-00-00 00:00:00', '', 0, 10),
(208, 3, 524, 0, '2025-07-18 08:22:08', '0000-00-00 00:00:00', '', 0, 10),
(209, 3, 549, 198, '2025-07-18 08:22:27', '0000-00-00 00:00:00', '', 0, 10),
(210, 3, 548, 0, '2025-07-18 08:22:27', '0000-00-00 00:00:00', '', 0, 10),
(211, 3, 547, 335, '2025-07-18 08:22:27', '0000-00-00 00:00:00', '', 0, 10),
(212, 3, 546, 0, '2025-07-18 08:22:27', '0000-00-00 00:00:00', '', 0, 10),
(213, 3, 545, 0, '2025-07-18 08:22:27', '0000-00-00 00:00:00', '', 0, 10),
(214, 3, 544, 2162, '2025-07-18 08:22:27', '0000-00-00 00:00:00', '', 0, 10),
(215, 3, 543, 0, '2025-07-18 08:22:27', '0000-00-00 00:00:00', '', 0, 10),
(216, 3, 542, 336, '2025-07-18 08:22:27', '0000-00-00 00:00:00', '', 0, 10),
(217, 3, 541, 243, '2025-07-18 08:22:27', '0000-00-00 00:00:00', '', 0, 10),
(218, 3, 540, 0, '2025-07-18 08:22:27', '0000-00-00 00:00:00', '', 0, 10),
(219, 3, 539, 0, '2025-07-18 08:22:41', '0000-00-00 00:00:00', '', 0, 10),
(220, 3, 538, 0, '2025-07-18 08:22:41', '0000-00-00 00:00:00', '', 0, 10),
(221, 3, 537, 1431, '2025-07-18 08:22:41', '0000-00-00 00:00:00', '', 0, 10),
(222, 3, 536, 0, '2025-07-18 08:22:41', '0000-00-00 00:00:00', '', 0, 10),
(223, 3, 535, 0, '2025-07-18 08:22:41', '0000-00-00 00:00:00', '', 0, 10),
(224, 3, 534, 0, '2025-07-18 08:22:41', '0000-00-00 00:00:00', '', 0, 10),
(225, 3, 533, 0, '2025-07-18 08:22:41', '0000-00-00 00:00:00', '', 0, 10),
(226, 3, 592, 71, '2025-07-18 08:22:56', '0000-00-00 00:00:00', '', 0, 10),
(227, 3, 583, 0, '2025-07-18 08:22:56', '0000-00-00 00:00:00', '', 0, 10),
(228, 3, 578, 0, '2025-07-18 08:23:11', '0000-00-00 00:00:00', '', 0, 10),
(229, 3, 577, 0, '2025-07-18 08:23:11', '0000-00-00 00:00:00', '', 0, 10),
(230, 3, 576, 0, '2025-07-18 08:23:11', '0000-00-00 00:00:00', '', 0, 10),
(231, 3, 566, 0, '2025-07-18 08:23:23', '0000-00-00 00:00:00', '', 0, 10),
(232, 3, 565, 0, '2025-07-18 08:23:23', '0000-00-00 00:00:00', '', 0, 10),
(233, 3, 564, 0, '2025-07-18 08:23:23', '0000-00-00 00:00:00', '', 0, 10),
(234, 3, 563, 0, '2025-07-18 08:23:23', '0000-00-00 00:00:00', '', 0, 10),
(236, 5, 524, 100000, '2025-07-23 13:24:34', '0000-00-00 00:00:00', '', 0, 12),
(237, 5, 525, 100000, '2025-07-23 13:24:51', '0000-00-00 00:00:00', '', 0, 12),
(238, 5, 526, 100000, '2025-07-23 13:25:03', '0000-00-00 00:00:00', '', 0, 12),
(239, 5, 527, 100000, '2025-07-23 13:25:15', '0000-00-00 00:00:00', '', 0, 12),
(240, 5, 528, 100000, '2025-07-23 13:25:26', '0000-00-00 00:00:00', '', 0, 12),
(241, 5, 529, 100000, '2025-07-23 13:25:35', '0000-00-00 00:00:00', '', 0, 12),
(242, 5, 530, 100000, '2025-07-23 13:25:45', '0000-00-00 00:00:00', '', 0, 12),
(243, 5, 531, 100000, '2025-07-23 13:25:56', '0000-00-00 00:00:00', '', 0, 12),
(244, 5, 533, 99976, '2025-07-23 13:26:07', '0000-00-00 00:00:00', '', 0, 12),
(245, 5, 534, 100000, '2025-07-23 13:26:21', '0000-00-00 00:00:00', '', 0, 12),
(246, 5, 535, 99963, '2025-07-23 13:26:35', '0000-00-00 00:00:00', '', 0, 12),
(247, 5, 536, 99955, '2025-07-23 13:26:48', '0000-00-00 00:00:00', '', 0, 12),
(248, 5, 537, 100000, '2025-07-23 13:27:00', '0000-00-00 00:00:00', '', 0, 12),
(249, 5, 538, 99986, '2025-07-23 13:27:16', '0000-00-00 00:00:00', '', 0, 12),
(250, 5, 539, 99984, '2025-07-23 13:27:27', '0000-00-00 00:00:00', '', 0, 12),
(251, 5, 549, 100000, '2025-07-23 13:28:09', '0000-00-00 00:00:00', '', 0, 12),
(252, 5, 548, 99995, '2025-07-23 13:28:09', '0000-00-00 00:00:00', '', 0, 12),
(253, 5, 547, 100000, '2025-07-23 13:28:09', '0000-00-00 00:00:00', '', 0, 12),
(254, 5, 546, 100000, '2025-07-23 13:28:09', '0000-00-00 00:00:00', '', 0, 12),
(255, 5, 545, 99998, '2025-07-23 13:28:09', '0000-00-00 00:00:00', '', 0, 12),
(256, 5, 544, 100000, '2025-07-23 13:28:09', '0000-00-00 00:00:00', '', 0, 12),
(257, 5, 543, 99990, '2025-07-23 13:28:09', '0000-00-00 00:00:00', '', 0, 12),
(258, 5, 542, 100000, '2025-07-23 13:28:09', '0000-00-00 00:00:00', '', 0, 12),
(259, 5, 541, 100000, '2025-07-23 13:28:09', '0000-00-00 00:00:00', '', 0, 12),
(260, 5, 540, 100000, '2025-07-23 13:28:09', '0000-00-00 00:00:00', '', 0, 12),
(261, 5, 597, 100000, '2025-07-23 13:28:35', '0000-00-00 00:00:00', '', 0, 12),
(262, 5, 596, 100000, '2025-07-23 13:28:35', '0000-00-00 00:00:00', '', 0, 12),
(263, 5, 595, 100000, '2025-07-23 13:28:35', '0000-00-00 00:00:00', '', 0, 12),
(264, 5, 594, 100000, '2025-07-23 13:28:35', '0000-00-00 00:00:00', '', 0, 12),
(265, 5, 593, 100000, '2025-07-23 13:28:35', '0000-00-00 00:00:00', '', 0, 12),
(266, 5, 592, 100000, '2025-07-23 13:28:35', '0000-00-00 00:00:00', '', 0, 12),
(267, 5, 591, 99690, '2025-07-23 13:28:35', '0000-00-00 00:00:00', '', 0, 12),
(268, 5, 590, 100000, '2025-07-23 13:28:35', '0000-00-00 00:00:00', '', 0, 12),
(269, 5, 583, 99836, '2025-07-23 13:28:35', '0000-00-00 00:00:00', '', 0, 12),
(270, 5, 582, 100000, '2025-07-23 13:28:35', '0000-00-00 00:00:00', '', 0, 12),
(271, 5, 581, 100000, '2025-07-23 13:28:35', '0000-00-00 00:00:00', '', 0, 12),
(272, 5, 580, 100000, '2025-07-23 13:28:35', '0000-00-00 00:00:00', '', 0, 12),
(273, 5, 579, 100000, '2025-07-23 13:28:35', '0000-00-00 00:00:00', '', 0, 12),
(274, 5, 574, 100000, '2025-07-23 13:28:35', '0000-00-00 00:00:00', '', 0, 12),
(275, 5, 573, 100000, '2025-07-23 13:28:35', '0000-00-00 00:00:00', '', 0, 12),
(276, 5, 571, 100000, '2025-07-23 13:28:35', '0000-00-00 00:00:00', '', 0, 12),
(277, 5, 570, 100000, '2025-07-23 13:28:35', '0000-00-00 00:00:00', '', 0, 12),
(278, 5, 569, 100000, '2025-07-23 13:28:35', '0000-00-00 00:00:00', '', 0, 12),
(279, 5, 578, 100000, '2025-07-23 13:28:50', '0000-00-00 00:00:00', '', 0, 12),
(280, 5, 577, 100000, '2025-07-23 13:28:50', '0000-00-00 00:00:00', '', 0, 12),
(281, 5, 576, 100000, '2025-07-23 13:28:50', '0000-00-00 00:00:00', '', 0, 12),
(282, 5, 575, 100000, '2025-07-23 13:28:50', '0000-00-00 00:00:00', '', 0, 12),
(283, 5, 572, 100000, '2025-07-23 13:28:50', '0000-00-00 00:00:00', '', 0, 12),
(284, 5, 568, 100000, '2025-07-23 13:29:03', '0000-00-00 00:00:00', '', 0, 12),
(285, 5, 567, 100000, '2025-07-23 13:29:03', '0000-00-00 00:00:00', '', 0, 12),
(286, 5, 566, 100000, '2025-07-23 13:29:03', '0000-00-00 00:00:00', '', 0, 12),
(287, 5, 565, 100000, '2025-07-23 13:29:03', '0000-00-00 00:00:00', '', 0, 12),
(288, 5, 564, 100000, '2025-07-23 13:29:03', '0000-00-00 00:00:00', '', 0, 12),
(289, 5, 563, 100000, '2025-07-23 13:29:03', '0000-00-00 00:00:00', '', 0, 12),
(290, 5, 562, 100000, '2025-07-23 13:29:16', '0000-00-00 00:00:00', '', 0, 12),
(291, 5, 561, 100000, '2025-07-23 13:29:16', '0000-00-00 00:00:00', '', 0, 12),
(292, 5, 560, 100000, '2025-07-23 13:29:16', '0000-00-00 00:00:00', '', 0, 12),
(293, 5, 559, 100000, '2025-07-23 13:29:16', '0000-00-00 00:00:00', '', 0, 12),
(294, 5, 558, 100000, '2025-07-23 13:29:16', '0000-00-00 00:00:00', '', 0, 12),
(295, 5, 557, 100000, '2025-07-23 13:29:16', '0000-00-00 00:00:00', '', 0, 12),
(296, 5, 556, 100000, '2025-07-23 13:29:16', '0000-00-00 00:00:00', '', 0, 12),
(297, 5, 555, 100000, '2025-07-23 13:29:16', '0000-00-00 00:00:00', '', 0, 12),
(298, 5, 554, 100000, '2025-07-23 13:29:16', '0000-00-00 00:00:00', '', 0, 12),
(299, 5, 553, 100000, '2025-07-23 13:29:16', '0000-00-00 00:00:00', '', 0, 12),
(300, 5, 552, 100000, '2025-07-23 13:29:16', '0000-00-00 00:00:00', '', 0, 12),
(301, 5, 551, 100000, '2025-07-23 13:29:16', '0000-00-00 00:00:00', '', 0, 12),
(302, 5, 550, 100000, '2025-07-23 13:29:16', '0000-00-00 00:00:00', '', 0, 12),
(303, 5, 602, 99998, '2025-07-23 13:29:32', '0000-00-00 00:00:00', '', 0, 12),
(304, 5, 601, 99997, '2025-07-23 13:29:32', '0000-00-00 00:00:00', '', 0, 12),
(305, 5, 600, 99999, '2025-07-23 13:29:32', '0000-00-00 00:00:00', '', 0, 12),
(306, 5, 599, 99987, '2025-07-23 13:29:32', '0000-00-00 00:00:00', '', 0, 12),
(307, 5, 598, 99973, '2025-07-23 13:29:32', '0000-00-00 00:00:00', '', 0, 12);

-- --------------------------------------------------------

--
-- Tabellenstruktur für Tabelle `storage_products_transfer`
--

CREATE TABLE `storage_products_transfer` (
  `storage_products_transfer_id` int(11) NOT NULL,
  `source_storage_products_id` int(11) NOT NULL,
  `target_storage_products_id` int(11) NOT NULL,
  `quantity` int(11) NOT NULL,
  `editor` int(11) NOT NULL,
  `date_added` timestamp NOT NULL DEFAULT CURRENT_TIMESTAMP ON UPDATE CURRENT_TIMESTAMP,
  `reason_class` varchar(16) NOT NULL,
  `reason_id` int(11) NOT NULL,
  `reason_subclass` varchar(16) NOT NULL,
  `shipping_products_id` int(11) NOT NULL COMMENT 'wird bei versandabschluss gesetzt'
) ENGINE=MyISAM DEFAULT CHARSET=utf8;

--
-- Daten für Tabelle `storage_products_transfer`
--

INSERT INTO `storage_products_transfer` (`storage_products_transfer_id`, `source_storage_products_id`, `target_storage_products_id`, `quantity`, `editor`, `date_added`, `reason_class`, `reason_id`, `reason_subclass`, `shipping_products_id`) VALUES
(1, 0, 4, 20, 1, '2013-11-16 10:31:38', '', 0, '', 0),
(2, 0, 5, 10, 1, '2013-11-16 10:31:58', '', 0, '', 0),
(3, 0, 6, 40, 1, '2013-11-16 10:32:13', '', 0, '', 0),
(4, 0, 7, 30, 1, '2013-11-16 10:32:25', '', 0, '', 0),
(5, 0, 8, 54, 5006, '2025-07-16 09:12:29', '', 0, '', 0),
(6, 8, -1, 54, 5006, '2025-07-16 09:14:23', 'inventur', 0, '', 0),
(7, 0, 21, 54, 5006, '2025-07-16 09:20:26', '', 0, '', 0),
(8, 0, 16, 1, 5006, '2025-07-16 09:20:41', '', 0, '', 0),
(9, 0, 18, 40, 5006, '2025-07-16 09:20:56', '', 0, '', 0),
(10, 0, 11, 361, 5006, '2025-07-16 09:21:10', '', 0, '', 0),
(11, 0, 10, 11, 5006, '2025-07-16 09:21:21', '', 0, '', 0),
(12, 0, 14, 24, 5006, '2025-07-16 09:21:33', '', 0, '', 0),
(13, 0, 15, 12, 5006, '2025-07-16 09:21:47', '', 0, '', 0),
(14, 0, 19, 53, 5006, '2025-07-16 09:22:00', '', 0, '', 0),
(15, 0, 22, 2955, 5006, '2025-07-16 09:38:48', '', 0, '', 0),
(16, 0, 23, 953, 5006, '2025-07-16 09:39:13', '', 0, '', 0),
(17, 0, 24, 15, 5006, '2025-07-16 09:39:33', '', 0, '', 0),
(18, 0, 25, 2637, 5006, '2025-07-16 09:40:07', '', 0, '', 0),
(19, 0, 26, 291, 5006, '2025-07-16 09:40:36', '', 0, '', 0),
(20, 0, 28, 2684, 5006, '2025-07-16 09:41:25', '', 0, '', 0),
(21, 0, 29, 360, 5006, '2025-07-16 09:41:51', '', 0, '', 0),
(22, 0, 30, 2, 5006, '2025-07-16 09:42:17', '', 0, '', 0),
(23, 0, 31, 4371, 5006, '2025-07-16 09:42:55', '', 0, '', 0),
(24, 0, 33, 202, 5006, '2025-07-16 09:43:27', '', 0, '', 0),
(25, 0, 40, 422, 5006, '2025-07-16 09:46:03', '', 0, '', 0),
(26, 0, 41, 223, 5006, '2025-07-16 09:46:41', '', 0, '', 0),
(27, 0, 42, 159, 5006, '2025-07-16 09:48:53', '', 0, '', 0),
(28, 0, 43, 154, 5006, '2025-07-16 09:49:22', '', 0, '', 0),
(29, 0, 44, 211, 5006, '2025-07-16 09:50:06', '', 0, '', 0),
(30, 0, 45, 134, 5006, '2025-07-16 09:50:24', '', 0, '', 0),
(31, 0, 46, 134, 5006, '2025-07-16 09:50:45', '', 0, '', 0),
(32, 45, -1, 62, 5006, '2025-07-16 09:50:57', 'inventur', 0, '', 0),
(33, 0, 45, 72, 5006, '2025-07-16 09:51:06', '', 0, '', 0),
(34, 0, 47, 24, 5006, '2025-07-16 09:51:48', '', 0, '', 0),
(35, 0, 48, 281, 5006, '2025-07-16 09:55:08', '', 0, '', 0),
(36, 28, -1, 281, 5006, '2025-07-16 10:00:42', 'inventur', 0, '', 0),
(37, 0, 28, 2684, 5006, '2025-07-16 10:00:55', '', 0, '', 0),
(38, 0, 62, 48, 5006, '2025-07-16 11:57:33', '', 0, '', 0),
(39, 0, 63, 68, 5006, '2025-07-16 11:57:55', '', 0, '', 0),
(40, 0, 67, 1808, 5006, '2025-07-16 12:08:41', '', 0, '', 0),
(41, 0, 71, 281, 5006, '2025-07-16 12:09:28', '', 0, '', 0),
(42, 0, 72, 390, 5006, '2025-07-16 12:10:28', '', 0, '', 0),
(43, 0, 77, 309, 5006, '2025-07-16 12:11:24', '', 0, '', 0),
(44, 0, 81, 72, 5006, '2025-07-16 12:12:02', '', 0, '', 0),
(45, 0, 82, 26, 5006, '2025-07-16 12:12:39', '', 0, '', 0),
(46, 0, 226, 291, 5006, '2025-07-18 08:33:03', '', 0, '', 0),
(47, 26, -1, 291, 5006, '2025-07-18 08:33:35', 'inventur', 0, '', 0),
(48, 0, 120, 150, 5006, '2025-07-18 08:40:11', '', 0, '', 0),
(49, 0, 121, 6, 5006, '2025-07-18 08:40:47', '', 0, '', 0),
(50, 0, 122, 43, 5006, '2025-07-18 08:41:25', '', 0, '', 0),
(51, 0, 123, 6, 5006, '2025-07-18 08:42:04', '', 0, '', 0),
(52, 0, 126, 16, 5006, '2025-07-18 08:42:51', '', 0, '', 0),
(53, 0, 128, 80, 5006, '2025-07-18 08:43:30', '', 0, '', 0),
(54, 0, 130, 6, 5006, '2025-07-18 08:44:22', '', 0, '', 0),
(55, 0, 131, 1, 5006, '2025-07-18 08:44:45', '', 0, '', 0),
(56, 0, 96, 4, 5006, '2025-07-18 08:45:32', '', 0, '', 0),
(57, 0, 97, 7, 5006, '2025-07-18 08:47:52', '', 0, '', 0),
(58, 0, 104, 10, 5006, '2025-07-18 08:48:36', '', 0, '', 0),
(59, 0, 106, 57, 5006, '2025-07-18 08:49:12', '', 0, '', 0),
(60, 0, 107, 40, 5006, '2025-07-18 08:49:49', '', 0, '', 0),
(61, 0, 93, 24, 5006, '2025-07-18 08:51:50', '', 0, '', 0),
(62, 33, -2, -202, 5006, '2025-07-22 10:48:10', 'order', 6, 'Versand', 1),
(63, 130, -2, -6, 5006, '2025-07-22 10:48:10', 'order', 6, 'Versand', 1),
(64, 0, 130, 6, 5006, '2025-07-22 10:55:07', '', 0, '', 0),
(65, 0, 33, 202, 5006, '2025-07-22 10:56:48', '', 0, '', 0),
(66, 0, 243, 99999, 5006, '2025-07-23 13:32:32', '', 0, '', 0),
(67, 0, 242, 99999, 5006, '2025-07-23 13:32:53', '', 0, '', 0),
(68, 0, 241, 99999, 5006, '2025-07-23 13:33:52', '', 0, '', 0),
(69, 0, 240, 99999, 5006, '2025-07-23 13:34:03', '', 0, '', 0),
(70, 0, 238, 99999, 5006, '2025-07-23 13:36:30', '', 0, '', 0),
(71, 0, 237, 99999, 5006, '2025-07-23 13:36:47', '', 0, '', 0),
(72, 0, 236, 99999, 5006, '2025-07-23 13:37:01', '', 0, '', 0),
(73, 0, 251, 99999, 5006, '2025-07-23 13:38:17', '', 0, '', 0),
(74, 0, 252, 99999, 5006, '2025-07-23 13:38:45', '', 0, '', 0),
(75, 0, 253, 99999, 5006, '2025-07-23 13:39:02', '', 0, '', 0),
(76, 0, 254, 99999, 5006, '2025-07-23 13:41:45', '', 0, '', 0),
(77, 0, 255, 99999, 5006, '2025-07-23 13:42:02', '', 0, '', 0),
(78, 0, 256, 99999, 5006, '2025-07-23 13:42:31', '', 0, '', 0),
(79, 0, 257, 99999, 5006, '2025-07-23 13:42:45', '', 0, '', 0),
(80, 0, 258, 99999, 5006, '2025-07-23 13:42:58', '', 0, '', 0),
(81, 0, 259, 99999, 5006, '2025-07-23 13:43:35', '', 0, '', 0),
(82, 0, 260, 99999, 5006, '2025-07-23 13:44:13', '', 0, '', 0),
(83, 0, 250, 99999, 5006, '2025-07-23 13:45:08', '', 0, '', 0),
(84, 0, 249, 99999, 5006, '2025-07-23 13:45:31', '', 0, '', 0),
(85, 0, 248, 99999, 5006, '2025-07-23 13:45:43', '', 0, '', 0),
(86, 0, 247, 99999, 5006, '2025-07-23 13:45:56', '', 0, '', 0),
(87, 0, 246, 99999, 5006, '2025-07-23 13:46:12', '', 0, '', 0),
(88, 0, 245, 99999, 5006, '2025-07-23 13:46:45', '', 0, '', 0),
(89, 0, 244, 99999, 5006, '2025-07-23 13:47:12', '', 0, '', 0),
(90, 0, 261, 99999, 5006, '2025-07-23 13:47:51', '', 0, '', 0),
(91, 0, 262, 99999, 5006, '2025-07-23 13:48:10', '', 0, '', 0),
(92, 0, 263, 99999, 5006, '2025-07-23 13:48:28', '', 0, '', 0),
(93, 0, 264, 99999, 5006, '2025-07-23 13:48:48', '', 0, '', 0),
(94, 0, 265, 99999, 5006, '2025-07-23 13:49:11', '', 0, '', 0),
(95, 0, 266, 99999, 5006, '2025-07-23 13:49:44', '', 0, '', 0),
(96, 0, 267, 99999, 5006, '2025-07-23 13:50:54', '', 0, '', 0),
(97, 0, 268, 99999, 5006, '2025-07-23 13:51:15', '', 0, '', 0),
(98, 0, 269, 99999, 5006, '2025-07-23 13:51:39', '', 0, '', 0),
(99, 0, 270, 99999, 5006, '2025-07-23 13:52:01', '', 0, '', 0),
(100, 0, 271, 99999, 5006, '2025-07-23 13:52:25', '', 0, '', 0),
(101, 0, 272, 99999, 5006, '2025-07-23 13:52:50', '', 0, '', 0),
(102, 0, 273, 99999, 5006, '2025-07-23 13:53:16', '', 0, '', 0),
(103, 0, 274, 99999, 5006, '2025-07-23 13:53:37', '', 0, '', 0),
(104, 0, 275, 99999, 5006, '2025-07-23 13:54:01', '', 0, '', 0),
(105, 0, 276, 99999, 5006, '2025-07-23 13:54:25', '', 0, '', 0),
(106, 0, 277, 99999, 5006, '2025-07-23 13:54:49', '', 0, '', 0),
(107, 0, 278, 99999, 5006, '2025-07-23 13:55:11', '', 0, '', 0),
(108, 0, 279, 99999, 5006, '2025-07-23 13:55:37', '', 0, '', 0),
(109, 0, 280, 99999, 5006, '2025-07-23 13:55:48', '', 0, '', 0),
(110, 0, 281, 99999, 5006, '2025-07-23 13:55:59', '', 0, '', 0),
(111, 0, 282, 99999, 5006, '2025-07-23 13:56:21', '', 0, '', 0),
(112, 0, 283, 99999, 5006, '2025-07-23 13:56:48', '', 0, '', 0),
(113, 0, 284, 99999, 5006, '2025-07-23 13:57:22', '', 0, '', 0),
(114, 0, 285, 99999, 5006, '2025-07-23 13:57:43', '', 0, '', 0),
(115, 0, 286, 99999, 5006, '2025-07-23 13:58:02', '', 0, '', 0),
(116, 0, 287, 99999, 5006, '2025-07-23 13:58:13', '', 0, '', 0),
(117, 0, 288, 99999, 5006, '2025-07-23 13:58:23', '', 0, '', 0),
(118, 0, 289, 99999, 5006, '2025-07-23 13:58:32', '', 0, '', 0),
(119, 0, 290, 99999, 5006, '2025-07-23 13:59:05', '', 0, '', 0),
(120, 0, 291, 99999, 5006, '2025-07-23 13:59:24', '', 0, '', 0),
(121, 0, 292, 99999, 5006, '2025-07-23 13:59:35', '', 0, '', 0),
(122, 0, 293, 99999, 5006, '2025-07-23 13:59:54', '', 0, '', 0),
(123, 0, 294, 99999, 5006, '2025-07-23 14:00:16', '', 0, '', 0),
(124, 0, 295, 99999, 5006, '2025-07-23 14:00:32', '', 0, '', 0),
(125, 0, 296, 99999, 5006, '2025-07-23 14:01:01', '', 0, '', 0),
(126, 0, 297, 99999, 5006, '2025-07-23 14:01:20', '', 0, '', 0),
(127, 0, 298, 99999, 5006, '2025-07-23 14:01:42', '', 0, '', 0),
(128, 0, 299, 99999, 5006, '2025-07-23 14:01:56', '', 0, '', 0),
(129, 0, 300, 99999, 5006, '2025-07-23 14:02:17', '', 0, '', 0),
(130, 0, 301, 99999, 5006, '2025-07-23 14:03:00', '', 0, '', 0),
(131, 0, 302, 99999, 5006, '2025-07-23 14:03:20', '', 0, '', 0),
(132, 0, 303, 99999, 5006, '2025-07-23 14:03:50', '', 0, '', 0),
(133, 0, 304, 99999, 5006, '2025-07-23 14:04:04', '', 0, '', 0),
(134, 0, 305, 99999, 5006, '2025-07-23 14:04:15', '', 0, '', 0),
(135, 0, 306, 99999, 5006, '2025-07-23 14:04:25', '', 0, '', 0),
(136, 0, 307, 99999, 5006, '2025-07-23 14:04:35', '', 0, '', 0),
(137, 0, 239, 99999, 5006, '2025-07-23 14:05:01', '', 0, '', 0),
(138, 0, 88, 500, 5001, '2025-07-29 10:29:03', '', 0, '', 0),
(139, 88, -1, -500, 5006, '2025-07-29 10:30:38', 'Bestandseingabe', 0, '', 0),
(140, 46, -1, 134, 5006, '2025-07-29 17:08:36', 'inventur', 0, '', 0),
(141, 81, -1, 72, 5006, '2025-07-29 17:08:36', 'inventur', 0, '', 0),
(142, 45, -1, 71, 5006, '2025-07-29 17:08:37', 'inventur', 0, '', 0),
(143, 40, -1, 421, 5006, '2025-07-29 17:08:40', 'inventur', 0, '', 0),
(144, 41, -1, 223, 5006, '2025-07-29 17:08:42', 'inventur', 0, '', 0),
(145, 77, -1, 309, 5006, '2025-07-29 17:08:42', 'inventur', 0, '', 0),
(146, 42, -1, 158, 5006, '2025-07-29 17:08:43', 'inventur', 0, '', 0),
(147, 119, -1, 0, 5006, '2025-07-29 17:08:45', 'inventur', 0, '', 0),
(148, 177, -1, 0, 5006, '2025-07-29 17:08:45', 'inventur', 0, '', 0),
(149, 226, -1, 290, 5006, '2025-07-29 17:08:45', 'inventur', 0, '', 0),
(150, 31, -1, 4371, 5006, '2025-07-29 17:08:47', 'inventur', 0, '', 0),
(151, 69, -1, 0, 5006, '2025-07-29 17:08:47', 'inventur', 0, '', 0),
(152, 120, -1, 150, 5006, '2025-07-29 17:08:47', 'inventur', 0, '', 0),
(153, 25, -1, 2637, 5006, '2025-07-29 17:08:49', 'inventur', 0, '', 0),
(154, 64, -1, 0, 5006, '2025-07-29 17:08:49', 'inventur', 0, '', 0),
(155, 121, -1, 6, 5006, '2025-07-29 17:08:49', 'inventur', 0, '', 0),
(156, 65, -1, 0, 5006, '2025-07-29 17:08:52', 'inventur', 0, '', 0),
(157, 122, -1, 42, 5006, '2025-07-29 17:08:52', 'inventur', 0, '', 0),
(158, 32, -1, 0, 5006, '2025-07-29 17:08:54', 'inventur', 0, '', 0),
(159, 123, -1, 5, 5006, '2025-07-29 17:08:54', 'inventur', 0, '', 0),
(160, 24, -1, 14, 5006, '2025-07-29 17:08:56', 'inventur', 0, '', 0),
(161, 30, -1, 1, 5006, '2025-07-29 17:08:59', 'inventur', 0, '', 0),
(162, 39, -1, 0, 5006, '2025-07-29 17:09:01', 'inventur', 0, '', 0),
(163, 75, -1, 0, 5006, '2025-07-29 17:09:01', 'inventur', 0, '', 0),
(164, 126, -1, 15, 5006, '2025-07-29 17:09:01', 'inventur', 0, '', 0),
(165, 47, -1, 24, 5006, '2025-07-29 17:09:11', 'inventur', 0, '', 0),
(166, 82, -1, 26, 5006, '2025-07-29 17:09:11', 'inventur', 0, '', 0),
(167, 44, -1, 210, 5006, '2025-07-29 17:09:13', 'inventur', 0, '', 0),
(168, 27, -1, 0, 5006, '2025-07-29 17:09:15', 'inventur', 0, '', 0),
(169, 67, -1, 1808, 5006, '2025-07-29 17:09:15', 'inventur', 0, '', 0),
(170, 128, -1, 80, 5006, '2025-07-29 17:09:15', 'inventur', 0, '', 0),
(171, 29, -1, 360, 5006, '2025-07-29 17:09:17', 'inventur', 0, '', 0),
(172, 72, -1, 390, 5006, '2025-07-29 17:09:17', 'inventur', 0, '', 0),
(173, 28, -1, 2684, 5006, '2025-07-29 17:09:19', 'inventur', 0, '', 0),
(174, 71, -1, 281, 5006, '2025-07-29 17:09:19', 'inventur', 0, '', 0),
(175, 33, -1, 202, 5006, '2025-07-29 17:09:21', 'inventur', 0, '', 0),
(176, 70, -1, 0, 5006, '2025-07-29 17:09:21', 'inventur', 0, '', 0),
(177, 130, -1, 6, 5006, '2025-07-29 17:09:21', 'inventur', 0, '', 0),
(178, 43, -1, 154, 5006, '2025-07-29 17:09:24', 'inventur', 0, '', 0),
(179, 22, -1, 2954, 5006, '2025-07-29 17:09:25', 'inventur', 0, '', 0),
(180, 23, -1, 952, 5006, '2025-07-29 17:09:27', 'inventur', 0, '', 0),
(181, 19, -1, 52, 5006, '2025-07-29 17:09:38', 'inventur', 0, '', 0),
(182, 15, -1, 11, 5006, '2025-07-29 17:09:43', 'inventur', 0, '', 0),
(183, 14, -1, 23, 5006, '2025-07-29 17:09:46', 'inventur', 0, '', 0),
(184, 10, -1, 10, 5006, '2025-07-29 17:09:50', 'inventur', 0, '', 0),
(185, 11, -1, 360, 5006, '2025-07-29 17:09:55', 'inventur', 0, '', 0),
(186, 18, -1, 39, 5006, '2025-07-29 17:09:57', 'inventur', 0, '', 0),
(187, 21, -1, 53, 5006, '2025-07-29 17:10:05', 'inventur', 0, '', 0),
(188, 63, -1, 68, 5006, '2025-07-29 17:10:07', 'inventur', 0, '', 0),
(189, 96, -1, 4, 5006, '2025-07-29 17:10:07', 'inventur', 0, '', 0),
(190, 62, -1, 48, 5006, '2025-07-29 17:10:09', 'inventur', 0, '', 0),
(191, 97, -1, 7, 5006, '2025-07-29 17:10:09', 'inventur', 0, '', 0),
(192, 104, -1, 9, 5006, '2025-07-29 17:10:22', 'inventur', 0, '', 0),
(193, 60, -1, 0, 5006, '2025-07-29 17:10:26', 'inventur', 0, '', 0),
(194, 106, -1, 56, 5006, '2025-07-29 17:10:26', 'inventur', 0, '', 0),
(195, 59, -1, 0, 5006, '2025-07-29 17:10:28', 'inventur', 0, '', 0),
(196, 107, -1, 39, 5006, '2025-07-29 17:10:28', 'inventur', 0, '', 0),
(197, 50, -1, 0, 5006, '2025-07-29 17:10:50', 'inventur', 0, '', 0),
(198, 93, -1, 23, 5006, '2025-07-29 17:10:50', 'inventur', 0, '', 0),
(199, 0, 303, 100000, 5006, '2025-07-29 17:11:07', '', 0, '', 0),
(200, 0, 304, 100000, 5006, '2025-07-29 17:11:21', '', 0, '', 0),
(201, 0, 305, 100000, 5006, '2025-07-29 17:11:28', '', 0, '', 0),
(202, 0, 306, 100000, 5006, '2025-07-29 17:11:37', '', 0, '', 0),
(203, 0, 307, 100000, 5006, '2025-07-29 17:12:18', '', 0, '', 0),
(204, 0, 261, 100000, 5006, '2025-07-29 17:12:26', '', 0, '', 0),
(205, 0, 262, 100000, 5006, '2025-07-29 17:12:33', '', 0, '', 0),
(206, 0, 263, 100000, 5006, '2025-07-29 17:12:41', '', 0, '', 0),
(207, 0, 264, 100000, 5006, '2025-07-29 17:12:50', '', 0, '', 0),
(208, 0, 265, 100000, 5006, '2025-07-29 17:12:57', '', 0, '', 0),
(209, 0, 266, 100000, 5006, '2025-07-29 17:13:04', '', 0, '', 0),
(210, 0, 267, 100000, 5006, '2025-07-29 17:13:12', '', 0, '', 0),
(211, 0, 268, 100000, 5006, '2025-07-29 17:13:20', '', 0, '', 0),
(212, 0, 269, 100000, 5006, '2025-07-29 17:13:27', '', 0, '', 0),
(213, 0, 270, 100000, 5006, '2025-07-29 17:13:35', '', 0, '', 0),
(214, 0, 271, 100000, 5006, '2025-07-29 17:13:42', '', 0, '', 0),
(215, 0, 272, 100000, 5006, '2025-07-29 17:13:48', '', 0, '', 0),
(216, 0, 273, 100000, 5006, '2025-07-29 17:13:56', '', 0, '', 0),
(217, 0, 279, 100000, 5006, '2025-07-29 17:14:03', '', 0, '', 0),
(218, 0, 280, 100000, 5006, '2025-07-29 17:14:10', '', 0, '', 0),
(219, 0, 281, 100000, 5006, '2025-07-29 17:14:18', '', 0, '', 0),
(220, 0, 282, 100000, 5006, '2025-07-29 17:14:24', '', 0, '', 0),
(221, 0, 274, 100000, 5006, '2025-07-29 17:14:32', '', 0, '', 0),
(222, 0, 275, 100000, 5006, '2025-07-29 17:14:39', '', 0, '', 0),
(223, 0, 283, 100000, 5006, '2025-07-29 17:14:46', '', 0, '', 0),
(224, 0, 276, 100000, 5006, '2025-07-29 17:14:53', '', 0, '', 0),
(225, 0, 277, 100000, 5006, '2025-07-29 17:15:00', '', 0, '', 0),
(226, 0, 278, 100000, 5006, '2025-07-29 17:15:08', '', 0, '', 0),
(227, 0, 284, 100000, 5006, '2025-07-29 17:15:14', '', 0, '', 0),
(228, 0, 285, 100000, 5006, '2025-07-29 17:15:21', '', 0, '', 0),
(229, 0, 286, 100000, 5006, '2025-07-29 17:15:28', '', 0, '', 0),
(230, 0, 287, 100000, 5006, '2025-07-29 17:15:35', '', 0, '', 0),
(231, 0, 288, 100000, 5006, '2025-07-29 17:15:44', '', 0, '', 0),
(232, 0, 289, 100000, 5006, '2025-07-29 17:15:51', '', 0, '', 0),
(233, 0, 290, 100000, 5006, '2025-07-29 17:15:58', '', 0, '', 0),
(234, 0, 291, 100000, 5006, '2025-07-29 17:16:05', '', 0, '', 0),
(235, 0, 292, 100000, 5006, '2025-07-29 17:16:12', '', 0, '', 0),
(236, 0, 293, 100000, 5006, '2025-07-29 17:16:20', '', 0, '', 0),
(237, 0, 294, 100000, 5006, '2025-07-29 17:16:26', '', 0, '', 0),
(238, 0, 295, 100000, 5006, '2025-07-29 17:16:33', '', 0, '', 0),
(239, 0, 296, 100000, 5006, '2025-07-29 17:16:40', '', 0, '', 0),
(240, 0, 297, 100000, 5006, '2025-07-29 17:16:47', '', 0, '', 0),
(241, 0, 298, 100000, 5006, '2025-07-29 17:16:54', '', 0, '', 0),
(242, 0, 299, 100000, 5006, '2025-07-29 17:17:01', '', 0, '', 0),
(243, 0, 193, 100000, 5006, '2025-07-29 17:17:09', '', 0, '', 0),
(244, 0, 301, 100000, 5006, '2025-07-29 17:17:16', '', 0, '', 0),
(245, 0, 302, 100000, 5006, '2025-07-29 17:17:22', '', 0, '', 0),
(246, 0, 251, 100000, 5006, '2025-07-29 17:17:29', '', 0, '', 0),
(247, 0, 252, 100000, 5006, '2025-07-29 17:17:36', '', 0, '', 0),
(248, 0, 253, 100000, 5006, '2025-07-29 17:17:42', '', 0, '', 0),
(249, 0, 254, 100000, 5006, '2025-07-29 17:17:49', '', 0, '', 0),
(250, 0, 255, 100000, 5006, '2025-07-29 17:17:57', '', 0, '', 0),
(251, 0, 256, 100000, 5006, '2025-07-29 17:18:02', '', 0, '', 0),
(252, 0, 257, 100000, 5006, '2025-07-29 17:18:08', '', 0, '', 0),
(253, 0, 258, 100000, 5006, '2025-07-29 17:18:15', '', 0, '', 0),
(254, 0, 259, 100000, 5006, '2025-07-29 17:18:22', '', 0, '', 0),
(255, 0, 260, 100000, 5006, '2025-07-29 17:18:29', '', 0, '', 0),
(256, 0, 250, 100000, 5006, '2025-07-29 17:18:35', '', 0, '', 0),
(257, 0, 249, 100000, 5006, '2025-07-29 17:18:43', '', 0, '', 0),
(258, 0, 248, 100000, 5006, '2025-07-29 17:18:50', '', 0, '', 0),
(259, 0, 247, 100000, 5006, '2025-07-29 17:18:56', '', 0, '', 0),
(260, 0, 246, 100000, 5006, '2025-07-29 17:19:03', '', 0, '', 0),
(261, 0, 245, 100000, 5006, '2025-07-29 17:19:10', '', 0, '', 0),
(262, 0, 244, 100000, 5006, '2025-07-29 17:19:15', '', 0, '', 0),
(263, 0, 243, 100000, 5006, '2025-07-29 17:19:23', '', 0, '', 0),
(264, 0, 242, 100000, 5006, '2025-07-29 17:19:29', '', 0, '', 0),
(265, 0, 241, 100000, 5006, '2025-07-29 17:19:36', '', 0, '', 0),
(266, 0, 240, 100000, 5006, '2025-07-29 17:19:43', '', 0, '', 0),
(267, 0, 239, 100000, 5006, '2025-07-29 17:19:50', '', 0, '', 0),
(268, 0, 238, 100000, 5006, '2025-07-29 17:19:59', '', 0, '', 0),
(269, 0, 237, 100000, 5006, '2025-07-29 17:20:08', '', 0, '', 0),
(270, 0, 236, 100000, 5006, '2025-07-29 17:20:15', '', 0, '', 0),
(271, 0, 81, 72, 5006, '2025-07-29 17:24:54', '', 0, '', 0),
(272, 0, 46, 132, 5006, '2025-07-29 17:25:37', '', 0, '', 0),
(273, 0, 45, 62, 5006, '2025-07-29 17:28:30', '', 0, '', 0),
(274, 0, 40, 386, 5006, '2025-07-29 17:29:43', '', 0, '', 0),
(275, 0, 41, 407, 5006, '2025-07-29 17:30:29', '', 0, '', 0),
(276, 0, 42, 111, 5006, '2025-07-29 17:32:02', '', 0, '', 0),
(277, 0, 226, 125, 5006, '2025-07-29 17:41:37', '', 0, '', 0),
(278, 0, 24, 37, 5006, '2025-07-29 17:45:29', '', 0, '', 0),
(279, 0, 30, 10, 5006, '2025-07-29 17:46:03', '', 0, '', 0),
(280, 0, 39, 24, 5006, '2025-07-29 17:46:56', '', 0, '', 0),
(281, 0, 75, 76, 5006, '2025-07-29 17:47:20', '', 0, '', 0),
(282, 39, -1, 24, 5006, '2025-07-29 17:49:58', 'inventur', 0, '', 0),
(283, 75, -1, 76, 5006, '2025-07-29 17:49:58', 'inventur', 0, '', 0),
(284, 0, 273, 100000, 5006, '2025-07-29 17:50:09', '', 0, '', 0),
(285, 0, 47, 24, 5006, '2025-07-29 17:51:11', '', 0, '', 0),
(286, 0, 82, 76, 5006, '2025-07-29 17:51:34', '', 0, '', 0),
(287, 0, 44, 201, 5006, '2025-07-29 17:52:23', '', 0, '', 0),
(288, 0, 29, 360, 5006, '2025-07-29 17:53:47', '', 0, '', 0),
(289, 0, 72, 1140, 5006, '2025-07-29 17:54:23', '', 0, '', 0),
(290, 0, 71, 281, 5006, '2025-07-29 17:54:54', '', 0, '', 0),
(291, 0, 28, 2556, 5006, '2025-07-29 17:55:26', '', 0, '', 0),
(292, 0, 33, 158, 5006, '2025-07-29 17:56:35', '', 0, '', 0),
(293, 0, 43, 138, 5006, '2025-07-29 17:57:30', '', 0, '', 0),
(294, 0, 22, 2925, 5006, '2025-07-29 17:58:09', '', 0, '', 0),
(295, 0, 23, 943, 5006, '2025-07-29 17:59:07', '', 0, '', 0),
(296, 0, 27, 898, 5006, '2025-07-29 17:59:48', '', 0, '', 0),
(297, 0, 19, 53, 5006, '2025-07-29 18:01:05', '', 0, '', 0),
(298, 0, 15, 10, 5006, '2025-07-29 18:01:59', '', 0, '', 0),
(299, 0, 14, 24, 5006, '2025-07-29 18:02:31', '', 0, '', 0),
(300, 0, 10, 11, 5006, '2025-07-29 18:03:12', '', 0, '', 0),
(301, 0, 11, 361, 5006, '2025-07-29 18:03:43', '', 0, '', 0),
(302, 0, 18, 40, 5006, '2025-07-29 18:04:13', '', 0, '', 0),
(303, 0, 16, 1, 5006, '2025-07-29 18:04:56', '', 0, '', 0),
(304, 0, 21, 54, 5006, '2025-07-29 18:05:53', '', 0, '', 0),
(305, 0, 209, 198, 5006, '2025-07-29 18:07:13', '', 0, '', 0),
(306, 0, 63, 432, 5006, '2025-07-29 18:07:41', '', 0, '', 0),
(307, 0, 211, 340, 5006, '2025-07-29 18:08:37', '', 0, '', 0),
(308, 0, 214, 2162, 5006, '2025-07-29 18:09:44', '', 0, '', 0),
(309, 0, 216, 336, 5006, '2025-07-29 18:10:28', '', 0, '', 0),
(310, 0, 217, 245, 5006, '2025-07-29 18:10:57', '', 0, '', 0),
(311, 0, 221, 1497, 5006, '2025-07-29 18:11:47', '', 0, '', 0),
(312, 0, 202, 18, 5006, '2025-07-29 18:12:48', '', 0, '', 0),
(313, 0, 203, 868, 5006, '2025-07-29 18:13:18', '', 0, '', 0),
(314, 0, 204, 363, 5006, '2025-07-29 18:14:00', '', 0, '', 0),
(315, 0, 205, 1352, 5006, '2025-07-29 18:14:28', '', 0, '', 0),
(316, 0, 206, 1740, 5006, '2025-07-29 18:15:03', '', 0, '', 0),
(317, 0, 207, 2131, 5006, '2025-07-29 18:15:31', '', 0, '', 0),
(318, 0, 39, 613, 5006, '2025-07-29 18:18:20', '', 0, '', 0),
(319, 0, 25, 2485, 5006, '2025-07-29 18:19:12', '', 0, '', 0),
(320, 193, 300, 100000, 5006, '2025-07-29 18:26:56', '', 0, '', 0),
(321, 303, -2, -1, 5001, '2025-07-30 06:37:14', 'order', 50000, 'Statuswechsel', 0),
(322, 267, -2, -4, 5006, '2025-08-01 10:57:37', 'order', 50001, 'Warenausgabe', 0),
(323, 206, -2, -1, 5006, '2025-08-01 10:57:37', 'order', 50001, 'Warenausgabe', 0),
(324, 38, -1, 0, 5006, '2025-08-05 06:47:25', 'inventur', 0, '', 0),
(325, 160, -1, 0, 5006, '2025-08-05 06:47:25', 'inventur', 0, '', 0),
(326, 196, -1, 0, 5006, '2025-08-05 06:47:25', 'inventur', 0, '', 0),
(327, 303, -1, 99999, 5006, '2025-08-05 06:47:25', 'inventur', 0, '', 0),
(328, 0, 303, 99999, 5006, '2025-08-05 06:54:19', '', 0, '', 0),
(329, 27, -2, -4, 5001, '2025-08-06 12:24:36', 'order', 50005, 'Versand', 4),
(330, 40, -2, -1, 5001, '2025-08-06 12:29:34', 'order', 50004, 'Warenausgabe', 0),
(331, 27, -2, -1, 5001, '2025-08-06 12:29:34', 'order', 50004, 'Warenausgabe', 0),
(332, 217, -2, -1, 5001, '2025-08-06 12:29:34', 'order', 50004, 'Warenausgabe', 0),
(333, 27, -2, -3, 5001, '2025-08-13 08:58:42', 'order', 50007, 'Versand', 11),
(334, 39, -2, -1, 5001, '2025-08-13 08:58:42', 'order', 50007, 'Versand', 12),
(335, 206, -2, -1, 5001, '2025-08-13 11:21:03', 'order', 50009, 'Versand', 13),
(336, 221, -2, -1, 5001, '2025-08-21 06:47:29', 'order', 50010, 'Versand', 14),
(337, 63, -2, -1, 5001, '2025-08-21 06:48:03', 'order', 50024, 'Statuswechsel', 0),
(338, 39, -2, -1, 5001, '2025-09-05 07:00:03', 'order', 50058, 'Statuswechsel', 0),
(339, 252, -2, -1, 5001, '2025-09-05 07:00:03', 'order', 50058, 'Statuswechsel', 0),
(340, 27, -2, -4, 5001, '2025-09-05 07:00:03', 'order', 50058, 'Statuswechsel', 0),
(341, 203, -2, -2, 5001, '2025-09-09 07:39:50', 'order', 50019, 'Versand', 16),
(342, 269, -2, -30, 5001, '2025-09-09 11:35:47', 'order', 50025, 'Versand', 17),
(343, 269, -2, -20, 5001, '2025-09-10 08:43:30', 'order', 50002, 'Versand', 18),
(344, 204, -2, -1, 5001, '2025-09-10 12:40:40', 'order', 50015, 'Versand', 19),
(345, 226, -2, -1, 5001, '2025-09-11 09:26:16', 'order', 50032, 'Statuswechsel', 0),
(346, 221, -2, -1, 5000, '2025-09-12 08:17:18', 'order', 50048, 'Statuswechsel', 0),
(347, 269, -2, -1, 5000, '2025-09-12 08:17:18', 'order', 50048, 'Statuswechsel', 0),
(348, 221, -2, -60, 5000, '2025-09-12 11:23:43', 'order', 50029, 'Statuswechsel', 0),
(349, 27, -2, -18, 5000, '2025-09-12 11:23:58', 'order', 50047, 'Statuswechsel', 0),
(350, 40, -2, -3, 5000, '2025-09-12 11:23:58', 'order', 50047, 'Statuswechsel', 0),
(351, 39, -2, -3, 5000, '2025-09-12 11:23:58', 'order', 50047, 'Statuswechsel', 0),
(352, 211, -2, -2, 5000, '2025-09-12 11:23:58', 'order', 50047, 'Statuswechsel', 0),
(353, 307, -2, -20, 5001, '2025-09-12 13:08:49', 'order', 50059, 'Versand', 20),
(354, 27, -2, -8, 5001, '2025-09-12 13:10:29', 'order', 50066, 'Versand', 21),
(355, 39, -2, -1, 5001, '2025-09-12 13:10:29', 'order', 50066, 'Versand', 23),
(356, 41, -2, -1, 5001, '2025-09-12 13:10:29', 'order', 50066, 'Versand', 22),
(357, 27, -2, -1, 5001, '2025-09-17 10:29:45', 'order', 50054, 'Statuswechsel', 0),
(358, 217, -2, -1, 5001, '2025-09-17 10:29:45', 'order', 50054, 'Statuswechsel', 0),
(359, 221, -2, -1, 5001, '2025-09-17 10:34:56', 'order', 50084, 'Statuswechsel', 0),
(360, 250, -2, -1, 5001, '2025-09-17 10:34:56', 'order', 50084, 'Statuswechsel', 0),
(361, 41, -2, -1, 5001, '2025-09-17 12:26:08', 'order', 50060, 'Statuswechsel', 0),
(362, 252, -2, -1, 5001, '2025-09-17 12:26:08', 'order', 50060, 'Statuswechsel', 0),
(363, 39, -2, -1, 5001, '2025-09-17 12:26:08', 'order', 50060, 'Statuswechsel', 0),
(364, 27, -2, -10, 5001, '2025-09-17 12:26:08', 'order', 50060, 'Statuswechsel', 0),
(365, 221, -2, -1, 5001, '2025-09-18 09:27:45', 'order', 50046, 'Statuswechsel', 0),
(366, 267, -2, -16, 5000, '2025-09-18 12:23:25', 'order', 50070, 'Statuswechsel', 0),
(367, 204, -2, -12, 5000, '2025-09-18 12:23:25', 'order', 50070, 'Statuswechsel', 0),
(368, 255, -2, -1, 5001, '2025-09-18 13:26:17', 'order', 50053, 'Statuswechsel', 0),
(369, 246, -2, -1, 5001, '2025-09-18 13:26:17', 'order', 50053, 'Statuswechsel', 0),
(370, 269, -2, -1, 5001, '2025-09-18 13:26:17', 'order', 50053, 'Statuswechsel', 0),
(371, 30, -2, -1, 5001, '2025-09-18 13:26:17', 'order', 50053, 'Statuswechsel', 0),
(372, 267, -2, -240, 5000, '2025-09-19 09:07:30', 'order', 50026, 'Statuswechsel', 0),
(373, 221, -2, -1, 5001, '2025-09-22 10:31:47', 'order', 50087, 'Statuswechsel', 0),
(374, 206, -2, -2, 5001, '2025-09-22 13:29:50', 'order', 50075, 'Statuswechsel', 0),
(375, 267, -2, -3, 5001, '2025-09-22 13:29:50', 'order', 50075, 'Statuswechsel', 0),
(376, 27, -2, -12, 5000, '2025-09-24 13:26:35', 'order', 50089, 'Statuswechsel', 0),
(377, 39, -2, -1, 5000, '2025-09-24 13:26:35', 'order', 50089, 'Statuswechsel', 0),
(378, 41, -2, -1, 5000, '2025-09-24 13:26:35', 'order', 50089, 'Statuswechsel', 0),
(379, 63, -2, -1, 5000, '2025-09-24 13:26:35', 'order', 50089, 'Statuswechsel', 0),
(380, 269, -2, -1, 5000, '2025-09-24 13:26:35', 'order', 50089, 'Statuswechsel', 0),
(381, 247, -2, -2, 5000, '2025-09-30 06:45:09', 'order', 50067, 'Statuswechsel', 0),
(382, 40, -2, -2, 5000, '2025-09-30 06:45:09', 'order', 50067, 'Statuswechsel', 0),
(383, 306, -2, -2, 5000, '2025-09-30 06:45:09', 'order', 50067, 'Statuswechsel', 0),
(384, 303, -2, -1, 5000, '2025-09-30 06:45:09', 'order', 50067, 'Statuswechsel', 0),
(385, 267, -2, -8, 5000, '2025-09-30 06:45:09', 'order', 50067, 'Statuswechsel', 0),
(386, 250, -2, -1, 5000, '2025-09-30 10:27:36', 'order', 50063, 'Statuswechsel', 0),
(387, 249, -2, -3, 5000, '2025-10-01 08:00:48', 'order', 50093, 'Statuswechsel', 0),
(388, 267, -2, -9, 5000, '2025-10-01 08:00:48', 'order', 50093, 'Statuswechsel', 0),
(389, 41, -2, -2, 5001, '2025-10-06 08:08:05', 'order', 50091, 'Statuswechsel', 0),
(390, 27, -2, -20, 5001, '2025-10-06 08:08:05', 'order', 50091, 'Statuswechsel', 0),
(391, 39, -2, -2, 5001, '2025-10-06 08:08:05', 'order', 50091, 'Statuswechsel', 0),
(392, 249, -2, -1, 5001, '2025-10-07 07:23:39', 'order', 50031, 'Statuswechsel', 0),
(393, 307, -2, -1, 5001, '2025-10-07 07:36:56', 'order', 50036, 'Statuswechsel', 0),
(394, 306, -2, -1, 5001, '2025-10-07 07:36:56', 'order', 50036, 'Statuswechsel', 0),
(395, 269, -2, -1, 5000, '2025-10-07 09:59:24', 'order', 50100, 'Statuswechsel', 0),
(396, 252, -2, -1, 5001, '2025-10-08 08:48:22', 'order', 50039, 'Statuswechsel', 0),
(397, 44, -2, -1, 5001, '2025-10-08 08:48:22', 'order', 50039, 'Statuswechsel', 0),
(398, 46, -2, -1, 5001, '2025-10-08 08:48:22', 'order', 50039, 'Statuswechsel', 0),
(399, 28, -2, -13, 5001, '2025-10-08 08:48:22', 'order', 50039, 'Statuswechsel', 0),
(400, 257, -2, -7, 5001, '2025-10-08 08:48:32', 'order', 50043, 'Versand', 25),
(401, 226, -2, -20, 5001, '2025-10-08 08:48:32', 'order', 50043, 'Versand', 24),
(402, 42, -2, -5, 5001, '2025-10-08 08:48:32', 'order', 50043, 'Versand', 26),
(403, 221, -2, -1, 5001, '2025-10-08 08:48:32', 'order', 50103, 'Versand', 29),
(404, 43, -2, -1, 5001, '2025-10-08 08:48:32', 'order', 50103, 'Versand', 31),
(405, 33, -2, -6, 5001, '2025-10-08 08:48:32', 'order', 50103, 'Versand', 30),
(406, 250, -2, -1, 5001, '2025-10-08 08:48:32', 'order', 50105, 'Versand', 32),
(407, 226, -2, -8, 5000, '2025-10-08 11:39:22', 'order', 50106, 'Statuswechsel', 0),
(408, 257, -2, -3, 5000, '2025-10-08 11:39:22', 'order', 50106, 'Statuswechsel', 0),
(409, 252, -2, -1, 5000, '2025-10-08 11:39:22', 'order', 50106, 'Statuswechsel', 0),
(410, 247, -2, -1, 5000, '2025-10-08 12:22:58', 'order', 50104, 'Statuswechsel', 0),
(411, 252, -2, -1, 5000, '2025-10-08 12:22:58', 'order', 50104, 'Statuswechsel', 0),
(412, 27, -2, -12, 5000, '2025-10-08 12:22:58', 'order', 50104, 'Statuswechsel', 0),
(413, 39, -2, -1, 5000, '2025-10-08 12:22:58', 'order', 50104, 'Statuswechsel', 0),
(414, 41, -2, -1, 5000, '2025-10-08 12:22:58', 'order', 50104, 'Statuswechsel', 0),
(415, 269, -2, -1, 5000, '2025-10-08 12:22:58', 'order', 50104, 'Statuswechsel', 0),
(416, 307, -2, -1, 5001, '2025-10-15 12:10:19', 'order', 50116, 'Statuswechsel', 0),
(417, 306, -2, -5, 5001, '2025-10-16 07:31:48', 'order', 50109, 'Statuswechsel', 0),
(418, 307, -2, -5, 5001, '2025-10-16 07:31:48', 'order', 50109, 'Statuswechsel', 0),
(419, 304, -2, -2, 5001, '2025-10-16 07:31:48', 'order', 50109, 'Statuswechsel', 0),
(420, 255, -2, -1, 5001, '2025-10-16 10:01:49', 'order', 50123, 'Statuswechsel', 0),
(421, 244, -2, -24, 5001, '2025-10-17 08:51:04', 'order', 50113, 'Statuswechsel', 0),
(422, 246, -2, -36, 5001, '2025-10-17 08:51:04', 'order', 50113, 'Statuswechsel', 0),
(423, 247, -2, -40, 5001, '2025-10-17 08:51:04', 'order', 50113, 'Statuswechsel', 0),
(424, 249, -2, -10, 5001, '2025-10-17 08:51:04', 'order', 50113, 'Statuswechsel', 0),
(425, 250, -2, -10, 5001, '2025-10-17 08:51:04', 'order', 50113, 'Statuswechsel', 0),
(426, 247, -2, -2, 5001, '2025-10-20 09:29:01', 'order', 50117, 'Statuswechsel', 0),
(427, 306, -2, -4, 5001, '2025-10-20 09:29:01', 'order', 50117, 'Statuswechsel', 0),
(428, 250, -2, -1, 5001, '2025-10-20 09:29:01', 'order', 50117, 'Statuswechsel', 0),
(429, 250, -2, -1, 5001, '2025-10-20 09:33:04', 'order', 50107, 'Statuswechsel', 0),
(430, 267, -2, -6, 5001, '2025-10-20 09:33:04', 'order', 50107, 'Statuswechsel', 0),
(431, 250, -2, -1, 5001, '2025-10-22 07:06:55', 'order', 50045, 'Statuswechsel', 0),
(432, 269, -2, -1, 5001, '2025-10-22 07:06:55', 'order', 50045, 'Statuswechsel', 0),
(433, 27, -2, -4, 5001, '2025-10-23 09:06:59', 'order', 50127, 'Statuswechsel', 0),
(434, 39, -2, -1, 5001, '2025-10-23 09:06:59', 'order', 50127, 'Statuswechsel', 0),
(435, 226, -2, -25, 5001, '2025-10-29 08:05:58', 'order', 50126, 'Statuswechsel', 0),
(436, 42, -2, -5, 5001, '2025-10-29 08:05:58', 'order', 50126, 'Statuswechsel', 0),
(437, 27, -2, -12, 5000, '2025-11-11 10:23:11', 'order', 50140, 'Statuswechsel', 0),
(438, 39, -2, -3, 5000, '2025-11-11 10:23:11', 'order', 50140, 'Statuswechsel', 0),
(439, 211, -2, -3, 5000, '2025-11-11 10:23:11', 'order', 50140, 'Statuswechsel', 0),
(440, 267, -2, -24, 5000, '2025-11-11 10:23:11', 'order', 50140, 'Statuswechsel', 0),
(441, 40, -2, -2, 5000, '2025-11-11 10:23:11', 'order', 50140, 'Statuswechsel', 0),
(442, 269, -2, -108, 5000, '2025-11-13 11:58:26', 'order', 50154, 'Statuswechsel', 0),
(443, 304, -2, -1, 5001, '2025-11-14 09:08:47', 'order', 50163, 'Statuswechsel', 0),
(444, 306, -2, -1, 5001, '2025-11-14 09:08:47', 'order', 50163, 'Statuswechsel', 0),
(445, 305, -2, -1, 5001, '2025-11-14 09:08:47', 'order', 50163, 'Statuswechsel', 0),
(446, 27, -2, -112, 5000, '2025-11-28 14:42:12', 'order', 50171, 'Statuswechsel', 0);

-- --------------------------------------------------------

--
-- Tabellenstruktur für Tabelle `system_alerts_status`
--

CREATE TABLE `system_alerts_status` (
  `system_alerts_status_id` int(11) NOT NULL,
  `customers_id` int(11) NOT NULL,
  `guid` int(11) NOT NULL,
  `status_read` tinyint(1) NOT NULL,
  `status_read_date` datetime NOT NULL
) ENGINE=MyISAM DEFAULT CHARSET=utf8;

--
-- Daten für Tabelle `system_alerts_status`
--

INSERT INTO `system_alerts_status` (`system_alerts_status_id`, `customers_id`, `guid`, `status_read`, `status_read_date`) VALUES
(1, 1, 3, 1, '2008-11-26 08:31:35'),
(2, 1, 2, 1, '2008-11-26 08:31:37'),
(3, 1, 1, 1, '2008-11-26 08:31:38'),
(4, 1, 4, 1, '2009-01-24 10:34:12'),
(5, 4987, 4, 1, '2009-02-19 19:07:38'),
(6, 4987, 3, 1, '2009-02-19 19:07:42'),
(7, 4987, 2, 1, '2009-02-19 19:07:44'),
(8, 4987, 1, 1, '2009-02-19 19:07:35'),
(9, 4987, 5, 1, '2009-06-27 19:44:11'),
(10, 1, 6, 1, '2009-07-14 18:13:48'),
(11, 1, 5, 1, '2009-07-14 18:13:51'),
(12, 4987, 6, 1, '2009-07-15 12:59:55'),
(13, 4987, 7, 1, '2009-10-20 15:04:24'),
(14, 1, 7, 1, '2009-11-13 11:15:21'),
(15, 4988, 7, 1, '2010-03-18 18:43:05'),
(16, 4988, 6, 1, '2010-03-18 18:43:07'),
(17, 4988, 5, 1, '2010-03-18 18:43:08'),
(18, 4988, 4, 1, '2010-03-18 18:43:10'),
(19, 4988, 3, 1, '2010-03-18 18:43:11'),
(20, 4988, 2, 1, '2010-03-18 18:43:13'),
(21, 4988, 1, 1, '2010-03-18 18:43:04'),
(22, 1, 9, 1, '2011-09-28 17:18:02'),
(23, 1, 8, 1, '2011-09-28 17:18:05');

-- --------------------------------------------------------

--
-- Tabellenstruktur für Tabelle `table_lock`
--

CREATE TABLE `table_lock` (
  `id` int(11) NOT NULL,
  `action_key` varchar(64) NOT NULL DEFAULT '',
  `status` enum('locked','open') NOT NULL DEFAULT 'locked',
  `last_lock` datetime NOT NULL DEFAULT '0000-00-00 00:00:00'
) ENGINE=MyISAM DEFAULT CHARSET=utf8;

--
-- Daten für Tabelle `table_lock`
--

INSERT INTO `table_lock` (`id`, `action_key`, `status`, `last_lock`) VALUES
(1, 'addtimer', 'open', '2009-12-02 12:55:06');

-- --------------------------------------------------------

--
-- Tabellenstruktur für Tabelle `tags`
--

CREATE TABLE `tags` (
  `tags_id` int(11) NOT NULL,
  `tag` varchar(64) NOT NULL,
  `date_added` datetime NOT NULL,
  `editor_id` int(11) NOT NULL,
  `type` varchar(8) NOT NULL
) ENGINE=InnoDB DEFAULT CHARSET=utf8;

--
-- Daten für Tabelle `tags`
--

INSERT INTO `tags` (`tags_id`, `tag`, `date_added`, `editor_id`, `type`) VALUES
(1, 'TEST', '2025-07-02 10:05:14', 1, 'product');

-- --------------------------------------------------------

--
-- Tabellenstruktur für Tabelle `tags_products`
--

CREATE TABLE `tags_products` (
  `tags_products_id` int(11) NOT NULL,
  `tags_id` int(11) NOT NULL,
  `products_id` int(11) NOT NULL
) ENGINE=MyISAM DEFAULT CHARSET=utf8;

--
-- Daten für Tabelle `tags_products`
--

INSERT INTO `tags_products` (`tags_products_id`, `tags_id`, `products_id`) VALUES
(1, 1, 524);

-- --------------------------------------------------------

--
-- Tabellenstruktur für Tabelle `tax_class`
--

CREATE TABLE `tax_class` (
  `tax_class_id` int(11) NOT NULL,
  `tax_class_title` varchar(32) NOT NULL DEFAULT '',
  `tax_class_description` varchar(255) NOT NULL DEFAULT '',
  `last_modified` datetime DEFAULT NULL,
  `date_added` datetime NOT NULL DEFAULT '0000-00-00 00:00:00'
) ENGINE=MyISAM DEFAULT CHARSET=utf8;

--
-- Daten für Tabelle `tax_class`
--

INSERT INTO `tax_class` (`tax_class_id`, `tax_class_title`, `tax_class_description`, `last_modified`, `date_added`) VALUES
(1, 'Standardsatz', '', '0000-00-00 00:00:00', '2004-09-15 10:00:46'),
(2, 'ermaeßigter Steuersatz', '', '2013-04-30 17:49:09', '2004-09-15 10:00:46'),
(3, 'ermäßigt 2', '', '2022-08-10 11:44:33', '2022-08-10 11:44:33'),
(4, 'stark ermäßigt', '', '2022-08-10 11:44:41', '2022-08-10 11:44:41'),
(5, 'stark ermäßigt 2', '', '2022-08-10 11:44:51', '2022-08-10 11:44:51'),
(6, 'zwischensatz', '', '2022-08-10 11:44:59', '2022-08-10 11:44:59');

-- --------------------------------------------------------

--
-- Tabellenstruktur für Tabelle `tax_rates`
--

CREATE TABLE `tax_rates` (
  `tax_rates_id` int(11) NOT NULL,
  `tax_zone_id` int(11) NOT NULL DEFAULT '0',
  `tax_class_id` int(11) NOT NULL DEFAULT '0',
  `tax_priority` int(5) DEFAULT '1',
  `tax_rate` decimal(7,4) NOT NULL DEFAULT '0.0000',
  `tax_description` varchar(255) NOT NULL DEFAULT '',
  `last_modified` datetime DEFAULT NULL,
  `date_added` datetime NOT NULL DEFAULT '0000-00-00 00:00:00'
) ENGINE=MyISAM DEFAULT CHARSET=utf8;

--
-- Daten für Tabelle `tax_rates`
--

INSERT INTO `tax_rates` (`tax_rates_id`, `tax_zone_id`, `tax_class_id`, `tax_priority`, `tax_rate`, `tax_description`, `last_modified`, `date_added`) VALUES
(2, 5, 2, 1, 7.0000, 'UST 7%', '0000-00-00 00:00:00', '0000-00-00 00:00:00'),
(4, 6, 2, 1, 7.0000, 'USt. 7%', '2022-08-10 11:46:19', '0000-00-00 00:00:00'),
(6, 8, 2, 1, 10.0000, 'USt. (AT) 10,00%', '0000-00-00 00:00:00', '2022-08-10 11:45:47'),
(7, 8, 3, 1, 13.0000, 'USt. (AT) 13,00%', '0000-00-00 00:00:00', '2022-08-10 11:45:47'),
(8, 8, 6, 1, 13.0000, 'USt. (AT) 13,00%', '0000-00-00 00:00:00', '2022-08-10 11:45:47'),
(9, 9, 1, 1, 21.0000, 'USt. (BE) 21,00%', '0000-00-00 00:00:00', '2022-08-10 11:45:47'),
(10, 9, 2, 1, 6.0000, 'USt. (BE) 6,00%', '0000-00-00 00:00:00', '2022-08-10 11:45:47'),
(11, 9, 3, 1, 12.0000, 'USt. (BE) 12,00%', '0000-00-00 00:00:00', '2022-08-10 11:45:47'),
(12, 9, 6, 1, 12.0000, 'USt. (BE) 12,00%', '0000-00-00 00:00:00', '2022-08-10 11:45:47'),
(13, 10, 1, 1, 20.0000, 'USt. (BG) 20,00%', '0000-00-00 00:00:00', '2022-08-10 11:45:47'),
(14, 10, 2, 1, 9.0000, 'USt. (BG) 9,00%', '0000-00-00 00:00:00', '2022-08-10 11:45:47'),
(15, 11, 1, 1, 19.0000, 'USt. (CY) 19,00%', '0000-00-00 00:00:00', '2022-08-10 11:45:47'),
(16, 11, 2, 1, 5.0000, 'USt. (CY) 5,00%', '0000-00-00 00:00:00', '2022-08-10 11:45:47'),
(17, 11, 3, 1, 9.0000, 'USt. (CY) 9,00%', '0000-00-00 00:00:00', '2022-08-10 11:45:47'),
(18, 12, 1, 1, 21.0000, 'USt. (CZ) 21,00%', '0000-00-00 00:00:00', '2022-08-10 11:45:47'),
(19, 12, 2, 1, 12.0000, 'USt. (CZ) 12,00%', '2024-08-14 16:18:39', '2022-08-10 11:45:47'),
(21, 13, 1, 1, 19.0000, 'TAX (DE) 19,00%', '2025-07-24 16:21:14', '2022-08-10 11:45:47'),
(22, 13, 2, 1, 7.0000, 'USt. (DE) 7,00%', '0000-00-00 00:00:00', '2022-08-10 11:45:47'),
(23, 14, 1, 1, 25.0000, 'USt. (DK) 25,00%', '0000-00-00 00:00:00', '2022-08-10 11:45:47'),
(24, 15, 1, 1, 22.0000, 'USt. (EE) 22,00%', '2024-08-14 16:19:36', '2022-08-10 11:45:47'),
(25, 15, 2, 1, 9.0000, 'USt. (EE) 9,00%', '0000-00-00 00:00:00', '2022-08-10 11:45:47'),
(26, 16, 1, 1, 24.0000, 'USt. (GR) 24,00%', '0000-00-00 00:00:00', '2022-08-10 11:45:47'),
(27, 16, 2, 1, 6.0000, 'USt. (GR) 6,00%', '0000-00-00 00:00:00', '2022-08-10 11:45:47'),
(28, 16, 3, 1, 13.0000, 'USt. (GR) 13,00%', '0000-00-00 00:00:00', '2022-08-10 11:45:47'),
(29, 17, 1, 1, 21.0000, 'USt. (ES) 21,00%', '0000-00-00 00:00:00', '2022-08-10 11:45:47'),
(30, 17, 2, 1, 10.0000, 'USt. (ES) 10,00%', '0000-00-00 00:00:00', '2022-08-10 11:45:47'),
(31, 17, 4, 1, 4.0000, 'USt. (ES) 4,00%', '0000-00-00 00:00:00', '2022-08-10 11:45:47'),
(32, 18, 1, 1, 24.0000, 'USt. (FI) 24,00%', '0000-00-00 00:00:00', '2022-08-10 11:45:47'),
(33, 18, 2, 1, 10.0000, 'USt. (FI) 10,00%', '0000-00-00 00:00:00', '2022-08-10 11:45:47'),
(34, 18, 3, 1, 14.0000, 'USt. (FI) 14,00%', '0000-00-00 00:00:00', '2022-08-10 11:45:47'),
(35, 19, 1, 1, 20.0000, 'USt. (FR) 20,00%', '0000-00-00 00:00:00', '2022-08-10 11:45:47'),
(36, 19, 2, 1, 5.5000, 'USt. (FR) 5,50%', '0000-00-00 00:00:00', '2022-08-10 11:45:47'),
(37, 19, 3, 1, 10.0000, 'USt. (FR) 10,00%', '0000-00-00 00:00:00', '2022-08-10 11:45:47'),
(38, 19, 4, 1, 2.1000, 'USt. (FR) 2,10%', '0000-00-00 00:00:00', '2022-08-10 11:45:47'),
(39, 20, 1, 1, 25.0000, 'USt. (HR) 25,00%', '0000-00-00 00:00:00', '2022-08-10 11:45:47'),
(40, 20, 2, 1, 5.0000, 'USt. (HR) 5,00%', '0000-00-00 00:00:00', '2022-08-10 11:45:47'),
(41, 20, 3, 1, 13.0000, 'USt. (HR) 13,00%', '0000-00-00 00:00:00', '2022-08-10 11:45:47'),
(42, 21, 1, 1, 27.0000, 'USt. (HU) 27,00%', '0000-00-00 00:00:00', '2022-08-10 11:45:47'),
(43, 21, 2, 1, 5.0000, 'USt. (HU) 5,00%', '0000-00-00 00:00:00', '2022-08-10 11:45:47'),
(44, 21, 3, 1, 18.0000, 'USt. (HU) 18,00%', '0000-00-00 00:00:00', '2022-08-10 11:45:47'),
(45, 22, 1, 1, 23.0000, 'USt. (IE) 23,00%', '0000-00-00 00:00:00', '2022-08-10 11:45:47'),
(46, 22, 2, 1, 9.0000, 'USt. (IE) 9,00%', '0000-00-00 00:00:00', '2022-08-10 11:45:47'),
(47, 22, 3, 1, 13.5000, 'USt. (IE) 13,50%', '0000-00-00 00:00:00', '2022-08-10 11:45:47'),
(48, 22, 4, 1, 4.8000, 'USt. (IE) 4,80%', '0000-00-00 00:00:00', '2022-08-10 11:45:47'),
(49, 22, 6, 1, 13.5000, 'USt. (IE) 13,50%', '0000-00-00 00:00:00', '2022-08-10 11:45:47'),
(50, 23, 1, 1, 22.0000, 'USt. (IT) 22,00%', '0000-00-00 00:00:00', '2022-08-10 11:45:47'),
(51, 23, 2, 1, 5.0000, 'USt. (IT) 5,00%', '0000-00-00 00:00:00', '2022-08-10 11:45:47'),
(52, 23, 3, 1, 10.0000, 'USt. (IT) 10,00%', '0000-00-00 00:00:00', '2022-08-10 11:45:47'),
(53, 23, 4, 1, 4.0000, 'USt. (IT) 4,00%', '0000-00-00 00:00:00', '2022-08-10 11:45:47'),
(54, 24, 1, 1, 21.0000, 'USt. (LT) 21,00%', '0000-00-00 00:00:00', '2022-08-10 11:45:47'),
(55, 24, 2, 1, 5.0000, 'USt. (LT) 5,00%', '0000-00-00 00:00:00', '2022-08-10 11:45:47'),
(56, 24, 3, 1, 9.0000, 'USt. (LT) 9,00%', '0000-00-00 00:00:00', '2022-08-10 11:45:47'),
(57, 25, 1, 1, 17.0000, 'USt. (LU) 17,00%', '0000-00-00 00:00:00', '2022-08-10 11:45:47'),
(58, 25, 2, 1, 8.0000, 'USt. (LU) 8,00%', '0000-00-00 00:00:00', '2022-08-10 11:45:47'),
(59, 25, 4, 1, 3.0000, 'USt. (LU) 3,00%', '0000-00-00 00:00:00', '2022-08-10 11:45:47'),
(60, 25, 6, 1, 14.0000, 'USt. (LU) 14,00%', '0000-00-00 00:00:00', '2022-08-10 11:45:47'),
(61, 26, 1, 1, 21.0000, 'USt. (LV) 21,00%', '0000-00-00 00:00:00', '2022-08-10 11:45:47'),
(62, 26, 2, 1, 12.0000, 'USt. (LV) 12,00%', '0000-00-00 00:00:00', '2022-08-10 11:45:47'),
(63, 26, 3, 1, 5.0000, 'USt. (LV) 5,00%', '0000-00-00 00:00:00', '2022-08-10 11:45:47'),
(64, 27, 1, 1, 18.0000, 'USt. (MT) 18,00%', '0000-00-00 00:00:00', '2022-08-10 11:45:47'),
(65, 27, 2, 1, 5.0000, 'USt. (MT) 5,00%', '0000-00-00 00:00:00', '2022-08-10 11:45:47'),
(66, 27, 3, 1, 7.0000, 'USt. (MT) 7,00%', '0000-00-00 00:00:00', '2022-08-10 11:45:47'),
(67, 28, 1, 1, 21.0000, 'USt. (NL) 21,00%', '0000-00-00 00:00:00', '2022-08-10 11:45:47'),
(68, 28, 2, 1, 9.0000, 'USt. (NL) 9,00%', '0000-00-00 00:00:00', '2022-08-10 11:45:47'),
(69, 29, 1, 1, 23.0000, 'USt. (PL) 23,00%', '0000-00-00 00:00:00', '2022-08-10 11:45:47'),
(70, 29, 2, 1, 5.0000, 'USt. (PL) 5,00%', '0000-00-00 00:00:00', '2022-08-10 11:45:47'),
(71, 29, 3, 1, 8.0000, 'USt. (PL) 8,00%', '0000-00-00 00:00:00', '2022-08-10 11:45:47'),
(72, 30, 1, 1, 23.0000, 'USt. (PT) 23,00%', '0000-00-00 00:00:00', '2022-08-10 11:45:47'),
(73, 30, 2, 1, 6.0000, 'USt. (PT) 6,00%', '0000-00-00 00:00:00', '2022-08-10 11:45:47'),
(74, 30, 3, 1, 13.0000, 'USt. (PT) 13,00%', '0000-00-00 00:00:00', '2022-08-10 11:45:47'),
(75, 30, 6, 1, 13.0000, 'USt. (PT) 13,00%', '0000-00-00 00:00:00', '2022-08-10 11:45:47'),
(76, 31, 1, 1, 19.0000, 'USt. (RO) 19,00%', '0000-00-00 00:00:00', '2022-08-10 11:45:47'),
(77, 31, 2, 1, 5.0000, 'USt. (RO) 5,00%', '0000-00-00 00:00:00', '2022-08-10 11:45:47'),
(78, 31, 3, 1, 9.0000, 'USt. (RO) 9,00%', '0000-00-00 00:00:00', '2022-08-10 11:45:47'),
(79, 32, 1, 1, 25.0000, 'USt. (SE) 25,00%', '0000-00-00 00:00:00', '2022-08-10 11:45:47'),
(80, 32, 2, 1, 6.0000, 'USt. (SE) 6,00%', '0000-00-00 00:00:00', '2022-08-10 11:45:47'),
(81, 32, 3, 1, 12.0000, 'USt. (SE) 12,00%', '0000-00-00 00:00:00', '2022-08-10 11:45:47'),
(82, 33, 1, 1, 22.0000, 'USt. (SI) 22,00%', '0000-00-00 00:00:00', '2022-08-10 11:45:47'),
(83, 33, 2, 1, 9.5000, 'USt. (SI) 9,50%', '0000-00-00 00:00:00', '2022-08-10 11:45:47'),
(84, 34, 1, 1, 20.0000, 'USt. (SK) 20,00%', '0000-00-00 00:00:00', '2022-08-10 11:45:47'),
(85, 34, 2, 1, 10.0000, 'USt. (SK) 10,00%', '0000-00-00 00:00:00', '2022-08-10 11:45:47');

-- --------------------------------------------------------

--
-- Tabellenstruktur für Tabelle `testeo`
--

CREATE TABLE `testeo` (
  `yourID` int(11) NOT NULL DEFAULT '0',
  `testeoGrade` varchar(64) NOT NULL DEFAULT '',
  `sourceCode` text NOT NULL
) ENGINE=MyISAM DEFAULT CHARSET=utf8;

-- --------------------------------------------------------

--
-- Tabellenstruktur für Tabelle `units`
--

CREATE TABLE `units` (
  `units_id` int(11) NOT NULL,
  `units_title` varchar(64) NOT NULL DEFAULT ''
) ENGINE=MyISAM DEFAULT CHARSET=utf8;

--
-- Daten für Tabelle `units`
--

INSERT INTO `units` (`units_id`, `units_title`) VALUES
(1, '2er'),
(2, '4er'),
(3, '6er');

-- --------------------------------------------------------

--
-- Tabellenstruktur für Tabelle `units_description`
--

CREATE TABLE `units_description` (
  `units_description_id` int(11) NOT NULL,
  `units_id` int(11) NOT NULL DEFAULT '0',
  `language_id` int(11) NOT NULL DEFAULT '0',
  `units_value` varchar(64) NOT NULL DEFAULT ''
) ENGINE=MyISAM DEFAULT CHARSET=utf8;

--
-- Daten für Tabelle `units_description`
--

INSERT INTO `units_description` (`units_description_id`, `units_id`, `language_id`, `units_value`) VALUES
(1, 1, 2, '2'),
(2, 2, 2, '4'),
(3, 3, 2, '6');

-- --------------------------------------------------------

--
-- Tabellenstruktur für Tabelle `un_classifications`
--

CREATE TABLE `un_classifications` (
  `un_classifications_id` int(11) NOT NULL,
  `un_title` varchar(128) COLLATE utf8mb4_unicode_ci NOT NULL,
  `un_description` text COLLATE utf8mb4_unicode_ci NOT NULL,
  `un_image` varchar(255) COLLATE utf8mb4_unicode_ci NOT NULL
) ENGINE=InnoDB DEFAULT CHARSET=utf8mb4 COLLATE=utf8mb4_unicode_ci;

--
-- Daten für Tabelle `un_classifications`
--

INSERT INTO `un_classifications` (`un_classifications_id`, `un_title`, `un_description`, `un_image`) VALUES
(1, 'UN3480', 'Ion Lithium Battery', '');

-- --------------------------------------------------------

--
-- Tabellenstruktur für Tabelle `userprofile_emailfilter_addresses`
--

CREATE TABLE `userprofile_emailfilter_addresses` (
  `userprofile_emailfilter_addresses_id` int(11) NOT NULL,
  `customers_id` int(11) NOT NULL COMMENT 'wer hat die addresse hinterlegt',
  `email_address` varchar(255) NOT NULL,
  `date_added` date NOT NULL
) ENGINE=MyISAM DEFAULT CHARSET=utf8;

-- --------------------------------------------------------

--
-- Tabellenstruktur für Tabelle `wishlist_attributes`
--

CREATE TABLE `wishlist_attributes` (
  `attributes_id` int(11) NOT NULL,
  `customers_id` int(11) NOT NULL DEFAULT '0',
  `wishlist_products_id` int(11) NOT NULL DEFAULT '0',
  `products_options_id` int(11) NOT NULL DEFAULT '0',
  `products_options_value_id` int(11) NOT NULL DEFAULT '0'
) ENGINE=MyISAM DEFAULT CHARSET=utf8;

-- --------------------------------------------------------

--
-- Tabellenstruktur für Tabelle `wishlist_customers`
--

CREATE TABLE `wishlist_customers` (
  `id` int(11) NOT NULL,
  `customers_id` int(11) NOT NULL DEFAULT '0',
  `create_date` datetime NOT NULL DEFAULT '0000-00-00 00:00:00',
  `memo` text NOT NULL
) ENGINE=InnoDB DEFAULT CHARSET=utf8;

--
-- Daten für Tabelle `wishlist_customers`
--

INSERT INTO `wishlist_customers` (`id`, `customers_id`, `create_date`, `memo`) VALUES
(1, 1, '2019-04-23 13:38:20', '');

-- --------------------------------------------------------

--
-- Tabellenstruktur für Tabelle `wishlist_products`
--

CREATE TABLE `wishlist_products` (
  `id` int(11) NOT NULL,
  `wishlist_customers_id` int(11) NOT NULL DEFAULT '0',
  `products_id` int(11) NOT NULL DEFAULT '0',
  `quantity` int(11) NOT NULL DEFAULT '0',
  `memo` text NOT NULL,
  `wishstatus` int(1) NOT NULL DEFAULT '0',
  `ordered` int(3) NOT NULL DEFAULT '0',
  `create_date` datetime NOT NULL DEFAULT '0000-00-00 00:00:00'
) ENGINE=InnoDB DEFAULT CHARSET=utf8;

--
-- Daten für Tabelle `wishlist_products`
--

INSERT INTO `wishlist_products` (`id`, `wishlist_customers_id`, `products_id`, `quantity`, `memo`, `wishstatus`, `ordered`, `create_date`) VALUES
(1, 1, 108, 1, '', 0, 0, '2019-04-23 13:38:20');

-- --------------------------------------------------------

--
-- Tabellenstruktur für Tabelle `wrapping_counter`
--

CREATE TABLE `wrapping_counter` (
  `wrapping_counter_id` int(11) NOT NULL,
  `orders_id` int(11) NOT NULL DEFAULT '0',
  `branches_id` int(11) NOT NULL DEFAULT '0',
  `date_added` datetime NOT NULL DEFAULT '0000-00-00 00:00:00',
  `date_fetched` datetime NOT NULL DEFAULT '0000-00-00 00:00:00'
) ENGINE=MyISAM DEFAULT CHARSET=utf8;

--
-- Daten für Tabelle `wrapping_counter`
--

INSERT INTO `wrapping_counter` (`wrapping_counter_id`, `orders_id`, `branches_id`, `date_added`, `date_fetched`) VALUES
(1, 8, 0, '2010-01-02 18:44:12', '0000-00-00 00:00:00'),
(2, 12, 0, '2010-03-25 19:52:43', '0000-00-00 00:00:00'),
(3, 19, 0, '2013-11-06 17:25:57', '0000-00-00 00:00:00'),
(4, 50123, 0, '2025-10-16 12:01:14', '0000-00-00 00:00:00'),
(5, 50045, 0, '2025-10-22 09:06:46', '0000-00-00 00:00:00');

-- --------------------------------------------------------

--
-- Tabellenstruktur für Tabelle `yes_amazon_pay_refunds`
--

CREATE TABLE `yes_amazon_pay_refunds` (
  `yes_amazon_pay_refunds_id` int(11) NOT NULL,
  `AmazonRefundId` varchar(32) NOT NULL,
  `RefundReferenceId` varchar(32) NOT NULL,
  `SellerRefundNote` text NOT NULL,
  `RefundType` varchar(32) NOT NULL,
  `Currency` varchar(3) NOT NULL,
  `RefundedAmount` decimal(15,4) NOT NULL,
  `FeeRefunded` decimal(15,4) NOT NULL,
  `RefundStatus` varchar(16) NOT NULL,
  `date_created` datetime NOT NULL,
  `yes_amazon_pay_reference_id` varchar(32) NOT NULL
) ENGINE=InnoDB DEFAULT CHARSET=utf8;

-- --------------------------------------------------------

--
-- Tabellenstruktur für Tabelle `yes_cron_exports`
--

CREATE TABLE `yes_cron_exports` (
  `yes_cron_exports_id` int(11) NOT NULL,
  `name` varchar(64) NOT NULL,
  `date_added` datetime NOT NULL,
  `last_export` datetime NOT NULL,
  `use_heading_row` int(1) NOT NULL,
  `ini_file` varchar(64) NOT NULL,
  `current_export` int(1) NOT NULL,
  `current_export_page` int(2) NOT NULL,
  `export_filename` varchar(64) NOT NULL,
  `export_linked_products` int(1) NOT NULL,
  `cat` varchar(255) NOT NULL,
  `allCat` int(1) NOT NULL,
  `distributors_id` int(11) NOT NULL,
  `export_interval_in_hours` int(11) NOT NULL
) ENGINE=InnoDB DEFAULT CHARSET=utf8;

-- --------------------------------------------------------

--
-- Tabellenstruktur für Tabelle `yes_cron_export_heading_rows`
--

CREATE TABLE `yes_cron_export_heading_rows` (
  `yes_cron_export_heading_rows_id` int(11) NOT NULL,
  `yes_cron_exports_id` int(11) NOT NULL,
  `sort_order` int(11) NOT NULL,
  `name` varchar(128) NOT NULL
) ENGINE=InnoDB DEFAULT CHARSET=utf8;

-- --------------------------------------------------------

--
-- Tabellenstruktur für Tabelle `yes_help`
--

CREATE TABLE `yes_help` (
  `help_id` int(11) NOT NULL,
  `help_title` varchar(128) NOT NULL DEFAULT '',
  `help_text` text NOT NULL,
  `last_change` timestamp NOT NULL DEFAULT CURRENT_TIMESTAMP
) ENGINE=MyISAM DEFAULT CHARSET=utf8;

-- --------------------------------------------------------

--
-- Tabellenstruktur für Tabelle `yes_xmlrpc_import_config`
--

CREATE TABLE `yes_xmlrpc_import_config` (
  `yes_xmlrpc_import_config_id` int(11) NOT NULL,
  `yes_xmlrpc_remote_token_id` int(11) NOT NULL,
  `languages` text NOT NULL,
  `manufacturers` text NOT NULL,
  `import_categories_id` int(11) NOT NULL,
  `shipping_statuses` text NOT NULL,
  `units` text NOT NULL,
  `products_vpe` text NOT NULL
) ENGINE=InnoDB DEFAULT CHARSET=utf8;

-- --------------------------------------------------------

--
-- Tabellenstruktur für Tabelle `yes_xmlrpc_products`
--

CREATE TABLE `yes_xmlrpc_products` (
  `yes_xmlrpc_products_id` int(11) NOT NULL,
  `yes_xmlrpc_remote_token_id` int(11) NOT NULL,
  `products_id` int(11) NOT NULL,
  `remote_products_id` int(11) NOT NULL,
  `date_added` datetime NOT NULL,
  `imported` int(1) NOT NULL,
  `remote_set_id` varchar(32) NOT NULL
) ENGINE=InnoDB DEFAULT CHARSET=utf8;

-- --------------------------------------------------------

--
-- Tabellenstruktur für Tabelle `zones`
--

CREATE TABLE `zones` (
  `zone_id` int(11) NOT NULL,
  `zone_country_id` int(11) NOT NULL DEFAULT '0',
  `zone_code` varchar(32) NOT NULL DEFAULT '',
  `zone_name` varchar(32) NOT NULL DEFAULT ''
) ENGINE=MyISAM DEFAULT CHARSET=utf8;

--
-- Daten für Tabelle `zones`
--

INSERT INTO `zones` (`zone_id`, `zone_country_id`, `zone_code`, `zone_name`) VALUES
(1, 223, 'AL', 'Alabama'),
(2, 223, 'AK', 'Alaska'),
(3, 223, 'AS', 'American Samoa'),
(4, 223, 'AZ', 'Arizona'),
(5, 223, 'AR', 'Arkansas'),
(6, 223, 'AF', 'Armed Forces Africa'),
(7, 223, 'AA', 'Armed Forces Americas'),
(8, 223, 'AC', 'Armed Forces Canada'),
(9, 223, 'AE', 'Armed Forces Europe'),
(10, 223, 'AM', 'Armed Forces Middle East'),
(11, 223, 'AP', 'Armed Forces Pacific'),
(12, 223, 'CA', 'California'),
(13, 223, 'CO', 'Colorado'),
(14, 223, 'CT', 'Connecticut'),
(15, 223, 'DE', 'Delaware'),
(16, 223, 'DC', 'District of Columbia'),
(17, 223, 'FM', 'Federated States Of Micronesia'),
(18, 223, 'FL', 'Florida'),
(19, 223, 'GA', 'Georgia'),
(20, 223, 'GU', 'Guam'),
(21, 223, 'HI', 'Hawaii'),
(22, 223, 'ID', 'Idaho'),
(23, 223, 'IL', 'Illinois'),
(24, 223, 'IN', 'Indiana'),
(25, 223, 'IA', 'Iowa'),
(26, 223, 'KS', 'Kansas'),
(27, 223, 'KY', 'Kentucky'),
(28, 223, 'LA', 'Louisiana'),
(29, 223, 'ME', 'Maine'),
(30, 223, 'MH', 'Marshall Islands'),
(31, 223, 'MD', 'Maryland'),
(32, 223, 'MA', 'Massachusetts'),
(33, 223, 'MI', 'Michigan'),
(34, 223, 'MN', 'Minnesota'),
(35, 223, 'MS', 'Mississippi'),
(36, 223, 'MO', 'Missouri'),
(37, 223, 'MT', 'Montana'),
(38, 223, 'NE', 'Nebraska'),
(39, 223, 'NV', 'Nevada'),
(40, 223, 'NH', 'New Hampshire'),
(41, 223, 'NJ', 'New Jersey'),
(42, 223, 'NM', 'New Mexico'),
(43, 223, 'NY', 'New York'),
(44, 223, 'NC', 'North Carolina'),
(45, 223, 'ND', 'North Dakota'),
(46, 223, 'MP', 'Northern Mariana Islands'),
(47, 223, 'OH', 'Ohio'),
(48, 223, 'OK', 'Oklahoma'),
(49, 223, 'OR', 'Oregon'),
(50, 223, 'PW', 'Palau'),
(51, 223, 'PA', 'Pennsylvania'),
(52, 223, 'PR', 'Puerto Rico'),
(53, 223, 'RI', 'Rhode Island'),
(54, 223, 'SC', 'South Carolina'),
(55, 223, 'SD', 'South Dakota'),
(56, 223, 'TN', 'Tennessee'),
(57, 223, 'TX', 'Texas'),
(58, 223, 'UT', 'Utah'),
(59, 223, 'VT', 'Vermont'),
(60, 223, 'VI', 'Virgin Islands'),
(61, 223, 'VA', 'Virginia'),
(62, 223, 'WA', 'Washington'),
(63, 223, 'WV', 'West Virginia'),
(64, 223, 'WI', 'Wisconsin'),
(65, 223, 'WY', 'Wyoming'),
(66, 38, 'AB', 'Alberta'),
(67, 38, 'BC', 'British Columbia'),
(68, 38, 'MB', 'Manitoba'),
(69, 38, 'NF', 'Newfoundland'),
(70, 38, 'NB', 'New Brunswick'),
(71, 38, 'NS', 'Nova Scotia'),
(72, 38, 'NT', 'Northwest Territories'),
(73, 38, 'NU', 'Nunavut'),
(74, 38, 'ON', 'Ontario'),
(75, 38, 'PE', 'Prince Edward Island'),
(76, 38, 'QC', 'Quebec'),
(77, 38, 'SK', 'Saskatchewan'),
(78, 38, 'YT', 'Yukon Territory'),
(79, 81, 'NDS', 'Niedersachsen'),
(80, 81, 'BAW', 'Baden-Württemberg'),
(81, 81, 'BAY', 'Bayern'),
(82, 81, 'BER', 'Berlin'),
(83, 81, 'BRG', 'Brandenburg'),
(84, 81, 'BRE', 'Bremen'),
(85, 81, 'HAM', 'Hamburg'),
(86, 81, 'HES', 'Hessen'),
(87, 81, 'MEC', 'Mecklenburg-Vorpommern'),
(88, 81, 'NRW', 'Nordrhein-Westfalen'),
(89, 81, 'RHE', 'Rheinland-Pfalz'),
(90, 81, 'SAR', 'Saarland'),
(91, 81, 'SAS', 'Sachsen'),
(92, 81, 'SAC', 'Sachsen-Anhalt'),
(93, 81, 'SCN', 'Schleswig-Holstein'),
(94, 81, 'THE', 'Thüringen'),
(95, 14, 'WI', 'Wien'),
(96, 14, 'NO', 'NiederÃƒÆ’Ã‚Æ’Ãƒââ'),
(97, 14, 'OO', 'OberÃƒÆ’Ã‚Æ’Ãƒâ€'),
(98, 14, 'SB', 'Salzburg'),
(99, 14, 'KN', 'KÃƒÆ’Ã‚Æ’Ãƒâ€šÃ'),
(100, 14, 'ST', 'Steiermark'),
(101, 14, 'TI', 'Tirol'),
(102, 14, 'BL', 'Burgenland'),
(103, 14, 'VB', 'Voralberg'),
(104, 204, 'AG', 'Aargau'),
(105, 204, 'AI', 'Appenzell Innerrhoden'),
(106, 204, 'AR', 'Appenzell Ausserrhoden'),
(107, 204, 'BE', 'Bern'),
(108, 204, 'BL', 'Basel-Landschaft'),
(109, 204, 'BS', 'Basel-Stadt'),
(110, 204, 'FR', 'Freiburg'),
(111, 204, 'GE', 'Genf'),
(112, 204, 'GL', 'Glarus'),
(113, 204, 'JU', 'GraubÃƒÆ’Ã‚Æ’Ãƒââ‚'),
(114, 204, 'JU', 'Jura'),
(115, 204, 'LU', 'Luzern'),
(116, 204, 'NE', 'Neuenburg'),
(117, 204, 'NW', 'Nidwalden'),
(118, 204, 'OW', 'Obwalden'),
(119, 204, 'SG', 'St. Gallen'),
(120, 204, 'SH', 'Schaffhausen'),
(121, 204, 'SO', 'Solothurn'),
(122, 204, 'SZ', 'Schwyz'),
(123, 204, 'TG', 'Thurgau'),
(124, 204, 'TI', 'Tessin'),
(125, 204, 'UR', 'Uri'),
(126, 204, 'VD', 'Waadt'),
(127, 204, 'VS', 'Wallis'),
(128, 204, 'ZG', 'Zug'),
(129, 204, 'ZH', 'ZÃƒÆ’Ã‚Æ’Ãƒâ€šÃ'),
(130, 195, 'A CoruÃƒÆ’Ã‚Æ’Ãƒââ', 'A CoruÃƒÆ’Ã‚Æ’Ãƒââ'),
(131, 195, 'Alava', 'Alava'),
(132, 195, 'Albacete', 'Albacete'),
(133, 195, 'Alicante', 'Alicante'),
(134, 195, 'Almeria', 'Almeria'),
(135, 195, 'Asturias', 'Asturias'),
(136, 195, 'Avila', 'Avila'),
(137, 195, 'Badajoz', 'Badajoz'),
(138, 195, 'Baleares', 'Baleares'),
(139, 195, 'Barcelona', 'Barcelona'),
(140, 195, 'Burgos', 'Burgos'),
(141, 195, 'Caceres', 'Caceres'),
(142, 195, 'Cadiz', 'Cadiz'),
(143, 195, 'Cantabria', 'Cantabria'),
(144, 195, 'Castellon', 'Castellon'),
(145, 195, 'Ceuta', 'Ceuta'),
(146, 195, 'Ciudad Real', 'Ciudad Real'),
(147, 195, 'Cordoba', 'Cordoba'),
(148, 195, 'Cuenca', 'Cuenca'),
(149, 195, 'Girona', 'Girona'),
(150, 195, 'Granada', 'Granada'),
(151, 195, 'Guadalajara', 'Guadalajara'),
(152, 195, 'Guipuzcoa', 'Guipuzcoa'),
(153, 195, 'Huelva', 'Huelva'),
(154, 195, 'Huesca', 'Huesca'),
(155, 195, 'Jaen', 'Jaen'),
(156, 195, 'La Rioja', 'La Rioja'),
(157, 195, 'Las Palmas', 'Las Palmas'),
(158, 195, 'Leon', 'Leon'),
(159, 195, 'Lleida', 'Lleida'),
(160, 195, 'Lugo', 'Lugo'),
(161, 195, 'Madrid', 'Madrid'),
(162, 195, 'Malaga', 'Malaga'),
(163, 195, 'Melilla', 'Melilla'),
(164, 195, 'Murcia', 'Murcia'),
(165, 195, 'Navarra', 'Navarra'),
(166, 195, 'Ourense', 'Ourense'),
(167, 195, 'Palencia', 'Palencia'),
(168, 195, 'Pontevedra', 'Pontevedra'),
(169, 195, 'Salamanca', 'Salamanca'),
(170, 195, 'Santa Cruz de Tenerife', 'Santa Cruz de Tenerife'),
(171, 195, 'Segovia', 'Segovia'),
(172, 195, 'Sevilla', 'Sevilla'),
(173, 195, 'Soria', 'Soria'),
(174, 195, 'Tarragona', 'Tarragona'),
(175, 195, 'Teruel', 'Teruel'),
(176, 195, 'Toledo', 'Toledo'),
(177, 195, 'Valencia', 'Valencia'),
(178, 195, 'Valladolid', 'Valladolid'),
(179, 195, 'Vizcaya', 'Vizcaya'),
(180, 195, 'Zamora', 'Zamora'),
(181, 195, 'Zaragoza', 'Zaragoza'),
(182, 13, 'NSW', 'New South Wales'),
(183, 13, 'VIC', 'Victoria'),
(184, 13, 'QLD', 'Queensland'),
(185, 13, 'NT', 'Northern Territory'),
(186, 13, 'WA', 'Western Australia'),
(187, 13, 'SA', 'South Australia'),
(188, 13, 'TAS', 'Tasmania'),
(189, 13, 'ACT', 'Australian Capital Territory'),
(190, 153, 'Northland', 'Northland'),
(191, 153, 'Auckland', 'Auckland'),
(192, 153, 'Waikato', 'Waikato'),
(193, 153, 'Bay of Plenty', 'Bay of Plenty'),
(194, 153, 'Gisborne', 'Gisborne'),
(195, 153, 'Hawkes Bay', 'Hawkes Bay'),
(196, 153, 'Taranaki', 'Taranaki'),
(197, 153, 'Manawatu-Wanganui', 'Manawatu-Wanganui'),
(198, 153, 'Wellington', 'Wellington'),
(199, 153, 'West Coast', 'West Coast'),
(200, 153, 'Canterbury', 'Canterbury'),
(201, 153, 'Otago', 'Otago'),
(202, 153, 'Southland', 'Southland'),
(203, 153, 'Tasman', 'Tasman'),
(204, 153, 'Nelson', 'Nelson'),
(205, 153, 'Marlborough', 'Marlborough'),
(206, 30, 'SP', 'SÃƒÆ’Ã‚Æ’Ãƒâ€šÃ'),
(207, 30, 'RJ', 'Rio de Janeiro'),
(208, 30, 'PE', 'Pernanbuco'),
(209, 30, 'BA', 'Bahia'),
(210, 30, 'AM', 'Amazonas'),
(211, 30, 'MG', 'Minas Gerais'),
(212, 30, 'ES', 'Espirito Santo'),
(213, 30, 'RS', 'Rio Grande do Sul'),
(214, 30, 'PR', 'ParanÃƒÆ’Ã‚Æ’Ãƒââ‚'),
(215, 30, 'SC', 'Santa Catarina'),
(216, 30, 'RG', 'Rio Grande do Norte'),
(217, 30, 'MS', 'Mato Grosso do Sul'),
(218, 30, 'MT', 'Mato Grosso'),
(219, 30, 'GO', 'Goias'),
(220, 30, 'TO', 'Tocantins'),
(221, 30, 'DF', 'Distrito Federal'),
(222, 30, 'RO', 'Rondonia'),
(223, 30, 'AC', 'Acre'),
(224, 30, 'AP', 'Amapa'),
(225, 30, 'RO', 'Roraima'),
(226, 30, 'AL', 'Alagoas'),
(227, 30, 'CE', 'CearÃƒÆ’Ã‚Æ’Ãƒâ€'),
(228, 30, 'MA', 'MaranhÃƒÆ’Ã‚Æ’Ãƒââ'),
(229, 30, 'PA', 'ParÃƒÆ’Ã‚Æ’Ãƒâ€Å'),
(230, 30, 'PB', 'ParaÃƒÆ’Ã‚Æ’Ãƒâ€'),
(231, 30, 'PI', 'PiauÃƒÆ’Ã‚Æ’Ãƒâ€'),
(232, 30, 'SE', 'Sergipe'),
(233, 43, 'I', 'I RegiÃƒÆ’Ã‚Æ’Ãƒââ'),
(234, 43, 'II', 'II RegiÃƒÆ’Ã‚Æ’Ãƒâ'),
(235, 43, 'III', 'III RegiÃƒÆ’Ã‚Æ’ÃƒÃ'),
(236, 43, 'IV', 'IV RegiÃƒÆ’Ã‚Æ’Ãƒâ'),
(237, 43, 'V', 'V RegiÃƒÆ’Ã‚Æ’Ãƒââ'),
(238, 43, 'RM', 'RegiÃƒÆ’Ã‚Æ’Ãƒâ€'),
(239, 43, 'VI', 'VI RegiÃƒÆ’Ã‚Æ’Ãƒâ'),
(240, 43, 'VII', 'VII RegiÃƒÆ’Ã‚Æ’ÃƒÃ'),
(241, 43, 'VIII', 'VIII RegiÃƒÆ’Ã‚Æ’Ãƒ'),
(242, 43, 'IX', 'IX RegiÃƒÆ’Ã‚Æ’Ãƒâ'),
(243, 43, 'X', 'X RegiÃƒÆ’Ã‚Æ’Ãƒââ'),
(244, 43, 'XI', 'XI RegiÃƒÆ’Ã‚Æ’Ãƒâ'),
(245, 43, 'XII', 'XII RegiÃƒÆ’Ã‚Æ’ÃƒÃ'),
(246, 47, 'AMA', 'Amazonas'),
(247, 47, 'ANT', 'Antioquia'),
(248, 47, 'ARA', 'Arauca'),
(249, 47, 'ATL', 'Atlantico'),
(250, 47, 'BOL', 'Bolivar'),
(251, 47, 'BOY', 'Boyaca'),
(252, 47, 'CAL', 'Caldas'),
(253, 47, 'CAQ', 'Caqueta'),
(254, 47, 'CAS', 'Casanare'),
(255, 47, 'CAU', 'Cauca'),
(256, 47, 'CES', 'Cesar'),
(257, 47, 'CHO', 'Choco'),
(258, 47, 'COR', 'Cordoba'),
(259, 47, 'CUN', 'Cundinamarca'),
(260, 47, 'HUI', 'Huila'),
(261, 47, 'GUA', 'Guainia'),
(262, 47, 'GUA', 'Guajira'),
(263, 47, 'GUV', 'Guaviare'),
(264, 47, 'MAG', 'Magdalena'),
(265, 47, 'MET', 'Meta'),
(266, 47, 'NAR', 'Narino'),
(267, 47, 'NDS', 'Norte de Santander'),
(268, 47, 'PUT', 'Putumayo'),
(269, 47, 'QUI', 'Quindio'),
(270, 47, 'RIS', 'Risaralda'),
(271, 47, 'SAI', 'San Andres Islas'),
(272, 47, 'SAN', 'Santander'),
(273, 47, 'SUC', 'Sucre'),
(274, 47, 'TOL', 'Tolima'),
(275, 47, 'VAL', 'Valle'),
(276, 47, 'VAU', 'Vaupes'),
(277, 47, 'VIC', 'Vichada'),
(278, 73, 'Et', 'Etranger'),
(279, 73, '01', 'Ain'),
(280, 73, '02', 'Aisne'),
(281, 73, '03', 'Allier'),
(282, 73, '04', 'Alpes de Haute Provence'),
(283, 73, '05', 'Hautes-Alpes'),
(284, 73, '06', 'Alpes Maritimes'),
(285, 73, '07', 'Ard?che'),
(286, 73, '08', 'Ardennes'),
(287, 73, '09', 'Ari?ge'),
(288, 73, '10', 'Aube'),
(289, 73, '11', 'Aude'),
(290, 73, '12', 'Aveyron'),
(291, 73, '13', 'Bouches du Rh?ne'),
(292, 73, '14', 'Calvados'),
(293, 73, '15', 'Cantal'),
(294, 73, '16', 'Charente'),
(295, 73, '17', 'Charente Maritime'),
(296, 73, '18', 'Cher'),
(297, 73, '19', 'Corr?ze'),
(298, 73, '2A', 'Corse du Sud'),
(299, 73, '2B', 'Haute Corse'),
(300, 73, '21', 'C?te d\'or'),
(301, 73, '22', 'C?tes d\'Armor'),
(302, 73, '23', 'Creuse'),
(303, 73, '24', 'Dordogne'),
(304, 73, '25', 'Doubs'),
(305, 73, '26', 'Dr?me'),
(306, 73, '27', 'Eure'),
(307, 73, '28', 'Eure et Loir'),
(308, 73, '29', 'Finist?re'),
(309, 73, '30', 'Gard'),
(310, 73, '31', 'Haute Garonne'),
(311, 73, '32', 'Gers'),
(312, 73, '33', 'Gironde'),
(313, 73, '34', 'H?rault'),
(314, 73, '35', 'Ille et Vilaine'),
(315, 73, '36', 'Indre'),
(316, 73, '37', 'Indre et Loire'),
(317, 73, '38', 'Is?re'),
(318, 73, '39', 'Jura'),
(319, 73, '40', 'Landes'),
(320, 73, '41', 'Loir et Cher'),
(321, 73, '42', 'Loire'),
(322, 73, '43', 'Haute Loire'),
(323, 73, '44', 'Loire Atlantique'),
(324, 73, '45', 'Loiret'),
(325, 73, '46', 'Lot'),
(326, 73, '47', 'Lot et Garonne'),
(327, 73, '48', 'Loz?re'),
(328, 73, '49', 'Maine et Loire'),
(329, 73, '50', 'Manche'),
(330, 73, '51', 'Marne'),
(331, 73, '52', 'Haute Marne'),
(332, 73, '53', 'Mayenne'),
(333, 73, '54', 'Meurthe et Moselle'),
(334, 73, '55', 'Meuse'),
(335, 73, '56', 'Morbihan'),
(336, 73, '57', 'Moselle'),
(337, 73, '58', 'Ni?vre'),
(338, 73, '59', 'Nord'),
(339, 73, '60', 'Oise'),
(340, 73, '61', 'Orne'),
(341, 73, '62', 'Pas de Calais'),
(342, 73, '63', 'Puy de D?me'),
(343, 73, '64', 'Pyr?n?es Atlantiques'),
(344, 73, '65', 'Hautes Pyr?n?es'),
(345, 73, '66', 'Pyr?n?es Orientales'),
(346, 73, '67', 'Bas Rhin'),
(347, 73, '68', 'Haut Rhin'),
(348, 73, '69', 'Rh?ne'),
(349, 73, '70', 'Haute Sa?ne'),
(350, 73, '71', 'Sa?ne et Loire'),
(351, 73, '72', 'Sarthe'),
(352, 73, '73', 'Savoie'),
(353, 73, '74', 'Haute Savoie'),
(354, 73, '75', 'Paris'),
(355, 73, '76', 'Seine Maritime'),
(356, 73, '77', 'Seine et Marne'),
(357, 73, '78', 'Yvelines'),
(358, 73, '79', 'Deux S?vres'),
(359, 73, '80', 'Somme'),
(360, 73, '81', 'Tarn'),
(361, 73, '82', 'Tarn et Garonne'),
(362, 73, '83', 'Var'),
(363, 73, '84', 'Vaucluse'),
(364, 73, '85', 'Vend?e'),
(365, 73, '86', 'Vienne'),
(366, 73, '87', 'Haute Vienne'),
(367, 73, '88', 'Vosges'),
(368, 73, '89', 'Yonne'),
(369, 73, '90', 'Territoire de Belfort'),
(370, 73, '91', 'Essonne'),
(371, 73, '92', 'Hauts de Seine'),
(372, 73, '93', 'Seine St-Denis'),
(373, 73, '94', 'Val de Marne'),
(374, 73, '95', 'Val d\'Oise'),
(375, 73, '971 (DOM)', 'Guadeloupe'),
(376, 73, '972 (DOM)', 'Martinique'),
(377, 73, '973 (DOM)', 'Guyane'),
(378, 73, '974 (DOM)', 'Saint Denis'),
(379, 73, '975 (DOM)', 'St-Pierre de Miquelon'),
(380, 73, '976 (TOM)', 'Mayotte'),
(381, 73, '984 (TOM)', 'Terres australes et Antartiques'),
(382, 73, '985 (TOM)', 'Nouvelle Cal?donie'),
(383, 73, '986 (TOM)', 'Wallis et Futuna'),
(384, 73, '987 (TOM)', 'Polyn?sie fran?aise'),
(385, 99, 'DL', 'Delhi'),
(386, 99, 'MH', 'Maharashtra'),
(387, 99, 'TN', 'Tamil Nadu'),
(388, 99, 'KL', 'Kerala'),
(389, 99, 'AP', 'Andhra Pradesh'),
(390, 99, 'KA', 'Karnataka'),
(391, 99, 'GA', 'Goa'),
(392, 99, 'MP', 'Madhya Pradesh'),
(393, 99, 'PY', 'Pondicherry'),
(394, 99, 'GJ', 'Gujarat'),
(395, 99, 'OR', 'Orrisa'),
(396, 99, 'CA', 'Chhatisgarh'),
(397, 99, 'JH', 'Jharkhand'),
(398, 99, 'BR', 'Bihar'),
(399, 99, 'WB', 'West Bengal'),
(400, 99, 'UP', 'Uttar Pradesh'),
(401, 99, 'RJ', 'Rajasthan'),
(402, 99, 'PB', 'Punjab'),
(403, 99, 'HR', 'Haryana'),
(404, 99, 'CH', 'Chandigarh'),
(405, 99, 'JK', 'Jammu & Kashmir'),
(406, 99, 'HP', 'Himachal Pradesh'),
(407, 99, 'UA', 'Uttaranchal'),
(408, 99, 'LK', 'Lakshadweep'),
(409, 99, 'AN', 'Andaman & Nicobar'),
(410, 99, 'MG', 'Meghalaya'),
(411, 99, 'AS', 'Assam'),
(412, 99, 'DR', 'Dadra & Nagar Haveli'),
(413, 99, 'DN', 'Daman & Diu'),
(414, 99, 'SK', 'Sikkim'),
(415, 99, 'TR', 'Tripura'),
(416, 99, 'MZ', 'Mizoram'),
(417, 99, 'MN', 'Manipur'),
(418, 99, 'NL', 'Nagaland'),
(419, 99, 'AR', 'Arunachal Pradesh'),
(420, 105, 'AG', 'Agrigento'),
(421, 105, 'AL', 'Alessandria'),
(422, 105, 'AN', 'Ancona'),
(423, 105, 'AO', 'Aosta'),
(424, 105, 'AR', 'Arezzo'),
(425, 105, 'AP', 'Ascoli Piceno'),
(426, 105, 'AT', 'Asti'),
(427, 105, 'AV', 'Avellino'),
(428, 105, 'BA', 'Bari'),
(429, 105, 'BL', 'Belluno'),
(430, 105, 'BN', 'Benevento'),
(431, 105, 'BG', 'Bergamo'),
(432, 105, 'BI', 'Biella'),
(433, 105, 'BO', 'Bologna'),
(434, 105, 'BZ', 'Bolzano'),
(435, 105, 'BS', 'Brescia'),
(436, 105, 'BR', 'Brindisi'),
(437, 105, 'CA', 'Cagliari'),
(438, 105, 'CL', 'Caltanissetta'),
(439, 105, 'CB', 'Campobasso'),
(440, 105, 'CE', 'Caserta'),
(441, 105, 'CT', 'Catania'),
(442, 105, 'CZ', 'Catanzaro'),
(443, 105, 'CH', 'Chieti'),
(444, 105, 'CO', 'Como'),
(445, 105, 'CS', 'Cosenza'),
(446, 105, 'CR', 'Cremona'),
(447, 105, 'KR', 'Crotone'),
(448, 105, 'CN', 'Cuneo'),
(449, 105, 'EN', 'Enna'),
(450, 105, 'FE', 'Ferrara'),
(451, 105, 'FI', 'Firenze'),
(452, 105, 'FG', 'Foggia'),
(453, 105, 'FO', 'ForlÃƒÆ’Ã‚Æ’Ãƒâ€'),
(454, 105, 'FR', 'Frosinone'),
(455, 105, 'GE', 'Genova'),
(456, 105, 'GO', 'Gorizia'),
(457, 105, 'GR', 'Grosseto'),
(458, 105, 'IM', 'Imperia'),
(459, 105, 'IS', 'Isernia'),
(460, 105, 'AQ', 'Aquila'),
(461, 105, 'SP', 'La Spezia'),
(462, 105, 'LT', 'Latina'),
(463, 105, 'LE', 'Lecce'),
(464, 105, 'LC', 'Lecco'),
(465, 105, 'LI', 'Livorno'),
(466, 105, 'LO', 'Lodi'),
(467, 105, 'LU', 'Lucca'),
(468, 105, 'MC', 'Macerata'),
(469, 105, 'MN', 'Mantova'),
(470, 105, 'MS', 'Massa-Carrara'),
(471, 105, 'MT', 'Matera'),
(472, 105, 'ME', 'Messina'),
(473, 105, 'MI', 'Milano'),
(474, 105, 'MO', 'Modena'),
(475, 105, 'NA', 'Napoli'),
(476, 105, 'NO', 'Novara'),
(477, 105, 'NU', 'Nuoro'),
(478, 105, 'OR', 'Oristano'),
(479, 105, 'PD', 'Padova'),
(480, 105, 'PA', 'Palermo'),
(481, 105, 'PR', 'Parma'),
(482, 105, 'PG', 'Perugia'),
(483, 105, 'PV', 'Pavia'),
(484, 105, 'PS', 'Pesaro e Urbino'),
(485, 105, 'PE', 'Pescara'),
(486, 105, 'PC', 'Piacenza'),
(487, 105, 'PI', 'Pisa'),
(488, 105, 'PT', 'Pistoia'),
(489, 105, 'PN', 'Pordenone'),
(490, 105, 'PZ', 'Potenza'),
(491, 105, 'PO', 'Prato'),
(492, 105, 'RG', 'Ragusa'),
(493, 105, 'RA', 'Ravenna'),
(494, 105, 'RC', 'Reggio di Calabria'),
(495, 105, 'RE', 'Reggio Emilia'),
(496, 105, 'RI', 'Rieti'),
(497, 105, 'RN', 'Rimini'),
(498, 105, 'RM', 'Roma'),
(499, 105, 'RO', 'Rovigo'),
(500, 105, 'SA', 'Salerno'),
(501, 105, 'SS', 'Sassari'),
(502, 105, 'SV', 'Savona'),
(503, 105, 'SI', 'Siena'),
(504, 105, 'SR', 'Siracusa'),
(505, 105, 'SO', 'Sondrio'),
(506, 105, 'TA', 'Taranto'),
(507, 105, 'TE', 'Teramo'),
(508, 105, 'TR', 'Terni'),
(509, 105, 'TO', 'Torino'),
(510, 105, 'TP', 'Trapani'),
(511, 105, 'TN', 'Trento'),
(512, 105, 'TV', 'Treviso'),
(513, 105, 'TS', 'Trieste'),
(514, 105, 'UD', 'Udine'),
(515, 105, 'VA', 'Varese'),
(516, 105, 'VE', 'Venezia'),
(517, 105, 'VB', 'Verbania'),
(518, 105, 'VC', 'Vercelli'),
(519, 105, 'VR', 'Verona'),
(520, 105, 'VV', 'Vibo Valentia'),
(521, 105, 'VI', 'Vicenza'),
(522, 105, 'VT', 'Viterbo'),
(523, 107, 'Niigata', 'Niigata'),
(524, 107, 'Toyama', 'Toyama'),
(525, 107, 'Ishikawa', 'Ishikawa'),
(526, 107, 'Fukui', 'Fukui'),
(527, 107, 'Yamanashi', 'Yamanashi'),
(528, 107, 'Nagano', 'Nagano'),
(529, 107, 'Gifu', 'Gifu'),
(530, 107, 'Shizuoka', 'Shizuoka'),
(531, 107, 'Aichi', 'Aichi'),
(532, 107, 'Mie', 'Mie'),
(533, 107, 'Shiga', 'Shiga'),
(534, 107, 'Kyoto', 'Kyoto'),
(535, 107, 'Osaka', 'Osaka'),
(536, 107, 'Hyogo', 'Hyogo'),
(537, 107, 'Nara', 'Nara'),
(538, 107, 'Wakayama', 'Wakayama'),
(539, 107, 'Tottori', 'Tottori'),
(540, 107, 'Shimane', 'Shimane'),
(541, 107, 'Okayama', 'Okayama'),
(542, 107, 'Hiroshima', 'Hiroshima'),
(543, 107, 'Yamaguchi', 'Yamaguchi'),
(544, 107, 'Tokushima', 'Tokushima'),
(545, 107, 'Kagawa', 'Kagawa'),
(546, 107, 'Ehime', 'Ehime'),
(547, 107, 'Kochi', 'Kochi'),
(548, 107, 'Fukuoka', 'Fukuoka'),
(549, 107, 'Saga', 'Saga'),
(550, 107, 'Nagasaki', 'Nagasaki'),
(551, 107, 'Kumamoto', 'Kumamoto'),
(552, 107, 'Oita', 'Oita'),
(553, 107, 'Miyazaki', 'Miyazaki'),
(554, 107, 'Kagoshima', 'Kagoshima'),
(555, 129, 'JOH', 'Johor'),
(556, 129, 'KDH', 'Kedah'),
(557, 129, 'KEL', 'Kelantan'),
(558, 129, 'KL', 'Kuala Lumpur'),
(559, 129, 'MEL', 'Melaka'),
(560, 129, 'NS', 'Negeri Sembilan'),
(561, 129, 'PAH', 'Pahang'),
(562, 129, 'PRK', 'Perak'),
(563, 129, 'PER', 'Perlis'),
(564, 129, 'PP', 'Pulau Pinang'),
(565, 129, 'SAB', 'Sabah'),
(566, 129, 'SWK', 'Sarawak'),
(567, 129, 'SEL', 'Selangor'),
(568, 129, 'TER', 'Terengganu'),
(569, 129, 'LAB', 'W.P.Labuan'),
(570, 138, 'AGS', 'Aguascalientes'),
(571, 138, 'BC', 'Baja California'),
(572, 138, 'BCS', 'Baja California Sur'),
(573, 138, 'CAM', 'Campeche'),
(574, 138, 'COA', 'Coahuila'),
(575, 138, 'COL', 'Colima'),
(576, 138, 'CHI', 'Chiapas'),
(577, 138, 'CHIH', 'Chihuahua'),
(578, 138, 'DF', 'Distrito Federal'),
(579, 138, 'DGO', 'Durango'),
(580, 138, 'MEX', 'Estado de Mexico'),
(581, 138, 'GTO', 'Guanajuato'),
(582, 138, 'GRO', 'Guerrero'),
(583, 138, 'HGO', 'Hidalgo'),
(584, 138, 'JAL', 'Jalisco'),
(585, 138, 'MCH', 'Michoacan'),
(586, 138, 'MOR', 'Morelos'),
(587, 138, 'NAY', 'Nayarit'),
(588, 138, 'NL', 'Nuevo Leon'),
(589, 138, 'OAX', 'Oaxaca'),
(590, 138, 'PUE', 'Puebla'),
(591, 138, 'QRO', 'Queretaro'),
(592, 138, 'QR', 'Quintana Roo'),
(593, 138, 'SLP', 'San Luis Potosi'),
(594, 138, 'SIN', 'Sinaloa'),
(595, 138, 'SON', 'Sonora'),
(596, 138, 'TAB', 'Tabasco'),
(597, 138, 'TMPS', 'Tamaulipas'),
(598, 138, 'TLAX', 'Tlaxcala'),
(599, 138, 'VER', 'Veracruz'),
(600, 138, 'YUC', 'Yucatan'),
(601, 138, 'ZAC', 'Zacatecas'),
(602, 160, 'OSL', 'Oslo'),
(603, 160, 'AKE', 'Akershus'),
(604, 160, 'AUA', 'Aust-Agder'),
(605, 160, 'BUS', 'Buskerud'),
(606, 160, 'FIN', 'Finnmark'),
(607, 160, 'HED', 'Hedmark'),
(608, 160, 'HOR', 'Hordaland'),
(609, 160, 'MOR', 'MÃƒÆ’Ã‚Æ’Ãƒâ€šÃ'),
(610, 160, 'NOR', 'Nordland'),
(611, 160, 'NTR', 'Nord-TrÃƒÆ’Ã‚Æ’Ãƒâ'),
(612, 160, 'OPP', 'Oppland'),
(613, 160, 'ROG', 'Rogaland'),
(614, 160, 'SOF', 'Sogn og Fjordane'),
(615, 160, 'STR', 'SÃƒÆ’Ã‚Æ’Ãƒâ€šÃ'),
(616, 160, 'TEL', 'Telemark'),
(617, 160, 'TRO', 'Troms'),
(618, 160, 'VEA', 'Vest-Agder'),
(619, 160, 'OST', 'ÃƒÆ’Ã‚Æ’Ãƒâ€šÃ'),
(620, 160, 'SVA', 'Svalbard'),
(621, 99, 'KHI', 'Karachi'),
(622, 99, 'LH', 'Lahore'),
(623, 99, 'ISB', 'Islamabad'),
(624, 99, 'QUE', 'Quetta'),
(625, 99, 'PSH', 'Peshawar'),
(626, 99, 'GUJ', 'Gujrat'),
(627, 99, 'SAH', 'Sahiwal'),
(628, 99, 'FSB', 'Faisalabad'),
(629, 99, 'RIP', 'Rawal Pindi'),
(630, 175, 'AB', 'Alba'),
(631, 175, 'AR', 'Arad'),
(632, 175, 'AG', 'Arges'),
(633, 175, 'BC', 'Bacau'),
(634, 175, 'BH', 'Bihor'),
(635, 175, 'BN', 'Bistrita-Nasaud'),
(636, 175, 'BT', 'Botosani'),
(637, 175, 'BV', 'Brasov'),
(638, 175, 'BR', 'Braila'),
(639, 175, 'B', 'Bucuresti'),
(640, 175, 'BZ', 'Buzau'),
(641, 175, 'CS', 'Caras-Severin'),
(642, 175, 'CL', 'Calarasi'),
(643, 175, 'CJ', 'Cluj'),
(644, 175, 'CT', 'Constanta'),
(645, 175, 'CV', 'Covasna'),
(646, 175, 'DB', 'Dimbovita'),
(647, 175, 'DJ', 'Dolj'),
(648, 175, 'GL', 'Galati'),
(649, 175, 'GR', 'Giurgiu'),
(650, 175, 'GJ', 'Gorj'),
(651, 175, 'HR', 'Harghita'),
(652, 175, 'HD', 'Hunedoara'),
(653, 175, 'IL', 'Ialomita'),
(654, 175, 'IS', 'Iasi'),
(655, 175, 'IF', 'Ilfov'),
(656, 175, 'MM', 'Maramures'),
(657, 175, 'MH', 'Mehedint'),
(658, 175, 'MS', 'Mures'),
(659, 175, 'NT', 'Neamt'),
(660, 175, 'OT', 'Olt'),
(661, 175, 'PH', 'Prahova'),
(662, 175, 'SM', 'Satu-Mare'),
(663, 175, 'SJ', 'Salaj'),
(664, 175, 'SB', 'Sibiu'),
(665, 175, 'SV', 'Suceava'),
(666, 175, 'TR', 'Teleorman'),
(667, 175, 'TM', 'Timis'),
(668, 175, 'TL', 'Tulcea'),
(669, 175, 'VS', 'Vaslui'),
(670, 175, 'VL', 'Valcea'),
(671, 175, 'VN', 'Vrancea'),
(672, 193, 'WP', 'Western Cape'),
(673, 193, 'GP', 'Gauteng'),
(674, 193, 'KZN', 'Kwazulu-Natal'),
(675, 193, 'NC', 'Northern-Cape'),
(676, 193, 'EC', 'Eastern-Cape'),
(677, 193, 'MP', 'Mpumalanga'),
(678, 193, 'NW', 'North-West'),
(679, 193, 'FS', 'Free State'),
(680, 193, 'NP', 'Northern Province'),
(681, 215, 'ADANA', 'ADANA'),
(682, 215, 'ADIYAMAN', 'ADIYAMAN'),
(683, 215, 'AFYON', 'AFYON'),
(684, 215, 'AGRI', 'AGRI'),
(685, 215, 'AMASYA', 'AMASYA'),
(686, 215, 'ANKARA', 'ANKARA'),
(687, 215, 'ANTALYA', 'ANTALYA'),
(688, 215, 'ARTVIN', 'ARTVIN'),
(689, 215, 'AYDIN', 'AYDIN'),
(690, 215, 'BALIKESIR', 'BALIKESIR'),
(691, 215, 'BILECIK', 'BILECIK'),
(692, 215, 'BINGÃƒÆ’Ã‚Æ’Ãƒâ€', 'BINGÃƒÆ’Ã‚Æ’Ãƒâ€'),
(693, 215, 'BITLIS', 'BITLIS'),
(694, 215, 'BOLU', 'BOLU'),
(695, 215, 'BURDUR', 'BURDUR'),
(696, 215, 'BURSA', 'BURSA'),
(697, 215, 'ÃƒÆ’Ã‚Æ’Ãƒâ€šÃ', 'ÃƒÆ’Ã‚Æ’Ãƒâ€šÃ'),
(698, 215, 'ÃƒÆ’Ã‚Æ’Ãƒâ€šÃ', 'ÃƒÆ’Ã‚Æ’Ãƒâ€šÃ'),
(699, 215, 'ÃƒÆ’Ã‚Æ’Ãƒâ€šÃ', 'ÃƒÆ’Ã‚Æ’Ãƒâ€šÃ'),
(700, 215, 'DENIZLI', 'DENIZLI'),
(701, 215, 'DIYARBAKIR', 'DIYARBAKIR'),
(702, 215, 'EDIRNE', 'EDIRNE'),
(703, 215, 'ELAZIG', 'ELAZIG'),
(704, 215, 'ERZINCAN', 'ERZINCAN'),
(705, 215, 'ERZURUM', 'ERZURUM'),
(706, 215, 'ESKISEHIR', 'ESKISEHIR'),
(707, 215, 'GAZIANTEP', 'GAZIANTEP'),
(708, 215, 'GIRESUN', 'GIRESUN'),
(709, 215, 'GÃƒÆ’Ã‚Æ’Ãƒâ€šÃ', 'GÃƒÆ’Ã‚Æ’Ãƒâ€šÃ'),
(710, 215, 'HAKKARI', 'HAKKARI'),
(711, 215, 'HATAY', 'HATAY'),
(712, 215, 'ISPARTA', 'ISPARTA'),
(713, 215, 'IÃƒÆ’Ã‚Æ’Ãƒâ€šÃ', 'IÃƒÆ’Ã‚Æ’Ãƒâ€šÃ'),
(714, 215, 'ISTANBUL', 'ISTANBUL'),
(715, 215, 'IZMIR', 'IZMIR'),
(716, 215, 'KARS', 'KARS'),
(717, 215, 'KASTAMONU', 'KASTAMONU'),
(718, 215, 'KAYSERI', 'KAYSERI'),
(719, 215, 'KIRKLARELI', 'KIRKLARELI'),
(720, 215, 'KIRSEHIR', 'KIRSEHIR'),
(721, 215, 'KOCAELI', 'KOCAELI'),
(722, 215, 'KONYA', 'KONYA'),
(723, 215, 'KÃƒÆ’Ã‚Æ’Ãƒâ€šÃ', 'KÃƒÆ’Ã‚Æ’Ãƒâ€šÃ'),
(724, 215, 'MALATYA', 'MALATYA'),
(725, 215, 'MANISA', 'MANISA'),
(726, 215, 'KAHRAMANMARAS', 'KAHRAMANMARAS'),
(727, 215, 'MARDIN', 'MARDIN'),
(728, 215, 'MUGLA', 'MUGLA'),
(729, 215, 'MUS', 'MUS'),
(730, 215, 'NEVSEHIR', 'NEVSEHIR'),
(731, 215, 'NIGDE', 'NIGDE'),
(732, 215, 'ORDU', 'ORDU'),
(733, 215, 'RIZE', 'RIZE'),
(734, 215, 'SAKARYA', 'SAKARYA'),
(735, 215, 'SAMSUN', 'SAMSUN'),
(736, 215, 'SIIRT', 'SIIRT'),
(737, 215, 'SINOP', 'SINOP'),
(738, 215, 'SIVAS', 'SIVAS'),
(739, 215, 'TEKIRDAG', 'TEKIRDAG'),
(740, 215, 'TOKAT', 'TOKAT'),
(741, 215, 'TRABZON', 'TRABZON'),
(742, 215, 'TUNCELI', 'TUNCELI'),
(743, 215, 'SANLIURFA', 'SANLIURFA'),
(744, 215, 'USAK', 'USAK'),
(745, 215, 'VAN', 'VAN'),
(746, 215, 'YOZGAT', 'YOZGAT'),
(747, 215, 'ZONGULDAK', 'ZONGULDAK'),
(748, 215, 'AKSARAY', 'AKSARAY'),
(749, 215, 'BAYBURT', 'BAYBURT'),
(750, 215, 'KARAMAN', 'KARAMAN'),
(751, 215, 'KIRIKKALE', 'KIRIKKALE'),
(752, 215, 'BATMAN', 'BATMAN'),
(753, 215, 'SIRNAK', 'SIRNAK'),
(754, 215, 'BARTIN', 'BARTIN'),
(755, 215, 'ARDAHAN', 'ARDAHAN'),
(756, 215, 'IGDIR', 'IGDIR'),
(757, 215, 'YALOVA', 'YALOVA'),
(758, 215, 'KARABÃƒÆ’Ã‚Æ’Ãƒââ‚', 'KARABÃƒÆ’Ã‚Æ’Ãƒââ‚'),
(759, 215, 'KILIS', 'KILIS'),
(760, 215, 'OSMANIYE', 'OSMANIYE'),
(761, 215, 'DÃƒÆ’Ã‚Æ’Ãƒâ€šÃ', 'DÃƒÆ’Ã‚Æ’Ãƒâ€šÃ'),
(762, 229, 'AM', 'Amazonas'),
(763, 229, 'AN', 'AnzoÃƒÆ’Ã‚Æ’Ãƒâ€'),
(764, 229, 'AR', 'Aragua'),
(765, 229, 'AP', 'Apure'),
(766, 229, 'BA', 'Barinas'),
(767, 229, 'BO', 'BolÃƒÆ’Ã‚Æ’Ãƒâ€Å'),
(768, 229, 'CA', 'Carabobo'),
(769, 229, 'CO', 'Cojedes'),
(770, 229, 'DA', 'Delta Amacuro'),
(771, 229, 'DC', 'Distrito Capital'),
(772, 229, 'FA', 'FalcÃƒÆ’Ã‚Æ’Ãƒâ€'),
(773, 229, 'GA', 'GuÃƒÆ’Ã‚Æ’Ãƒâ€š'),
(774, 229, 'GU', 'Guayana'),
(775, 229, 'LA', 'Lara'),
(776, 229, 'ME', 'MÃƒÆ’Ã‚Æ’Ãƒâ€šÃ'),
(777, 229, 'MI', 'Miranda'),
(778, 229, 'MO', 'Monagas'),
(779, 229, 'NE', 'Nueva Esparta'),
(780, 229, 'PO', 'Portuguesa'),
(781, 229, 'SU', 'Sucre'),
(782, 229, 'TA', 'TÃƒÆ’Ã‚Æ’Ãƒâ€šÃ'),
(783, 229, 'TU', 'Trujillo'),
(784, 229, 'VA', 'Vargas'),
(785, 229, 'YA', 'Yaracuy'),
(786, 229, 'ZU', 'Zulia'),
(787, 222, 'AVON', 'Avon'),
(788, 222, 'BEDS', 'Bedfordshire'),
(789, 222, 'BERK', 'Berkshire'),
(790, 222, 'BIRM', 'Birmingham'),
(791, 222, 'BORD', 'Borders'),
(792, 222, 'BUCK', 'Buckinghamshire'),
(793, 222, 'CAMB', 'Cambridgeshire'),
(794, 222, 'CENT', 'Central'),
(795, 222, 'CHES', 'Cheshire'),
(796, 222, 'CLEV', 'Cleveland'),
(797, 222, 'CLWY', 'Clwyd'),
(798, 222, 'CORN', 'Cornwall'),
(799, 222, 'CUMB', 'Cumbria'),
(800, 222, 'DERB', 'Derbyshire'),
(801, 222, 'DEVO', 'Devon'),
(802, 222, 'DORS', 'Dorset'),
(803, 222, 'DUMF', 'Dumfries & Galloway'),
(804, 222, 'DURH', 'Durham'),
(805, 222, 'DYFE', 'Dyfed'),
(806, 222, 'ESUS', 'East Sussex'),
(807, 222, 'ESSE', 'Essex'),
(808, 222, 'FIFE', 'Fife'),
(809, 222, 'GLAM', 'Glamorgan'),
(810, 222, 'GLOU', 'Gloucestershire'),
(811, 222, 'GRAM', 'Grampian'),
(812, 222, 'GWEN', 'Gwent'),
(813, 222, 'GWYN', 'Gwynedd'),
(814, 222, 'HAMP', 'Hampshire'),
(815, 222, 'HERE', 'Hereford & Worcester'),
(816, 222, 'HERT', 'Hertfordshire'),
(817, 222, 'HUMB', 'Humberside'),
(818, 222, 'KENT', 'Kent'),
(819, 222, 'LANC', 'Lancashire'),
(820, 222, 'LEIC', 'Leicestershire'),
(821, 222, 'LINC', 'Lincolnshire'),
(822, 222, 'LOND', 'London'),
(823, 222, 'LOTH', 'Lothian'),
(824, 222, 'MANC', 'Manchester'),
(825, 222, 'MERS', 'Merseyside'),
(826, 222, 'NORF', 'Norfolk'),
(827, 222, 'NYOR', 'North Yorkshire'),
(828, 222, 'NWHI', 'North west Highlands'),
(829, 222, 'NHAM', 'Northamptonshire'),
(830, 222, 'NUMB', 'Northumberland'),
(831, 222, 'NOTT', 'Nottinghamshire'),
(832, 222, 'OXFO', 'Oxfordshire'),
(833, 222, 'POWY', 'Powys'),
(834, 222, 'SHRO', 'Shropshire'),
(835, 222, 'SOME', 'Somerset'),
(836, 222, 'SYOR', 'South Yorkshire'),
(837, 222, 'STAF', 'Staffordshire'),
(838, 222, 'STRA', 'Strathclyde'),
(839, 222, 'SUFF', 'Suffolk'),
(840, 222, 'SURR', 'Surrey'),
(841, 222, 'WSUS', 'West Sussex'),
(842, 222, 'TAYS', 'Tayside'),
(843, 222, 'TYWE', 'Tyne & Wear'),
(844, 222, 'WARW', 'Warwickshire'),
(845, 222, 'WISL', 'West Isles'),
(846, 222, 'WYOR', 'West Yorkshire'),
(847, 222, 'WILT', 'Wiltshire');

-- --------------------------------------------------------

--
-- Tabellenstruktur für Tabelle `zones_to_geo_zones`
--

CREATE TABLE `zones_to_geo_zones` (
  `association_id` int(11) NOT NULL,
  `zone_country_id` int(11) NOT NULL DEFAULT '0',
  `zone_id` int(11) DEFAULT NULL,
  `geo_zone_id` int(11) DEFAULT NULL,
  `last_modified` datetime DEFAULT NULL,
  `date_added` datetime NOT NULL DEFAULT '0000-00-00 00:00:00'
) ENGINE=MyISAM DEFAULT CHARSET=utf8;

--
-- Daten für Tabelle `zones_to_geo_zones`
--

INSERT INTO `zones_to_geo_zones` (`association_id`, `zone_country_id`, `zone_id`, `geo_zone_id`, `last_modified`, `date_added`) VALUES
(239, 57, 0, 14, '0000-00-00 00:00:00', '2022-08-10 11:45:47'),
(234, 21, 0, 9, '0000-00-00 00:00:00', '2022-08-10 11:45:47'),
(243, 72, 0, 18, '0000-00-00 00:00:00', '2022-08-10 11:45:47'),
(244, 73, 0, 19, '0000-00-00 00:00:00', '2022-08-10 11:45:47'),
(241, 84, 0, 16, '0000-00-00 00:00:00', '2022-08-10 11:45:47'),
(247, 103, 0, 22, '0000-00-00 00:00:00', '2022-08-10 11:45:47'),
(248, 105, 0, 23, '0000-00-00 00:00:00', '2022-08-10 11:45:47'),
(250, 124, 0, 25, '0000-00-00 00:00:00', '2022-08-10 11:45:47'),
(253, 150, 0, 28, '0000-00-00 00:00:00', '2022-08-10 11:45:47'),
(233, 14, 0, 8, '0000-00-00 00:00:00', '2022-08-10 11:45:47'),
(255, 171, 0, 30, '0000-00-00 00:00:00', '2022-08-10 11:45:47'),
(242, 195, 0, 17, '0000-00-00 00:00:00', '2022-08-10 11:45:47'),
(16, 222, 0, 5, NULL, '2004-09-15 10:00:46'),
(257, 203, 0, 32, '0000-00-00 00:00:00', '2022-08-10 11:45:47'),
(238, 81, 0, 13, '0000-00-00 00:00:00', '2022-08-10 11:45:47'),
(19, 1, 0, 6, NULL, '2004-09-15 10:00:46'),
(20, 2, 0, 6, NULL, '2004-09-15 10:00:46'),
(21, 3, 0, 6, NULL, '2004-09-15 10:00:46'),
(22, 4, 0, 6, NULL, '2004-09-15 10:00:46'),
(23, 5, 0, 5, NULL, '2004-09-15 10:00:46'),
(24, 6, NULL, 6, NULL, '2004-09-15 10:00:46'),
(25, 7, 0, 6, NULL, '2004-09-15 10:00:46'),
(26, 8, 0, 6, NULL, '2004-09-15 10:00:46'),
(27, 9, 0, 6, NULL, '2004-09-15 10:00:46'),
(28, 10, 0, 6, NULL, '2004-09-15 10:00:46'),
(29, 11, 0, 6, NULL, '2004-09-15 10:00:46'),
(30, 13, 0, 6, NULL, '2004-09-15 10:00:46'),
(31, 15, 0, 6, NULL, '2004-09-15 10:00:46'),
(32, 16, 0, 6, NULL, '2004-09-15 10:00:46'),
(33, 17, 0, 6, NULL, '2004-09-15 10:00:46'),
(34, 19, 0, 6, NULL, '2004-09-15 10:00:46'),
(35, 20, 0, 6, NULL, '2004-09-15 10:00:46'),
(36, 22, 0, 6, NULL, '2004-09-15 10:00:46'),
(37, 23, 0, 6, NULL, '2004-09-15 10:00:46'),
(38, 24, 0, 6, NULL, '2004-09-15 10:00:46'),
(39, 25, 0, 6, NULL, '2004-09-15 10:00:46'),
(40, 27, 0, 6, NULL, '2004-09-15 10:00:46'),
(41, 26, 0, 6, NULL, '2004-09-15 10:00:46'),
(42, 28, 0, 6, NULL, '2004-09-15 10:00:46'),
(43, 29, 0, 6, NULL, '2004-09-15 10:00:46'),
(44, 30, 0, 6, NULL, '2004-09-15 10:00:46'),
(45, 31, 0, 6, NULL, '2004-09-15 10:00:46'),
(46, 32, 0, 6, NULL, '2004-09-15 10:00:46'),
(235, 33, 0, 10, '0000-00-00 00:00:00', '2022-08-10 11:45:47'),
(48, 34, 0, 6, NULL, '2004-09-15 10:00:46'),
(49, 35, 0, 6, NULL, '2004-09-15 10:00:46'),
(50, 36, 0, 6, NULL, '2004-09-15 10:00:46'),
(51, 37, 0, 6, NULL, '2004-09-15 10:00:46'),
(52, 39, NULL, 6, NULL, '2004-09-15 10:00:46'),
(53, 38, 0, 6, NULL, '2004-09-15 10:00:46'),
(54, 40, 0, 6, NULL, '2004-09-15 10:00:46'),
(55, 41, 0, 6, NULL, '2004-09-15 10:00:46'),
(56, 42, 0, 6, NULL, '2004-09-15 10:00:46'),
(57, 43, 0, 6, NULL, '2004-09-15 10:00:46'),
(58, 44, 0, 6, NULL, '2004-09-15 10:00:46'),
(59, 45, 0, 6, NULL, '2004-09-15 10:00:46'),
(60, 47, 0, 6, NULL, '2004-09-15 10:00:46'),
(61, 48, 0, 6, NULL, '2004-09-15 10:00:46'),
(62, 49, 0, 6, NULL, '2004-09-15 10:00:46'),
(63, 50, 0, 6, NULL, '2004-09-15 10:00:46'),
(64, 51, 0, 6, NULL, '2004-09-15 10:00:46'),
(65, 52, 0, 6, NULL, '2004-09-15 10:00:46'),
(245, 53, 0, 20, '0000-00-00 00:00:00', '2022-08-10 11:45:47'),
(67, 54, 0, 6, NULL, '2004-09-15 10:00:46'),
(236, 55, 0, 11, '0000-00-00 00:00:00', '2022-08-10 11:45:47'),
(237, 56, 0, 12, '0000-00-00 00:00:00', '2022-08-10 11:45:47'),
(70, 58, 0, 6, NULL, '2004-09-15 10:00:46'),
(71, 59, 0, 6, NULL, '2004-09-15 10:00:46'),
(72, 60, 0, 6, NULL, '2004-09-15 10:00:46'),
(73, 61, 0, 6, NULL, '2004-09-15 10:00:46'),
(74, 62, 0, 6, NULL, '2004-09-15 10:00:46'),
(75, 63, 0, 6, NULL, '2004-09-15 10:00:46'),
(76, 64, 0, 6, NULL, '2004-09-15 10:00:46'),
(77, 65, 0, 6, NULL, '2004-09-15 10:00:46'),
(78, 66, 0, 6, NULL, '2004-09-15 10:00:46'),
(240, 67, 0, 15, '0000-00-00 00:00:00', '2022-08-10 11:45:47'),
(80, 68, 0, 6, NULL, '2004-09-15 10:00:46'),
(81, 69, 0, 6, NULL, '2004-09-15 10:00:46'),
(82, 70, 0, 6, NULL, '2004-09-15 10:00:46'),
(83, 71, 0, 6, NULL, '2004-09-15 10:00:46'),
(84, 74, 0, 6, NULL, '2004-09-15 10:00:46'),
(85, 75, 0, 6, NULL, '2004-09-15 10:00:46'),
(86, 76, 0, 6, NULL, '2004-09-15 10:00:46'),
(87, 77, 0, 6, NULL, '2004-09-15 10:00:46'),
(88, 78, 0, 6, NULL, '2004-09-15 10:00:46'),
(89, 79, 0, 6, NULL, '2004-09-15 10:00:46'),
(90, 82, 0, 6, NULL, '2004-09-15 10:00:46'),
(91, 83, 0, 6, NULL, '2004-09-15 10:00:46'),
(92, 86, 0, 6, NULL, '2004-09-15 10:00:46'),
(93, 87, 0, 6, NULL, '2004-09-15 10:00:46'),
(94, 88, 0, 6, NULL, '2004-09-15 10:00:46'),
(95, 89, 0, 6, NULL, '2004-09-15 10:00:46'),
(96, 90, 0, 6, NULL, '2004-09-15 10:00:46'),
(97, 91, 0, 6, NULL, '2004-09-15 10:00:46'),
(98, 92, 0, 6, NULL, '2004-09-15 10:00:46'),
(99, 93, 0, 6, NULL, '2004-09-15 10:00:46'),
(100, 94, 0, 6, NULL, '2004-09-15 10:00:46'),
(101, 95, 0, 6, NULL, '2004-09-15 10:00:46'),
(102, 96, 0, 6, NULL, '2004-09-15 10:00:46'),
(246, 97, 0, 21, '0000-00-00 00:00:00', '2022-08-10 11:45:47'),
(104, 99, 0, 6, NULL, '2004-09-15 10:00:46'),
(105, 100, 0, 6, NULL, '2004-09-15 10:00:46'),
(106, 101, 0, 6, NULL, '2004-09-15 10:00:46'),
(107, 102, 0, 6, NULL, '2004-09-15 10:00:46'),
(108, 104, 0, 6, NULL, '2004-09-15 10:00:46'),
(109, 106, 0, 6, NULL, '2004-09-15 10:00:46'),
(110, 107, 0, 6, NULL, '2004-09-15 10:00:46'),
(111, 109, 0, 6, NULL, '2004-09-15 10:00:46'),
(112, 110, 0, 6, NULL, '2004-09-15 10:00:46'),
(113, 111, 0, 6, NULL, '2004-09-15 10:00:46'),
(114, 112, 0, 6, NULL, '2004-09-15 10:00:46'),
(115, 113, 0, 6, NULL, '2004-09-15 10:00:46'),
(116, 114, 0, 6, NULL, '2004-09-15 10:00:46'),
(117, 115, 0, 6, NULL, '2004-09-15 10:00:46'),
(118, 116, 0, 6, NULL, '2004-09-15 10:00:46'),
(251, 117, 0, 26, '0000-00-00 00:00:00', '2022-08-10 11:45:47'),
(120, 118, 0, 6, NULL, '2004-09-15 10:00:46'),
(121, 119, 0, 6, NULL, '2004-09-15 10:00:46'),
(122, 120, 0, 6, NULL, '2004-09-15 10:00:46'),
(123, 121, 0, 6, NULL, '2004-09-15 10:00:46'),
(124, 122, 0, 5, NULL, '2004-09-15 10:00:46'),
(125, 125, 0, 6, NULL, '2004-09-15 10:00:46'),
(126, 126, 0, 6, NULL, '2004-09-15 10:00:46'),
(127, 127, 0, 6, NULL, '2004-09-15 10:00:46'),
(128, 128, 0, 6, NULL, '2004-09-15 10:00:46'),
(129, 129, 0, 6, NULL, '2004-09-15 10:00:46'),
(130, 130, 0, 6, NULL, '2004-09-15 10:00:46'),
(131, 131, 0, 6, NULL, '2004-09-15 10:00:46'),
(252, 132, 0, 27, '0000-00-00 00:00:00', '2022-08-10 11:45:47'),
(133, 133, 0, 6, NULL, '2004-09-15 10:00:46'),
(134, 134, 0, 6, NULL, '2004-09-15 10:00:46'),
(135, 135, 0, 6, NULL, '2004-09-15 10:00:46'),
(136, 136, 0, 6, NULL, '2004-09-15 10:00:46'),
(137, 137, 0, 6, NULL, '2004-09-15 10:00:46'),
(138, 138, 0, 6, NULL, '2004-09-15 10:00:46'),
(139, 139, 0, 6, NULL, '2004-09-15 10:00:46'),
(140, 140, 0, 6, NULL, '2004-09-15 10:00:46'),
(141, 141, 0, 6, NULL, '2004-09-15 10:00:46'),
(142, 142, 0, 6, NULL, '2004-09-15 10:00:46'),
(143, 143, 0, 6, NULL, '2004-09-15 10:00:46'),
(144, 144, 0, 6, NULL, '2004-09-15 10:00:46'),
(145, 145, 0, 6, NULL, '2004-09-15 10:00:46'),
(146, 146, 0, 6, NULL, '2004-09-15 10:00:46'),
(147, 147, 0, 6, NULL, '2004-09-15 10:00:46'),
(148, 148, 0, 6, NULL, '2004-09-15 10:00:46'),
(149, 149, 0, 6, NULL, '2004-09-15 10:00:46'),
(150, 151, 0, 6, NULL, '2004-09-15 10:00:46'),
(151, 152, 0, 6, NULL, '2004-09-15 10:00:46'),
(152, 153, 0, 6, NULL, '2004-09-15 10:00:46'),
(153, 154, 0, 6, NULL, '2004-09-15 10:00:46'),
(154, 155, 0, 6, NULL, '2004-09-15 10:00:46'),
(155, 156, 0, 6, NULL, '2004-09-15 10:00:46'),
(156, 157, 0, 6, NULL, '2004-09-15 10:00:46'),
(157, 158, 0, 6, NULL, '2004-09-15 10:00:46'),
(158, 159, 0, 6, NULL, '2004-09-15 10:00:46'),
(159, 160, 0, 6, NULL, '2004-09-15 10:00:46'),
(160, 161, 0, 6, NULL, '2004-09-15 10:00:46'),
(161, 162, 0, 6, NULL, '2004-09-15 10:00:46'),
(162, 164, 0, 6, NULL, '2004-09-15 10:00:46'),
(163, 165, 0, 6, NULL, '2004-09-15 10:00:46'),
(164, 166, 0, 6, NULL, '2004-09-15 10:00:46'),
(165, 167, 0, 6, NULL, '2004-09-15 10:00:46'),
(166, 168, 0, 6, NULL, '2004-09-15 10:00:46'),
(167, 169, 0, 6, NULL, '2004-09-15 10:00:46'),
(254, 170, 0, 29, '0000-00-00 00:00:00', '2022-08-10 11:45:47'),
(169, 172, 0, 6, NULL, '2004-09-15 10:00:46'),
(170, 173, 0, 6, NULL, '2004-09-15 10:00:46'),
(171, 174, 0, 6, NULL, '2004-09-15 10:00:46'),
(172, 176, 0, 6, NULL, '2004-09-15 10:00:46'),
(173, 177, 0, 6, NULL, '2004-09-15 10:00:46'),
(174, 178, 0, 6, NULL, '2004-09-15 10:00:46'),
(175, 179, 0, 6, NULL, '2004-09-15 10:00:46'),
(176, 180, 0, 6, NULL, '2004-09-15 10:00:46'),
(177, 181, 0, 6, NULL, '2004-09-15 10:00:46'),
(178, 182, 0, 6, NULL, '2004-09-15 10:00:46'),
(179, 183, 0, 6, NULL, '2004-09-15 10:00:46'),
(180, 184, 0, 6, NULL, '2004-09-15 10:00:46'),
(181, 185, 0, 6, NULL, '2004-09-15 10:00:46'),
(182, 186, 0, 6, NULL, '2004-09-15 10:00:46'),
(183, 187, 0, 6, NULL, '2004-09-15 10:00:46'),
(184, 188, 0, 6, NULL, '2004-09-15 10:00:46'),
(259, 189, 0, 34, '0000-00-00 00:00:00', '2022-08-10 11:45:47'),
(258, 190, 0, 33, '0000-00-00 00:00:00', '2022-08-10 11:45:47'),
(187, 191, 0, 6, NULL, '2004-09-15 10:00:46'),
(188, 193, 0, 6, NULL, '2004-09-15 10:00:46'),
(189, 194, 0, 6, NULL, '2004-09-15 10:00:46'),
(190, 192, 0, 6, NULL, '2004-09-15 10:00:46'),
(191, 196, 0, 6, NULL, '2004-09-15 10:00:46'),
(192, 197, 0, 6, NULL, '2004-09-15 10:00:46'),
(193, 198, 0, 6, NULL, '2004-09-15 10:00:46'),
(194, 199, 0, 6, NULL, '2004-09-15 10:00:46'),
(195, 200, 0, 6, NULL, '2004-09-15 10:00:46'),
(196, 201, 0, 6, NULL, '2004-09-15 10:00:46'),
(197, 202, 0, 6, NULL, '2004-09-15 10:00:46'),
(198, 204, 0, 6, NULL, '2004-09-15 10:00:46'),
(199, 205, 0, 6, NULL, '2004-09-15 10:00:46'),
(200, 206, 0, 6, NULL, '2004-09-15 10:00:46'),
(201, 207, 0, 6, NULL, '2004-09-15 10:00:46'),
(202, 208, 0, 6, NULL, '2004-09-15 10:00:46'),
(203, 209, 0, 6, NULL, '2004-09-15 10:00:46'),
(204, 210, 0, 6, NULL, '2004-09-15 10:00:46'),
(205, 211, 0, 6, NULL, '2004-09-15 10:00:46'),
(206, 212, 0, 6, NULL, '2004-09-15 10:00:46'),
(207, 213, 0, 6, NULL, '2004-09-15 10:00:46'),
(208, 214, 0, 6, NULL, '2004-09-15 10:00:46'),
(209, 215, 0, 6, NULL, '2004-09-15 10:00:46'),
(210, 216, 0, 6, NULL, '2004-09-15 10:00:46'),
(211, 217, 0, 6, NULL, '2004-09-15 10:00:46'),
(212, 218, 0, 6, NULL, '2004-09-15 10:00:46'),
(213, 219, 0, 6, NULL, '2004-09-15 10:00:46'),
(214, 221, 0, 6, NULL, '2004-09-15 10:00:46'),
(215, 223, 0, 6, NULL, '2004-09-15 10:00:46'),
(216, 224, 0, 6, NULL, '2004-09-15 10:00:46'),
(217, 225, 0, 6, NULL, '2004-09-15 10:00:46'),
(218, 226, 0, 6, NULL, '2004-09-15 10:00:46'),
(219, 227, 0, 6, NULL, '2004-09-15 10:00:46'),
(220, 228, 0, 6, NULL, '2004-09-15 10:00:46'),
(221, 229, 0, 6, NULL, '2004-09-15 10:00:46'),
(222, 230, 0, 6, NULL, '2004-09-15 10:00:46'),
(223, 231, 0, 6, NULL, '2004-09-15 10:00:46'),
(224, 232, 0, 6, NULL, '2004-09-15 10:00:46'),
(225, 233, 0, 6, NULL, '2004-09-15 10:00:46'),
(226, 234, 0, 6, NULL, '2004-09-15 10:00:46'),
(227, 235, 0, 6, NULL, '2004-09-15 10:00:46'),
(228, 236, 0, 6, NULL, '2004-09-15 10:00:46'),
(229, 237, 0, 6, NULL, '2004-09-15 10:00:46'),
(230, 238, 0, 6, NULL, '2004-09-15 10:00:46'),
(231, 239, 0, 6, NULL, '2004-09-15 10:00:46'),
(256, 175, 0, 31, '0000-00-00 00:00:00', '2022-08-10 11:45:47'),
(249, 123, 0, 24, '0000-00-00 00:00:00', '2022-08-10 11:45:47');

--
-- Indizes der exportierten Tabellen
--

--
-- Indizes für die Tabelle `address_book`
--
ALTER TABLE `address_book`
  ADD PRIMARY KEY (`address_book_id`),
  ADD KEY `customers_id` (`customers_id`);

--
-- Indizes für die Tabelle `address_format`
--
ALTER TABLE `address_format`
  ADD PRIMARY KEY (`address_format_id`);

--
-- Indizes für die Tabelle `admin_access_scheme`
--
ALTER TABLE `admin_access_scheme`
  ADD PRIMARY KEY (`admin_access_scheme_id`);

--
-- Indizes für die Tabelle `admin_access_scheme_values`
--
ALTER TABLE `admin_access_scheme_values`
  ADD PRIMARY KEY (`admin_access_scheme_values_id`),
  ADD KEY `admin_access_scheme_id` (`admin_access_scheme_id`);

--
-- Indizes für die Tabelle `after_shipping_payment_orders`
--
ALTER TABLE `after_shipping_payment_orders`
  ADD PRIMARY KEY (`after_shipping_payment_orders_id`);

--
-- Indizes für die Tabelle `amazon_feeds`
--
ALTER TABLE `amazon_feeds`
  ADD PRIMARY KEY (`amazon_feeds_id`),
  ADD KEY `merchant_id` (`merchant_id`);

--
-- Indizes für die Tabelle `amazon_feeds_order_fulfillments`
--
ALTER TABLE `amazon_feeds_order_fulfillments`
  ADD PRIMARY KEY (`amazon_feeds_order_fulfillments_id`),
  ADD KEY `amazon_feeds_id` (`amazon_feeds_id`);

--
-- Indizes für die Tabelle `amazon_feeds_price_items`
--
ALTER TABLE `amazon_feeds_price_items`
  ADD PRIMARY KEY (`amazon_feeds_price_items_id`),
  ADD KEY `amazon_feeds_price_id` (`amazon_feeds_id`);

--
-- Indizes für die Tabelle `amazon_feeds_product_listing`
--
ALTER TABLE `amazon_feeds_product_listing`
  ADD PRIMARY KEY (`amazon_feeds_product_listing_id`),
  ADD KEY `amazon_feeds_id` (`amazon_feeds_id`,`products_id`);

--
-- Indizes für die Tabelle `amazon_feeds_quantity_items`
--
ALTER TABLE `amazon_feeds_quantity_items`
  ADD PRIMARY KEY (`amazon_feeds_quantity_items_id`),
  ADD KEY `amazon_feeds_quantity_id` (`amazon_feeds_id`);

--
-- Indizes für die Tabelle `amazon_feeds_upload_vat_invoice`
--
ALTER TABLE `amazon_feeds_upload_vat_invoice`
  ADD PRIMARY KEY (`amazon_feeds_upload_vat_invoice_id`),
  ADD KEY `amazon_feeds_id` (`amazon_feeds_id`);

--
-- Indizes für die Tabelle `amazon_feed_collector`
--
ALTER TABLE `amazon_feed_collector`
  ADD PRIMARY KEY (`amazon_feed_collector_id`),
  ADD KEY `selling_partner_id` (`selling_partner_id`);

--
-- Indizes für die Tabelle `amazon_orders`
--
ALTER TABLE `amazon_orders`
  ADD PRIMARY KEY (`amazon_orders_id`),
  ADD KEY `orders_id` (`orders_id`),
  ADD KEY `customers_id` (`customers_id`),
  ADD KEY `buyer_email_address` (`buyer_email_address`),
  ADD KEY `merchant_id` (`merchant_id`);

--
-- Indizes für die Tabelle `amazon_orders_fba`
--
ALTER TABLE `amazon_orders_fba`
  ADD PRIMARY KEY (`amazon_orders_fba_id`),
  ADD KEY `orders_id` (`orders_id`,`amazon_order_id`,`amazon_order_item_id`);

--
-- Indizes für die Tabelle `amazon_orders_products`
--
ALTER TABLE `amazon_orders_products`
  ADD PRIMARY KEY (`amazon_orders_products_id`),
  ADD KEY `amazon_orders_id` (`amazon_orders_id`);

--
-- Indizes für die Tabelle `amazon_products`
--
ALTER TABLE `amazon_products`
  ADD PRIMARY KEY (`amazon_products_id`),
  ADD KEY `products_id` (`products_id`),
  ADD KEY `sku` (`sku`),
  ADD KEY `merchant_id` (`merchant_id`);

--
-- Indizes für die Tabelle `amazon_products_fba`
--
ALTER TABLE `amazon_products_fba`
  ADD PRIMARY KEY (`amazon_products_fba_id`),
  ADD KEY `products_id` (`products_id`,`asin`);

--
-- Indizes für die Tabelle `amazon_settlements`
--
ALTER TABLE `amazon_settlements`
  ADD PRIMARY KEY (`amazon_settlements_id`),
  ADD KEY `order_id` (`order_id`),
  ADD KEY `merchant_id` (`merchant_id`);

--
-- Indizes für die Tabelle `amz_products_excluded`
--
ALTER TABLE `amz_products_excluded`
  ADD PRIMARY KEY (`amz_products_excluded_id`);

--
-- Indizes für die Tabelle `amz_transactions`
--
ALTER TABLE `amz_transactions`
  ADD PRIMARY KEY (`amz_tx_id`),
  ADD UNIQUE KEY `amz_tx_amz_id` (`amz_tx_amz_id`),
  ADD KEY `amz_tx_order_reference` (`amz_tx_order_reference`),
  ADD KEY `amz_tx_type` (`amz_tx_type`);

--
-- Indizes für die Tabelle `banktransfer`
--
ALTER TABLE `banktransfer`
  ADD KEY `orders_id` (`orders_id`);

--
-- Indizes für die Tabelle `banners`
--
ALTER TABLE `banners`
  ADD PRIMARY KEY (`banners_id`);

--
-- Indizes für die Tabelle `banners_history`
--
ALTER TABLE `banners_history`
  ADD PRIMARY KEY (`banners_history_id`);

--
-- Indizes für die Tabelle `branches`
--
ALTER TABLE `branches`
  ADD PRIMARY KEY (`branches_id`);

--
-- Indizes für die Tabelle `branches_history`
--
ALTER TABLE `branches_history`
  ADD PRIMARY KEY (`branches_history_id`),
  ADD KEY `branches_id` (`branches_id`);

--
-- Indizes für die Tabelle `branches_orders_fibunumbers`
--
ALTER TABLE `branches_orders_fibunumbers`
  ADD PRIMARY KEY (`branches_orders_fibunumbers`),
  ADD KEY `orders_id` (`orders_id`,`branches_id`);

--
-- Indizes für die Tabelle `branches_products`
--
ALTER TABLE `branches_products`
  ADD PRIMARY KEY (`branches_products_id`),
  ADD KEY `branches_id` (`branches_id`),
  ADD KEY `products_id` (`products_id`);

--
-- Indizes für die Tabelle `branches_products_serials`
--
ALTER TABLE `branches_products_serials`
  ADD PRIMARY KEY (`branches_products_serials_id`),
  ADD KEY `branches_products_id` (`branches_products_id`),
  ADD KEY `products_id` (`products_id`);

--
-- Indizes für die Tabelle `branches_to_customers`
--
ALTER TABLE `branches_to_customers`
  ADD PRIMARY KEY (`branches_to_customers_id`),
  ADD KEY `branches_id` (`branches_id`),
  ADD KEY `customers_id` (`customers_id`);

--
-- Indizes für die Tabelle `branches_transfer`
--
ALTER TABLE `branches_transfer`
  ADD PRIMARY KEY (`branches_transfer_id`),
  ADD KEY `branches_id` (`branches_id`),
  ADD KEY `target_branches_id` (`target_branches_id`);

--
-- Indizes für die Tabelle `branches_transfer_products`
--
ALTER TABLE `branches_transfer_products`
  ADD PRIMARY KEY (`branches_transfer_products_id`),
  ADD KEY `branches_transfer_id` (`branches_transfer_id`),
  ADD KEY `products_id` (`products_id`);

--
-- Indizes für die Tabelle `branches_transfer_status`
--
ALTER TABLE `branches_transfer_status`
  ADD PRIMARY KEY (`branches_transfer_status_id`);

--
-- Indizes für die Tabelle `branches_transfer_status_history`
--
ALTER TABLE `branches_transfer_status_history`
  ADD PRIMARY KEY (`branches_transfer_status_history_id`),
  ADD KEY `branches_transfer_id` (`branches_transfer_id`);

--
-- Indizes für die Tabelle `cancel_auctions`
--
ALTER TABLE `cancel_auctions`
  ADD PRIMARY KEY (`cancel_auctions_id`),
  ADD KEY `products_id` (`products_id`);

--
-- Indizes für die Tabelle `categories`
--
ALTER TABLE `categories`
  ADD PRIMARY KEY (`categories_id`),
  ADD KEY `parent_id` (`parent_id`),
  ADD KEY `categories_status` (`categories_status`);

--
-- Indizes für die Tabelle `categories_description`
--
ALTER TABLE `categories_description`
  ADD PRIMARY KEY (`categories_id`,`language_id`),
  ADD KEY `categories_name` (`categories_name`);

--
-- Indizes für die Tabelle `categories_exclude`
--
ALTER TABLE `categories_exclude`
  ADD PRIMARY KEY (`categories_exclude_id`),
  ADD KEY `categories_id` (`categories_id`),
  ADD KEY `customers_id` (`customers_id`);

--
-- Indizes für die Tabelle `categories_to_groups`
--
ALTER TABLE `categories_to_groups`
  ADD PRIMARY KEY (`categories_to_groups_id`),
  ADD KEY `categories_id` (`categories_id`,`groups_id`);

--
-- Indizes für die Tabelle `categories_to_groups_characteristics`
--
ALTER TABLE `categories_to_groups_characteristics`
  ADD PRIMARY KEY (`categories_to_groups_characteristics_id`),
  ADD KEY `categories_to_groups_id` (`categories_to_groups_id`,`characteristics_id`);

--
-- Indizes für die Tabelle `change_status_history`
--
ALTER TABLE `change_status_history`
  ADD PRIMARY KEY (`id`);

--
-- Indizes für die Tabelle `cm_file_flags`
--
ALTER TABLE `cm_file_flags`
  ADD PRIMARY KEY (`file_flag`);

--
-- Indizes für die Tabelle `configuration`
--
ALTER TABLE `configuration`
  ADD PRIMARY KEY (`configuration_id`),
  ADD KEY `configuration_group_id` (`configuration_group_id`);

--
-- Indizes für die Tabelle `configuration_group`
--
ALTER TABLE `configuration_group`
  ADD PRIMARY KEY (`configuration_group_id`);

--
-- Indizes für die Tabelle `content_manager`
--
ALTER TABLE `content_manager`
  ADD PRIMARY KEY (`content_id`);
ALTER TABLE `content_manager` ADD FULLTEXT KEY `content_meta_title` (`content_meta_title`,`content_meta_description`,`content_meta_keywords`);

--
-- Indizes für die Tabelle `costs`
--
ALTER TABLE `costs`
  ADD PRIMARY KEY (`costs_id`),
  ADD KEY `orders_id` (`orders_id`);

--
-- Indizes für die Tabelle `countries`
--
ALTER TABLE `countries`
  ADD PRIMARY KEY (`countries_id`),
  ADD KEY `IDX_COUNTRIES_NAME` (`countries_name`),
  ADD KEY `countries_name` (`countries_name`);

--
-- Indizes für die Tabelle `countries_allocations`
--
ALTER TABLE `countries_allocations`
  ADD KEY `countries_id` (`countries_id`);

--
-- Indizes für die Tabelle `coupons`
--
ALTER TABLE `coupons`
  ADD PRIMARY KEY (`coupon_id`);

--
-- Indizes für die Tabelle `coupons_description`
--
ALTER TABLE `coupons_description`
  ADD KEY `coupon_id` (`coupon_id`);

--
-- Indizes für die Tabelle `coupon_email_track`
--
ALTER TABLE `coupon_email_track`
  ADD PRIMARY KEY (`unique_id`);

--
-- Indizes für die Tabelle `coupon_gv_customer`
--
ALTER TABLE `coupon_gv_customer`
  ADD PRIMARY KEY (`customer_id`),
  ADD KEY `customer_id` (`customer_id`);

--
-- Indizes für die Tabelle `coupon_gv_queue`
--
ALTER TABLE `coupon_gv_queue`
  ADD PRIMARY KEY (`unique_id`),
  ADD KEY `uid` (`unique_id`,`customer_id`,`order_id`),
  ADD KEY `unique_id` (`unique_id`),
  ADD KEY `customer_id` (`customer_id`),
  ADD KEY `order_id` (`order_id`);

--
-- Indizes für die Tabelle `coupon_redeem_track`
--
ALTER TABLE `coupon_redeem_track`
  ADD PRIMARY KEY (`unique_id`);

--
-- Indizes für die Tabelle `currencies`
--
ALTER TABLE `currencies`
  ADD PRIMARY KEY (`currencies_id`);

--
-- Indizes für die Tabelle `customers_basket`
--
ALTER TABLE `customers_basket`
  ADD PRIMARY KEY (`customers_basket_id`),
  ADD KEY `customers_id` (`customers_id`);

--
-- Indizes für die Tabelle `customers_basket_attributes`
--
ALTER TABLE `customers_basket_attributes`
  ADD PRIMARY KEY (`customers_basket_attributes_id`);

--
-- Indizes für die Tabelle `customers_email_aliases`
--
ALTER TABLE `customers_email_aliases`
  ADD PRIMARY KEY (`customers_email_aliases_id`),
  ADD KEY `customers_id` (`customers_id`);

--
-- Indizes für die Tabelle `customers_email_filter`
--
ALTER TABLE `customers_email_filter`
  ADD PRIMARY KEY (`customers_email_filter_id`),
  ADD KEY `customers_id` (`customers_id`);

--
-- Indizes für die Tabelle `customers_info`
--
ALTER TABLE `customers_info`
  ADD PRIMARY KEY (`customers_info_id`);

--
-- Indizes für die Tabelle `customers_ip`
--
ALTER TABLE `customers_ip`
  ADD PRIMARY KEY (`customers_ip_id`),
  ADD KEY `customers_id` (`customers_id`);

--
-- Indizes für die Tabelle `customers_memo`
--
ALTER TABLE `customers_memo`
  ADD PRIMARY KEY (`memo_id`),
  ADD KEY `customers_id` (`customers_id`);

--
-- Indizes für die Tabelle `customers_status`
--
ALTER TABLE `customers_status`
  ADD PRIMARY KEY (`customers_status_id`,`language_id`),
  ADD KEY `customers_status_name` (`customers_status_name`);

--
-- Indizes für die Tabelle `customers_status_history`
--
ALTER TABLE `customers_status_history`
  ADD PRIMARY KEY (`customers_status_history_id`),
  ADD KEY `customers_id` (`customers_id`);

--
-- Indizes für die Tabelle `default_products_master_keys`
--
ALTER TABLE `default_products_master_keys`
  ADD PRIMARY KEY (`default_products_master_keys_id`);

--
-- Indizes für die Tabelle `default_products_master_keys_description`
--
ALTER TABLE `default_products_master_keys_description`
  ADD PRIMARY KEY (`default_products_master_keys_description_id`),
  ADD KEY `default_products_master_keys_id` (`default_products_master_keys_id`);

--
-- Indizes für die Tabelle `default_products_master_slave_values`
--
ALTER TABLE `default_products_master_slave_values`
  ADD PRIMARY KEY (`default_products_master_slave_values_id`),
  ADD KEY `default_products_master_key_id` (`default_products_master_keys_description_id`);

--
-- Indizes für die Tabelle `distributors`
--
ALTER TABLE `distributors`
  ADD PRIMARY KEY (`id`);

--
-- Indizes für die Tabelle `distributor_contacts`
--
ALTER TABLE `distributor_contacts`
  ADD PRIMARY KEY (`distributor_contacts_id`),
  ADD KEY `distributor_id` (`distributor_id`);

--
-- Indizes für die Tabelle `distributor_invoices`
--
ALTER TABLE `distributor_invoices`
  ADD PRIMARY KEY (`distributor_invoices_id`),
  ADD KEY `distributor_id` (`distributor_id`);

--
-- Indizes für die Tabelle `distributor_invoices_entries`
--
ALTER TABLE `distributor_invoices_entries`
  ADD PRIMARY KEY (`distributor_invoices_entries_id`),
  ADD KEY `distributor_invoices_id` (`distributor_invoices_id`);

--
-- Indizes für die Tabelle `distributor_invoices_installments`
--
ALTER TABLE `distributor_invoices_installments`
  ADD PRIMARY KEY (`distributor_invoices_installments_id`),
  ADD KEY `distributor_invoices_id` (`distributor_invoices_id`);

--
-- Indizes für die Tabelle `distributor_invoices_products`
--
ALTER TABLE `distributor_invoices_products`
  ADD PRIMARY KEY (`distributor_invoices_products_id`),
  ADD KEY `distributor_invoices_id` (`distributor_invoices_id`);

--
-- Indizes für die Tabelle `distributor_invoices_products_properties`
--
ALTER TABLE `distributor_invoices_products_properties`
  ADD PRIMARY KEY (`distributor_invoices_products_properties_id`),
  ADD KEY `distributor_invoices_products_id` (`distributor_invoices_products_id`);

--
-- Indizes für die Tabelle `distributor_invoices_reasons`
--
ALTER TABLE `distributor_invoices_reasons`
  ADD PRIMARY KEY (`distributor_invoices_reasons_id`);

--
-- Indizes für die Tabelle `distributor_invoices_status`
--
ALTER TABLE `distributor_invoices_status`
  ADD PRIMARY KEY (`distributor_invoices_status_id`,`language_id`);

--
-- Indizes für die Tabelle `distributor_invoices_status_history`
--
ALTER TABLE `distributor_invoices_status_history`
  ADD PRIMARY KEY (`distributor_invoices_status_history_id`),
  ADD KEY `distributor_invoices_id` (`distributor_invoices_id`);

--
-- Indizes für die Tabelle `distributor_invoices_total`
--
ALTER TABLE `distributor_invoices_total`
  ADD PRIMARY KEY (`distributor_invoices_total_id`),
  ADD KEY `distributor_invoices_id` (`distributor_invoices_id`);

--
-- Indizes für die Tabelle `distributor_orders`
--
ALTER TABLE `distributor_orders`
  ADD PRIMARY KEY (`distributor_orders_id`),
  ADD KEY `distributor_id` (`distributor_id`),
  ADD KEY `orders_id` (`orders_id`);

--
-- Indizes für die Tabelle `distributor_orders_products`
--
ALTER TABLE `distributor_orders_products`
  ADD PRIMARY KEY (`distributor_orders_products_id`),
  ADD KEY `distributor_orders_id` (`distributor_orders_id`),
  ADD KEY `products_id` (`products_id`);

--
-- Indizes für die Tabelle `distributor_orders_products_attributes`
--
ALTER TABLE `distributor_orders_products_attributes`
  ADD PRIMARY KEY (`distributor_orders_products_attributes_id`);

--
-- Indizes für die Tabelle `distributor_orders_products_properties`
--
ALTER TABLE `distributor_orders_products_properties`
  ADD PRIMARY KEY (`distributor_orders_products_properties_id`),
  ADD KEY `distributor_orders_products_id` (`distributor_orders_products_id`);

--
-- Indizes für die Tabelle `distributor_orders_recalculate`
--
ALTER TABLE `distributor_orders_recalculate`
  ADD PRIMARY KEY (`orders_recalculate_id`);

--
-- Indizes für die Tabelle `distributor_orders_status`
--
ALTER TABLE `distributor_orders_status`
  ADD PRIMARY KEY (`orders_status_id`,`language_id`),
  ADD KEY `orders_status_name` (`orders_status_name`);

--
-- Indizes für die Tabelle `distributor_orders_status_history`
--
ALTER TABLE `distributor_orders_status_history`
  ADD PRIMARY KEY (`orders_status_history_id`),
  ADD KEY `distributor_orders_id` (`distributor_orders_id`);

--
-- Indizes für die Tabelle `distributor_orders_total`
--
ALTER TABLE `distributor_orders_total`
  ADD PRIMARY KEY (`orders_total_id`),
  ADD KEY `orders_id` (`orders_id`);

--
-- Indizes für die Tabelle `distributor_product_prices`
--
ALTER TABLE `distributor_product_prices`
  ADD PRIMARY KEY (`distributor_product_prices_id`),
  ADD KEY `distributor_id` (`distributor_id`),
  ADD KEY `products_id` (`products_id`);

--
-- Indizes für die Tabelle `ebayapi_favorites`
--
ALTER TABLE `ebayapi_favorites`
  ADD PRIMARY KEY (`favorite_id`),
  ADD KEY `favorite_id` (`favorite_id`),
  ADD KEY `favorite_ebayid` (`favorite_ebayid`);

--
-- Indizes für die Tabelle `ebayapi_favorites_characteristics`
--
ALTER TABLE `ebayapi_favorites_characteristics`
  ADD PRIMARY KEY (`ebayapi_favorites_characteristics_id`),
  ADD KEY `ebayapi_favorites_id` (`ebayapi_favorites_id`);

--
-- Indizes für die Tabelle `ebayapi_favorites_itemconditions`
--
ALTER TABLE `ebayapi_favorites_itemconditions`
  ADD PRIMARY KEY (`ebayapi_favorites_itemconditions_id`),
  ADD KEY `favorite_ebayid` (`favorite_ebayid`);

--
-- Indizes für die Tabelle `ebay_auctions`
--
ALTER TABLE `ebay_auctions`
  ADD PRIMARY KEY (`id`),
  ADD KEY `ebay_id` (`ebay_id`),
  ADD KEY `products_id` (`products_id`),
  ADD KEY `ebay_products_id` (`ebay_products_id`),
  ADD KEY `end_time` (`end_time`),
  ADD KEY `cronstart` (`cronstart`),
  ADD KEY `start_time` (`start_time`),
  ADD KEY `status` (`status`);

--
-- Indizes für die Tabelle `ebay_auctions_characteristics`
--
ALTER TABLE `ebay_auctions_characteristics`
  ADD PRIMARY KEY (`ebay_auctions_characteristics_id`),
  ADD KEY `ebay_auctions_id` (`ebay_auctions_id`);

--
-- Indizes für die Tabelle `ebay_auctions_energy_efficiency`
--
ALTER TABLE `ebay_auctions_energy_efficiency`
  ADD PRIMARY KEY (`ebay_auctions_energy_efficiency_id`),
  ADD KEY `ebay_auctions_id` (`ebay_auctions_id`);

--
-- Indizes für die Tabelle `ebay_auctions_fees`
--
ALTER TABLE `ebay_auctions_fees`
  ADD PRIMARY KEY (`ebay_auctions_fees_id`),
  ADD KEY `ebay_auctions_id` (`ebay_auctions_id`);

--
-- Indizes für die Tabelle `ebay_auctions_itemspecifics`
--
ALTER TABLE `ebay_auctions_itemspecifics`
  ADD PRIMARY KEY (`ebay_auctions_itemspecifics_id`),
  ADD KEY `ebay_auctions_id` (`ebay_auctions_id`);

--
-- Indizes für die Tabelle `ebay_auctions_manufacturers`
--
ALTER TABLE `ebay_auctions_manufacturers`
  ADD PRIMARY KEY (`ebay_auctions_manufacturers_id`),
  ADD KEY `ebay_auctions_id` (`ebay_auctions_id`);

--
-- Indizes für die Tabelle `ebay_auctions_payments`
--
ALTER TABLE `ebay_auctions_payments`
  ADD PRIMARY KEY (`ebay_auctions_payments_id`),
  ADD KEY `ebay_auctions_id` (`ebay_auctions_id`);

--
-- Indizes für die Tabelle `ebay_auctions_price_revise`
--
ALTER TABLE `ebay_auctions_price_revise`
  ADD PRIMARY KEY (`ebay_auctions_price_revise_id`),
  ADD KEY `ebay_auctions_id` (`ebay_auctions_id`);

--
-- Indizes für die Tabelle `ebay_auctions_price_revise_auctions`
--
ALTER TABLE `ebay_auctions_price_revise_auctions`
  ADD PRIMARY KEY (`ebay_auctions_price_revise_auctions_id`),
  ADD KEY `ebay_auctions_id` (`ebay_auctions_id`),
  ADD KEY `products_id` (`products_id`);

--
-- Indizes für die Tabelle `ebay_auctions_productsafety`
--
ALTER TABLE `ebay_auctions_productsafety`
  ADD PRIMARY KEY (`ebay_auctions_productsafety_id`),
  ADD KEY `ebay_auctions_id` (`ebay_auctions_id`);

--
-- Indizes für die Tabelle `ebay_auctions_properties`
--
ALTER TABLE `ebay_auctions_properties`
  ADD PRIMARY KEY (`ebay_auctions_properties_id`),
  ADD KEY `ebay_auctions_id` (`ebay_auctions_id`);

--
-- Indizes für die Tabelle `ebay_auctions_properties_description`
--
ALTER TABLE `ebay_auctions_properties_description`
  ADD PRIMARY KEY (`ebay_auctions_properties_description_id`),
  ADD KEY `ebay_auctions_properties_id` (`ebay_auctions_properties_id`);

--
-- Indizes für die Tabelle `ebay_auctions_properties_values`
--
ALTER TABLE `ebay_auctions_properties_values`
  ADD PRIMARY KEY (`ebay_auctions_properties_values_id`),
  ADD KEY `ebay_auctions_properties_description_id` (`ebay_auctions_properties_id`);

--
-- Indizes für die Tabelle `ebay_auctions_properties_values_description`
--
ALTER TABLE `ebay_auctions_properties_values_description`
  ADD PRIMARY KEY (`ebay_auctions_properties_values_description_id`),
  ADD KEY `ebay_auctions_properties_description_id` (`ebay_auctions_properties_values_id`);

--
-- Indizes für die Tabelle `ebay_auctions_quantity_history`
--
ALTER TABLE `ebay_auctions_quantity_history`
  ADD PRIMARY KEY (`ebay_auctions_quantity_history_id`),
  ADD KEY `ebay_auctions_id` (`ebay_auctions_id`);

--
-- Indizes für die Tabelle `ebay_auctions_regulatory_documents`
--
ALTER TABLE `ebay_auctions_regulatory_documents`
  ADD PRIMARY KEY (`ebay_auctions_regulatory_documents_id`),
  ADD KEY `ebay_auctions_id` (`ebay_auctions_id`);

--
-- Indizes für die Tabelle `ebay_auctions_regulatory_hazmats`
--
ALTER TABLE `ebay_auctions_regulatory_hazmats`
  ADD PRIMARY KEY (`ebay_auctions_regulatory_hazmats_id`),
  ADD KEY `ebay_auctions_id` (`ebay_auctions_id`);

--
-- Indizes für die Tabelle `ebay_auctions_responsible_persons`
--
ALTER TABLE `ebay_auctions_responsible_persons`
  ADD PRIMARY KEY (`ebay_auctions_responsible_persons_id`),
  ADD KEY `ebay_auctions_id` (`ebay_auctions_id`);

--
-- Indizes für die Tabelle `ebay_auctions_shippings`
--
ALTER TABLE `ebay_auctions_shippings`
  ADD PRIMARY KEY (`ebay_auctions_shippings_id`),
  ADD KEY `ebay_auctions_id` (`ebay_auctions_id`);

--
-- Indizes für die Tabelle `ebay_auctions_shippings_locations`
--
ALTER TABLE `ebay_auctions_shippings_locations`
  ADD PRIMARY KEY (`ebay_auctions_shippings_locations_id`),
  ADD KEY `ebay_auctions_shippings_id` (`ebay_auctions_shippings_id`);

--
-- Indizes für die Tabelle `ebay_auctions_variations`
--
ALTER TABLE `ebay_auctions_variations`
  ADD PRIMARY KEY (`ebay_auctions_variations_id`),
  ADD KEY `products_id` (`products_id`),
  ADD KEY `ebay_auctions_id` (`ebay_auctions_id`);

--
-- Indizes für die Tabelle `ebay_auctions_videos`
--
ALTER TABLE `ebay_auctions_videos`
  ADD PRIMARY KEY (`ebay_auctions_videos_id`),
  ADD KEY `ebay_auctions_id` (`ebay_auctions_id`);

--
-- Indizes für die Tabelle `ebay_auth`
--
ALTER TABLE `ebay_auth`
  ADD PRIMARY KEY (`Id`);

--
-- Indizes für die Tabelle `ebay_automatics`
--
ALTER TABLE `ebay_automatics`
  ADD PRIMARY KEY (`ebay_automatics_id`),
  ADD KEY `ebay_products_id` (`ebay_products_id`);

--
-- Indizes für die Tabelle `ebay_automatics_daily`
--
ALTER TABLE `ebay_automatics_daily`
  ADD PRIMARY KEY (`ebay_automatics_daily_id`),
  ADD KEY `ebay_automatics_id` (`ebay_automatics_id`);

--
-- Indizes für die Tabelle `ebay_bestoffer_matrix`
--
ALTER TABLE `ebay_bestoffer_matrix`
  ADD PRIMARY KEY (`ebay_bestoffer_matrix_id`),
  ADD KEY `ebay_products_id` (`ebay_products_id`);

--
-- Indizes für die Tabelle `ebay_brand_aliases`
--
ALTER TABLE `ebay_brand_aliases`
  ADD PRIMARY KEY (`ebay_brand_aliases_id`);

--
-- Indizes für die Tabelle `ebay_calls`
--
ALTER TABLE `ebay_calls`
  ADD PRIMARY KEY (`id`);

--
-- Indizes für die Tabelle `ebay_customers`
--
ALTER TABLE `ebay_customers`
  ADD PRIMARY KEY (`id`);

--
-- Indizes für die Tabelle `ebay_default_characteristics`
--
ALTER TABLE `ebay_default_characteristics`
  ADD PRIMARY KEY (`ebay_default_characteristics_id`),
  ADD KEY `ebay_sammler_id` (`ebay_sammler_id`);

--
-- Indizes für die Tabelle `ebay_default_itemspecifics`
--
ALTER TABLE `ebay_default_itemspecifics`
  ADD PRIMARY KEY (`ebay_default_itemspecifics_id`);

--
-- Indizes für die Tabelle `ebay_default_payments`
--
ALTER TABLE `ebay_default_payments`
  ADD PRIMARY KEY (`ebay_default_payments_id`);

--
-- Indizes für die Tabelle `ebay_default_shippings`
--
ALTER TABLE `ebay_default_shippings`
  ADD PRIMARY KEY (`ebay_default_shippings_id`);

--
-- Indizes für die Tabelle `ebay_default_shippings_locations`
--
ALTER TABLE `ebay_default_shippings_locations`
  ADD PRIMARY KEY (`ebay_default_shippings_locations_id`),
  ADD KEY `ebay_default_shippings_id` (`ebay_default_shippings_id`);

--
-- Indizes für die Tabelle `ebay_disputes`
--
ALTER TABLE `ebay_disputes`
  ADD PRIMARY KEY (`id`);

--
-- Indizes für die Tabelle `ebay_durations`
--
ALTER TABLE `ebay_durations`
  ADD PRIMARY KEY (`id`);

--
-- Indizes für die Tabelle `ebay_emails`
--
ALTER TABLE `ebay_emails`
  ADD PRIMARY KEY (`id`),
  ADD KEY `email_body_id` (`email_body_id`),
  ADD KEY `customers_id` (`customers_id`),
  ADD KEY `messageid` (`messageid`);

--
-- Indizes für die Tabelle `ebay_email_attachments`
--
ALTER TABLE `ebay_email_attachments`
  ADD PRIMARY KEY (`ebay_email_attachments_id`),
  ADD KEY `email_id` (`email_id`);

--
-- Indizes für die Tabelle `ebay_email_bodys`
--
ALTER TABLE `ebay_email_bodys`
  ADD PRIMARY KEY (`email_id`);

--
-- Indizes für die Tabelle `ebay_external_payments`
--
ALTER TABLE `ebay_external_payments`
  ADD PRIMARY KEY (`ebay_external_payments_id`),
  ADD KEY `orders_id` (`orders_id`);

--
-- Indizes für die Tabelle `ebay_feedback`
--
ALTER TABLE `ebay_feedback`
  ADD PRIMARY KEY (`id`),
  ADD KEY `ItemNumber` (`ItemNumber`),
  ADD KEY `TransactionId` (`TransactionId`);

--
-- Indizes für die Tabelle `ebay_import_variations_images`
--
ALTER TABLE `ebay_import_variations_images`
  ADD PRIMARY KEY (`ebay_import_variations_images_id`);

--
-- Indizes für die Tabelle `ebay_libri_filters`
--
ALTER TABLE `ebay_libri_filters`
  ADD PRIMARY KEY (`ebay_libri_filters_id`);

--
-- Indizes für die Tabelle `ebay_media_documents`
--
ALTER TABLE `ebay_media_documents`
  ADD PRIMARY KEY (`ebay_media_documents_id`);

--
-- Indizes für die Tabelle `ebay_media_videos`
--
ALTER TABLE `ebay_media_videos`
  ADD PRIMARY KEY (`ebay_media_videos_id`);

--
-- Indizes für die Tabelle `ebay_mpn_aliases`
--
ALTER TABLE `ebay_mpn_aliases`
  ADD PRIMARY KEY (`ebay_mpn_aliases_id`);

--
-- Indizes für die Tabelle `ebay_multi_edit`
--
ALTER TABLE `ebay_multi_edit`
  ADD PRIMARY KEY (`ebay_multi_edit_id`);

--
-- Indizes für die Tabelle `ebay_multi_edit_items`
--
ALTER TABLE `ebay_multi_edit_items`
  ADD PRIMARY KEY (`ebay_multi_edit_items_id`),
  ADD KEY `ebay_auctions_id` (`ebay_auctions_id`),
  ADD KEY `ebay_multi_edit_id` (`ebay_multi_edit_id`);

--
-- Indizes für die Tabelle `ebay_multi_edit_price_revise`
--
ALTER TABLE `ebay_multi_edit_price_revise`
  ADD PRIMARY KEY (`ebay_multi_edit_price_revise_id`),
  ADD KEY `ebay_auctions_id` (`ebay_auctions_id`);

--
-- Indizes für die Tabelle `ebay_mymessage`
--
ALTER TABLE `ebay_mymessage`
  ADD PRIMARY KEY (`ebay_mymessage_id`);

--
-- Indizes für die Tabelle `ebay_mymessage_reply`
--
ALTER TABLE `ebay_mymessage_reply`
  ADD PRIMARY KEY (`ebay_mymessage_reply_id`);

--
-- Indizes für die Tabelle `ebay_orders`
--
ALTER TABLE `ebay_orders`
  ADD PRIMARY KEY (`ebay_orders_id`),
  ADD KEY `orders_id` (`orders_id`);

--
-- Indizes für die Tabelle `ebay_orders_items`
--
ALTER TABLE `ebay_orders_items`
  ADD PRIMARY KEY (`ebay_orders_items_id`),
  ADD KEY `ebay_orders_id` (`ebay_orders_id`),
  ADD KEY `products_id` (`products_id`);

--
-- Indizes für die Tabelle `ebay_orders_oos`
--
ALTER TABLE `ebay_orders_oos`
  ADD PRIMARY KEY (`ebay_orders_oos_id`);

--
-- Indizes für die Tabelle `ebay_payments`
--
ALTER TABLE `ebay_payments`
  ADD PRIMARY KEY (`ebay_payments_id`);

--
-- Indizes für die Tabelle `ebay_personal_offers`
--
ALTER TABLE `ebay_personal_offers`
  ADD PRIMARY KEY (`ebay_personal_offers`),
  ADD KEY `ebay_id` (`ebay_id`);

--
-- Indizes für die Tabelle `ebay_products`
--
ALTER TABLE `ebay_products`
  ADD PRIMARY KEY (`id`),
  ADD KEY `products_id` (`products_id`),
  ADD KEY `ebay_sammler_id` (`ebay_sammler_id`),
  ADD KEY `ebay_variations_id` (`ebay_variations_id`);

--
-- Indizes für die Tabelle `ebay_products_characteristics`
--
ALTER TABLE `ebay_products_characteristics`
  ADD PRIMARY KEY (`ebay_products_characteristics_id`),
  ADD KEY `ebay_products_id` (`ebay_products_id`);

--
-- Indizes für die Tabelle `ebay_products_energy_efficiency`
--
ALTER TABLE `ebay_products_energy_efficiency`
  ADD PRIMARY KEY (`ebay_products_energy_efficiency_id`),
  ADD KEY `ebay_products_id` (`ebay_products_id`);

--
-- Indizes für die Tabelle `ebay_products_history`
--
ALTER TABLE `ebay_products_history`
  ADD PRIMARY KEY (`ebay_products_history_id`),
  ADD KEY `ebay_products_id` (`ebay_products_id`);

--
-- Indizes für die Tabelle `ebay_products_itemspecifics`
--
ALTER TABLE `ebay_products_itemspecifics`
  ADD PRIMARY KEY (`ebay_products_itemspecifics_id`),
  ADD KEY `ebay_products_id` (`ebay_products_id`);

--
-- Indizes für die Tabelle `ebay_products_itemspecifics_recommendations`
--
ALTER TABLE `ebay_products_itemspecifics_recommendations`
  ADD PRIMARY KEY (`ebay_products_itemspecifics_recommendations_id`),
  ADD KEY `ebay_products_id` (`ebay_products_id`);

--
-- Indizes für die Tabelle `ebay_products_manufacturers`
--
ALTER TABLE `ebay_products_manufacturers`
  ADD PRIMARY KEY (`ebay_products_manufacturers_id`),
  ADD KEY `ebay_products_id` (`ebay_products_id`);

--
-- Indizes für die Tabelle `ebay_products_payments`
--
ALTER TABLE `ebay_products_payments`
  ADD PRIMARY KEY (`ebay_products_payments_id`),
  ADD KEY `ebay_products_id` (`ebay_products_id`);

--
-- Indizes für die Tabelle `ebay_products_productsafety`
--
ALTER TABLE `ebay_products_productsafety`
  ADD PRIMARY KEY (`ebay_products_productsafety_id`),
  ADD KEY `ebay_products_id` (`ebay_products_id`);

--
-- Indizes für die Tabelle `ebay_products_properties`
--
ALTER TABLE `ebay_products_properties`
  ADD PRIMARY KEY (`ebay_products_properties_id`),
  ADD KEY `ebay_products_id` (`ebay_products_id`);

--
-- Indizes für die Tabelle `ebay_products_properties_description`
--
ALTER TABLE `ebay_products_properties_description`
  ADD PRIMARY KEY (`ebay_products_properties_description_id`),
  ADD KEY `ebay_products_properties_id` (`ebay_products_properties_id`);

--
-- Indizes für die Tabelle `ebay_products_properties_values`
--
ALTER TABLE `ebay_products_properties_values`
  ADD PRIMARY KEY (`ebay_products_properties_values_id`),
  ADD KEY `ebay_products_properties_description_id` (`ebay_products_properties_id`);

--
-- Indizes für die Tabelle `ebay_products_properties_values_description`
--
ALTER TABLE `ebay_products_properties_values_description`
  ADD PRIMARY KEY (`ebay_products_properties_values_description_id`),
  ADD KEY `ebay_products_properties_description_id` (`ebay_products_properties_values_id`);

--
-- Indizes für die Tabelle `ebay_products_regulatory_documents`
--
ALTER TABLE `ebay_products_regulatory_documents`
  ADD PRIMARY KEY (`ebay_products_regulatory_documents_id`),
  ADD KEY `ebay_products_id` (`ebay_products_id`);

--
-- Indizes für die Tabelle `ebay_products_regulatory_hazmats`
--
ALTER TABLE `ebay_products_regulatory_hazmats`
  ADD PRIMARY KEY (`ebay_products_regulatory_hazmats_id`),
  ADD KEY `ebay_products_id` (`ebay_products_id`);

--
-- Indizes für die Tabelle `ebay_products_responsible_persons`
--
ALTER TABLE `ebay_products_responsible_persons`
  ADD PRIMARY KEY (`ebay_products_responsible_persons_id`),
  ADD KEY `ebay_products_id` (`ebay_products_id`);

--
-- Indizes für die Tabelle `ebay_products_shippings`
--
ALTER TABLE `ebay_products_shippings`
  ADD PRIMARY KEY (`ebay_products_shippings_id`),
  ADD KEY `ebay_products_id` (`ebay_products_id`);

--
-- Indizes für die Tabelle `ebay_products_shippings_locations`
--
ALTER TABLE `ebay_products_shippings_locations`
  ADD PRIMARY KEY (`ebay_products_shippings_locations_id`),
  ADD KEY `ebay_products_shippings_id` (`ebay_products_shippings_id`);

--
-- Indizes für die Tabelle `ebay_products_to_categories`
--
ALTER TABLE `ebay_products_to_categories`
  ADD PRIMARY KEY (`id`),
  ADD KEY `products_id` (`products_id`),
  ADD KEY `category_id` (`category_id`);

--
-- Indizes für die Tabelle `ebay_products_variations`
--
ALTER TABLE `ebay_products_variations`
  ADD PRIMARY KEY (`ebay_products_variations_id`),
  ADD KEY `ebay_products_id` (`ebay_products_id`);

--
-- Indizes für die Tabelle `ebay_products_videos`
--
ALTER TABLE `ebay_products_videos`
  ADD PRIMARY KEY (`ebay_products_videos_id`),
  ADD KEY `ebay_products_id` (`ebay_products_id`);

--
-- Indizes für die Tabelle `ebay_sammler`
--
ALTER TABLE `ebay_sammler`
  ADD PRIMARY KEY (`id`);

--
-- Indizes für die Tabelle `ebay_sammler_characteristics`
--
ALTER TABLE `ebay_sammler_characteristics`
  ADD PRIMARY KEY (`ebay_sammler_characteristics_id`),
  ADD KEY `ebay_sammler_id` (`ebay_sammler_id`);

--
-- Indizes für die Tabelle `ebay_sammler_copy`
--
ALTER TABLE `ebay_sammler_copy`
  ADD PRIMARY KEY (`ebay_sammler_copy_id`),
  ADD KEY `ebay_sammler_id` (`ebay_sammler_id`);

--
-- Indizes für die Tabelle `ebay_sammler_itemspecifics`
--
ALTER TABLE `ebay_sammler_itemspecifics`
  ADD PRIMARY KEY (`ebay_sammler_itemspecifics_id`),
  ADD KEY `ebay_sammler_id` (`ebay_sammler_id`);

--
-- Indizes für die Tabelle `ebay_sammler_itemspecifics_recommendations`
--
ALTER TABLE `ebay_sammler_itemspecifics_recommendations`
  ADD PRIMARY KEY (`ebay_sammler_itemspecifics_recommendations_id`),
  ADD KEY `ebay_sammler_id` (`ebay_sammler_id`);

--
-- Indizes für die Tabelle `ebay_sammler_payments`
--
ALTER TABLE `ebay_sammler_payments`
  ADD PRIMARY KEY (`ebay_sammler_payments_id`),
  ADD KEY `ebay_sammler_id` (`ebay_sammler_id`);

--
-- Indizes für die Tabelle `ebay_sammler_shippings`
--
ALTER TABLE `ebay_sammler_shippings`
  ADD PRIMARY KEY (`ebay_sammler_shippings_id`),
  ADD KEY `ebay_sammler_id` (`ebay_sammler_id`);

--
-- Indizes für die Tabelle `ebay_sammler_shippings_locations`
--
ALTER TABLE `ebay_sammler_shippings_locations`
  ADD PRIMARY KEY (`ebay_sammler_shippings_locations_id`),
  ADD KEY `ebay_sammler_shippings_id` (`ebay_sammler_shippings_id`);

--
-- Indizes für die Tabelle `ebay_seller_profiles`
--
ALTER TABLE `ebay_seller_profiles`
  ADD PRIMARY KEY (`ebay_seller_profiles_id`);

--
-- Indizes für die Tabelle `ebay_shippingoptions`
--
ALTER TABLE `ebay_shippingoptions`
  ADD PRIMARY KEY (`id`);

--
-- Indizes für die Tabelle `ebay_sitecodes`
--
ALTER TABLE `ebay_sitecodes`
  ADD PRIMARY KEY (`ebay_sitecodes_id`);

--
-- Indizes für die Tabelle `ebay_template_excludes`
--
ALTER TABLE `ebay_template_excludes`
  ADD PRIMARY KEY (`id`),
  ADD KEY `ebay_products_id` (`ebay_products_id`);

--
-- Indizes für die Tabelle `ebay_textitems`
--
ALTER TABLE `ebay_textitems`
  ADD PRIMARY KEY (`id`);

--
-- Indizes für die Tabelle `ebay_textitems_user`
--
ALTER TABLE `ebay_textitems_user`
  ADD KEY `customers_id` (`customers_id`),
  ADD KEY `ebay_textitems_id` (`ebay_textitems_id`);

--
-- Indizes für die Tabelle `ebay_timingdelays`
--
ALTER TABLE `ebay_timingdelays`
  ADD PRIMARY KEY (`timing_delay_id`);

--
-- Indizes für die Tabelle `ebay_transactions`
--
ALTER TABLE `ebay_transactions`
  ADD PRIMARY KEY (`id`),
  ADD KEY `ebayid` (`ebayid`),
  ADD KEY `products_id` (`products_id`),
  ADD KEY `transactiondate` (`transactiondate`),
  ADD KEY `orders_id` (`orders_id`);

--
-- Indizes für die Tabelle `ebay_uuid`
--
ALTER TABLE `ebay_uuid`
  ADD PRIMARY KEY (`UUID`);

--
-- Indizes für die Tabelle `ebay_variations`
--
ALTER TABLE `ebay_variations`
  ADD PRIMARY KEY (`ebay_variations_id`),
  ADD KEY `ebay_variations_sets_id` (`ebay_variations_sets_id`),
  ADD KEY `products_id` (`products_id`);

--
-- Indizes für die Tabelle `ebay_variationspecificssets`
--
ALTER TABLE `ebay_variationspecificssets`
  ADD PRIMARY KEY (`ebay_variationspecificssets_id`),
  ADD KEY `ebay_variations_sets_id` (`ebay_variations_sets_id`);

--
-- Indizes für die Tabelle `ebay_variations_pictures`
--
ALTER TABLE `ebay_variations_pictures`
  ADD PRIMARY KEY (`ebay_variations_pictures_id`),
  ADD KEY `ebay_variations_id` (`ebay_variations_id`),
  ADD KEY `ebay_variations_sets_id` (`ebay_variations_sets_id`);

--
-- Indizes für die Tabelle `ebay_variations_pictures_sets`
--
ALTER TABLE `ebay_variations_pictures_sets`
  ADD PRIMARY KEY (`ebay_variations_pictures_sets_id`),
  ADD KEY `ebay_variations_pictures_id` (`ebay_variations_pictures_id`);

--
-- Indizes für die Tabelle `ebay_variations_pictures_sets_urls`
--
ALTER TABLE `ebay_variations_pictures_sets_urls`
  ADD PRIMARY KEY (`ebay_variations_pictures_sets_urls_id`),
  ADD KEY `ebay_variations_pictures_sets_id` (`ebay_variations_pictures_sets_id`);

--
-- Indizes für die Tabelle `ebay_variations_sets`
--
ALTER TABLE `ebay_variations_sets`
  ADD PRIMARY KEY (`ebay_variations_sets_id`),
  ADD KEY `ebay_products_id` (`ebay_products_id`);

--
-- Indizes für die Tabelle `ebay_variations_variationspecifics`
--
ALTER TABLE `ebay_variations_variationspecifics`
  ADD PRIMARY KEY (`ebay_variations_variationspecifics_id`),
  ADD KEY `ebay_variations_id` (`ebay_variations_id`);

--
-- Indizes für die Tabelle `ebay_warning_history`
--
ALTER TABLE `ebay_warning_history`
  ADD PRIMARY KEY (`id`),
  ADD KEY `orders_id` (`orders_id`),
  ADD KEY `customers_id` (`customers_id`);

--
-- Indizes für die Tabelle `email_staff_allocation`
--
ALTER TABLE `email_staff_allocation`
  ADD PRIMARY KEY (`email_staff_allocation_id`),
  ADD KEY `email_id` (`email_id`),
  ADD KEY `customers_id` (`customers_id`);

--
-- Indizes für die Tabelle `email_staff_allocation_history`
--
ALTER TABLE `email_staff_allocation_history`
  ADD PRIMARY KEY (`email_staff_allocation_history_id`),
  ADD KEY `email_id` (`email_id`),
  ADD KEY `customers_id` (`customers_id`),
  ADD KEY `sender_id` (`sender_id`);

--
-- Indizes für die Tabelle `event`
--
ALTER TABLE `event`
  ADD PRIMARY KEY (`event_id`),
  ADD KEY `products_id` (`products_id`);

--
-- Indizes für die Tabelle `events_to_event_tickets`
--
ALTER TABLE `events_to_event_tickets`
  ADD PRIMARY KEY (`events_to_event_tickets_id`),
  ADD KEY `events_id` (`events_id`),
  ADD KEY `event_tickets_id` (`event_tickets_id`);

--
-- Indizes für die Tabelle `event_dates`
--
ALTER TABLE `event_dates`
  ADD PRIMARY KEY (`event_dates_id`),
  ADD KEY `event_id` (`event_id`);

--
-- Indizes für die Tabelle `event_dates_timer`
--
ALTER TABLE `event_dates_timer`
  ADD PRIMARY KEY (`event_dates_timer_id`),
  ADD KEY `event_dates_id` (`event_dates_id`);

--
-- Indizes für die Tabelle `event_tickets`
--
ALTER TABLE `event_tickets`
  ADD PRIMARY KEY (`event_tickets_id`);

--
-- Indizes für die Tabelle `event_tickets_description`
--
ALTER TABLE `event_tickets_description`
  ADD PRIMARY KEY (`event_tickets_description_id`),
  ADD KEY `event_tickets_id` (`event_tickets_id`);

--
-- Indizes für die Tabelle `feedback_reminder`
--
ALTER TABLE `feedback_reminder`
  ADD PRIMARY KEY (`feedback_reminder_id`),
  ADD KEY `orders_id` (`orders_id`);

--
-- Indizes für die Tabelle `flashpoint_import_configuration`
--
ALTER TABLE `flashpoint_import_configuration`
  ADD PRIMARY KEY (`flashpoint_import_configuration_id`);

--
-- Indizes für die Tabelle `geo_zones`
--
ALTER TABLE `geo_zones`
  ADD PRIMARY KEY (`geo_zone_id`);

--
-- Indizes für die Tabelle `groups`
--
ALTER TABLE `groups`
  ADD PRIMARY KEY (`groups_id`);

--
-- Indizes für die Tabelle `groups_allocations`
--
ALTER TABLE `groups_allocations`
  ADD KEY `products_id` (`products_id`),
  ADD KEY `groups_id` (`groups_id`);

--
-- Indizes für die Tabelle `groups_tax_rates_allocation`
--
ALTER TABLE `groups_tax_rates_allocation`
  ADD PRIMARY KEY (`groups_tax_rates_allocation_id`),
  ADD KEY `groups_id` (`groups_id`),
  ADD KEY `tax_rates_id` (`tax_rates_id`);

--
-- Indizes für die Tabelle `group_history`
--
ALTER TABLE `group_history`
  ADD PRIMARY KEY (`group_history_id`),
  ADD KEY `group_id` (`group_id`);

--
-- Indizes für die Tabelle `hermes`
--
ALTER TABLE `hermes`
  ADD PRIMARY KEY (`id`);

--
-- Indizes für die Tabelle `hermes_countries`
--
ALTER TABLE `hermes_countries`
  ADD PRIMARY KEY (`id`);

--
-- Indizes für die Tabelle `hermes_status_dispos`
--
ALTER TABLE `hermes_status_dispos`
  ADD PRIMARY KEY (`hermes_status_dispos_id`);

--
-- Indizes für die Tabelle `hermes_status_itemstock`
--
ALTER TABLE `hermes_status_itemstock`
  ADD PRIMARY KEY (`hermes_status_itemstock_id`);

--
-- Indizes für die Tabelle `hermes_status_orderstat`
--
ALTER TABLE `hermes_status_orderstat`
  ADD PRIMARY KEY (`hermes_status_orderstat_id`);

--
-- Indizes für die Tabelle `history`
--
ALTER TABLE `history`
  ADD PRIMARY KEY (`history_id`),
  ADD KEY `editor_id` (`editor_id`);

--
-- Indizes für die Tabelle `history_bestand`
--
ALTER TABLE `history_bestand`
  ADD PRIMARY KEY (`id`),
  ADD KEY `products_id` (`products_id`);

--
-- Indizes für die Tabelle `incoming_payments`
--
ALTER TABLE `incoming_payments`
  ADD PRIMARY KEY (`id`),
  ADD UNIQUE KEY `id` (`id`),
  ADD KEY `betrag` (`betrag`),
  ADD KEY `buchungstag` (`buchungstag`);

--
-- Indizes für die Tabelle `incoming_payment_mask`
--
ALTER TABLE `incoming_payment_mask`
  ADD PRIMARY KEY (`Id`);

--
-- Indizes für die Tabelle `kasse`
--
ALTER TABLE `kasse`
  ADD PRIMARY KEY (`id`),
  ADD KEY `customers_id` (`customers_id`),
  ADD KEY `orders_id` (`orders_id`),
  ADD KEY `branches_id` (`branches_id`),
  ADD KEY `rueckerstattungen_id` (`rueckerstattungen_id`);

--
-- Indizes für die Tabelle `kasse_payments`
--
ALTER TABLE `kasse_payments`
  ADD PRIMARY KEY (`kasse_payments_id`);

--
-- Indizes für die Tabelle `languages`
--
ALTER TABLE `languages`
  ADD PRIMARY KEY (`languages_id`),
  ADD KEY `IDX_LANGUAGES_NAME` (`name`),
  ADD KEY `name` (`name`);

--
-- Indizes für die Tabelle `lawyer_export`
--
ALTER TABLE `lawyer_export`
  ADD PRIMARY KEY (`lawyer_export_id`);

--
-- Indizes für die Tabelle `libri_warengruppen`
--
ALTER TABLE `libri_warengruppen`
  ADD PRIMARY KEY (`libri_warengruppen_id`),
  ADD KEY `categories_id` (`categories_id`,`warengruppe`);

--
-- Indizes für die Tabelle `manufacturers`
--
ALTER TABLE `manufacturers`
  ADD PRIMARY KEY (`manufacturers_id`),
  ADD KEY `IDX_MANUFACTURERS_NAME` (`manufacturers_name`),
  ADD KEY `manufacturers_name` (`manufacturers_name`);

--
-- Indizes für die Tabelle `manufacturers_info`
--
ALTER TABLE `manufacturers_info`
  ADD PRIMARY KEY (`manufacturers_id`,`languages_id`);

--
-- Indizes für die Tabelle `media_content`
--
ALTER TABLE `media_content`
  ADD PRIMARY KEY (`file_id`);

--
-- Indizes für die Tabelle `module_newsletter`
--
ALTER TABLE `module_newsletter`
  ADD PRIMARY KEY (`newsletter_id`);

--
-- Indizes für die Tabelle `module_newsletter_temp_1`
--
ALTER TABLE `module_newsletter_temp_1`
  ADD PRIMARY KEY (`id`);

--
-- Indizes für die Tabelle `newsletters`
--
ALTER TABLE `newsletters`
  ADD PRIMARY KEY (`newsletters_id`);

--
-- Indizes für die Tabelle `newsletters_history`
--
ALTER TABLE `newsletters_history`
  ADD PRIMARY KEY (`news_hist_id`);

--
-- Indizes für die Tabelle `newsletter_recipients`
--
ALTER TABLE `newsletter_recipients`
  ADD PRIMARY KEY (`mail_id`);

--
-- Indizes für die Tabelle `nmedia_serien`
--
ALTER TABLE `nmedia_serien`
  ADD PRIMARY KEY (`nmedia_serien_id`),
  ADD KEY `serie_nr` (`serie_nr`);

--
-- Indizes für die Tabelle `Notice_folders`
--
ALTER TABLE `Notice_folders`
  ADD PRIMARY KEY (`Notice_folders_id`),
  ADD KEY `customers_id` (`customers_id`);

--
-- Indizes für die Tabelle `Notice_notes`
--
ALTER TABLE `Notice_notes`
  ADD PRIMARY KEY (`id`),
  ADD KEY `usr` (`usr`);

--
-- Indizes für die Tabelle `Notice_reminder`
--
ALTER TABLE `Notice_reminder`
  ADD PRIMARY KEY (`Notice_reminder_id`),
  ADD KEY `Notice_notes_id` (`Notice_notes_id`);

--
-- Indizes für die Tabelle `Notice_rules`
--
ALTER TABLE `Notice_rules`
  ADD PRIMARY KEY (`Notice_rules_id`),
  ADD KEY `customers_id` (`customers_id`);

--
-- Indizes für die Tabelle `Notice_status`
--
ALTER TABLE `Notice_status`
  ADD KEY `notes_id` (`notes_id`),
  ADD KEY `Notice_folders_id` (`Notice_folders_id`),
  ADD KEY `usr` (`usr`);

--
-- Indizes für die Tabelle `orders_costs`
--
ALTER TABLE `orders_costs`
  ADD PRIMARY KEY (`orders_costs_id`),
  ADD KEY `orders_id` (`orders_id`);

--
-- Indizes für die Tabelle `orders_dhl_paketsteuerung`
--
ALTER TABLE `orders_dhl_paketsteuerung`
  ADD PRIMARY KEY (`orders_dhl_paketsteuerung_id`),
  ADD KEY `orders_id` (`orders_id`);

--
-- Indizes für die Tabelle `orders_fibunumbers`
--
ALTER TABLE `orders_fibunumbers`
  ADD PRIMARY KEY (`orders_fibunumbers_id`),
  ADD KEY `orders_id` (`orders_id`);

--
-- Indizes für die Tabelle `orders_pallets`
--
ALTER TABLE `orders_pallets`
  ADD PRIMARY KEY (`orders_pallets_id`);

--
-- Indizes für die Tabelle `orders_pallets_items`
--
ALTER TABLE `orders_pallets_items`
  ADD PRIMARY KEY (`orders_pallets_items_id`);

--
-- Indizes für die Tabelle `orders_paymentinstructions`
--
ALTER TABLE `orders_paymentinstructions`
  ADD PRIMARY KEY (`orders_paymentinstructions_id`),
  ADD KEY `orders_id` (`orders_id`);

--
-- Indizes für die Tabelle `orders_products`
--
ALTER TABLE `orders_products`
  ADD PRIMARY KEY (`orders_products_id`),
  ADD KEY `orders_id` (`orders_id`),
  ADD KEY `products_id` (`products_id`),
  ADD KEY `orders_id_2` (`orders_id`),
  ADD KEY `products_id_2` (`products_id`);

--
-- Indizes für die Tabelle `orders_products_attributes`
--
ALTER TABLE `orders_products_attributes`
  ADD PRIMARY KEY (`orders_products_attributes_id`);

--
-- Indizes für die Tabelle `orders_products_download`
--
ALTER TABLE `orders_products_download`
  ADD PRIMARY KEY (`orders_products_download_id`);

--
-- Indizes für die Tabelle `orders_products_events`
--
ALTER TABLE `orders_products_events`
  ADD KEY `events_to_event_tickets_id` (`events_to_event_tickets_id`);

--
-- Indizes für die Tabelle `orders_products_price_fixing`
--
ALTER TABLE `orders_products_price_fixing`
  ADD PRIMARY KEY (`orders_products_price_fixing_id`),
  ADD KEY `orders_products_id` (`orders_products_id`),
  ADD KEY `collie_products_id` (`collie_products_id`);

--
-- Indizes für die Tabelle `orders_products_properties`
--
ALTER TABLE `orders_products_properties`
  ADD PRIMARY KEY (`orders_products_properties_id`),
  ADD KEY `orders_products_id` (`orders_products_id`);

--
-- Indizes für die Tabelle `orders_products_serials`
--
ALTER TABLE `orders_products_serials`
  ADD PRIMARY KEY (`orders_products_serials_id`),
  ADD KEY `orders_products_id` (`orders_products_id`),
  ADD KEY `products_id` (`products_id`);

--
-- Indizes für die Tabelle `orders_recalculate`
--
ALTER TABLE `orders_recalculate`
  ADD PRIMARY KEY (`orders_recalculate_id`);

--
-- Indizes für die Tabelle `orders_status`
--
ALTER TABLE `orders_status`
  ADD PRIMARY KEY (`orders_status_id`,`language_id`),
  ADD KEY `orders_status_name` (`orders_status_name`);

--
-- Indizes für die Tabelle `orders_status_history`
--
ALTER TABLE `orders_status_history`
  ADD PRIMARY KEY (`orders_status_history_id`),
  ADD KEY `orders_id` (`orders_id`);

--
-- Indizes für die Tabelle `orders_total`
--
ALTER TABLE `orders_total`
  ADD PRIMARY KEY (`orders_total_id`),
  ADD KEY `orders_id` (`orders_id`),
  ADD KEY `class` (`class`),
  ADD KEY `idx_class_ordersid` (`class`,`orders_id`);

--
-- Indizes für die Tabelle `otc`
--
ALTER TABLE `otc`
  ADD PRIMARY KEY (`otc_id`),
  ADD KEY `orders_id` (`orders_id`),
  ADD KEY `reclamations_id` (`reclamations_id`);

--
-- Indizes für die Tabelle `packages_calc`
--
ALTER TABLE `packages_calc`
  ADD PRIMARY KEY (`id`),
  ADD KEY `orders_id` (`orders_id`),
  ADD KEY `reclamations_id` (`reclamations_id`);

--
-- Indizes für die Tabelle `packages_calc_dpd`
--
ALTER TABLE `packages_calc_dpd`
  ADD PRIMARY KEY (`packages_calc_dpd`);

--
-- Indizes für die Tabelle `packages_calc_easylog`
--
ALTER TABLE `packages_calc_easylog`
  ADD PRIMARY KEY (`packages_calc_easylog_id`);

--
-- Indizes für die Tabelle `packages_calc_fix`
--
ALTER TABLE `packages_calc_fix`
  ADD PRIMARY KEY (`id`);

--
-- Indizes für die Tabelle `packages_calc_hermesweb`
--
ALTER TABLE `packages_calc_hermesweb`
  ADD PRIMARY KEY (`packages_calc_hermesweb_id`);

--
-- Indizes für die Tabelle `packages_calc_UPS`
--
ALTER TABLE `packages_calc_UPS`
  ADD PRIMARY KEY (`packages_calc_ups_id`);

--
-- Indizes für die Tabelle `packages_easytosend_calc`
--
ALTER TABLE `packages_easytosend_calc`
  ADD PRIMARY KEY (`id`),
  ADD KEY `orders_id` (`orders_id`),
  ADD KEY `reclamations_id` (`reclamations_id`);

--
-- Indizes für die Tabelle `packages_postpaket_calc`
--
ALTER TABLE `packages_postpaket_calc`
  ADD PRIMARY KEY (`id`),
  ADD KEY `orders_id` (`orders_id`),
  ADD KEY `reclamations_id` (`reclamations_id`);

--
-- Indizes für die Tabelle `packagings`
--
ALTER TABLE `packagings`
  ADD PRIMARY KEY (`packagings_id`);

--
-- Indizes für die Tabelle `pangora`
--
ALTER TABLE `pangora`
  ADD PRIMARY KEY (`id`);

--
-- Indizes für die Tabelle `payment_moneybookers`
--
ALTER TABLE `payment_moneybookers`
  ADD PRIMARY KEY (`mb_TRID`);

--
-- Indizes für die Tabelle `payment_moneybookers_countries`
--
ALTER TABLE `payment_moneybookers_countries`
  ADD PRIMARY KEY (`osc_cID`);

--
-- Indizes für die Tabelle `payment_moneybookers_currencies`
--
ALTER TABLE `payment_moneybookers_currencies`
  ADD PRIMARY KEY (`mb_currID`);

--
-- Indizes für die Tabelle `payment_orders`
--
ALTER TABLE `payment_orders`
  ADD PRIMARY KEY (`payment_order_id`),
  ADD KEY `orders_id` (`orders_id`),
  ADD KEY `payment_id` (`payment_id`);

--
-- Indizes für die Tabelle `payment_qenta`
--
ALTER TABLE `payment_qenta`
  ADD PRIMARY KEY (`q_TRID`);

--
-- Indizes für die Tabelle `paypal_status_history`
--
ALTER TABLE `paypal_status_history`
  ADD PRIMARY KEY (`payment_status_history_id`),
  ADD KEY `paypal_ipn_id` (`paypal_ipn_id`);

--
-- Indizes für die Tabelle `personal_offers_by_customers_status_0`
--
ALTER TABLE `personal_offers_by_customers_status_0`
  ADD PRIMARY KEY (`price_id`);

--
-- Indizes für die Tabelle `personal_offers_by_customers_status_1`
--
ALTER TABLE `personal_offers_by_customers_status_1`
  ADD PRIMARY KEY (`price_id`);

--
-- Indizes für die Tabelle `personal_offers_by_customers_status_2`
--
ALTER TABLE `personal_offers_by_customers_status_2`
  ADD PRIMARY KEY (`price_id`);

--
-- Indizes für die Tabelle `personal_offers_by_customers_status_3`
--
ALTER TABLE `personal_offers_by_customers_status_3`
  ADD PRIMARY KEY (`price_id`);

--
-- Indizes für die Tabelle `personal_offers_by_customers_status_4`
--
ALTER TABLE `personal_offers_by_customers_status_4`
  ADD PRIMARY KEY (`price_id`);

--
-- Indizes für die Tabelle `personal_offers_by_customers_status_5`
--
ALTER TABLE `personal_offers_by_customers_status_5`
  ADD PRIMARY KEY (`price_id`);

--
-- Indizes für die Tabelle `personal_offers_by_customers_status_6`
--
ALTER TABLE `personal_offers_by_customers_status_6`
  ADD PRIMARY KEY (`price_id`);

--
-- Indizes für die Tabelle `personal_offers_by_customers_status_9`
--
ALTER TABLE `personal_offers_by_customers_status_9`
  ADD PRIMARY KEY (`price_id`),
  ADD KEY `products_id` (`products_id`);

--
-- Indizes für die Tabelle `personal_offers_by_customers_status_10`
--
ALTER TABLE `personal_offers_by_customers_status_10`
  ADD PRIMARY KEY (`price_id`),
  ADD KEY `products_id` (`products_id`);

--
-- Indizes für die Tabelle `personal_offers_by_customers_status_11`
--
ALTER TABLE `personal_offers_by_customers_status_11`
  ADD PRIMARY KEY (`price_id`),
  ADD KEY `products_id` (`products_id`);

--
-- Indizes für die Tabelle `personal_offers_by_customers_status_12`
--
ALTER TABLE `personal_offers_by_customers_status_12`
  ADD PRIMARY KEY (`price_id`),
  ADD KEY `products_id` (`products_id`);

--
-- Indizes für die Tabelle `personal_offers_by_customers_status_13`
--
ALTER TABLE `personal_offers_by_customers_status_13`
  ADD PRIMARY KEY (`price_id`),
  ADD KEY `products_id` (`products_id`);

--
-- Indizes für die Tabelle `personal_offers_by_customers_status_14`
--
ALTER TABLE `personal_offers_by_customers_status_14`
  ADD PRIMARY KEY (`price_id`),
  ADD KEY `products_id` (`products_id`);

--
-- Indizes für die Tabelle `personal_offers_by_customers_status_15`
--
ALTER TABLE `personal_offers_by_customers_status_15`
  ADD PRIMARY KEY (`price_id`),
  ADD KEY `products_id` (`products_id`);

--
-- Indizes für die Tabelle `personal_offers_by_customers_status_16`
--
ALTER TABLE `personal_offers_by_customers_status_16`
  ADD PRIMARY KEY (`price_id`),
  ADD KEY `products_id` (`products_id`);

--
-- Indizes für die Tabelle `personal_offers_by_customers_status_17`
--
ALTER TABLE `personal_offers_by_customers_status_17`
  ADD PRIMARY KEY (`price_id`),
  ADD KEY `products_id` (`products_id`);

--
-- Indizes für die Tabelle `personal_offers_by_customers_status_18`
--
ALTER TABLE `personal_offers_by_customers_status_18`
  ADD PRIMARY KEY (`price_id`),
  ADD KEY `products_id` (`products_id`);

--
-- Indizes für die Tabelle `personal_offers_by_customers_status_19`
--
ALTER TABLE `personal_offers_by_customers_status_19`
  ADD PRIMARY KEY (`price_id`),
  ADD KEY `products_id` (`products_id`);

--
-- Indizes für die Tabelle `personal_offers_by_customers_status_20`
--
ALTER TABLE `personal_offers_by_customers_status_20`
  ADD PRIMARY KEY (`price_id`),
  ADD KEY `products_id` (`products_id`);

--
-- Indizes für die Tabelle `personal_offers_by_customers_status_21`
--
ALTER TABLE `personal_offers_by_customers_status_21`
  ADD PRIMARY KEY (`price_id`),
  ADD KEY `products_id` (`products_id`);

--
-- Indizes für die Tabelle `personal_offers_by_customers_status_22`
--
ALTER TABLE `personal_offers_by_customers_status_22`
  ADD PRIMARY KEY (`price_id`),
  ADD KEY `products_id` (`products_id`);

--
-- Indizes für die Tabelle `personal_offers_by_customers_status_23`
--
ALTER TABLE `personal_offers_by_customers_status_23`
  ADD PRIMARY KEY (`price_id`),
  ADD KEY `products_id` (`products_id`);

--
-- Indizes für die Tabelle `personal_offers_by_customers_status_24`
--
ALTER TABLE `personal_offers_by_customers_status_24`
  ADD PRIMARY KEY (`price_id`),
  ADD KEY `products_id` (`products_id`);

--
-- Indizes für die Tabelle `products`
--
ALTER TABLE `products`
  ADD PRIMARY KEY (`products_id`),
  ADD KEY `products_ean` (`products_ean`),
  ADD KEY `products_date_added` (`products_date_added`),
  ADD KEY `products_status` (`products_status`),
  ADD KEY `products_master` (`products_master`),
  ADD KEY `manufacturers_id` (`manufacturers_id`),
  ADD KEY `products_status_2` (`products_status`),
  ADD KEY `manufacturers_id_2` (`manufacturers_id`),
  ADD KEY `products_status_3` (`products_status`),
  ADD KEY `packagings_id` (`packagings_id`);

--
-- Indizes für die Tabelle `products_attributes`
--
ALTER TABLE `products_attributes`
  ADD PRIMARY KEY (`products_attributes_id`),
  ADD KEY `products_id` (`products_id`);

--
-- Indizes für die Tabelle `products_attributes_download`
--
ALTER TABLE `products_attributes_download`
  ADD PRIMARY KEY (`products_attributes_id`);

--
-- Indizes für die Tabelle `products_characteristic`
--
ALTER TABLE `products_characteristic`
  ADD PRIMARY KEY (`products_characteristic_id`),
  ADD KEY `groups_id` (`groups_id`);

--
-- Indizes für die Tabelle `products_characteristic_description`
--
ALTER TABLE `products_characteristic_description`
  ADD PRIMARY KEY (`products_characteristic_description_id`),
  ADD KEY `products_characteristic_id` (`products_characteristic_id`),
  ADD KEY `language_id` (`language_id`);

--
-- Indizes für die Tabelle `products_characteristic_set`
--
ALTER TABLE `products_characteristic_set`
  ADD PRIMARY KEY (`products_characteristic_set_id`),
  ADD KEY `products_characteristic_id` (`products_characteristic_id`);

--
-- Indizes für die Tabelle `products_characteristic_set_description`
--
ALTER TABLE `products_characteristic_set_description`
  ADD PRIMARY KEY (`products_characteristic_set_description`),
  ADD KEY `products_characteristic_set_id` (`products_characteristic_set_id`),
  ADD KEY `language_id` (`language_id`);

--
-- Indizes für die Tabelle `products_characteristic_text_values`
--
ALTER TABLE `products_characteristic_text_values`
  ADD PRIMARY KEY (`products_characteristic_text_values_id`),
  ADD KEY `products_id` (`products_id`),
  ADD KEY `products_characteristic_id` (`products_characteristic_id`);

--
-- Indizes für die Tabelle `products_collies`
--
ALTER TABLE `products_collies`
  ADD PRIMARY KEY (`products_collies_id`),
  ADD KEY `products_id` (`products_id`),
  ADD KEY `collie_products_id` (`collie_products_id`);

--
-- Indizes für die Tabelle `products_conditions`
--
ALTER TABLE `products_conditions`
  ADD PRIMARY KEY (`products_conditions_id`);

--
-- Indizes für die Tabelle `products_conditions_description`
--
ALTER TABLE `products_conditions_description`
  ADD PRIMARY KEY (`products_conditions_description_id`),
  ADD KEY `products_conditions_id` (`products_conditions_id`);

--
-- Indizes für die Tabelle `products_content`
--
ALTER TABLE `products_content`
  ADD PRIMARY KEY (`content_id`);

--
-- Indizes für die Tabelle `products_content_description`
--
ALTER TABLE `products_content_description`
  ADD PRIMARY KEY (`products_content_description_id`),
  ADD KEY `content_id` (`content_id`);

--
-- Indizes für die Tabelle `products_default_shipper`
--
ALTER TABLE `products_default_shipper`
  ADD PRIMARY KEY (`products_default_shipper_id`),
  ADD KEY `products_id` (`products_id`),
  ADD KEY `shipper_profile` (`shipper_profile`);

--
-- Indizes für die Tabelle `products_description`
--
ALTER TABLE `products_description`
  ADD KEY `products_name` (`products_name`),
  ADD KEY `products_id` (`products_id`);

--
-- Indizes für die Tabelle `products_distributors`
--
ALTER TABLE `products_distributors`
  ADD PRIMARY KEY (`id`),
  ADD KEY `products_id` (`products_id`),
  ADD KEY `distributor_id` (`distributor_id`);

--
-- Indizes für die Tabelle `products_distributors_stock`
--
ALTER TABLE `products_distributors_stock`
  ADD PRIMARY KEY (`products_distributors_stock_id`),
  ADD KEY `distributor_id` (`distributor_id`),
  ADD KEY `products_id` (`products_id`);

--
-- Indizes für die Tabelle `products_fake_sets`
--
ALTER TABLE `products_fake_sets`
  ADD PRIMARY KEY (`products_fake_sets_id`),
  ADD KEY `products_id` (`products_id`);

--
-- Indizes für die Tabelle `products_google_feed_apparel`
--
ALTER TABLE `products_google_feed_apparel`
  ADD PRIMARY KEY (`products_google_feed_apparel_id`),
  ADD KEY `products_id` (`products_id`);

--
-- Indizes für die Tabelle `products_google_feed_data`
--
ALTER TABLE `products_google_feed_data`
  ADD PRIMARY KEY (`products_google_feed_data_id`),
  ADD KEY `products_id` (`products_id`);

--
-- Indizes für die Tabelle `products_graduated_prices`
--
ALTER TABLE `products_graduated_prices`
  ADD KEY `products_id` (`products_id`);

--
-- Indizes für die Tabelle `products_history`
--
ALTER TABLE `products_history`
  ADD PRIMARY KEY (`products_history_id`),
  ADD KEY `products_id` (`products_id`);

--
-- Indizes für die Tabelle `products_images`
--
ALTER TABLE `products_images`
  ADD PRIMARY KEY (`image_id`),
  ADD KEY `products_id` (`products_id`);

--
-- Indizes für die Tabelle `products_master_keys`
--
ALTER TABLE `products_master_keys`
  ADD PRIMARY KEY (`products_master_keys_id`),
  ADD KEY `products_id` (`products_id`);

--
-- Indizes für die Tabelle `products_master_keys_description`
--
ALTER TABLE `products_master_keys_description`
  ADD PRIMARY KEY (`products_master_keys_description_id`),
  ADD KEY `products_master_keys_id` (`products_master_keys_id`);

--
-- Indizes für die Tabelle `products_meldebestand_customers`
--
ALTER TABLE `products_meldebestand_customers`
  ADD PRIMARY KEY (`products_meldebestand_customers_id`),
  ADD KEY `products_id` (`products_id`,`customers_id`);

--
-- Indizes für die Tabelle `products_notifications`
--
ALTER TABLE `products_notifications`
  ADD PRIMARY KEY (`products_id`,`customers_id`);

--
-- Indizes für die Tabelle `products_options`
--
ALTER TABLE `products_options`
  ADD PRIMARY KEY (`products_options_id`,`language_id`);

--
-- Indizes für die Tabelle `products_options_values`
--
ALTER TABLE `products_options_values`
  ADD PRIMARY KEY (`products_options_values_id`,`language_id`);

--
-- Indizes für die Tabelle `products_options_values_to_products_options`
--
ALTER TABLE `products_options_values_to_products_options`
  ADD PRIMARY KEY (`products_options_values_to_products_options_id`);

--
-- Indizes für die Tabelle `products_properties`
--
ALTER TABLE `products_properties`
  ADD PRIMARY KEY (`products_properties_id`),
  ADD KEY `products_id` (`products_id`);

--
-- Indizes für die Tabelle `products_properties_description`
--
ALTER TABLE `products_properties_description`
  ADD PRIMARY KEY (`products_properties_description_id`),
  ADD KEY `products_properties_id` (`products_properties_id`);

--
-- Indizes für die Tabelle `products_properties_values`
--
ALTER TABLE `products_properties_values`
  ADD PRIMARY KEY (`products_properties_values_id`),
  ADD KEY `products_properties_description_id` (`products_properties_id`);

--
-- Indizes für die Tabelle `products_properties_values_description`
--
ALTER TABLE `products_properties_values_description`
  ADD PRIMARY KEY (`products_properties_values_description_id`),
  ADD KEY `products_properties_description_id` (`products_properties_values_id`);

--
-- Indizes für die Tabelle `products_questions`
--
ALTER TABLE `products_questions`
  ADD PRIMARY KEY (`products_questions_id`);

--
-- Indizes für die Tabelle `products_serials`
--
ALTER TABLE `products_serials`
  ADD PRIMARY KEY (`products_serials_id`),
  ADD KEY `products_id` (`products_id`);

--
-- Indizes für die Tabelle `products_shipping_extra_charge`
--
ALTER TABLE `products_shipping_extra_charge`
  ADD PRIMARY KEY (`products_shipping_extra_charge_id`),
  ADD KEY `products_id` (`products_id`),
  ADD KEY `shipping_graduation_groups_id` (`shipping_graduation_groups_id`);

--
-- Indizes für die Tabelle `products_storages`
--
ALTER TABLE `products_storages`
  ADD PRIMARY KEY (`id`),
  ADD KEY `products_id` (`products_id`),
  ADD KEY `storage_id` (`storage_id`);

--
-- Indizes für die Tabelle `products_storages_history`
--
ALTER TABLE `products_storages_history`
  ADD PRIMARY KEY (`id`),
  ADD KEY `products_id` (`products_id`),
  ADD KEY `storage_id` (`storage_id`);

--
-- Indizes für die Tabelle `products_tax_rates_allocation`
--
ALTER TABLE `products_tax_rates_allocation`
  ADD PRIMARY KEY (`products_tax_rates_allocation_id`),
  ADD KEY `products_id` (`products_id`),
  ADD KEY `tax_rates_id` (`tax_rates_id`);

--
-- Indizes für die Tabelle `products_to_categories`
--
ALTER TABLE `products_to_categories`
  ADD PRIMARY KEY (`products_id`,`categories_id`),
  ADD KEY `categories_id` (`categories_id`);

--
-- Indizes für die Tabelle `products_to_characteristics`
--
ALTER TABLE `products_to_characteristics`
  ADD PRIMARY KEY (`products_to_characteristics_id`),
  ADD KEY `products_id` (`products_id`),
  ADD KEY `products_characteristic_set_id` (`products_characteristic_set_id`);

--
-- Indizes für die Tabelle `products_to_groups`
--
ALTER TABLE `products_to_groups`
  ADD KEY `products_id` (`products_id`),
  ADD KEY `groups_id` (`groups_id`);

--
-- Indizes für die Tabelle `products_vpe`
--
ALTER TABLE `products_vpe`
  ADD KEY `language_id` (`language_id`);

--
-- Indizes für die Tabelle `products_xsell`
--
ALTER TABLE `products_xsell`
  ADD PRIMARY KEY (`ID`),
  ADD KEY `products_id` (`products_id`),
  ADD KEY `xsell_id` (`xsell_id`);

--
-- Indizes für die Tabelle `product_properties_xy_prices`
--
ALTER TABLE `product_properties_xy_prices`
  ADD PRIMARY KEY (`product_properties_xy_prices_id`),
  ADD KEY `products_id` (`products_id`);

--
-- Indizes für die Tabelle `product_properties_xy_prices_values`
--
ALTER TABLE `product_properties_xy_prices_values`
  ADD PRIMARY KEY (`product_properties_xy_prices_values_id`),
  ADD KEY `product_properties_xy_prices_id` (`product_properties_xy_prices_id`);

--
-- Indizes für die Tabelle `product_properties_xy_prices_values_for_properties`
--
ALTER TABLE `product_properties_xy_prices_values_for_properties`
  ADD PRIMARY KEY (`product_properties_xy_prices_values_for_properties_id`),
  ADD KEY `product_properties_xy_prices_values_id` (`product_properties_xy_prices_values_id`),
  ADD KEY `products_properties_id` (`products_properties_id`);

--
-- Indizes für die Tabelle `product_un_classification`
--
ALTER TABLE `product_un_classification`
  ADD PRIMARY KEY (`product_un_classification_id`),
  ADD KEY `product_un_classification_products_id_IDX` (`products_id`) USING BTREE;

--
-- Indizes für die Tabelle `push_customer_allocations`
--
ALTER TABLE `push_customer_allocations`
  ADD PRIMARY KEY (`push_customer_allocations_id`),
  ADD KEY `customers_id` (`customers_id`);

--
-- Indizes für die Tabelle `reclamations`
--
ALTER TABLE `reclamations`
  ADD PRIMARY KEY (`reclamations_id`),
  ADD KEY `orders_id` (`orders_id`),
  ADD KEY `customers_id` (`customers_id`);

--
-- Indizes für die Tabelle `reclamations_bestandssperre`
--
ALTER TABLE `reclamations_bestandssperre`
  ADD PRIMARY KEY (`reclamations_bestandssperre_id`),
  ADD KEY `reclamations_id` (`reclamations_id`),
  ADD KEY `products_id` (`products_id`);

--
-- Indizes für die Tabelle `reclamations_products`
--
ALTER TABLE `reclamations_products`
  ADD PRIMARY KEY (`reclamations_products_id`),
  ADD KEY `reclamations_id` (`reclamations_id`),
  ADD KEY `products_id` (`products_id`);

--
-- Indizes für die Tabelle `reclamations_products_properties`
--
ALTER TABLE `reclamations_products_properties`
  ADD PRIMARY KEY (`reclamations_products_properties_id`),
  ADD KEY `reclamations_products_id` (`reclamations_products_id`);

--
-- Indizes für die Tabelle `reclamations_products_serials`
--
ALTER TABLE `reclamations_products_serials`
  ADD PRIMARY KEY (`reclamations_products_serials_id`),
  ADD KEY `reclamations_products_id` (`reclamations_products_id`),
  ADD KEY `products_id` (`products_id`);

--
-- Indizes für die Tabelle `reclamations_reasons`
--
ALTER TABLE `reclamations_reasons`
  ADD PRIMARY KEY (`reclamations_reasons_id`);

--
-- Indizes für die Tabelle `reclamations_recalculate`
--
ALTER TABLE `reclamations_recalculate`
  ADD PRIMARY KEY (`reclamations_recalculate_id`);

--
-- Indizes für die Tabelle `reclamations_status`
--
ALTER TABLE `reclamations_status`
  ADD PRIMARY KEY (`reclamations_status_id`,`language_id`),
  ADD KEY `reclamations_status_name` (`reclamations_status_name`);

--
-- Indizes für die Tabelle `reclamations_status_history`
--
ALTER TABLE `reclamations_status_history`
  ADD PRIMARY KEY (`reclamations_status_history_id`),
  ADD KEY `reclamations_id` (`reclamations_id`);

--
-- Indizes für die Tabelle `reclamations_total`
--
ALTER TABLE `reclamations_total`
  ADD PRIMARY KEY (`reclamations_total_id`),
  ADD KEY `reclamations_id` (`reclamations_id`);

--
-- Indizes für die Tabelle `reclamations_to_reclamations_reasons`
--
ALTER TABLE `reclamations_to_reclamations_reasons`
  ADD KEY `reclamations_id` (`reclamations_id`),
  ADD KEY `reclamations_reasons_id` (`reclamations_reasons_id`);

--
-- Indizes für die Tabelle `reclamations_types`
--
ALTER TABLE `reclamations_types`
  ADD PRIMARY KEY (`reclamations_types_id`);

--
-- Indizes für die Tabelle `retouren`
--
ALTER TABLE `retouren`
  ADD PRIMARY KEY (`retoure_id`),
  ADD KEY `orders_id` (`orders_id`),
  ADD KEY `reclamations_id` (`reclamations_id`),
  ADD KEY `customers_id` (`customers_id`);

--
-- Indizes für die Tabelle `retoure_products`
--
ALTER TABLE `retoure_products`
  ADD PRIMARY KEY (`retoure_products_id`),
  ADD KEY `retoure_id` (`retoure_id`),
  ADD KEY `products_id` (`products_id`);

--
-- Indizes für die Tabelle `retoure_products_properties`
--
ALTER TABLE `retoure_products_properties`
  ADD PRIMARY KEY (`retoure_products_properties_id`),
  ADD KEY `retoure_products_id` (`retoure_products_id`);

--
-- Indizes für die Tabelle `retoure_products_serials`
--
ALTER TABLE `retoure_products_serials`
  ADD PRIMARY KEY (`retoure_products_serials_id`),
  ADD KEY `retoure_products_id` (`retoure_products_id`),
  ADD KEY `products_id` (`products_id`);

--
-- Indizes für die Tabelle `retoure_status`
--
ALTER TABLE `retoure_status`
  ADD PRIMARY KEY (`retoure_status_id`);

--
-- Indizes für die Tabelle `retoure_status_history`
--
ALTER TABLE `retoure_status_history`
  ADD PRIMARY KEY (`retoure_status_history_id`),
  ADD KEY `retoure_id` (`retoure_id`);

--
-- Indizes für die Tabelle `reviews`
--
ALTER TABLE `reviews`
  ADD PRIMARY KEY (`reviews_id`);

--
-- Indizes für die Tabelle `reviews_description`
--
ALTER TABLE `reviews_description`
  ADD PRIMARY KEY (`reviews_id`,`languages_id`);

--
-- Indizes für die Tabelle `rueckerstattungen_status`
--
ALTER TABLE `rueckerstattungen_status`
  ADD PRIMARY KEY (`rueckerstattungen_status_id`);

--
-- Indizes für die Tabelle `rueckerstattungen_status_history`
--
ALTER TABLE `rueckerstattungen_status_history`
  ADD PRIMARY KEY (`rueckerstattungen_status_history_id`),
  ADD KEY `rueckerstattungen_id` (`rueckerstattungen_id`);

--
-- Indizes für die Tabelle `rueckerstattungen_types`
--
ALTER TABLE `rueckerstattungen_types`
  ADD PRIMARY KEY (`rueckerstattungen_type_id`);

--
-- Indizes für die Tabelle `search_allocations`
--
ALTER TABLE `search_allocations`
  ADD KEY `word` (`word`);

--
-- Indizes für die Tabelle `secupay_payment_allocations`
--
ALTER TABLE `secupay_payment_allocations`
  ADD PRIMARY KEY (`secupay_payment_allocations_id`),
  ADD KEY `orders_id` (`orders_id`);

--
-- Indizes für die Tabelle `shipper_profiles`
--
ALTER TABLE `shipper_profiles`
  ADD PRIMARY KEY (`shipper_profiles_id`),
  ADD UNIQUE KEY `profile_name` (`profile_name`) USING BTREE;

--
-- Indizes für die Tabelle `shippings`
--
ALTER TABLE `shippings`
  ADD PRIMARY KEY (`id`),
  ADD KEY `orders_id` (`orders_id`),
  ADD KEY `reclamations_id` (`reclamations_id`),
  ADD KEY `customers_id` (`customers_id`);

--
-- Indizes für die Tabelle `shippings_products`
--
ALTER TABLE `shippings_products`
  ADD PRIMARY KEY (`shippings_products_id`),
  ADD KEY `shippings_id` (`shippings_id`,`products_id`,`source_products_id`);

--
-- Indizes für die Tabelle `shippings_tracking_numbers`
--
ALTER TABLE `shippings_tracking_numbers`
  ADD PRIMARY KEY (`shippings_tracking_numbers_id`),
  ADD KEY `shippings_id` (`shippings_id`);

--
-- Indizes für die Tabelle `shippings_tracking_numbers_temp`
--
ALTER TABLE `shippings_tracking_numbers_temp`
  ADD PRIMARY KEY (`shippings_tracking_numbers_temp_id`),
  ADD KEY `target_type_id` (`target_type_id`);

--
-- Indizes für die Tabelle `shipping_graduation`
--
ALTER TABLE `shipping_graduation`
  ADD PRIMARY KEY (`shipping_graduation_id`);

--
-- Indizes für die Tabelle `shipping_graduation_countries`
--
ALTER TABLE `shipping_graduation_countries`
  ADD PRIMARY KEY (`shipping_graduation_countries_id`),
  ADD KEY `country_id` (`country_id`),
  ADD KEY `shipping_graduation_groups_id` (`shipping_graduation_groups_id`);

--
-- Indizes für die Tabelle `shipping_graduation_groups`
--
ALTER TABLE `shipping_graduation_groups`
  ADD PRIMARY KEY (`shipping_graduation_groups_id`);

--
-- Indizes für die Tabelle `shipping_graduation_products`
--
ALTER TABLE `shipping_graduation_products`
  ADD PRIMARY KEY (`shipping_graduation_products_id`),
  ADD KEY `shipping_graduation_groups_id` (`shipping_graduation_groups_id`),
  ADD KEY `products_id` (`products_id`);

--
-- Indizes für die Tabelle `shipping_graduation_values`
--
ALTER TABLE `shipping_graduation_values`
  ADD KEY `shipping_graduation_id` (`shipping_graduation_id`),
  ADD KEY `shipping_graduation_weights_id` (`shipping_graduation_weights_id`),
  ADD KEY `shipping_graduation_groups_id` (`shipping_graduation_groups_id`);

--
-- Indizes für die Tabelle `shipping_graduation_weights`
--
ALTER TABLE `shipping_graduation_weights`
  ADD PRIMARY KEY (`shipping_graduation_weights_id`);

--
-- Indizes für die Tabelle `shipping_status`
--
ALTER TABLE `shipping_status`
  ADD PRIMARY KEY (`shipping_status_id`,`language_id`),
  ADD KEY `shipping_status_name` (`shipping_status_name`);

--
-- Indizes für die Tabelle `specials`
--
ALTER TABLE `specials`
  ADD PRIMARY KEY (`specials_id`),
  ADD KEY `products_id` (`products_id`),
  ADD KEY `specials_date_added` (`specials_date_added`),
  ADD KEY `products_id_2` (`products_id`);

--
-- Indizes für die Tabelle `specials_ebay_revise`
--
ALTER TABLE `specials_ebay_revise`
  ADD PRIMARY KEY (`specials_ebay_revise_id`),
  ADD KEY `specials_id` (`specials_id`),
  ADD KEY `ebay_auctions_id` (`ebay_auctions_id`);

--
-- Indizes für die Tabelle `storages`
--
ALTER TABLE `storages`
  ADD PRIMARY KEY (`id`);

--
-- Indizes für die Tabelle `storage_numbers`
--
ALTER TABLE `storage_numbers`
  ADD PRIMARY KEY (`id`),
  ADD KEY `products_id` (`products_id`),
  ADD KEY `storage_id` (`storage_id`);

--
-- Indizes für die Tabelle `storage_places`
--
ALTER TABLE `storage_places`
  ADD PRIMARY KEY (`storage_places_id`),
  ADD KEY `storage_id` (`storage_id`);

--
-- Indizes für die Tabelle `storage_products`
--
ALTER TABLE `storage_products`
  ADD PRIMARY KEY (`id`),
  ADD KEY `storage_id` (`storage_id`),
  ADD KEY `products_id` (`products_id`),
  ADD KEY `storage_place` (`storage_place`),
  ADD KEY `storage_places_id` (`storage_places_id`);

--
-- Indizes für die Tabelle `storage_products_transfer`
--
ALTER TABLE `storage_products_transfer`
  ADD PRIMARY KEY (`storage_products_transfer_id`),
  ADD KEY `source_storage_products_id` (`source_storage_products_id`,`target_storage_products_id`,`quantity`),
  ADD KEY `shipping_products_id` (`shipping_products_id`);

--
-- Indizes für die Tabelle `system_alerts_status`
--
ALTER TABLE `system_alerts_status`
  ADD PRIMARY KEY (`system_alerts_status_id`),
  ADD KEY `customers_id` (`customers_id`);

--
-- Indizes für die Tabelle `table_lock`
--
ALTER TABLE `table_lock`
  ADD PRIMARY KEY (`id`);

--
-- Indizes für die Tabelle `tags`
--
ALTER TABLE `tags`
  ADD PRIMARY KEY (`tags_id`),
  ADD KEY `type` (`type`);

--
-- Indizes für die Tabelle `tags_products`
--
ALTER TABLE `tags_products`
  ADD PRIMARY KEY (`tags_products_id`),
  ADD KEY `tags_id` (`tags_id`,`products_id`);

--
-- Indizes für die Tabelle `tax_class`
--
ALTER TABLE `tax_class`
  ADD PRIMARY KEY (`tax_class_id`);

--
-- Indizes für die Tabelle `tax_rates`
--
ALTER TABLE `tax_rates`
  ADD PRIMARY KEY (`tax_rates_id`),
  ADD KEY `tax_class_id` (`tax_class_id`),
  ADD KEY `tax_zone_id` (`tax_zone_id`);

--
-- Indizes für die Tabelle `testeo`
--
ALTER TABLE `testeo`
  ADD PRIMARY KEY (`yourID`);

--
-- Indizes für die Tabelle `units`
--
ALTER TABLE `units`
  ADD PRIMARY KEY (`units_id`);

--
-- Indizes für die Tabelle `units_description`
--
ALTER TABLE `units_description`
  ADD PRIMARY KEY (`units_description_id`),
  ADD KEY `units_id` (`units_id`);

--
-- Indizes für die Tabelle `un_classifications`
--
ALTER TABLE `un_classifications`
  ADD PRIMARY KEY (`un_classifications_id`);

--
-- Indizes für die Tabelle `wishlist_attributes`
--
ALTER TABLE `wishlist_attributes`
  ADD PRIMARY KEY (`attributes_id`);

--
-- Indizes für die Tabelle `wishlist_customers`
--
ALTER TABLE `wishlist_customers`
  ADD PRIMARY KEY (`id`),
  ADD KEY `customers_id` (`customers_id`);

--
-- Indizes für die Tabelle `wishlist_products`
--
ALTER TABLE `wishlist_products`
  ADD PRIMARY KEY (`id`),
  ADD KEY `wishlist_customers_id` (`wishlist_customers_id`),
  ADD KEY `products_id` (`products_id`);

--
-- Indizes für die Tabelle `wrapping_counter`
--
ALTER TABLE `wrapping_counter`
  ADD PRIMARY KEY (`wrapping_counter_id`),
  ADD KEY `orders_id` (`orders_id`);

--
-- Indizes für die Tabelle `yes_amazon_pay_refunds`
--
ALTER TABLE `yes_amazon_pay_refunds`
  ADD PRIMARY KEY (`yes_amazon_pay_refunds_id`),
  ADD KEY `yes_amazon_pay_reference_id` (`yes_amazon_pay_reference_id`);

--
-- Indizes für die Tabelle `yes_cron_exports`
--
ALTER TABLE `yes_cron_exports`
  ADD PRIMARY KEY (`yes_cron_exports_id`);

--
-- Indizes für die Tabelle `yes_cron_export_heading_rows`
--
ALTER TABLE `yes_cron_export_heading_rows`
  ADD PRIMARY KEY (`yes_cron_export_heading_rows_id`),
  ADD KEY `yes_cron_exports_id` (`yes_cron_exports_id`);

--
-- Indizes für die Tabelle `yes_help`
--
ALTER TABLE `yes_help`
  ADD PRIMARY KEY (`help_id`);

--
-- Indizes für die Tabelle `yes_xmlrpc_import_config`
--
ALTER TABLE `yes_xmlrpc_import_config`
  ADD PRIMARY KEY (`yes_xmlrpc_import_config_id`),
  ADD KEY `yes_xmlrpc_token_id` (`yes_xmlrpc_remote_token_id`);

--
-- Indizes für die Tabelle `yes_xmlrpc_products`
--
ALTER TABLE `yes_xmlrpc_products`
  ADD PRIMARY KEY (`yes_xmlrpc_products_id`),
  ADD KEY `yes_xmlrpc_remote_token_id` (`yes_xmlrpc_remote_token_id`);

--
-- Indizes für die Tabelle `zones`
--
ALTER TABLE `zones`
  ADD PRIMARY KEY (`zone_id`);

--
-- Indizes für die Tabelle `zones_to_geo_zones`
--
ALTER TABLE `zones_to_geo_zones`
  ADD PRIMARY KEY (`association_id`),
  ADD KEY `zone_country_id` (`zone_country_id`),
  ADD KEY `zone_id` (`zone_id`),
  ADD KEY `geo_zone_id` (`geo_zone_id`);

--
-- AUTO_INCREMENT für exportierte Tabellen
--

--
-- AUTO_INCREMENT für Tabelle `address_book`
--
ALTER TABLE `address_book`
  MODIFY `address_book_id` int(11) NOT NULL AUTO_INCREMENT, AUTO_INCREMENT=5244;

--
-- AUTO_INCREMENT für Tabelle `address_format`
--
ALTER TABLE `address_format`
  MODIFY `address_format_id` int(11) NOT NULL AUTO_INCREMENT, AUTO_INCREMENT=6;

--
-- AUTO_INCREMENT für Tabelle `admin_access_scheme`
--
ALTER TABLE `admin_access_scheme`
  MODIFY `admin_access_scheme_id` int(11) NOT NULL AUTO_INCREMENT, AUTO_INCREMENT=26;

--
-- AUTO_INCREMENT für Tabelle `admin_access_scheme_values`
--
ALTER TABLE `admin_access_scheme_values`
  MODIFY `admin_access_scheme_values_id` int(11) NOT NULL AUTO_INCREMENT, AUTO_INCREMENT=9952;

--
-- AUTO_INCREMENT für Tabelle `after_shipping_payment_orders`
--
ALTER TABLE `after_shipping_payment_orders`
  MODIFY `after_shipping_payment_orders_id` int(11) NOT NULL AUTO_INCREMENT;

--
-- AUTO_INCREMENT für Tabelle `amazon_feeds`
--
ALTER TABLE `amazon_feeds`
  MODIFY `amazon_feeds_id` int(11) NOT NULL AUTO_INCREMENT;

--
-- AUTO_INCREMENT für Tabelle `amazon_feeds_order_fulfillments`
--
ALTER TABLE `amazon_feeds_order_fulfillments`
  MODIFY `amazon_feeds_order_fulfillments_id` int(11) NOT NULL AUTO_INCREMENT;

--
-- AUTO_INCREMENT für Tabelle `amazon_feeds_price_items`
--
ALTER TABLE `amazon_feeds_price_items`
  MODIFY `amazon_feeds_price_items_id` int(11) NOT NULL AUTO_INCREMENT;

--
-- AUTO_INCREMENT für Tabelle `amazon_feeds_product_listing`
--
ALTER TABLE `amazon_feeds_product_listing`
  MODIFY `amazon_feeds_product_listing_id` int(11) NOT NULL AUTO_INCREMENT;

--
-- AUTO_INCREMENT für Tabelle `amazon_feeds_quantity_items`
--
ALTER TABLE `amazon_feeds_quantity_items`
  MODIFY `amazon_feeds_quantity_items_id` int(11) NOT NULL AUTO_INCREMENT;

--
-- AUTO_INCREMENT für Tabelle `amazon_feeds_upload_vat_invoice`
--
ALTER TABLE `amazon_feeds_upload_vat_invoice`
  MODIFY `amazon_feeds_upload_vat_invoice_id` int(11) NOT NULL AUTO_INCREMENT;

--
-- AUTO_INCREMENT für Tabelle `amazon_feed_collector`
--
ALTER TABLE `amazon_feed_collector`
  MODIFY `amazon_feed_collector_id` int(11) NOT NULL AUTO_INCREMENT;

--
-- AUTO_INCREMENT für Tabelle `amazon_orders`
--
ALTER TABLE `amazon_orders`
  MODIFY `amazon_orders_id` int(11) NOT NULL AUTO_INCREMENT;

--
-- AUTO_INCREMENT für Tabelle `amazon_orders_fba`
--
ALTER TABLE `amazon_orders_fba`
  MODIFY `amazon_orders_fba_id` int(11) NOT NULL AUTO_INCREMENT;

--
-- AUTO_INCREMENT für Tabelle `amazon_orders_products`
--
ALTER TABLE `amazon_orders_products`
  MODIFY `amazon_orders_products_id` int(11) NOT NULL AUTO_INCREMENT;

--
-- AUTO_INCREMENT für Tabelle `amazon_products`
--
ALTER TABLE `amazon_products`
  MODIFY `amazon_products_id` int(11) NOT NULL AUTO_INCREMENT;

--
-- AUTO_INCREMENT für Tabelle `amazon_products_fba`
--
ALTER TABLE `amazon_products_fba`
  MODIFY `amazon_products_fba_id` int(11) NOT NULL AUTO_INCREMENT;

--
-- AUTO_INCREMENT für Tabelle `amazon_settlements`
--
ALTER TABLE `amazon_settlements`
  MODIFY `amazon_settlements_id` int(11) NOT NULL AUTO_INCREMENT;

--
-- AUTO_INCREMENT für Tabelle `amz_products_excluded`
--
ALTER TABLE `amz_products_excluded`
  MODIFY `amz_products_excluded_id` int(11) NOT NULL AUTO_INCREMENT;

--
-- AUTO_INCREMENT für Tabelle `amz_transactions`
--
ALTER TABLE `amz_transactions`
  MODIFY `amz_tx_id` int(11) NOT NULL AUTO_INCREMENT;

--
-- AUTO_INCREMENT für Tabelle `banners`
--
ALTER TABLE `banners`
  MODIFY `banners_id` int(11) NOT NULL AUTO_INCREMENT;

--
-- AUTO_INCREMENT für Tabelle `banners_history`
--
ALTER TABLE `banners_history`
  MODIFY `banners_history_id` int(11) NOT NULL AUTO_INCREMENT;

--
-- AUTO_INCREMENT für Tabelle `branches`
--
ALTER TABLE `branches`
  MODIFY `branches_id` int(11) NOT NULL AUTO_INCREMENT, AUTO_INCREMENT=2;

--
-- AUTO_INCREMENT für Tabelle `branches_history`
--
ALTER TABLE `branches_history`
  MODIFY `branches_history_id` int(11) NOT NULL AUTO_INCREMENT, AUTO_INCREMENT=6;

--
-- AUTO_INCREMENT für Tabelle `branches_orders_fibunumbers`
--
ALTER TABLE `branches_orders_fibunumbers`
  MODIFY `branches_orders_fibunumbers` int(11) NOT NULL AUTO_INCREMENT;

--
-- AUTO_INCREMENT für Tabelle `branches_products`
--
ALTER TABLE `branches_products`
  MODIFY `branches_products_id` int(11) NOT NULL AUTO_INCREMENT;

--
-- AUTO_INCREMENT für Tabelle `branches_products_serials`
--
ALTER TABLE `branches_products_serials`
  MODIFY `branches_products_serials_id` int(11) NOT NULL AUTO_INCREMENT;

--
-- AUTO_INCREMENT für Tabelle `branches_to_customers`
--
ALTER TABLE `branches_to_customers`
  MODIFY `branches_to_customers_id` int(11) NOT NULL AUTO_INCREMENT;

--
-- AUTO_INCREMENT für Tabelle `branches_transfer`
--
ALTER TABLE `branches_transfer`
  MODIFY `branches_transfer_id` int(11) NOT NULL AUTO_INCREMENT, AUTO_INCREMENT=3;

--
-- AUTO_INCREMENT für Tabelle `branches_transfer_products`
--
ALTER TABLE `branches_transfer_products`
  MODIFY `branches_transfer_products_id` int(11) NOT NULL AUTO_INCREMENT, AUTO_INCREMENT=4;

--
-- AUTO_INCREMENT für Tabelle `branches_transfer_status`
--
ALTER TABLE `branches_transfer_status`
  MODIFY `branches_transfer_status_id` int(11) NOT NULL AUTO_INCREMENT, AUTO_INCREMENT=5;

--
-- AUTO_INCREMENT für Tabelle `branches_transfer_status_history`
--
ALTER TABLE `branches_transfer_status_history`
  MODIFY `branches_transfer_status_history_id` int(11) NOT NULL AUTO_INCREMENT, AUTO_INCREMENT=7;

--
-- AUTO_INCREMENT für Tabelle `cancel_auctions`
--
ALTER TABLE `cancel_auctions`
  MODIFY `cancel_auctions_id` int(11) NOT NULL AUTO_INCREMENT;

--
-- AUTO_INCREMENT für Tabelle `categories`
--
ALTER TABLE `categories`
  MODIFY `categories_id` int(11) NOT NULL AUTO_INCREMENT, AUTO_INCREMENT=40;

--
-- AUTO_INCREMENT für Tabelle `categories_exclude`
--
ALTER TABLE `categories_exclude`
  MODIFY `categories_exclude_id` int(1) NOT NULL AUTO_INCREMENT, AUTO_INCREMENT=303;

--
-- AUTO_INCREMENT für Tabelle `categories_to_groups`
--
ALTER TABLE `categories_to_groups`
  MODIFY `categories_to_groups_id` int(11) NOT NULL AUTO_INCREMENT;

--
-- AUTO_INCREMENT für Tabelle `categories_to_groups_characteristics`
--
ALTER TABLE `categories_to_groups_characteristics`
  MODIFY `categories_to_groups_characteristics_id` int(11) NOT NULL AUTO_INCREMENT;

--
-- AUTO_INCREMENT für Tabelle `change_status_history`
--
ALTER TABLE `change_status_history`
  MODIFY `id` int(11) NOT NULL AUTO_INCREMENT;

--
-- AUTO_INCREMENT für Tabelle `configuration`
--
ALTER TABLE `configuration`
  MODIFY `configuration_id` int(11) NOT NULL AUTO_INCREMENT, AUTO_INCREMENT=900;

--
-- AUTO_INCREMENT für Tabelle `configuration_group`
--
ALTER TABLE `configuration_group`
  MODIFY `configuration_group_id` int(11) NOT NULL AUTO_INCREMENT, AUTO_INCREMENT=114;

--
-- AUTO_INCREMENT für Tabelle `content_manager`
--
ALTER TABLE `content_manager`
  MODIFY `content_id` int(11) NOT NULL AUTO_INCREMENT, AUTO_INCREMENT=99;

--
-- AUTO_INCREMENT für Tabelle `costs`
--
ALTER TABLE `costs`
  MODIFY `costs_id` int(11) NOT NULL AUTO_INCREMENT;

--
-- AUTO_INCREMENT für Tabelle `countries`
--
ALTER TABLE `countries`
  MODIFY `countries_id` int(11) NOT NULL AUTO_INCREMENT, AUTO_INCREMENT=242;

--
-- AUTO_INCREMENT für Tabelle `coupons`
--
ALTER TABLE `coupons`
  MODIFY `coupon_id` int(11) NOT NULL AUTO_INCREMENT, AUTO_INCREMENT=5;

--
-- AUTO_INCREMENT für Tabelle `coupon_email_track`
--
ALTER TABLE `coupon_email_track`
  MODIFY `unique_id` int(11) NOT NULL AUTO_INCREMENT;

--
-- AUTO_INCREMENT für Tabelle `coupon_gv_queue`
--
ALTER TABLE `coupon_gv_queue`
  MODIFY `unique_id` int(5) NOT NULL AUTO_INCREMENT;

--
-- AUTO_INCREMENT für Tabelle `coupon_redeem_track`
--
ALTER TABLE `coupon_redeem_track`
  MODIFY `unique_id` int(11) NOT NULL AUTO_INCREMENT, AUTO_INCREMENT=10;

--
-- AUTO_INCREMENT für Tabelle `currencies`
--
ALTER TABLE `currencies`
  MODIFY `currencies_id` int(11) NOT NULL AUTO_INCREMENT, AUTO_INCREMENT=3;

--
-- AUTO_INCREMENT für Tabelle `customers_basket`
--
ALTER TABLE `customers_basket`
  MODIFY `customers_basket_id` int(11) NOT NULL AUTO_INCREMENT, AUTO_INCREMENT=706;

--
-- AUTO_INCREMENT für Tabelle `customers_basket_attributes`
--
ALTER TABLE `customers_basket_attributes`
  MODIFY `customers_basket_attributes_id` int(11) NOT NULL AUTO_INCREMENT;

--
-- AUTO_INCREMENT für Tabelle `customers_email_aliases`
--
ALTER TABLE `customers_email_aliases`
  MODIFY `customers_email_aliases_id` int(11) NOT NULL AUTO_INCREMENT;

--
-- AUTO_INCREMENT für Tabelle `customers_email_filter`
--
ALTER TABLE `customers_email_filter`
  MODIFY `customers_email_filter_id` int(11) NOT NULL AUTO_INCREMENT;

--
-- AUTO_INCREMENT für Tabelle `customers_ip`
--
ALTER TABLE `customers_ip`
  MODIFY `customers_ip_id` int(11) NOT NULL AUTO_INCREMENT, AUTO_INCREMENT=2625;

--
-- AUTO_INCREMENT für Tabelle `customers_memo`
--
ALTER TABLE `customers_memo`
  MODIFY `memo_id` int(11) NOT NULL AUTO_INCREMENT, AUTO_INCREMENT=542;

--
-- AUTO_INCREMENT für Tabelle `customers_status_history`
--
ALTER TABLE `customers_status_history`
  MODIFY `customers_status_history_id` int(11) NOT NULL AUTO_INCREMENT, AUTO_INCREMENT=224;

--
-- AUTO_INCREMENT für Tabelle `default_products_master_keys`
--
ALTER TABLE `default_products_master_keys`
  MODIFY `default_products_master_keys_id` int(11) NOT NULL AUTO_INCREMENT;

--
-- AUTO_INCREMENT für Tabelle `default_products_master_keys_description`
--
ALTER TABLE `default_products_master_keys_description`
  MODIFY `default_products_master_keys_description_id` int(11) NOT NULL AUTO_INCREMENT;

--
-- AUTO_INCREMENT für Tabelle `default_products_master_slave_values`
--
ALTER TABLE `default_products_master_slave_values`
  MODIFY `default_products_master_slave_values_id` int(11) NOT NULL AUTO_INCREMENT;

--
-- AUTO_INCREMENT für Tabelle `distributors`
--
ALTER TABLE `distributors`
  MODIFY `id` int(11) NOT NULL AUTO_INCREMENT, AUTO_INCREMENT=11;

--
-- AUTO_INCREMENT für Tabelle `distributor_contacts`
--
ALTER TABLE `distributor_contacts`
  MODIFY `distributor_contacts_id` int(11) NOT NULL AUTO_INCREMENT;

--
-- AUTO_INCREMENT für Tabelle `distributor_invoices`
--
ALTER TABLE `distributor_invoices`
  MODIFY `distributor_invoices_id` int(11) NOT NULL AUTO_INCREMENT;

--
-- AUTO_INCREMENT für Tabelle `distributor_invoices_entries`
--
ALTER TABLE `distributor_invoices_entries`
  MODIFY `distributor_invoices_entries_id` int(11) NOT NULL AUTO_INCREMENT;

--
-- AUTO_INCREMENT für Tabelle `distributor_invoices_installments`
--
ALTER TABLE `distributor_invoices_installments`
  MODIFY `distributor_invoices_installments_id` int(11) NOT NULL AUTO_INCREMENT;

--
-- AUTO_INCREMENT für Tabelle `distributor_invoices_products`
--
ALTER TABLE `distributor_invoices_products`
  MODIFY `distributor_invoices_products_id` int(11) NOT NULL AUTO_INCREMENT;

--
-- AUTO_INCREMENT für Tabelle `distributor_invoices_products_properties`
--
ALTER TABLE `distributor_invoices_products_properties`
  MODIFY `distributor_invoices_products_properties_id` int(11) NOT NULL AUTO_INCREMENT;

--
-- AUTO_INCREMENT für Tabelle `distributor_invoices_reasons`
--
ALTER TABLE `distributor_invoices_reasons`
  MODIFY `distributor_invoices_reasons_id` int(11) NOT NULL AUTO_INCREMENT;

--
-- AUTO_INCREMENT für Tabelle `distributor_invoices_status`
--
ALTER TABLE `distributor_invoices_status`
  MODIFY `distributor_invoices_status_id` int(11) NOT NULL AUTO_INCREMENT, AUTO_INCREMENT=4;

--
-- AUTO_INCREMENT für Tabelle `distributor_invoices_status_history`
--
ALTER TABLE `distributor_invoices_status_history`
  MODIFY `distributor_invoices_status_history_id` int(11) NOT NULL AUTO_INCREMENT;

--
-- AUTO_INCREMENT für Tabelle `distributor_invoices_total`
--
ALTER TABLE `distributor_invoices_total`
  MODIFY `distributor_invoices_total_id` int(10) UNSIGNED NOT NULL AUTO_INCREMENT;

--
-- AUTO_INCREMENT für Tabelle `distributor_orders`
--
ALTER TABLE `distributor_orders`
  MODIFY `distributor_orders_id` int(11) NOT NULL AUTO_INCREMENT;

--
-- AUTO_INCREMENT für Tabelle `distributor_orders_products`
--
ALTER TABLE `distributor_orders_products`
  MODIFY `distributor_orders_products_id` int(11) NOT NULL AUTO_INCREMENT;

--
-- AUTO_INCREMENT für Tabelle `distributor_orders_products_attributes`
--
ALTER TABLE `distributor_orders_products_attributes`
  MODIFY `distributor_orders_products_attributes_id` int(11) NOT NULL AUTO_INCREMENT;

--
-- AUTO_INCREMENT für Tabelle `distributor_orders_products_properties`
--
ALTER TABLE `distributor_orders_products_properties`
  MODIFY `distributor_orders_products_properties_id` int(11) NOT NULL AUTO_INCREMENT;

--
-- AUTO_INCREMENT für Tabelle `distributor_orders_recalculate`
--
ALTER TABLE `distributor_orders_recalculate`
  MODIFY `orders_recalculate_id` int(11) NOT NULL AUTO_INCREMENT, AUTO_INCREMENT=29;

--
-- AUTO_INCREMENT für Tabelle `distributor_orders_status_history`
--
ALTER TABLE `distributor_orders_status_history`
  MODIFY `orders_status_history_id` int(11) NOT NULL AUTO_INCREMENT;

--
-- AUTO_INCREMENT für Tabelle `distributor_orders_total`
--
ALTER TABLE `distributor_orders_total`
  MODIFY `orders_total_id` int(10) UNSIGNED NOT NULL AUTO_INCREMENT;

--
-- AUTO_INCREMENT für Tabelle `distributor_product_prices`
--
ALTER TABLE `distributor_product_prices`
  MODIFY `distributor_product_prices_id` int(11) NOT NULL AUTO_INCREMENT, AUTO_INCREMENT=17;

--
-- AUTO_INCREMENT für Tabelle `ebayapi_favorites`
--
ALTER TABLE `ebayapi_favorites`
  MODIFY `favorite_id` int(11) NOT NULL AUTO_INCREMENT;

--
-- AUTO_INCREMENT für Tabelle `ebayapi_favorites_characteristics`
--
ALTER TABLE `ebayapi_favorites_characteristics`
  MODIFY `ebayapi_favorites_characteristics_id` int(11) NOT NULL AUTO_INCREMENT;

--
-- AUTO_INCREMENT für Tabelle `ebayapi_favorites_itemconditions`
--
ALTER TABLE `ebayapi_favorites_itemconditions`
  MODIFY `ebayapi_favorites_itemconditions_id` int(11) NOT NULL AUTO_INCREMENT;

--
-- AUTO_INCREMENT für Tabelle `ebay_auctions`
--
ALTER TABLE `ebay_auctions`
  MODIFY `id` int(11) NOT NULL AUTO_INCREMENT;

--
-- AUTO_INCREMENT für Tabelle `ebay_auctions_characteristics`
--
ALTER TABLE `ebay_auctions_characteristics`
  MODIFY `ebay_auctions_characteristics_id` int(11) NOT NULL AUTO_INCREMENT;

--
-- AUTO_INCREMENT für Tabelle `ebay_auctions_energy_efficiency`
--
ALTER TABLE `ebay_auctions_energy_efficiency`
  MODIFY `ebay_auctions_energy_efficiency_id` int(11) NOT NULL AUTO_INCREMENT;

--
-- AUTO_INCREMENT für Tabelle `ebay_auctions_fees`
--
ALTER TABLE `ebay_auctions_fees`
  MODIFY `ebay_auctions_fees_id` int(11) NOT NULL AUTO_INCREMENT;

--
-- AUTO_INCREMENT für Tabelle `ebay_auctions_itemspecifics`
--
ALTER TABLE `ebay_auctions_itemspecifics`
  MODIFY `ebay_auctions_itemspecifics_id` int(11) NOT NULL AUTO_INCREMENT;

--
-- AUTO_INCREMENT für Tabelle `ebay_auctions_manufacturers`
--
ALTER TABLE `ebay_auctions_manufacturers`
  MODIFY `ebay_auctions_manufacturers_id` int(11) NOT NULL AUTO_INCREMENT;

--
-- AUTO_INCREMENT für Tabelle `ebay_auctions_payments`
--
ALTER TABLE `ebay_auctions_payments`
  MODIFY `ebay_auctions_payments_id` int(11) NOT NULL AUTO_INCREMENT;

--
-- AUTO_INCREMENT für Tabelle `ebay_auctions_price_revise`
--
ALTER TABLE `ebay_auctions_price_revise`
  MODIFY `ebay_auctions_price_revise_id` int(11) NOT NULL AUTO_INCREMENT;

--
-- AUTO_INCREMENT für Tabelle `ebay_auctions_price_revise_auctions`
--
ALTER TABLE `ebay_auctions_price_revise_auctions`
  MODIFY `ebay_auctions_price_revise_auctions_id` int(11) NOT NULL AUTO_INCREMENT;

--
-- AUTO_INCREMENT für Tabelle `ebay_auctions_productsafety`
--
ALTER TABLE `ebay_auctions_productsafety`
  MODIFY `ebay_auctions_productsafety_id` int(11) NOT NULL AUTO_INCREMENT;

--
-- AUTO_INCREMENT für Tabelle `ebay_auctions_properties`
--
ALTER TABLE `ebay_auctions_properties`
  MODIFY `ebay_auctions_properties_id` int(11) NOT NULL AUTO_INCREMENT;

--
-- AUTO_INCREMENT für Tabelle `ebay_auctions_properties_description`
--
ALTER TABLE `ebay_auctions_properties_description`
  MODIFY `ebay_auctions_properties_description_id` int(11) NOT NULL AUTO_INCREMENT;

--
-- AUTO_INCREMENT für Tabelle `ebay_auctions_properties_values`
--
ALTER TABLE `ebay_auctions_properties_values`
  MODIFY `ebay_auctions_properties_values_id` int(11) NOT NULL AUTO_INCREMENT;

--
-- AUTO_INCREMENT für Tabelle `ebay_auctions_properties_values_description`
--
ALTER TABLE `ebay_auctions_properties_values_description`
  MODIFY `ebay_auctions_properties_values_description_id` int(11) NOT NULL AUTO_INCREMENT;

--
-- AUTO_INCREMENT für Tabelle `ebay_auctions_quantity_history`
--
ALTER TABLE `ebay_auctions_quantity_history`
  MODIFY `ebay_auctions_quantity_history_id` int(11) NOT NULL AUTO_INCREMENT;

--
-- AUTO_INCREMENT für Tabelle `ebay_auctions_regulatory_documents`
--
ALTER TABLE `ebay_auctions_regulatory_documents`
  MODIFY `ebay_auctions_regulatory_documents_id` int(11) NOT NULL AUTO_INCREMENT;

--
-- AUTO_INCREMENT für Tabelle `ebay_auctions_regulatory_hazmats`
--
ALTER TABLE `ebay_auctions_regulatory_hazmats`
  MODIFY `ebay_auctions_regulatory_hazmats_id` int(11) NOT NULL AUTO_INCREMENT;

--
-- AUTO_INCREMENT für Tabelle `ebay_auctions_responsible_persons`
--
ALTER TABLE `ebay_auctions_responsible_persons`
  MODIFY `ebay_auctions_responsible_persons_id` int(11) NOT NULL AUTO_INCREMENT;

--
-- AUTO_INCREMENT für Tabelle `ebay_auctions_shippings`
--
ALTER TABLE `ebay_auctions_shippings`
  MODIFY `ebay_auctions_shippings_id` int(11) NOT NULL AUTO_INCREMENT;

--
-- AUTO_INCREMENT für Tabelle `ebay_auctions_shippings_locations`
--
ALTER TABLE `ebay_auctions_shippings_locations`
  MODIFY `ebay_auctions_shippings_locations_id` int(11) NOT NULL AUTO_INCREMENT;

--
-- AUTO_INCREMENT für Tabelle `ebay_auctions_variations`
--
ALTER TABLE `ebay_auctions_variations`
  MODIFY `ebay_auctions_variations_id` int(11) NOT NULL AUTO_INCREMENT;

--
-- AUTO_INCREMENT für Tabelle `ebay_auctions_videos`
--
ALTER TABLE `ebay_auctions_videos`
  MODIFY `ebay_auctions_videos_id` int(11) NOT NULL AUTO_INCREMENT;

--
-- AUTO_INCREMENT für Tabelle `ebay_auth`
--
ALTER TABLE `ebay_auth`
  MODIFY `Id` int(6) UNSIGNED NOT NULL AUTO_INCREMENT, AUTO_INCREMENT=4;

--
-- AUTO_INCREMENT für Tabelle `ebay_automatics`
--
ALTER TABLE `ebay_automatics`
  MODIFY `ebay_automatics_id` int(11) NOT NULL AUTO_INCREMENT;

--
-- AUTO_INCREMENT für Tabelle `ebay_automatics_daily`
--
ALTER TABLE `ebay_automatics_daily`
  MODIFY `ebay_automatics_daily_id` int(11) NOT NULL AUTO_INCREMENT;

--
-- AUTO_INCREMENT für Tabelle `ebay_bestoffer_matrix`
--
ALTER TABLE `ebay_bestoffer_matrix`
  MODIFY `ebay_bestoffer_matrix_id` int(11) NOT NULL AUTO_INCREMENT;

--
-- AUTO_INCREMENT für Tabelle `ebay_brand_aliases`
--
ALTER TABLE `ebay_brand_aliases`
  MODIFY `ebay_brand_aliases_id` int(11) NOT NULL AUTO_INCREMENT;

--
-- AUTO_INCREMENT für Tabelle `ebay_calls`
--
ALTER TABLE `ebay_calls`
  MODIFY `id` int(11) NOT NULL AUTO_INCREMENT;

--
-- AUTO_INCREMENT für Tabelle `ebay_customers`
--
ALTER TABLE `ebay_customers`
  MODIFY `id` int(11) NOT NULL AUTO_INCREMENT;

--
-- AUTO_INCREMENT für Tabelle `ebay_default_characteristics`
--
ALTER TABLE `ebay_default_characteristics`
  MODIFY `ebay_default_characteristics_id` int(11) NOT NULL AUTO_INCREMENT;

--
-- AUTO_INCREMENT für Tabelle `ebay_default_itemspecifics`
--
ALTER TABLE `ebay_default_itemspecifics`
  MODIFY `ebay_default_itemspecifics_id` int(11) NOT NULL AUTO_INCREMENT;

--
-- AUTO_INCREMENT für Tabelle `ebay_default_payments`
--
ALTER TABLE `ebay_default_payments`
  MODIFY `ebay_default_payments_id` int(11) NOT NULL AUTO_INCREMENT, AUTO_INCREMENT=2;

--
-- AUTO_INCREMENT für Tabelle `ebay_default_shippings`
--
ALTER TABLE `ebay_default_shippings`
  MODIFY `ebay_default_shippings_id` int(11) NOT NULL AUTO_INCREMENT, AUTO_INCREMENT=2;

--
-- AUTO_INCREMENT für Tabelle `ebay_default_shippings_locations`
--
ALTER TABLE `ebay_default_shippings_locations`
  MODIFY `ebay_default_shippings_locations_id` int(11) NOT NULL AUTO_INCREMENT;

--
-- AUTO_INCREMENT für Tabelle `ebay_disputes`
--
ALTER TABLE `ebay_disputes`
  MODIFY `id` int(11) NOT NULL AUTO_INCREMENT;

--
-- AUTO_INCREMENT für Tabelle `ebay_emails`
--
ALTER TABLE `ebay_emails`
  MODIFY `id` int(11) NOT NULL AUTO_INCREMENT, AUTO_INCREMENT=1753;

--
-- AUTO_INCREMENT für Tabelle `ebay_email_attachments`
--
ALTER TABLE `ebay_email_attachments`
  MODIFY `ebay_email_attachments_id` int(11) NOT NULL AUTO_INCREMENT, AUTO_INCREMENT=1311;

--
-- AUTO_INCREMENT für Tabelle `ebay_external_payments`
--
ALTER TABLE `ebay_external_payments`
  MODIFY `ebay_external_payments_id` int(11) NOT NULL AUTO_INCREMENT;

--
-- AUTO_INCREMENT für Tabelle `ebay_feedback`
--
ALTER TABLE `ebay_feedback`
  MODIFY `id` int(11) NOT NULL AUTO_INCREMENT, AUTO_INCREMENT=2;

--
-- AUTO_INCREMENT für Tabelle `ebay_import_variations_images`
--
ALTER TABLE `ebay_import_variations_images`
  MODIFY `ebay_import_variations_images_id` int(11) NOT NULL AUTO_INCREMENT;

--
-- AUTO_INCREMENT für Tabelle `ebay_libri_filters`
--
ALTER TABLE `ebay_libri_filters`
  MODIFY `ebay_libri_filters_id` int(11) NOT NULL AUTO_INCREMENT;

--
-- AUTO_INCREMENT für Tabelle `ebay_media_documents`
--
ALTER TABLE `ebay_media_documents`
  MODIFY `ebay_media_documents_id` int(11) NOT NULL AUTO_INCREMENT;

--
-- AUTO_INCREMENT für Tabelle `ebay_media_videos`
--
ALTER TABLE `ebay_media_videos`
  MODIFY `ebay_media_videos_id` int(11) NOT NULL AUTO_INCREMENT;

--
-- AUTO_INCREMENT für Tabelle `ebay_mpn_aliases`
--
ALTER TABLE `ebay_mpn_aliases`
  MODIFY `ebay_mpn_aliases_id` int(11) NOT NULL AUTO_INCREMENT;

--
-- AUTO_INCREMENT für Tabelle `ebay_multi_edit`
--
ALTER TABLE `ebay_multi_edit`
  MODIFY `ebay_multi_edit_id` int(11) NOT NULL AUTO_INCREMENT;

--
-- AUTO_INCREMENT für Tabelle `ebay_multi_edit_items`
--
ALTER TABLE `ebay_multi_edit_items`
  MODIFY `ebay_multi_edit_items_id` int(11) NOT NULL AUTO_INCREMENT;

--
-- AUTO_INCREMENT für Tabelle `ebay_multi_edit_price_revise`
--
ALTER TABLE `ebay_multi_edit_price_revise`
  MODIFY `ebay_multi_edit_price_revise_id` int(11) NOT NULL AUTO_INCREMENT;

--
-- AUTO_INCREMENT für Tabelle `ebay_mymessage`
--
ALTER TABLE `ebay_mymessage`
  MODIFY `ebay_mymessage_id` int(11) NOT NULL AUTO_INCREMENT;

--
-- AUTO_INCREMENT für Tabelle `ebay_mymessage_reply`
--
ALTER TABLE `ebay_mymessage_reply`
  MODIFY `ebay_mymessage_reply_id` int(11) NOT NULL AUTO_INCREMENT;

--
-- AUTO_INCREMENT für Tabelle `ebay_orders`
--
ALTER TABLE `ebay_orders`
  MODIFY `ebay_orders_id` int(11) NOT NULL AUTO_INCREMENT;

--
-- AUTO_INCREMENT für Tabelle `ebay_orders_items`
--
ALTER TABLE `ebay_orders_items`
  MODIFY `ebay_orders_items_id` int(11) NOT NULL AUTO_INCREMENT;

--
-- AUTO_INCREMENT für Tabelle `ebay_orders_oos`
--
ALTER TABLE `ebay_orders_oos`
  MODIFY `ebay_orders_oos_id` int(11) NOT NULL AUTO_INCREMENT;

--
-- AUTO_INCREMENT für Tabelle `ebay_payments`
--
ALTER TABLE `ebay_payments`
  MODIFY `ebay_payments_id` int(11) NOT NULL AUTO_INCREMENT;

--
-- AUTO_INCREMENT für Tabelle `ebay_personal_offers`
--
ALTER TABLE `ebay_personal_offers`
  MODIFY `ebay_personal_offers` int(11) NOT NULL AUTO_INCREMENT;

--
-- AUTO_INCREMENT für Tabelle `ebay_products`
--
ALTER TABLE `ebay_products`
  MODIFY `id` int(11) NOT NULL AUTO_INCREMENT, AUTO_INCREMENT=21;

--
-- AUTO_INCREMENT für Tabelle `ebay_products_characteristics`
--
ALTER TABLE `ebay_products_characteristics`
  MODIFY `ebay_products_characteristics_id` int(11) NOT NULL AUTO_INCREMENT;

--
-- AUTO_INCREMENT für Tabelle `ebay_products_energy_efficiency`
--
ALTER TABLE `ebay_products_energy_efficiency`
  MODIFY `ebay_products_energy_efficiency_id` int(11) NOT NULL AUTO_INCREMENT;

--
-- AUTO_INCREMENT für Tabelle `ebay_products_history`
--
ALTER TABLE `ebay_products_history`
  MODIFY `ebay_products_history_id` int(11) NOT NULL AUTO_INCREMENT, AUTO_INCREMENT=35;

--
-- AUTO_INCREMENT für Tabelle `ebay_products_itemspecifics`
--
ALTER TABLE `ebay_products_itemspecifics`
  MODIFY `ebay_products_itemspecifics_id` int(11) NOT NULL AUTO_INCREMENT, AUTO_INCREMENT=13;

--
-- AUTO_INCREMENT für Tabelle `ebay_products_itemspecifics_recommendations`
--
ALTER TABLE `ebay_products_itemspecifics_recommendations`
  MODIFY `ebay_products_itemspecifics_recommendations_id` int(11) NOT NULL AUTO_INCREMENT;

--
-- AUTO_INCREMENT für Tabelle `ebay_products_manufacturers`
--
ALTER TABLE `ebay_products_manufacturers`
  MODIFY `ebay_products_manufacturers_id` int(11) NOT NULL AUTO_INCREMENT;

--
-- AUTO_INCREMENT für Tabelle `ebay_products_payments`
--
ALTER TABLE `ebay_products_payments`
  MODIFY `ebay_products_payments_id` int(11) NOT NULL AUTO_INCREMENT, AUTO_INCREMENT=103;

--
-- AUTO_INCREMENT für Tabelle `ebay_products_productsafety`
--
ALTER TABLE `ebay_products_productsafety`
  MODIFY `ebay_products_productsafety_id` int(11) NOT NULL AUTO_INCREMENT;

--
-- AUTO_INCREMENT für Tabelle `ebay_products_properties`
--
ALTER TABLE `ebay_products_properties`
  MODIFY `ebay_products_properties_id` int(11) NOT NULL AUTO_INCREMENT;

--
-- AUTO_INCREMENT für Tabelle `ebay_products_properties_description`
--
ALTER TABLE `ebay_products_properties_description`
  MODIFY `ebay_products_properties_description_id` int(11) NOT NULL AUTO_INCREMENT;

--
-- AUTO_INCREMENT für Tabelle `ebay_products_properties_values`
--
ALTER TABLE `ebay_products_properties_values`
  MODIFY `ebay_products_properties_values_id` int(11) NOT NULL AUTO_INCREMENT;

--
-- AUTO_INCREMENT für Tabelle `ebay_products_properties_values_description`
--
ALTER TABLE `ebay_products_properties_values_description`
  MODIFY `ebay_products_properties_values_description_id` int(11) NOT NULL AUTO_INCREMENT;

--
-- AUTO_INCREMENT für Tabelle `ebay_products_regulatory_documents`
--
ALTER TABLE `ebay_products_regulatory_documents`
  MODIFY `ebay_products_regulatory_documents_id` int(11) NOT NULL AUTO_INCREMENT;

--
-- AUTO_INCREMENT für Tabelle `ebay_products_regulatory_hazmats`
--
ALTER TABLE `ebay_products_regulatory_hazmats`
  MODIFY `ebay_products_regulatory_hazmats_id` int(11) NOT NULL AUTO_INCREMENT;

--
-- AUTO_INCREMENT für Tabelle `ebay_products_responsible_persons`
--
ALTER TABLE `ebay_products_responsible_persons`
  MODIFY `ebay_products_responsible_persons_id` int(11) NOT NULL AUTO_INCREMENT;

--
-- AUTO_INCREMENT für Tabelle `ebay_products_shippings`
--
ALTER TABLE `ebay_products_shippings`
  MODIFY `ebay_products_shippings_id` int(11) NOT NULL AUTO_INCREMENT, AUTO_INCREMENT=12;

--
-- AUTO_INCREMENT für Tabelle `ebay_products_shippings_locations`
--
ALTER TABLE `ebay_products_shippings_locations`
  MODIFY `ebay_products_shippings_locations_id` int(11) NOT NULL AUTO_INCREMENT;

--
-- AUTO_INCREMENT für Tabelle `ebay_products_to_categories`
--
ALTER TABLE `ebay_products_to_categories`
  MODIFY `id` int(11) NOT NULL AUTO_INCREMENT;

--
-- AUTO_INCREMENT für Tabelle `ebay_products_variations`
--
ALTER TABLE `ebay_products_variations`
  MODIFY `ebay_products_variations_id` int(11) NOT NULL AUTO_INCREMENT;

--
-- AUTO_INCREMENT für Tabelle `ebay_products_videos`
--
ALTER TABLE `ebay_products_videos`
  MODIFY `ebay_products_videos_id` int(11) NOT NULL AUTO_INCREMENT;

--
-- AUTO_INCREMENT für Tabelle `ebay_sammler`
--
ALTER TABLE `ebay_sammler`
  MODIFY `id` int(11) NOT NULL AUTO_INCREMENT, AUTO_INCREMENT=6;

--
-- AUTO_INCREMENT für Tabelle `ebay_sammler_characteristics`
--
ALTER TABLE `ebay_sammler_characteristics`
  MODIFY `ebay_sammler_characteristics_id` int(11) NOT NULL AUTO_INCREMENT;

--
-- AUTO_INCREMENT für Tabelle `ebay_sammler_copy`
--
ALTER TABLE `ebay_sammler_copy`
  MODIFY `ebay_sammler_copy_id` int(11) NOT NULL AUTO_INCREMENT, AUTO_INCREMENT=18;

--
-- AUTO_INCREMENT für Tabelle `ebay_sammler_itemspecifics`
--
ALTER TABLE `ebay_sammler_itemspecifics`
  MODIFY `ebay_sammler_itemspecifics_id` int(11) NOT NULL AUTO_INCREMENT, AUTO_INCREMENT=8;

--
-- AUTO_INCREMENT für Tabelle `ebay_sammler_itemspecifics_recommendations`
--
ALTER TABLE `ebay_sammler_itemspecifics_recommendations`
  MODIFY `ebay_sammler_itemspecifics_recommendations_id` int(11) NOT NULL AUTO_INCREMENT;

--
-- AUTO_INCREMENT für Tabelle `ebay_sammler_payments`
--
ALTER TABLE `ebay_sammler_payments`
  MODIFY `ebay_sammler_payments_id` int(11) NOT NULL AUTO_INCREMENT, AUTO_INCREMENT=63;

--
-- AUTO_INCREMENT für Tabelle `ebay_sammler_shippings`
--
ALTER TABLE `ebay_sammler_shippings`
  MODIFY `ebay_sammler_shippings_id` int(11) NOT NULL AUTO_INCREMENT, AUTO_INCREMENT=4;

--
-- AUTO_INCREMENT für Tabelle `ebay_sammler_shippings_locations`
--
ALTER TABLE `ebay_sammler_shippings_locations`
  MODIFY `ebay_sammler_shippings_locations_id` int(11) NOT NULL AUTO_INCREMENT;

--
-- AUTO_INCREMENT für Tabelle `ebay_seller_profiles`
--
ALTER TABLE `ebay_seller_profiles`
  MODIFY `ebay_seller_profiles_id` int(11) NOT NULL AUTO_INCREMENT;

--
-- AUTO_INCREMENT für Tabelle `ebay_sitecodes`
--
ALTER TABLE `ebay_sitecodes`
  MODIFY `ebay_sitecodes_id` int(11) NOT NULL AUTO_INCREMENT, AUTO_INCREMENT=24;

--
-- AUTO_INCREMENT für Tabelle `ebay_template_excludes`
--
ALTER TABLE `ebay_template_excludes`
  MODIFY `id` int(11) NOT NULL AUTO_INCREMENT;

--
-- AUTO_INCREMENT für Tabelle `ebay_textitems`
--
ALTER TABLE `ebay_textitems`
  MODIFY `id` int(11) NOT NULL AUTO_INCREMENT, AUTO_INCREMENT=30;

--
-- AUTO_INCREMENT für Tabelle `ebay_timingdelays`
--
ALTER TABLE `ebay_timingdelays`
  MODIFY `timing_delay_id` int(11) NOT NULL AUTO_INCREMENT, AUTO_INCREMENT=24;

--
-- AUTO_INCREMENT für Tabelle `ebay_transactions`
--
ALTER TABLE `ebay_transactions`
  MODIFY `id` int(11) NOT NULL AUTO_INCREMENT;

--
-- AUTO_INCREMENT für Tabelle `ebay_uuid`
--
ALTER TABLE `ebay_uuid`
  MODIFY `UUID` int(11) NOT NULL AUTO_INCREMENT, AUTO_INCREMENT=2;

--
-- AUTO_INCREMENT für Tabelle `ebay_variations`
--
ALTER TABLE `ebay_variations`
  MODIFY `ebay_variations_id` int(11) NOT NULL AUTO_INCREMENT;

--
-- AUTO_INCREMENT für Tabelle `ebay_variationspecificssets`
--
ALTER TABLE `ebay_variationspecificssets`
  MODIFY `ebay_variationspecificssets_id` int(11) NOT NULL AUTO_INCREMENT;

--
-- AUTO_INCREMENT für Tabelle `ebay_variations_pictures`
--
ALTER TABLE `ebay_variations_pictures`
  MODIFY `ebay_variations_pictures_id` int(11) NOT NULL AUTO_INCREMENT;

--
-- AUTO_INCREMENT für Tabelle `ebay_variations_pictures_sets`
--
ALTER TABLE `ebay_variations_pictures_sets`
  MODIFY `ebay_variations_pictures_sets_id` int(11) NOT NULL AUTO_INCREMENT;

--
-- AUTO_INCREMENT für Tabelle `ebay_variations_pictures_sets_urls`
--
ALTER TABLE `ebay_variations_pictures_sets_urls`
  MODIFY `ebay_variations_pictures_sets_urls_id` int(11) NOT NULL AUTO_INCREMENT;

--
-- AUTO_INCREMENT für Tabelle `ebay_variations_sets`
--
ALTER TABLE `ebay_variations_sets`
  MODIFY `ebay_variations_sets_id` int(11) NOT NULL AUTO_INCREMENT;

--
-- AUTO_INCREMENT für Tabelle `ebay_variations_variationspecifics`
--
ALTER TABLE `ebay_variations_variationspecifics`
  MODIFY `ebay_variations_variationspecifics_id` int(11) NOT NULL AUTO_INCREMENT;

--
-- AUTO_INCREMENT für Tabelle `ebay_warning_history`
--
ALTER TABLE `ebay_warning_history`
  MODIFY `id` int(11) NOT NULL AUTO_INCREMENT;

--
-- AUTO_INCREMENT für Tabelle `email_staff_allocation`
--
ALTER TABLE `email_staff_allocation`
  MODIFY `email_staff_allocation_id` int(11) NOT NULL AUTO_INCREMENT, AUTO_INCREMENT=25;

--
-- AUTO_INCREMENT für Tabelle `email_staff_allocation_history`
--
ALTER TABLE `email_staff_allocation_history`
  MODIFY `email_staff_allocation_history_id` int(11) NOT NULL AUTO_INCREMENT, AUTO_INCREMENT=52;

--
-- AUTO_INCREMENT für Tabelle `event`
--
ALTER TABLE `event`
  MODIFY `event_id` int(11) NOT NULL AUTO_INCREMENT;

--
-- AUTO_INCREMENT für Tabelle `events_to_event_tickets`
--
ALTER TABLE `events_to_event_tickets`
  MODIFY `events_to_event_tickets_id` int(11) NOT NULL AUTO_INCREMENT;

--
-- AUTO_INCREMENT für Tabelle `event_dates`
--
ALTER TABLE `event_dates`
  MODIFY `event_dates_id` int(11) NOT NULL AUTO_INCREMENT;

--
-- AUTO_INCREMENT für Tabelle `event_dates_timer`
--
ALTER TABLE `event_dates_timer`
  MODIFY `event_dates_timer_id` int(11) NOT NULL AUTO_INCREMENT;

--
-- AUTO_INCREMENT für Tabelle `event_tickets`
--
ALTER TABLE `event_tickets`
  MODIFY `event_tickets_id` int(11) NOT NULL AUTO_INCREMENT;

--
-- AUTO_INCREMENT für Tabelle `event_tickets_description`
--
ALTER TABLE `event_tickets_description`
  MODIFY `event_tickets_description_id` int(11) NOT NULL AUTO_INCREMENT;

--
-- AUTO_INCREMENT für Tabelle `feedback_reminder`
--
ALTER TABLE `feedback_reminder`
  MODIFY `feedback_reminder_id` int(11) NOT NULL AUTO_INCREMENT;

--
-- AUTO_INCREMENT für Tabelle `flashpoint_import_configuration`
--
ALTER TABLE `flashpoint_import_configuration`
  MODIFY `flashpoint_import_configuration_id` int(11) NOT NULL AUTO_INCREMENT;

--
-- AUTO_INCREMENT für Tabelle `geo_zones`
--
ALTER TABLE `geo_zones`
  MODIFY `geo_zone_id` int(11) NOT NULL AUTO_INCREMENT, AUTO_INCREMENT=35;

--
-- AUTO_INCREMENT für Tabelle `groups`
--
ALTER TABLE `groups`
  MODIFY `groups_id` int(11) NOT NULL AUTO_INCREMENT, AUTO_INCREMENT=34;

--
-- AUTO_INCREMENT für Tabelle `groups_tax_rates_allocation`
--
ALTER TABLE `groups_tax_rates_allocation`
  MODIFY `groups_tax_rates_allocation_id` int(11) NOT NULL AUTO_INCREMENT;

--
-- AUTO_INCREMENT für Tabelle `group_history`
--
ALTER TABLE `group_history`
  MODIFY `group_history_id` int(11) NOT NULL AUTO_INCREMENT, AUTO_INCREMENT=10;

--
-- AUTO_INCREMENT für Tabelle `hermes`
--
ALTER TABLE `hermes`
  MODIFY `id` int(11) NOT NULL AUTO_INCREMENT;

--
-- AUTO_INCREMENT für Tabelle `hermes_countries`
--
ALTER TABLE `hermes_countries`
  MODIFY `id` int(11) NOT NULL AUTO_INCREMENT;

--
-- AUTO_INCREMENT für Tabelle `hermes_status_dispos`
--
ALTER TABLE `hermes_status_dispos`
  MODIFY `hermes_status_dispos_id` int(11) NOT NULL AUTO_INCREMENT;

--
-- AUTO_INCREMENT für Tabelle `hermes_status_itemstock`
--
ALTER TABLE `hermes_status_itemstock`
  MODIFY `hermes_status_itemstock_id` int(11) NOT NULL AUTO_INCREMENT;

--
-- AUTO_INCREMENT für Tabelle `hermes_status_orderstat`
--
ALTER TABLE `hermes_status_orderstat`
  MODIFY `hermes_status_orderstat_id` int(11) NOT NULL AUTO_INCREMENT;

--
-- AUTO_INCREMENT für Tabelle `history`
--
ALTER TABLE `history`
  MODIFY `history_id` int(11) NOT NULL AUTO_INCREMENT, AUTO_INCREMENT=334;

--
-- AUTO_INCREMENT für Tabelle `history_bestand`
--
ALTER TABLE `history_bestand`
  MODIFY `id` int(11) NOT NULL AUTO_INCREMENT, AUTO_INCREMENT=650;

--
-- AUTO_INCREMENT für Tabelle `incoming_payments`
--
ALTER TABLE `incoming_payments`
  MODIFY `id` int(11) UNSIGNED NOT NULL AUTO_INCREMENT, AUTO_INCREMENT=72;

--
-- AUTO_INCREMENT für Tabelle `incoming_payment_mask`
--
ALTER TABLE `incoming_payment_mask`
  MODIFY `Id` int(6) UNSIGNED NOT NULL AUTO_INCREMENT;

--
-- AUTO_INCREMENT für Tabelle `kasse`
--
ALTER TABLE `kasse`
  MODIFY `id` int(11) NOT NULL AUTO_INCREMENT, AUTO_INCREMENT=3;

--
-- AUTO_INCREMENT für Tabelle `kasse_payments`
--
ALTER TABLE `kasse_payments`
  MODIFY `kasse_payments_id` int(11) NOT NULL AUTO_INCREMENT, AUTO_INCREMENT=6;

--
-- AUTO_INCREMENT für Tabelle `languages`
--
ALTER TABLE `languages`
  MODIFY `languages_id` int(11) NOT NULL AUTO_INCREMENT, AUTO_INCREMENT=4;

--
-- AUTO_INCREMENT für Tabelle `lawyer_export`
--
ALTER TABLE `lawyer_export`
  MODIFY `lawyer_export_id` int(1) NOT NULL AUTO_INCREMENT;

--
-- AUTO_INCREMENT für Tabelle `libri_warengruppen`
--
ALTER TABLE `libri_warengruppen`
  MODIFY `libri_warengruppen_id` int(11) NOT NULL AUTO_INCREMENT;

--
-- AUTO_INCREMENT für Tabelle `manufacturers`
--
ALTER TABLE `manufacturers`
  MODIFY `manufacturers_id` int(11) NOT NULL AUTO_INCREMENT, AUTO_INCREMENT=14;

--
-- AUTO_INCREMENT für Tabelle `media_content`
--
ALTER TABLE `media_content`
  MODIFY `file_id` int(11) NOT NULL AUTO_INCREMENT;

--
-- AUTO_INCREMENT für Tabelle `module_newsletter`
--
ALTER TABLE `module_newsletter`
  MODIFY `newsletter_id` int(11) NOT NULL AUTO_INCREMENT;

--
-- AUTO_INCREMENT für Tabelle `module_newsletter_temp_1`
--
ALTER TABLE `module_newsletter_temp_1`
  MODIFY `id` int(11) NOT NULL AUTO_INCREMENT;

--
-- AUTO_INCREMENT für Tabelle `newsletters`
--
ALTER TABLE `newsletters`
  MODIFY `newsletters_id` int(11) NOT NULL AUTO_INCREMENT;

--
-- AUTO_INCREMENT für Tabelle `newsletter_recipients`
--
ALTER TABLE `newsletter_recipients`
  MODIFY `mail_id` int(11) NOT NULL AUTO_INCREMENT, AUTO_INCREMENT=10;

--
-- AUTO_INCREMENT für Tabelle `nmedia_serien`
--
ALTER TABLE `nmedia_serien`
  MODIFY `nmedia_serien_id` int(11) NOT NULL AUTO_INCREMENT;

--
-- AUTO_INCREMENT für Tabelle `Notice_folders`
--
ALTER TABLE `Notice_folders`
  MODIFY `Notice_folders_id` int(11) NOT NULL AUTO_INCREMENT;

--
-- AUTO_INCREMENT für Tabelle `Notice_notes`
--
ALTER TABLE `Notice_notes`
  MODIFY `id` int(11) NOT NULL AUTO_INCREMENT, AUTO_INCREMENT=45;

--
-- AUTO_INCREMENT für Tabelle `Notice_reminder`
--
ALTER TABLE `Notice_reminder`
  MODIFY `Notice_reminder_id` int(11) NOT NULL AUTO_INCREMENT;

--
-- AUTO_INCREMENT für Tabelle `Notice_rules`
--
ALTER TABLE `Notice_rules`
  MODIFY `Notice_rules_id` int(11) NOT NULL AUTO_INCREMENT;

--
-- AUTO_INCREMENT für Tabelle `orders_costs`
--
ALTER TABLE `orders_costs`
  MODIFY `orders_costs_id` int(11) NOT NULL AUTO_INCREMENT, AUTO_INCREMENT=1280;

--
-- AUTO_INCREMENT für Tabelle `orders_dhl_paketsteuerung`
--
ALTER TABLE `orders_dhl_paketsteuerung`
  MODIFY `orders_dhl_paketsteuerung_id` int(11) NOT NULL AUTO_INCREMENT;

--
-- AUTO_INCREMENT für Tabelle `orders_fibunumbers`
--
ALTER TABLE `orders_fibunumbers`
  MODIFY `orders_fibunumbers_id` int(11) NOT NULL AUTO_INCREMENT, AUTO_INCREMENT=150089;

--
-- AUTO_INCREMENT für Tabelle `orders_pallets`
--
ALTER TABLE `orders_pallets`
  MODIFY `orders_pallets_id` int(11) NOT NULL AUTO_INCREMENT, AUTO_INCREMENT=43;

--
-- AUTO_INCREMENT für Tabelle `orders_pallets_items`
--
ALTER TABLE `orders_pallets_items`
  MODIFY `orders_pallets_items_id` int(11) NOT NULL AUTO_INCREMENT, AUTO_INCREMENT=48;

--
-- AUTO_INCREMENT für Tabelle `orders_paymentinstructions`
--
ALTER TABLE `orders_paymentinstructions`
  MODIFY `orders_paymentinstructions_id` int(11) NOT NULL AUTO_INCREMENT;

--
-- AUTO_INCREMENT für Tabelle `orders_products`
--
ALTER TABLE `orders_products`
  MODIFY `orders_products_id` int(11) NOT NULL AUTO_INCREMENT, AUTO_INCREMENT=790;

--
-- AUTO_INCREMENT für Tabelle `orders_products_attributes`
--
ALTER TABLE `orders_products_attributes`
  MODIFY `orders_products_attributes_id` int(11) NOT NULL AUTO_INCREMENT;

--
-- AUTO_INCREMENT für Tabelle `orders_products_download`
--
ALTER TABLE `orders_products_download`
  MODIFY `orders_products_download_id` int(11) NOT NULL AUTO_INCREMENT;

--
-- AUTO_INCREMENT für Tabelle `orders_products_price_fixing`
--
ALTER TABLE `orders_products_price_fixing`
  MODIFY `orders_products_price_fixing_id` int(11) NOT NULL AUTO_INCREMENT;

--
-- AUTO_INCREMENT für Tabelle `orders_products_properties`
--
ALTER TABLE `orders_products_properties`
  MODIFY `orders_products_properties_id` int(11) NOT NULL AUTO_INCREMENT;

--
-- AUTO_INCREMENT für Tabelle `orders_products_serials`
--
ALTER TABLE `orders_products_serials`
  MODIFY `orders_products_serials_id` int(11) NOT NULL AUTO_INCREMENT;

--
-- AUTO_INCREMENT für Tabelle `orders_recalculate`
--
ALTER TABLE `orders_recalculate`
  MODIFY `orders_recalculate_id` int(11) NOT NULL AUTO_INCREMENT, AUTO_INCREMENT=210;

--
-- AUTO_INCREMENT für Tabelle `orders_status_history`
--
ALTER TABLE `orders_status_history`
  MODIFY `orders_status_history_id` int(11) NOT NULL AUTO_INCREMENT, AUTO_INCREMENT=2727;

--
-- AUTO_INCREMENT für Tabelle `orders_total`
--
ALTER TABLE `orders_total`
  MODIFY `orders_total_id` int(10) UNSIGNED NOT NULL AUTO_INCREMENT, AUTO_INCREMENT=691;

--
-- AUTO_INCREMENT für Tabelle `otc`
--
ALTER TABLE `otc`
  MODIFY `otc_id` int(11) NOT NULL AUTO_INCREMENT, AUTO_INCREMENT=3;

--
-- AUTO_INCREMENT für Tabelle `packages_calc`
--
ALTER TABLE `packages_calc`
  MODIFY `id` int(11) NOT NULL AUTO_INCREMENT;

--
-- AUTO_INCREMENT für Tabelle `packages_calc_dpd`
--
ALTER TABLE `packages_calc_dpd`
  MODIFY `packages_calc_dpd` int(11) NOT NULL AUTO_INCREMENT;

--
-- AUTO_INCREMENT für Tabelle `packages_calc_easylog`
--
ALTER TABLE `packages_calc_easylog`
  MODIFY `packages_calc_easylog_id` int(11) NOT NULL AUTO_INCREMENT;

--
-- AUTO_INCREMENT für Tabelle `packages_calc_fix`
--
ALTER TABLE `packages_calc_fix`
  MODIFY `id` int(11) NOT NULL AUTO_INCREMENT;

--
-- AUTO_INCREMENT für Tabelle `packages_calc_hermesweb`
--
ALTER TABLE `packages_calc_hermesweb`
  MODIFY `packages_calc_hermesweb_id` int(11) NOT NULL AUTO_INCREMENT;

--
-- AUTO_INCREMENT für Tabelle `packages_calc_UPS`
--
ALTER TABLE `packages_calc_UPS`
  MODIFY `packages_calc_ups_id` int(11) NOT NULL AUTO_INCREMENT, AUTO_INCREMENT=4;

--
-- AUTO_INCREMENT für Tabelle `packages_easytosend_calc`
--
ALTER TABLE `packages_easytosend_calc`
  MODIFY `id` int(11) NOT NULL AUTO_INCREMENT;

--
-- AUTO_INCREMENT für Tabelle `packages_postpaket_calc`
--
ALTER TABLE `packages_postpaket_calc`
  MODIFY `id` int(11) NOT NULL AUTO_INCREMENT;

--
-- AUTO_INCREMENT für Tabelle `packagings`
--
ALTER TABLE `packagings`
  MODIFY `packagings_id` int(11) NOT NULL AUTO_INCREMENT;

--
-- AUTO_INCREMENT für Tabelle `pangora`
--
ALTER TABLE `pangora`
  MODIFY `id` int(11) NOT NULL AUTO_INCREMENT;

--
-- AUTO_INCREMENT für Tabelle `payment_orders`
--
ALTER TABLE `payment_orders`
  MODIFY `payment_order_id` int(11) NOT NULL AUTO_INCREMENT;

--
-- AUTO_INCREMENT für Tabelle `paypal_status_history`
--
ALTER TABLE `paypal_status_history`
  MODIFY `payment_status_history_id` int(11) NOT NULL AUTO_INCREMENT;

--
-- AUTO_INCREMENT für Tabelle `personal_offers_by_customers_status_0`
--
ALTER TABLE `personal_offers_by_customers_status_0`
  MODIFY `price_id` int(11) NOT NULL AUTO_INCREMENT;

--
-- AUTO_INCREMENT für Tabelle `personal_offers_by_customers_status_1`
--
ALTER TABLE `personal_offers_by_customers_status_1`
  MODIFY `price_id` int(11) NOT NULL AUTO_INCREMENT, AUTO_INCREMENT=635;

--
-- AUTO_INCREMENT für Tabelle `personal_offers_by_customers_status_2`
--
ALTER TABLE `personal_offers_by_customers_status_2`
  MODIFY `price_id` int(11) NOT NULL AUTO_INCREMENT, AUTO_INCREMENT=1151;

--
-- AUTO_INCREMENT für Tabelle `personal_offers_by_customers_status_3`
--
ALTER TABLE `personal_offers_by_customers_status_3`
  MODIFY `price_id` int(11) NOT NULL AUTO_INCREMENT, AUTO_INCREMENT=1151;

--
-- AUTO_INCREMENT für Tabelle `personal_offers_by_customers_status_4`
--
ALTER TABLE `personal_offers_by_customers_status_4`
  MODIFY `price_id` int(11) NOT NULL AUTO_INCREMENT, AUTO_INCREMENT=1151;

--
-- AUTO_INCREMENT für Tabelle `personal_offers_by_customers_status_5`
--
ALTER TABLE `personal_offers_by_customers_status_5`
  MODIFY `price_id` int(11) NOT NULL AUTO_INCREMENT, AUTO_INCREMENT=1151;

--
-- AUTO_INCREMENT für Tabelle `personal_offers_by_customers_status_6`
--
ALTER TABLE `personal_offers_by_customers_status_6`
  MODIFY `price_id` int(11) NOT NULL AUTO_INCREMENT, AUTO_INCREMENT=1151;

--
-- AUTO_INCREMENT für Tabelle `personal_offers_by_customers_status_9`
--
ALTER TABLE `personal_offers_by_customers_status_9`
  MODIFY `price_id` int(11) NOT NULL AUTO_INCREMENT, AUTO_INCREMENT=1151;

--
-- AUTO_INCREMENT für Tabelle `personal_offers_by_customers_status_10`
--
ALTER TABLE `personal_offers_by_customers_status_10`
  MODIFY `price_id` int(11) NOT NULL AUTO_INCREMENT, AUTO_INCREMENT=628;

--
-- AUTO_INCREMENT für Tabelle `personal_offers_by_customers_status_11`
--
ALTER TABLE `personal_offers_by_customers_status_11`
  MODIFY `price_id` int(11) NOT NULL AUTO_INCREMENT, AUTO_INCREMENT=627;

--
-- AUTO_INCREMENT für Tabelle `personal_offers_by_customers_status_12`
--
ALTER TABLE `personal_offers_by_customers_status_12`
  MODIFY `price_id` int(11) NOT NULL AUTO_INCREMENT, AUTO_INCREMENT=627;

--
-- AUTO_INCREMENT für Tabelle `personal_offers_by_customers_status_13`
--
ALTER TABLE `personal_offers_by_customers_status_13`
  MODIFY `price_id` int(11) NOT NULL AUTO_INCREMENT, AUTO_INCREMENT=627;

--
-- AUTO_INCREMENT für Tabelle `personal_offers_by_customers_status_14`
--
ALTER TABLE `personal_offers_by_customers_status_14`
  MODIFY `price_id` int(11) NOT NULL AUTO_INCREMENT, AUTO_INCREMENT=627;

--
-- AUTO_INCREMENT für Tabelle `personal_offers_by_customers_status_15`
--
ALTER TABLE `personal_offers_by_customers_status_15`
  MODIFY `price_id` int(11) NOT NULL AUTO_INCREMENT, AUTO_INCREMENT=627;

--
-- AUTO_INCREMENT für Tabelle `personal_offers_by_customers_status_16`
--
ALTER TABLE `personal_offers_by_customers_status_16`
  MODIFY `price_id` int(11) NOT NULL AUTO_INCREMENT, AUTO_INCREMENT=627;

--
-- AUTO_INCREMENT für Tabelle `personal_offers_by_customers_status_17`
--
ALTER TABLE `personal_offers_by_customers_status_17`
  MODIFY `price_id` int(11) NOT NULL AUTO_INCREMENT, AUTO_INCREMENT=627;

--
-- AUTO_INCREMENT für Tabelle `personal_offers_by_customers_status_18`
--
ALTER TABLE `personal_offers_by_customers_status_18`
  MODIFY `price_id` int(11) NOT NULL AUTO_INCREMENT, AUTO_INCREMENT=627;

--
-- AUTO_INCREMENT für Tabelle `personal_offers_by_customers_status_19`
--
ALTER TABLE `personal_offers_by_customers_status_19`
  MODIFY `price_id` int(11) NOT NULL AUTO_INCREMENT, AUTO_INCREMENT=620;

--
-- AUTO_INCREMENT für Tabelle `personal_offers_by_customers_status_20`
--
ALTER TABLE `personal_offers_by_customers_status_20`
  MODIFY `price_id` int(11) NOT NULL AUTO_INCREMENT, AUTO_INCREMENT=620;

--
-- AUTO_INCREMENT für Tabelle `personal_offers_by_customers_status_21`
--
ALTER TABLE `personal_offers_by_customers_status_21`
  MODIFY `price_id` int(11) NOT NULL AUTO_INCREMENT, AUTO_INCREMENT=876;

--
-- AUTO_INCREMENT für Tabelle `personal_offers_by_customers_status_22`
--
ALTER TABLE `personal_offers_by_customers_status_22`
  MODIFY `price_id` int(11) NOT NULL AUTO_INCREMENT, AUTO_INCREMENT=617;

--
-- AUTO_INCREMENT für Tabelle `personal_offers_by_customers_status_23`
--
ALTER TABLE `personal_offers_by_customers_status_23`
  MODIFY `price_id` int(11) NOT NULL AUTO_INCREMENT, AUTO_INCREMENT=617;

--
-- AUTO_INCREMENT für Tabelle `personal_offers_by_customers_status_24`
--
ALTER TABLE `personal_offers_by_customers_status_24`
  MODIFY `price_id` int(11) NOT NULL AUTO_INCREMENT, AUTO_INCREMENT=617;

--
-- AUTO_INCREMENT für Tabelle `products`
--
ALTER TABLE `products`
  MODIFY `products_id` int(11) NOT NULL AUTO_INCREMENT, AUTO_INCREMENT=1151;

--
-- AUTO_INCREMENT für Tabelle `products_attributes`
--
ALTER TABLE `products_attributes`
  MODIFY `products_attributes_id` int(11) NOT NULL AUTO_INCREMENT;

--
-- AUTO_INCREMENT für Tabelle `products_characteristic`
--
ALTER TABLE `products_characteristic`
  MODIFY `products_characteristic_id` int(11) NOT NULL AUTO_INCREMENT, AUTO_INCREMENT=210;

--
-- AUTO_INCREMENT für Tabelle `products_characteristic_description`
--
ALTER TABLE `products_characteristic_description`
  MODIFY `products_characteristic_description_id` int(11) NOT NULL AUTO_INCREMENT, AUTO_INCREMENT=380;

--
-- AUTO_INCREMENT für Tabelle `products_characteristic_set`
--
ALTER TABLE `products_characteristic_set`
  MODIFY `products_characteristic_set_id` int(11) NOT NULL AUTO_INCREMENT, AUTO_INCREMENT=809;

--
-- AUTO_INCREMENT für Tabelle `products_characteristic_set_description`
--
ALTER TABLE `products_characteristic_set_description`
  MODIFY `products_characteristic_set_description` int(11) NOT NULL AUTO_INCREMENT, AUTO_INCREMENT=2154;

--
-- AUTO_INCREMENT für Tabelle `products_characteristic_text_values`
--
ALTER TABLE `products_characteristic_text_values`
  MODIFY `products_characteristic_text_values_id` int(11) NOT NULL AUTO_INCREMENT, AUTO_INCREMENT=369;

--
-- AUTO_INCREMENT für Tabelle `products_collies`
--
ALTER TABLE `products_collies`
  MODIFY `products_collies_id` int(11) NOT NULL AUTO_INCREMENT;

--
-- AUTO_INCREMENT für Tabelle `products_conditions`
--
ALTER TABLE `products_conditions`
  MODIFY `products_conditions_id` int(11) NOT NULL AUTO_INCREMENT;

--
-- AUTO_INCREMENT für Tabelle `products_conditions_description`
--
ALTER TABLE `products_conditions_description`
  MODIFY `products_conditions_description_id` int(11) NOT NULL AUTO_INCREMENT;

--
-- AUTO_INCREMENT für Tabelle `products_content`
--
ALTER TABLE `products_content`
  MODIFY `content_id` int(11) NOT NULL AUTO_INCREMENT, AUTO_INCREMENT=933;

--
-- AUTO_INCREMENT für Tabelle `products_content_description`
--
ALTER TABLE `products_content_description`
  MODIFY `products_content_description_id` int(11) NOT NULL AUTO_INCREMENT, AUTO_INCREMENT=1863;

--
-- AUTO_INCREMENT für Tabelle `products_default_shipper`
--
ALTER TABLE `products_default_shipper`
  MODIFY `products_default_shipper_id` int(11) NOT NULL AUTO_INCREMENT, AUTO_INCREMENT=20;

--
-- AUTO_INCREMENT für Tabelle `products_description`
--
ALTER TABLE `products_description`
  MODIFY `products_id` int(11) NOT NULL AUTO_INCREMENT, AUTO_INCREMENT=1151;

--
-- AUTO_INCREMENT für Tabelle `products_distributors`
--
ALTER TABLE `products_distributors`
  MODIFY `id` int(11) NOT NULL AUTO_INCREMENT, AUTO_INCREMENT=112;

--
-- AUTO_INCREMENT für Tabelle `products_distributors_stock`
--
ALTER TABLE `products_distributors_stock`
  MODIFY `products_distributors_stock_id` int(11) NOT NULL AUTO_INCREMENT;

--
-- AUTO_INCREMENT für Tabelle `products_fake_sets`
--
ALTER TABLE `products_fake_sets`
  MODIFY `products_fake_sets_id` int(11) NOT NULL AUTO_INCREMENT;

--
-- AUTO_INCREMENT für Tabelle `products_google_feed_apparel`
--
ALTER TABLE `products_google_feed_apparel`
  MODIFY `products_google_feed_apparel_id` int(11) NOT NULL AUTO_INCREMENT;

--
-- AUTO_INCREMENT für Tabelle `products_google_feed_data`
--
ALTER TABLE `products_google_feed_data`
  MODIFY `products_google_feed_data_id` int(11) NOT NULL AUTO_INCREMENT, AUTO_INCREMENT=2510;

--
-- AUTO_INCREMENT für Tabelle `products_history`
--
ALTER TABLE `products_history`
  MODIFY `products_history_id` int(11) NOT NULL AUTO_INCREMENT, AUTO_INCREMENT=10402;

--
-- AUTO_INCREMENT für Tabelle `products_images`
--
ALTER TABLE `products_images`
  MODIFY `image_id` int(11) NOT NULL AUTO_INCREMENT, AUTO_INCREMENT=553;

--
-- AUTO_INCREMENT für Tabelle `products_master_keys`
--
ALTER TABLE `products_master_keys`
  MODIFY `products_master_keys_id` int(11) NOT NULL AUTO_INCREMENT;

--
-- AUTO_INCREMENT für Tabelle `products_master_keys_description`
--
ALTER TABLE `products_master_keys_description`
  MODIFY `products_master_keys_description_id` int(11) NOT NULL AUTO_INCREMENT;

--
-- AUTO_INCREMENT für Tabelle `products_meldebestand_customers`
--
ALTER TABLE `products_meldebestand_customers`
  MODIFY `products_meldebestand_customers_id` int(11) NOT NULL AUTO_INCREMENT;

--
-- AUTO_INCREMENT für Tabelle `products_options_values_to_products_options`
--
ALTER TABLE `products_options_values_to_products_options`
  MODIFY `products_options_values_to_products_options_id` int(11) NOT NULL AUTO_INCREMENT;

--
-- AUTO_INCREMENT für Tabelle `products_properties`
--
ALTER TABLE `products_properties`
  MODIFY `products_properties_id` int(11) NOT NULL AUTO_INCREMENT;

--
-- AUTO_INCREMENT für Tabelle `products_properties_description`
--
ALTER TABLE `products_properties_description`
  MODIFY `products_properties_description_id` int(11) NOT NULL AUTO_INCREMENT;

--
-- AUTO_INCREMENT für Tabelle `products_properties_values`
--
ALTER TABLE `products_properties_values`
  MODIFY `products_properties_values_id` int(11) NOT NULL AUTO_INCREMENT;

--
-- AUTO_INCREMENT für Tabelle `products_properties_values_description`
--
ALTER TABLE `products_properties_values_description`
  MODIFY `products_properties_values_description_id` int(11) NOT NULL AUTO_INCREMENT;

--
-- AUTO_INCREMENT für Tabelle `products_questions`
--
ALTER TABLE `products_questions`
  MODIFY `products_questions_id` int(11) NOT NULL AUTO_INCREMENT;

--
-- AUTO_INCREMENT für Tabelle `products_serials`
--
ALTER TABLE `products_serials`
  MODIFY `products_serials_id` int(11) NOT NULL AUTO_INCREMENT;

--
-- AUTO_INCREMENT für Tabelle `products_shipping_extra_charge`
--
ALTER TABLE `products_shipping_extra_charge`
  MODIFY `products_shipping_extra_charge_id` int(11) NOT NULL AUTO_INCREMENT;

--
-- AUTO_INCREMENT für Tabelle `products_storages`
--
ALTER TABLE `products_storages`
  MODIFY `id` int(11) NOT NULL AUTO_INCREMENT;

--
-- AUTO_INCREMENT für Tabelle `products_storages_history`
--
ALTER TABLE `products_storages_history`
  MODIFY `id` int(11) NOT NULL AUTO_INCREMENT;

--
-- AUTO_INCREMENT für Tabelle `products_tax_rates_allocation`
--
ALTER TABLE `products_tax_rates_allocation`
  MODIFY `products_tax_rates_allocation_id` int(11) NOT NULL AUTO_INCREMENT, AUTO_INCREMENT=19808;

--
-- AUTO_INCREMENT für Tabelle `products_to_characteristics`
--
ALTER TABLE `products_to_characteristics`
  MODIFY `products_to_characteristics_id` int(11) NOT NULL AUTO_INCREMENT, AUTO_INCREMENT=4827;

--
-- AUTO_INCREMENT für Tabelle `products_xsell`
--
ALTER TABLE `products_xsell`
  MODIFY `ID` int(10) NOT NULL AUTO_INCREMENT, AUTO_INCREMENT=8;

--
-- AUTO_INCREMENT für Tabelle `product_properties_xy_prices`
--
ALTER TABLE `product_properties_xy_prices`
  MODIFY `product_properties_xy_prices_id` int(11) NOT NULL AUTO_INCREMENT;

--
-- AUTO_INCREMENT für Tabelle `product_properties_xy_prices_values`
--
ALTER TABLE `product_properties_xy_prices_values`
  MODIFY `product_properties_xy_prices_values_id` int(11) NOT NULL AUTO_INCREMENT;

--
-- AUTO_INCREMENT für Tabelle `product_properties_xy_prices_values_for_properties`
--
ALTER TABLE `product_properties_xy_prices_values_for_properties`
  MODIFY `product_properties_xy_prices_values_for_properties_id` int(11) NOT NULL AUTO_INCREMENT;

--
-- AUTO_INCREMENT für Tabelle `product_un_classification`
--
ALTER TABLE `product_un_classification`
  MODIFY `product_un_classification_id` int(11) NOT NULL AUTO_INCREMENT, AUTO_INCREMENT=26;

--
-- AUTO_INCREMENT für Tabelle `push_customer_allocations`
--
ALTER TABLE `push_customer_allocations`
  MODIFY `push_customer_allocations_id` int(11) NOT NULL AUTO_INCREMENT;

--
-- AUTO_INCREMENT für Tabelle `reclamations`
--
ALTER TABLE `reclamations`
  MODIFY `reclamations_id` int(11) NOT NULL AUTO_INCREMENT;

--
-- AUTO_INCREMENT für Tabelle `reclamations_bestandssperre`
--
ALTER TABLE `reclamations_bestandssperre`
  MODIFY `reclamations_bestandssperre_id` int(11) NOT NULL AUTO_INCREMENT;

--
-- AUTO_INCREMENT für Tabelle `reclamations_products`
--
ALTER TABLE `reclamations_products`
  MODIFY `reclamations_products_id` int(11) NOT NULL AUTO_INCREMENT;

--
-- AUTO_INCREMENT für Tabelle `reclamations_products_properties`
--
ALTER TABLE `reclamations_products_properties`
  MODIFY `reclamations_products_properties_id` int(11) NOT NULL AUTO_INCREMENT;

--
-- AUTO_INCREMENT für Tabelle `reclamations_products_serials`
--
ALTER TABLE `reclamations_products_serials`
  MODIFY `reclamations_products_serials_id` int(11) NOT NULL AUTO_INCREMENT;

--
-- AUTO_INCREMENT für Tabelle `reclamations_reasons`
--
ALTER TABLE `reclamations_reasons`
  MODIFY `reclamations_reasons_id` int(11) NOT NULL AUTO_INCREMENT, AUTO_INCREMENT=5;

--
-- AUTO_INCREMENT für Tabelle `reclamations_recalculate`
--
ALTER TABLE `reclamations_recalculate`
  MODIFY `reclamations_recalculate_id` int(11) NOT NULL AUTO_INCREMENT;

--
-- AUTO_INCREMENT für Tabelle `reclamations_status_history`
--
ALTER TABLE `reclamations_status_history`
  MODIFY `reclamations_status_history_id` int(11) NOT NULL AUTO_INCREMENT;

--
-- AUTO_INCREMENT für Tabelle `reclamations_total`
--
ALTER TABLE `reclamations_total`
  MODIFY `reclamations_total_id` int(10) UNSIGNED NOT NULL AUTO_INCREMENT;

--
-- AUTO_INCREMENT für Tabelle `reclamations_types`
--
ALTER TABLE `reclamations_types`
  MODIFY `reclamations_types_id` int(11) NOT NULL AUTO_INCREMENT, AUTO_INCREMENT=7;

--
-- AUTO_INCREMENT für Tabelle `retouren`
--
ALTER TABLE `retouren`
  MODIFY `retoure_id` int(11) NOT NULL AUTO_INCREMENT;

--
-- AUTO_INCREMENT für Tabelle `retoure_products`
--
ALTER TABLE `retoure_products`
  MODIFY `retoure_products_id` int(11) NOT NULL AUTO_INCREMENT;

--
-- AUTO_INCREMENT für Tabelle `retoure_products_properties`
--
ALTER TABLE `retoure_products_properties`
  MODIFY `retoure_products_properties_id` int(11) NOT NULL AUTO_INCREMENT;

--
-- AUTO_INCREMENT für Tabelle `retoure_products_serials`
--
ALTER TABLE `retoure_products_serials`
  MODIFY `retoure_products_serials_id` int(11) NOT NULL AUTO_INCREMENT;

--
-- AUTO_INCREMENT für Tabelle `retoure_status`
--
ALTER TABLE `retoure_status`
  MODIFY `retoure_status_id` int(11) NOT NULL AUTO_INCREMENT, AUTO_INCREMENT=5;

--
-- AUTO_INCREMENT für Tabelle `retoure_status_history`
--
ALTER TABLE `retoure_status_history`
  MODIFY `retoure_status_history_id` int(11) NOT NULL AUTO_INCREMENT, AUTO_INCREMENT=7;

--
-- AUTO_INCREMENT für Tabelle `reviews`
--
ALTER TABLE `reviews`
  MODIFY `reviews_id` int(11) NOT NULL AUTO_INCREMENT;

--
-- AUTO_INCREMENT für Tabelle `rueckerstattungen_status`
--
ALTER TABLE `rueckerstattungen_status`
  MODIFY `rueckerstattungen_status_id` int(11) NOT NULL AUTO_INCREMENT, AUTO_INCREMENT=5;

--
-- AUTO_INCREMENT für Tabelle `rueckerstattungen_status_history`
--
ALTER TABLE `rueckerstattungen_status_history`
  MODIFY `rueckerstattungen_status_history_id` int(11) NOT NULL AUTO_INCREMENT, AUTO_INCREMENT=2;

--
-- AUTO_INCREMENT für Tabelle `rueckerstattungen_types`
--
ALTER TABLE `rueckerstattungen_types`
  MODIFY `rueckerstattungen_type_id` int(11) NOT NULL AUTO_INCREMENT, AUTO_INCREMENT=7;

--
-- AUTO_INCREMENT für Tabelle `shipper_profiles`
--
ALTER TABLE `shipper_profiles`
  MODIFY `shipper_profiles_id` int(11) NOT NULL AUTO_INCREMENT, AUTO_INCREMENT=3;

--
-- AUTO_INCREMENT für Tabelle `shippings`
--
ALTER TABLE `shippings`
  MODIFY `id` int(11) NOT NULL AUTO_INCREMENT, AUTO_INCREMENT=17;

--
-- AUTO_INCREMENT für Tabelle `shippings_products`
--
ALTER TABLE `shippings_products`
  MODIFY `shippings_products_id` int(11) NOT NULL AUTO_INCREMENT, AUTO_INCREMENT=33;

--
-- AUTO_INCREMENT für Tabelle `shippings_tracking_numbers`
--
ALTER TABLE `shippings_tracking_numbers`
  MODIFY `shippings_tracking_numbers_id` int(11) NOT NULL AUTO_INCREMENT;

--
-- AUTO_INCREMENT für Tabelle `shippings_tracking_numbers_temp`
--
ALTER TABLE `shippings_tracking_numbers_temp`
  MODIFY `shippings_tracking_numbers_temp_id` int(11) NOT NULL AUTO_INCREMENT;

--
-- AUTO_INCREMENT für Tabelle `shipping_graduation`
--
ALTER TABLE `shipping_graduation`
  MODIFY `shipping_graduation_id` int(11) NOT NULL AUTO_INCREMENT, AUTO_INCREMENT=9;

--
-- AUTO_INCREMENT für Tabelle `shipping_graduation_countries`
--
ALTER TABLE `shipping_graduation_countries`
  MODIFY `shipping_graduation_countries_id` int(11) NOT NULL AUTO_INCREMENT, AUTO_INCREMENT=1549;

--
-- AUTO_INCREMENT für Tabelle `shipping_graduation_groups`
--
ALTER TABLE `shipping_graduation_groups`
  MODIFY `shipping_graduation_groups_id` int(11) NOT NULL AUTO_INCREMENT, AUTO_INCREMENT=1000000;

--
-- AUTO_INCREMENT für Tabelle `shipping_graduation_products`
--
ALTER TABLE `shipping_graduation_products`
  MODIFY `shipping_graduation_products_id` int(11) NOT NULL AUTO_INCREMENT;

--
-- AUTO_INCREMENT für Tabelle `shipping_graduation_weights`
--
ALTER TABLE `shipping_graduation_weights`
  MODIFY `shipping_graduation_weights_id` int(11) NOT NULL AUTO_INCREMENT, AUTO_INCREMENT=19;

--
-- AUTO_INCREMENT für Tabelle `specials`
--
ALTER TABLE `specials`
  MODIFY `specials_id` int(11) NOT NULL AUTO_INCREMENT, AUTO_INCREMENT=7;

--
-- AUTO_INCREMENT für Tabelle `specials_ebay_revise`
--
ALTER TABLE `specials_ebay_revise`
  MODIFY `specials_ebay_revise_id` int(11) NOT NULL AUTO_INCREMENT;

--
-- AUTO_INCREMENT für Tabelle `storages`
--
ALTER TABLE `storages`
  MODIFY `id` int(11) NOT NULL AUTO_INCREMENT, AUTO_INCREMENT=6;

--
-- AUTO_INCREMENT für Tabelle `storage_numbers`
--
ALTER TABLE `storage_numbers`
  MODIFY `id` int(11) NOT NULL AUTO_INCREMENT, AUTO_INCREMENT=335;

--
-- AUTO_INCREMENT für Tabelle `storage_places`
--
ALTER TABLE `storage_places`
  MODIFY `storage_places_id` int(11) NOT NULL AUTO_INCREMENT, AUTO_INCREMENT=13;

--
-- AUTO_INCREMENT für Tabelle `storage_products`
--
ALTER TABLE `storage_products`
  MODIFY `id` int(11) NOT NULL AUTO_INCREMENT, AUTO_INCREMENT=308;

--
-- AUTO_INCREMENT für Tabelle `storage_products_transfer`
--
ALTER TABLE `storage_products_transfer`
  MODIFY `storage_products_transfer_id` int(11) NOT NULL AUTO_INCREMENT, AUTO_INCREMENT=447;

--
-- AUTO_INCREMENT für Tabelle `system_alerts_status`
--
ALTER TABLE `system_alerts_status`
  MODIFY `system_alerts_status_id` int(11) NOT NULL AUTO_INCREMENT, AUTO_INCREMENT=24;

--
-- AUTO_INCREMENT für Tabelle `table_lock`
--
ALTER TABLE `table_lock`
  MODIFY `id` int(11) NOT NULL AUTO_INCREMENT, AUTO_INCREMENT=2;

--
-- AUTO_INCREMENT für Tabelle `tags`
--
ALTER TABLE `tags`
  MODIFY `tags_id` int(11) NOT NULL AUTO_INCREMENT, AUTO_INCREMENT=2;

--
-- AUTO_INCREMENT für Tabelle `tags_products`
--
ALTER TABLE `tags_products`
  MODIFY `tags_products_id` int(11) NOT NULL AUTO_INCREMENT, AUTO_INCREMENT=2;

--
-- AUTO_INCREMENT für Tabelle `tax_class`
--
ALTER TABLE `tax_class`
  MODIFY `tax_class_id` int(11) NOT NULL AUTO_INCREMENT, AUTO_INCREMENT=7;

--
-- AUTO_INCREMENT für Tabelle `tax_rates`
--
ALTER TABLE `tax_rates`
  MODIFY `tax_rates_id` int(11) NOT NULL AUTO_INCREMENT, AUTO_INCREMENT=86;

--
-- AUTO_INCREMENT für Tabelle `units`
--
ALTER TABLE `units`
  MODIFY `units_id` int(11) NOT NULL AUTO_INCREMENT, AUTO_INCREMENT=4;

--
-- AUTO_INCREMENT für Tabelle `units_description`
--
ALTER TABLE `units_description`
  MODIFY `units_description_id` int(11) NOT NULL AUTO_INCREMENT, AUTO_INCREMENT=4;

--
-- AUTO_INCREMENT für Tabelle `un_classifications`
--
ALTER TABLE `un_classifications`
  MODIFY `un_classifications_id` int(11) NOT NULL AUTO_INCREMENT, AUTO_INCREMENT=2;

--
-- AUTO_INCREMENT für Tabelle `wishlist_attributes`
--
ALTER TABLE `wishlist_attributes`
  MODIFY `attributes_id` int(11) NOT NULL AUTO_INCREMENT;

--
-- AUTO_INCREMENT für Tabelle `wishlist_customers`
--
ALTER TABLE `wishlist_customers`
  MODIFY `id` int(11) NOT NULL AUTO_INCREMENT, AUTO_INCREMENT=2;

--
-- AUTO_INCREMENT für Tabelle `wishlist_products`
--
ALTER TABLE `wishlist_products`
  MODIFY `id` int(11) NOT NULL AUTO_INCREMENT, AUTO_INCREMENT=2;

--
-- AUTO_INCREMENT für Tabelle `wrapping_counter`
--
ALTER TABLE `wrapping_counter`
  MODIFY `wrapping_counter_id` int(11) NOT NULL AUTO_INCREMENT, AUTO_INCREMENT=6;

--
-- AUTO_INCREMENT für Tabelle `yes_amazon_pay_refunds`
--
ALTER TABLE `yes_amazon_pay_refunds`
  MODIFY `yes_amazon_pay_refunds_id` int(11) NOT NULL AUTO_INCREMENT;

--
-- AUTO_INCREMENT für Tabelle `yes_cron_exports`
--
ALTER TABLE `yes_cron_exports`
  MODIFY `yes_cron_exports_id` int(11) NOT NULL AUTO_INCREMENT;

--
-- AUTO_INCREMENT für Tabelle `yes_cron_export_heading_rows`
--
ALTER TABLE `yes_cron_export_heading_rows`
  MODIFY `yes_cron_export_heading_rows_id` int(11) NOT NULL AUTO_INCREMENT;

--
-- AUTO_INCREMENT für Tabelle `yes_help`
--
ALTER TABLE `yes_help`
  MODIFY `help_id` int(11) NOT NULL AUTO_INCREMENT;

--
-- AUTO_INCREMENT für Tabelle `yes_xmlrpc_import_config`
--
ALTER TABLE `yes_xmlrpc_import_config`
  MODIFY `yes_xmlrpc_import_config_id` int(11) NOT NULL AUTO_INCREMENT;

--
-- AUTO_INCREMENT für Tabelle `yes_xmlrpc_products`
--
ALTER TABLE `yes_xmlrpc_products`
  MODIFY `yes_xmlrpc_products_id` int(11) NOT NULL AUTO_INCREMENT;

--
-- AUTO_INCREMENT für Tabelle `zones`
--
ALTER TABLE `zones`
  MODIFY `zone_id` int(11) NOT NULL AUTO_INCREMENT, AUTO_INCREMENT=848;

--
-- AUTO_INCREMENT für Tabelle `zones_to_geo_zones`
--
ALTER TABLE `zones_to_geo_zones`
  MODIFY `association_id` int(11) NOT NULL AUTO_INCREMENT, AUTO_INCREMENT=260;

--
-- Constraints der exportierten Tabellen
--

--
-- Constraints der Tabelle `wishlist_customers`
--
ALTER TABLE `wishlist_customers`
  ADD CONSTRAINT `fk_wishlist_customers_customer` FOREIGN KEY (`customers_id`) REFERENCES `customers` (`customers_id`) ON DELETE CASCADE ON UPDATE CASCADE;

--
-- Constraints der Tabelle `wishlist_products`
--
ALTER TABLE `wishlist_products`
  ADD CONSTRAINT `fk_wishlist_products_customers` FOREIGN KEY (`wishlist_customers_id`) REFERENCES `wishlist_customers` (`id`) ON DELETE CASCADE ON UPDATE CASCADE,
  ADD CONSTRAINT `fk_wishlist_products_products` FOREIGN KEY (`products_id`) REFERENCES `products` (`products_id`) ON DELETE CASCADE ON UPDATE CASCADE;
COMMIT;

