CREATE TABLE `ebay_external_payments` (
  `ebay_external_payments_id` int(11) NOT NULL,
  `orders_id` int(11) NOT NULL DEFAULT '0',
  `payment` varchar(32) NOT NULL DEFAULT '',
  `payment_transaction_id` varchar(64) NOT NULL DEFAULT '',
  `fee` float NOT NULL DEFAULT '0',
  `paid` float NOT NULL DEFAULT '0',
  `date_payment` datetime NOT NULL DEFAULT '0000-00-00 00:00:00'
) ENGINE=MyISAM DEFAULT CHARSET=utf8;

-- --------------------------------------------------------

--
-- Tabellenstruktur für Tabelle `ebay_feedback`
--

CREATE TABLE `ebay_feedback` (
  `id` int(11) NOT NULL,
  `ItemNumber` varchar(32) NOT NULL DEFAULT '',
  `TransactionId` varchar(32) NOT NULL DEFAULT '',
  `CommentText` text NOT NULL,
  `CommentType` varchar(32) NOT NULL DEFAULT '0',
  `CommentingUser` varchar(32) NOT NULL DEFAULT '',
  `CommentingUserScore` int(11) NOT NULL DEFAULT '0',
  `FollowUp` varchar(100) NOT NULL DEFAULT '',
  `Countable` varchar(100) NOT NULL DEFAULT '',
  `FeedbackRole` varchar(100) NOT NULL DEFAULT '',
  `TimeOfComment` datetime NOT NULL DEFAULT '0000-00-00 00:00:00',
  `status` int(11) NOT NULL DEFAULT '0',
  `FeedbackId` varchar(100) NOT NULL DEFAULT '',
  `Response` varchar(100) NOT NULL DEFAULT '',
  `ebay_user` varchar(128) NOT NULL DEFAULT ''
) ENGINE=MyISAM DEFAULT CHARSET=utf8;

--
-- Daten für Tabelle `ebay_feedback`
--

INSERT INTO `ebay_feedback` (`id`, `ItemNumber`, `TransactionId`, `CommentText`, `CommentType`, `CommentingUser`, `CommentingUserScore`, `FollowUp`, `Countable`, `FeedbackRole`, `TimeOfComment`, `status`, `FeedbackId`, `Response`, `ebay_user`) VALUES
(1, '320468218136', '486525666011', 'Vielen Dank - empfehlenswert -gerne wieder', 'Positive', 'noble-second-de', 1635, '', '', 'Buyer', '2010-02-13 01:33:39', 0, '236052367026', '', 'hopsderwalfisch');

-- --------------------------------------------------------

--
-- Tabellenstruktur für Tabelle `ebay_import_variations_images`
--

CREATE TABLE `ebay_import_variations_images` (
  `ebay_import_variations_images_id` int(11) NOT NULL,
  `ebay_url` varchar(255) NOT NULL,
  `yes_pic_name` varchar(255) NOT NULL,
  `ebay_id` varchar(32) NOT NULL
) ENGINE=InnoDB DEFAULT CHARSET=utf8;

-- --------------------------------------------------------

--
-- Tabellenstruktur für Tabelle `ebay_libri_filters`
--

CREATE TABLE `ebay_libri_filters` (
  `ebay_libri_filters_id` int(11) NOT NULL,
  `marge` float NOT NULL,
  `price_from` float NOT NULL,
  `price_to` float NOT NULL,
  `percent` float NOT NULL,
  `weight_from` float NOT NULL,
  `weight_to` float NOT NULL,
  `title` varchar(32) NOT NULL
) ENGINE=MyISAM DEFAULT CHARSET=utf8;

-- --------------------------------------------------------

--
-- Tabellenstruktur für Tabelle `ebay_media_documents`
--

CREATE TABLE `ebay_media_documents` (
  `ebay_media_documents_id` int(11) NOT NULL,
  `documents_id` varchar(64) COLLATE utf8mb4_unicode_ci NOT NULL,
  `documentStatus` varchar(16) COLLATE utf8mb4_unicode_ci NOT NULL,
  `documentType` varchar(32) COLLATE utf8mb4_unicode_ci NOT NULL,
  `seller` varchar(64) COLLATE utf8mb4_unicode_ci NOT NULL,
  `fileName` varchar(128) COLLATE utf8mb4_unicode_ci NOT NULL,
  `fileSize` int(11) NOT NULL,
  `fileType` varchar(16) COLLATE utf8mb4_unicode_ci NOT NULL
) ENGINE=InnoDB DEFAULT CHARSET=utf8mb4 COLLATE=utf8mb4_unicode_ci;

-- --------------------------------------------------------

--
-- Tabellenstruktur für Tabelle `ebay_media_videos`
--

CREATE TABLE `ebay_media_videos` (
  `ebay_media_videos_id` int(11) NOT NULL,
  `video_id` varchar(64) COLLATE utf8mb4_unicode_ci NOT NULL,
  `video_status` varchar(16) COLLATE utf8mb4_unicode_ci NOT NULL,
  `expirationDate` datetime NOT NULL,
  `seller` varchar(64) COLLATE utf8mb4_unicode_ci NOT NULL,
  `video_description` text COLLATE utf8mb4_unicode_ci NOT NULL,
  `video_title` varchar(128) COLLATE utf8mb4_unicode_ci NOT NULL,
  `video_thumbnail` varchar(128) COLLATE utf8mb4_unicode_ci NOT NULL
) ENGINE=InnoDB DEFAULT CHARSET=utf8mb4 COLLATE=utf8mb4_unicode_ci;

-- --------------------------------------------------------

--
-- Tabellenstruktur für Tabelle `ebay_mpn_aliases`
--

CREATE TABLE `ebay_mpn_aliases` (
  `ebay_mpn_aliases_id` int(11) NOT NULL,
  `site` int(1) NOT NULL,
  `mpn_alias` varchar(64) NOT NULL,
  `is_default` int(1) DEFAULT NULL
) ENGINE=InnoDB DEFAULT CHARSET=utf8;

-- --------------------------------------------------------

--
-- Tabellenstruktur für Tabelle `ebay_multi_edit`
--

CREATE TABLE `ebay_multi_edit` (
  `ebay_multi_edit_id` int(11) NOT NULL,
  `user` varchar(64) NOT NULL,
  `site_id` int(11) NOT NULL,
  `request_type` varchar(32) NOT NULL,
  `price_revise_date` date DEFAULT NULL
) ENGINE=InnoDB DEFAULT CHARSET=utf8 COMMENT='Meta Informationen fuer die eBay Multi Edit Daten';

-- --------------------------------------------------------

--
-- Tabellenstruktur für Tabelle `ebay_multi_edit_items`
--

CREATE TABLE `ebay_multi_edit_items` (
  `ebay_multi_edit_items_id` int(11) NOT NULL,
  `ebay_auctions_id` int(11) NOT NULL,
  `quantity` int(11) NOT NULL,
  `price` float(15,4) DEFAULT NULL,
  `dispatchtimemax` int(11) DEFAULT NULL,
  `duration` varchar(8) DEFAULT NULL,
  `sent_to_ebay` int(1) NOT NULL,
  `ebay_multi_edit_id` int(11) NOT NULL,
  `task_id` varchar(32) NOT NULL,
  `revise_date` datetime NOT NULL
) ENGINE=InnoDB DEFAULT CHARSET=utf8 COMMENT='Multi Edit Daten die an eBay via LMS gesendet werden';

-- --------------------------------------------------------

--
-- Tabellenstruktur für Tabelle `ebay_multi_edit_price_revise`
--

CREATE TABLE `ebay_multi_edit_price_revise` (
  `ebay_multi_edit_price_revise_id` int(11) NOT NULL,
  `ebay_auctions_id` int(11) NOT NULL,
  `revise_date` date NOT NULL,
  `price` float(15,4) NOT NULL,
  `revise_status` int(1) NOT NULL COMMENT '1 wenn alter preis an ebay gesendet wurde',
  `ebay_multi_edit_items_id` int(11) NOT NULL
) ENGINE=InnoDB DEFAULT CHARSET=utf8 COMMENT='eBay Multi Edit Preis Revise Daten datumsbasiert';

-- --------------------------------------------------------

--
-- Tabellenstruktur für Tabelle `ebay_mymessage`
--

CREATE TABLE `ebay_mymessage` (
  `ebay_mymessage_id` int(11) NOT NULL,
  `messagetype` int(1) NOT NULL DEFAULT '0',
  `sender` varchar(128) NOT NULL DEFAULT '',
  `recipientuserid` varchar(128) NOT NULL DEFAULT '',
  `sendinguserid` varchar(128) NOT NULL DEFAULT '',
  `sendtoname` varchar(128) NOT NULL DEFAULT '',
  `subject` varchar(128) NOT NULL DEFAULT '',
  `messageid` varchar(16) NOT NULL,
  `externalmessageid` varchar(32) NOT NULL DEFAULT '',
  `alertid` int(11) NOT NULL DEFAULT '0',
  `priority` int(11) NOT NULL DEFAULT '0',
  `resolutionstatus` varchar(32) NOT NULL DEFAULT '0',
  `is_read` int(1) NOT NULL DEFAULT '0',
  `receivedate` datetime NOT NULL DEFAULT '0000-00-00 00:00:00',
  `expirationdate` datetime NOT NULL DEFAULT '0000-00-00 00:00:00',
  `istimedresolution` int(1) NOT NULL DEFAULT '0',
  `responseenabled` int(1) NOT NULL DEFAULT '0',
  `responseurl` varchar(255) NOT NULL DEFAULT '',
  `folder` int(11) NOT NULL DEFAULT '0',
  `flagged` int(1) NOT NULL DEFAULT '0',
  `ebay_id` varchar(20) NOT NULL DEFAULT '',
  `actionurl` varchar(255) NOT NULL DEFAULT '',
  `msgtext` text NOT NULL,
  `ebay_user` varchar(128) NOT NULL DEFAULT ''
) ENGINE=MyISAM DEFAULT CHARSET=utf8;

-- --------------------------------------------------------

--
-- Tabellenstruktur für Tabelle `ebay_mymessage_reply`
--

CREATE TABLE `ebay_mymessage_reply` (
  `ebay_mymessage_reply_id` int(11) NOT NULL,
  `ebay_mymessage_id` int(11) NOT NULL DEFAULT '0',
  `msgtext` text NOT NULL,
  `editor_id` int(11) NOT NULL DEFAULT '0',
  `date_created` datetime NOT NULL DEFAULT '0000-00-00 00:00:00',
  `ebay_user` varchar(128) NOT NULL DEFAULT ''
) ENGINE=MyISAM DEFAULT CHARSET=utf8;

-- --------------------------------------------------------

--
-- Tabellenstruktur für Tabelle `ebay_orders`
--

CREATE TABLE `ebay_orders` (
  `ebay_orders_id` int(11) NOT NULL,
  `OrderID` varchar(32) NOT NULL,
  `OrderStatus` varchar(16) NOT NULL,
  `date_added` datetime NOT NULL,
  `ebay_id` varchar(20) NOT NULL,
  `transaction_id` varchar(20) NOT NULL,
  `processed` int(1) NOT NULL,
  `user` varchar(64) NOT NULL,
  `orders_id` int(11) DEFAULT NULL
) ENGINE=MyISAM DEFAULT CHARSET=utf8;

-- --------------------------------------------------------

--
-- Tabellenstruktur für Tabelle `ebay_orders_items`
--

CREATE TABLE `ebay_orders_items` (
  `ebay_orders_items_id` int(11) NOT NULL,
  `ebay_orders_id` int(11) NOT NULL,
  `transaction_id` varchar(20) NOT NULL,
  `ebay_id` varchar(20) NOT NULL,
  `products_id` int(11) NOT NULL
) ENGINE=MyISAM DEFAULT CHARSET=utf8;

-- --------------------------------------------------------

--
-- Tabellenstruktur für Tabelle `ebay_orders_oos`
--

CREATE TABLE `ebay_orders_oos` (
  `ebay_orders_oos_id` int(11) NOT NULL,
  `OrderID` varchar(64) NOT NULL,
  `date_created` datetime NOT NULL,
  `seller` varchar(64) NOT NULL
) ENGINE=InnoDB DEFAULT CHARSET=utf8;

-- --------------------------------------------------------

--
-- Tabellenstruktur für Tabelle `ebay_payments`
--

CREATE TABLE `ebay_payments` (
  `ebay_payments_id` int(11) NOT NULL,
  `ebay_payments_value` varchar(64) NOT NULL DEFAULT ''
) ENGINE=MyISAM DEFAULT CHARSET=utf8;

-- --------------------------------------------------------

--
-- Tabellenstruktur für Tabelle `ebay_personal_offers`
--

CREATE TABLE `ebay_personal_offers` (
  `ebay_personal_offers` int(11) NOT NULL,
  `ebay_id` varchar(20) NOT NULL DEFAULT '',
  `userid` varchar(64) NOT NULL DEFAULT '',
  `duration` int(11) NOT NULL DEFAULT '0',
  `date_saved` datetime NOT NULL DEFAULT '0000-00-00 00:00:00'
) ENGINE=MyISAM DEFAULT CHARSET=utf8;

-- --------------------------------------------------------

--
-- Tabellenstruktur für Tabelle `ebay_products`
--

CREATE TABLE `ebay_products` (
  `id` int(11) NOT NULL,
  `products_id` int(11) NOT NULL DEFAULT '0',
  `ebay_preis` decimal(15,4) NOT NULL DEFAULT '0.0000',
  `ebay_bild` varchar(128) NOT NULL DEFAULT '',
  `ebay_galleryfeatured` enum('0','1') NOT NULL DEFAULT '0',
  `ebay_galleryfeaturedduration` int(1) NOT NULL,
  `ebay_kategorie` varchar(128) NOT NULL DEFAULT '',
  `ebay_kategorie2` varchar(128) DEFAULT NULL,
  `ebay_counter` varchar(32) NOT NULL DEFAULT '',
  `ebay_titel` varchar(80) DEFAULT NULL,
  `ebay_untertitel` varchar(80) DEFAULT NULL,
  `ebay_beschreibung` text NOT NULL,
  `ebay_angebotsformat` varchar(32) NOT NULL DEFAULT '',
  `ebay_sofortkauf_preis` decimal(15,4) DEFAULT NULL,
  `ebay_auktionsdauer` tinyint(4) NOT NULL DEFAULT '0',
  `ebay_menge` int(11) NOT NULL DEFAULT '0',
  `ebay_ort` varchar(128) NOT NULL DEFAULT '',
  `ebay_land` varchar(128) NOT NULL DEFAULT '',
  `ebay_boldtitle` enum('0','1') DEFAULT NULL,
  `ebay_highlight` enum('0','1') DEFAULT NULL,
  `ebay_featured` enum('0','1') DEFAULT NULL,
  `ebay_gallery` enum('0','1') NOT NULL DEFAULT '0',
  `STATUS` int(1) DEFAULT NULL,
  `ebay_sammler_id` int(11) NOT NULL DEFAULT '0',
  `ebay_template` varchar(128) NOT NULL DEFAULT '',
  `ebay_shopcat` varchar(32) NOT NULL DEFAULT '0',
  `ebay_vat` float NOT NULL DEFAULT '0',
  `ebay_geldzurueck` int(1) NOT NULL DEFAULT '0',
  `ebay_sofortneu` int(1) NOT NULL DEFAULT '0',
  `ebay_new` int(1) NOT NULL DEFAULT '0',
  `ebay_shopcat_name` varchar(128) NOT NULL DEFAULT '',
  `ebay_shopcat2` varchar(32) NOT NULL DEFAULT '',
  `ebay_shopcat2_name` varchar(128) NOT NULL DEFAULT '',
  `ebay_homepagefeatured` int(1) NOT NULL DEFAULT '0',
  `ebay_border` int(1) NOT NULL DEFAULT '0',
  `ebay_bestoffer` int(1) NOT NULL DEFAULT '0',
  `ebay_bestoffer_price` float NOT NULL DEFAULT '0',
  `select_set` int(1) NOT NULL DEFAULT '0',
  `ebay_site` varchar(16) NOT NULL DEFAULT '',
  `ebay_paymentinstructions` text,
  `ebay_gallery_plus` int(1) NOT NULL DEFAULT '0',
  `ebay_user` varchar(128) NOT NULL DEFAULT '',
  `select_set_multiple` int(1) NOT NULL DEFAULT '0',
  `ebay_skype_enabled` int(1) NOT NULL DEFAULT '0',
  `ebay_skype_id` varchar(128) NOT NULL DEFAULT '',
  `ebay_skype_contact_option` varchar(16) NOT NULL DEFAULT '',
  `ebay_bestofferautoacceptprice` float NOT NULL DEFAULT '0',
  `ebay_revise` varchar(8) NOT NULL,
  `ebay_revise_option` int(11) NOT NULL,
  `ebay_external_product_id` varchar(32) NOT NULL,
  `ebay_external_product_id_type` varchar(16) NOT NULL,
  `ebay_postalcode` varchar(8) NOT NULL,
  `locked` int(1) NOT NULL,
  `ebay_dispatchtimemax` tinyint(4) NOT NULL,
  `ebay_automatic_list_no_sell` int(1) NOT NULL,
  `itemcondition` int(1) NOT NULL,
  `sku` varchar(16) NOT NULL,
  `ebay_variations_id` int(11) NOT NULL,
  `ShippingDiscountProfileID` varchar(32) NOT NULL,
  `InternationalShippingDiscountProfileID` varchar(32) NOT NULL,
  `reserveprice` float NOT NULL,
  `returnswithincode` varchar(16) NOT NULL,
  `shippingcostpaidby` varchar(32) NOT NULL,
  `ean` varchar(16) NOT NULL,
  `isbn` varchar(16) NOT NULL,
  `ebay_plus` int(1) NOT NULL,
  `seller_profile_payment_id` varchar(32) NOT NULL,
  `seller_profile_return_policy_id` varchar(32) DEFAULT NULL,
  `seller_profile_shipping_id` varchar(32) DEFAULT NULL,
  `ProductReferenceID` varchar(64) NOT NULL,
  `scheduletime` datetime NOT NULL
) ENGINE=MyISAM DEFAULT CHARSET=utf8;

-- --------------------------------------------------------

--
-- Tabellenstruktur für Tabelle `ebay_products_characteristics`
--

CREATE TABLE `ebay_products_characteristics` (
  `ebay_products_characteristics_id` int(11) NOT NULL,
  `ebay_products_id` int(11) NOT NULL DEFAULT '0',
  `category_number` tinyint(4) NOT NULL DEFAULT '0',
  `attribute_set_id` int(11) NOT NULL DEFAULT '0',
  `attribute_type` varchar(8) NOT NULL DEFAULT '',
  `attribute_id` int(11) NOT NULL DEFAULT '0',
  `attribute_value` text NOT NULL
) ENGINE=MyISAM DEFAULT CHARSET=utf8;

-- --------------------------------------------------------

--
-- Tabellenstruktur für Tabelle `ebay_products_energy_efficiency`
--

CREATE TABLE `ebay_products_energy_efficiency` (
  `ebay_products_energy_efficiency_id` int(11) NOT NULL,
  `ebay_products_id` int(11) NOT NULL,
  `energy_efficiency_image_description` varchar(255) COLLATE utf8mb4_unicode_ci NOT NULL,
  `energy_efficiency_image_url` varchar(255) COLLATE utf8mb4_unicode_ci NOT NULL,
  `energy_efficiency_ProductInformationsheet` varchar(255) COLLATE utf8mb4_unicode_ci NOT NULL
) ENGINE=InnoDB DEFAULT CHARSET=utf8mb4 COLLATE=utf8mb4_unicode_ci;

-- --------------------------------------------------------

--
-- Tabellenstruktur für Tabelle `ebay_products_history`
--

CREATE TABLE `ebay_products_history` (
  `ebay_products_history_id` int(11) NOT NULL,
  `ebay_products_id` int(11) NOT NULL DEFAULT '0',
  `date_saved` datetime NOT NULL DEFAULT '0000-00-00 00:00:00',
  `comments` text NOT NULL,
  `editor_id` int(11) NOT NULL DEFAULT '0'
) ENGINE=MyISAM DEFAULT CHARSET=utf8;

-- --------------------------------------------------------

--
-- Tabellenstruktur für Tabelle `ebay_products_itemspecifics`
--

CREATE TABLE `ebay_products_itemspecifics` (
  `ebay_products_itemspecifics_id` int(11) NOT NULL,
  `ebay_products_id` int(11) NOT NULL,
  `is_name` varchar(64) NOT NULL,
  `is_value` varchar(255) NOT NULL
) ENGINE=MyISAM DEFAULT CHARSET=utf8;

-- --------------------------------------------------------

--
-- Tabellenstruktur für Tabelle `ebay_products_itemspecifics_recommendations`
--

CREATE TABLE `ebay_products_itemspecifics_recommendations` (
  `ebay_products_itemspecifics_recommendations_id` int(11) NOT NULL,
  `ebay_products_id` int(11) NOT NULL,
  `is_name` varchar(255) NOT NULL,
  `is_value` varchar(255) NOT NULL
) ENGINE=MyISAM DEFAULT CHARSET=utf8;

-- --------------------------------------------------------

--
-- Tabellenstruktur für Tabelle `ebay_products_manufacturers`
--

CREATE TABLE `ebay_products_manufacturers` (
  `ebay_products_manufacturers_id` int(11) NOT NULL,
  `ebay_products_id` int(11) NOT NULL,
  `manufacturer_companyname` varchar(128) COLLATE utf8mb4_unicode_ci NOT NULL,
  `manufacturer_street1` varchar(128) COLLATE utf8mb4_unicode_ci NOT NULL,
  `manufacturer_street2` varchar(128) COLLATE utf8mb4_unicode_ci NOT NULL,
  `manufacturer_stateorprovince` varchar(128) COLLATE utf8mb4_unicode_ci NOT NULL,
  `manufacturer_postalcode` varchar(16) COLLATE utf8mb4_unicode_ci NOT NULL,
  `manufacturer_cityname` varchar(128) COLLATE utf8mb4_unicode_ci NOT NULL,
  `manufacturer_country` varchar(128) COLLATE utf8mb4_unicode_ci NOT NULL,
  `manufacturer_email` varchar(128) COLLATE utf8mb4_unicode_ci NOT NULL,
  `manufacturer_phone` varchar(128) COLLATE utf8mb4_unicode_ci NOT NULL
) ENGINE=InnoDB DEFAULT CHARSET=utf8mb4 COLLATE=utf8mb4_unicode_ci;

-- --------------------------------------------------------

--
-- Tabellenstruktur für Tabelle `ebay_products_payments`
--

CREATE TABLE `ebay_products_payments` (
  `ebay_products_payments_id` int(11) NOT NULL,
  `ebay_products_id` int(11) NOT NULL DEFAULT '0',
  `payment` varchar(128) NOT NULL DEFAULT ''
) ENGINE=MyISAM DEFAULT CHARSET=utf8;

-- --------------------------------------------------------

--
-- Tabellenstruktur für Tabelle `ebay_products_productsafety`
--

CREATE TABLE `ebay_products_productsafety` (
  `ebay_products_productsafety_id` int(11) NOT NULL,
  `ebay_products_id` int(11) NOT NULL,
  `pictograms` varchar(255) COLLATE utf8mb4_unicode_ci NOT NULL,
  `statements` varchar(255) COLLATE utf8mb4_unicode_ci NOT NULL
) ENGINE=InnoDB DEFAULT CHARSET=utf8mb4 COLLATE=utf8mb4_unicode_ci;

-- --------------------------------------------------------

--
-- Tabellenstruktur für Tabelle `ebay_products_properties`
--

CREATE TABLE `ebay_products_properties` (
  `ebay_products_properties_id` int(11) NOT NULL,
  `ebay_products_id` int(11) NOT NULL,
  `date_added` datetime NOT NULL,
  `sort_order` int(1) NOT NULL
) ENGINE=MyISAM DEFAULT CHARSET=utf8;

-- --------------------------------------------------------

--
-- Tabellenstruktur für Tabelle `ebay_products_properties_description`
--

CREATE TABLE `ebay_products_properties_description` (
  `ebay_products_properties_description_id` int(11) NOT NULL,
  `ebay_products_properties_id` int(11) NOT NULL,
  `language_id` int(1) NOT NULL,
  `title` varchar(64) NOT NULL
) ENGINE=MyISAM DEFAULT CHARSET=utf8;

-- --------------------------------------------------------

--
-- Tabellenstruktur für Tabelle `ebay_products_properties_values`
--

CREATE TABLE `ebay_products_properties_values` (
  `ebay_products_properties_values_id` int(11) NOT NULL,
  `ebay_products_properties_id` int(11) NOT NULL,
  `price` decimal(15,4) NOT NULL,
  `sort_order` int(1) NOT NULL,
  `image` varchar(16) NOT NULL,
  `files_image` varchar(255) NOT NULL
) ENGINE=MyISAM DEFAULT CHARSET=utf8;

-- --------------------------------------------------------

--
-- Tabellenstruktur für Tabelle `ebay_products_properties_values_description`
--

CREATE TABLE `ebay_products_properties_values_description` (
  `ebay_products_properties_values_description_id` int(11) NOT NULL,
  `ebay_products_properties_values_id` int(11) NOT NULL,
  `language_id` int(11) NOT NULL,
  `title` varchar(64) NOT NULL
) ENGINE=MyISAM DEFAULT CHARSET=utf8;

-- --------------------------------------------------------

--
-- Tabellenstruktur für Tabelle `ebay_products_regulatory_documents`
--

CREATE TABLE `ebay_products_regulatory_documents` (
  `ebay_products_regulatory_documents_id` int(11) NOT NULL,
  `ebay_products_id` int(11) NOT NULL,
  `documents_id` varchar(64) COLLATE utf8mb4_unicode_ci NOT NULL,
  `date_added` timestamp NOT NULL DEFAULT CURRENT_TIMESTAMP ON UPDATE CURRENT_TIMESTAMP
) ENGINE=InnoDB DEFAULT CHARSET=utf8mb4 COLLATE=utf8mb4_unicode_ci;

-- --------------------------------------------------------

--
-- Tabellenstruktur für Tabelle `ebay_products_regulatory_hazmats`
--

CREATE TABLE `ebay_products_regulatory_hazmats` (
  `ebay_products_regulatory_hazmats_id` int(11) NOT NULL,
  `ebay_products_id` int(11) NOT NULL,
  `signalword` varchar(32) COLLATE utf8mb4_unicode_ci NOT NULL,
  `date_added` timestamp NOT NULL DEFAULT CURRENT_TIMESTAMP ON UPDATE CURRENT_TIMESTAMP,
  `statements` text COLLATE utf8mb4_unicode_ci NOT NULL,
  `pictograms` text COLLATE utf8mb4_unicode_ci NOT NULL
) ENGINE=InnoDB DEFAULT CHARSET=utf8mb4 COLLATE=utf8mb4_unicode_ci;

-- --------------------------------------------------------

--
-- Tabellenstruktur für Tabelle `ebay_products_responsible_persons`
--

CREATE TABLE `ebay_products_responsible_persons` (
  `ebay_products_responsible_persons_id` int(11) NOT NULL,
  `ebay_products_id` int(11) NOT NULL,
  `rp_companyname` varchar(128) COLLATE utf8mb4_unicode_ci NOT NULL,
  `rp_street1` varchar(128) COLLATE utf8mb4_unicode_ci NOT NULL,
  `rp_street2` varchar(128) COLLATE utf8mb4_unicode_ci NOT NULL,
  `rp_stateorprovince` varchar(128) COLLATE utf8mb4_unicode_ci NOT NULL,
  `rp_postalcode` varchar(16) COLLATE utf8mb4_unicode_ci NOT NULL,
  `rp_cityname` varchar(128) COLLATE utf8mb4_unicode_ci NOT NULL,
  `rp_country` varchar(128) COLLATE utf8mb4_unicode_ci NOT NULL,
  `rp_email` varchar(128) COLLATE utf8mb4_unicode_ci NOT NULL,
  `rp_phone` varchar(128) COLLATE utf8mb4_unicode_ci NOT NULL
) ENGINE=InnoDB DEFAULT CHARSET=utf8mb4 COLLATE=utf8mb4_unicode_ci;

-- --------------------------------------------------------

--
-- Tabellenstruktur für Tabelle `ebay_products_shippings`
--

CREATE TABLE `ebay_products_shippings` (
  `ebay_products_shippings_id` int(11) NOT NULL,
  `ebay_products_id` int(11) NOT NULL DEFAULT '0',
  `shippingtype` enum('international','national') NOT NULL DEFAULT 'national',
  `ShippingService` varchar(64) NOT NULL,
  `ShippingServiceAdditionalCost` float NOT NULL DEFAULT '0',
  `ShippingServiceCost` float NOT NULL DEFAULT '0',
  `ShippingServicePriority` int(11) NOT NULL DEFAULT '0',
  `shipsWithinDays` int(11) NOT NULL DEFAULT '0'
) ENGINE=MyISAM DEFAULT CHARSET=utf8;

-- --------------------------------------------------------

--
-- Tabellenstruktur für Tabelle `ebay_products_shippings_locations`
--

CREATE TABLE `ebay_products_shippings_locations` (
  `ebay_products_shippings_locations_id` int(11) NOT NULL,
  `ebay_products_shippings_id` int(11) NOT NULL DEFAULT '0',
  `location` varchar(255) NOT NULL DEFAULT ''
) ENGINE=MyISAM DEFAULT CHARSET=utf8;

-- --------------------------------------------------------

--
-- Tabellenstruktur für Tabelle `ebay_products_to_categories`
--

CREATE TABLE `ebay_products_to_categories` (
  `id` int(11) NOT NULL,
  `products_id` int(11) NOT NULL DEFAULT '0',
  `category_id` int(11) NOT NULL DEFAULT '0'
) ENGINE=MyISAM DEFAULT CHARSET=utf8;

-- --------------------------------------------------------

--
-- Tabellenstruktur für Tabelle `ebay_products_variations`
--

CREATE TABLE `ebay_products_variations` (
  `ebay_products_variations_id` int(11) NOT NULL,
  `ebay_products_id` int(11) NOT NULL,
  `title` varchar(64) NOT NULL,
  `content` varchar(255) NOT NULL
) ENGINE=MyISAM DEFAULT CHARSET=utf8;

-- --------------------------------------------------------

--
-- Tabellenstruktur für Tabelle `ebay_products_videos`
--

CREATE TABLE `ebay_products_videos` (
  `ebay_products_videos_id` int(11) NOT NULL,
  `ebay_products_id` int(11) NOT NULL,
  `video_id` varchar(255) COLLATE utf8mb4_unicode_ci NOT NULL,
  `video_title` varchar(255) COLLATE utf8mb4_unicode_ci NOT NULL
) ENGINE=InnoDB DEFAULT CHARSET=utf8mb4 COLLATE=utf8mb4_unicode_ci;

-- --------------------------------------------------------

--
-- Tabellenstruktur für Tabelle `ebay_sammler`
--

CREATE TABLE `ebay_sammler` (
  `id` int(11) NOT NULL,
  `titel` varchar(64) NOT NULL DEFAULT '',
  `angelegt` datetime NOT NULL DEFAULT '0000-00-00 00:00:00',
  `aktiv` enum('j','n') NOT NULL DEFAULT 'j',
  `type` varchar(64) NOT NULL DEFAULT '',
  `duration` int(1) NOT NULL DEFAULT '0',
  `boldTitle` int(1) NOT NULL DEFAULT '0',
  `highlight` int(1) NOT NULL DEFAULT '0',
  `quantity` int(11) NOT NULL DEFAULT '0',
  `description` text NOT NULL,
  `featured` int(1) NOT NULL DEFAULT '0',
  `galleryFeatured` int(1) NOT NULL DEFAULT '0',
  `galleryFeaturedDuration` int(1) NOT NULL,
  `gallery` int(1) NOT NULL DEFAULT '0',
  `category` varchar(32) DEFAULT NULL,
  `category2` varchar(32) DEFAULT NULL,
  `counter` varchar(64) NOT NULL DEFAULT '',
  `vat` int(1) NOT NULL DEFAULT '0',
  `geldzurueck` int(1) NOT NULL DEFAULT '0',
  `sofortneu` int(1) NOT NULL DEFAULT '0',
  `new` int(1) NOT NULL DEFAULT '0',
  `border` int(1) NOT NULL DEFAULT '0',
  `homepagefeatured` int(1) NOT NULL DEFAULT '0',
  `site` varchar(16) NOT NULL DEFAULT '',
  `paymentinstructions` text,
  `subtitletext` varchar(55) NOT NULL DEFAULT '',
  `gallery_plus` int(1) NOT NULL DEFAULT '0',
  `bestoffer` int(1) NOT NULL DEFAULT '0',
  `bestoffer_price` float NOT NULL DEFAULT '0',
  `country` char(2) NOT NULL DEFAULT '',
  `location` varchar(45) NOT NULL DEFAULT '',
  `shopcat` varchar(32) NOT NULL DEFAULT '0',
  `shopcat2` varchar(64) NOT NULL DEFAULT '',
  `shopcat_name` varchar(64) NOT NULL DEFAULT '',
  `shopcat2_name` varchar(64) NOT NULL DEFAULT '',
  `user` varchar(128) NOT NULL DEFAULT '',
  `template` varchar(255) NOT NULL DEFAULT '',
  `skype_enabled` int(1) NOT NULL DEFAULT '0',
  `skype_id` varchar(128) NOT NULL DEFAULT '',
  `skype_contact_option` varchar(16) NOT NULL DEFAULT '',
  `bestofferautoacceptprice` float NOT NULL DEFAULT '0',
  `revise` varchar(8) NOT NULL,
  `revise_option` int(11) NOT NULL,
  `postalcode` varchar(8) NOT NULL,
  `dispatchtimemax` tinyint(4) NOT NULL,
  `automatic_list_no_sell` int(1) NOT NULL,
  `itemcondition` int(1) NOT NULL,
  `ShippingDiscountProfileID` varchar(32) NOT NULL,
  `InternationalShippingDiscountProfileID` varchar(32) NOT NULL,
  `reserveprice` float NOT NULL,
  `returnswithincode` varchar(16) NOT NULL,
  `shippingcostpaidby` varchar(32) NOT NULL,
  `ebay_plus` int(1) NOT NULL,
  `seller_profile_payment_id` varchar(32) DEFAULT NULL,
  `seller_profile_return_policy_id` varchar(32) DEFAULT NULL,
  `seller_profile_shipping_id` varchar(32) DEFAULT NULL,
  `scheduletime` datetime NOT NULL
) ENGINE=MyISAM DEFAULT CHARSET=utf8;

-- --------------------------------------------------------

--
-- Tabellenstruktur für Tabelle `ebay_sammler_characteristics`
--

CREATE TABLE `ebay_sammler_characteristics` (
  `ebay_sammler_characteristics_id` int(11) NOT NULL,
  `ebay_sammler_id` int(11) NOT NULL DEFAULT '0',
  `category_number` tinyint(4) NOT NULL DEFAULT '0',
  `attribute_set_id` int(11) NOT NULL DEFAULT '0',
  `attribute_type` varchar(8) NOT NULL DEFAULT '',
  `attribute_id` int(11) NOT NULL DEFAULT '0',
  `attribute_value` text NOT NULL
) ENGINE=MyISAM DEFAULT CHARSET=utf8;

-- --------------------------------------------------------

--
-- Tabellenstruktur für Tabelle `ebay_sammler_copy`
--

CREATE TABLE `ebay_sammler_copy` (
  `ebay_sammler_copy_id` int(11) NOT NULL,
  `ebay_sammler_id` int(11) DEFAULT NULL,
  `type` int(1) NOT NULL DEFAULT '0',
  `duration` int(1) NOT NULL DEFAULT '0',
  `boldTitle` int(1) NOT NULL DEFAULT '0',
  `highlight` int(1) NOT NULL DEFAULT '0',
  `quantity` int(1) NOT NULL DEFAULT '0',
  `featured` int(1) NOT NULL DEFAULT '0',
  `galleryFeatured` int(1) NOT NULL DEFAULT '0',
  `galleryFeaturedDuration` int(1) NOT NULL,
  `gallery` int(1) NOT NULL DEFAULT '0',
  `category` int(1) NOT NULL DEFAULT '0',
  `category2` int(1) NOT NULL DEFAULT '0',
  `counter` int(1) NOT NULL DEFAULT '0',
  `vat` int(1) NOT NULL DEFAULT '0',
  `geldzurueck` int(1) NOT NULL DEFAULT '0',
  `sofortneu` int(1) NOT NULL DEFAULT '0',
  `new` int(1) NOT NULL DEFAULT '0',
  `border` int(1) NOT NULL DEFAULT '0',
  `homepagefeatured` int(1) NOT NULL DEFAULT '0',
  `site` int(1) NOT NULL DEFAULT '0',
  `paymentinstructions` int(1) NOT NULL DEFAULT '0',
  `payments` int(1) NOT NULL DEFAULT '0',
  `subtitletext` varchar(55) NOT NULL DEFAULT '',
  `shippingmethods` int(1) NOT NULL DEFAULT '0',
  `gallery_plus` int(1) NOT NULL DEFAULT '0',
  `bestoffer` int(1) NOT NULL DEFAULT '0',
  `bestoffer_price` float NOT NULL DEFAULT '0',
  `country` char(2) NOT NULL DEFAULT '',
  `location` varchar(45) NOT NULL DEFAULT '',
  `shopcat` int(1) NOT NULL DEFAULT '0',
  `shopcat2` int(1) NOT NULL DEFAULT '0',
  `user` int(1) NOT NULL DEFAULT '0',
  `template` varchar(255) NOT NULL DEFAULT '',
  `skype_enabled` int(1) NOT NULL DEFAULT '0',
  `skype_id` varchar(128) NOT NULL DEFAULT '',
  `skype_contact_option` varchar(16) NOT NULL DEFAULT '',
  `bestofferautoacceptprice` float NOT NULL DEFAULT '0',
  `characteristics` int(1) NOT NULL DEFAULT '0',
  `revise` int(1) NOT NULL,
  `revise_option` int(1) NOT NULL,
  `itemspecifics` int(1) NOT NULL,
  `postalcode` int(1) NOT NULL,
  `dispatchtimemax` tinyint(4) NOT NULL,
  `automatic_list_no_sell` int(1) NOT NULL,
  `itemcondition` tinyint(1) NOT NULL,
  `itemspecifics_recommendations` int(1) NOT NULL,
  `ShippingDiscountProfileID` varchar(32) NOT NULL,
  `InternationalShippingDiscountProfileID` varchar(32) NOT NULL,
  `reserveprice` float NOT NULL,
  `returnswithincode` varchar(16) NOT NULL,
  `shippingcostpaidby` varchar(32) NOT NULL,
  `ebay_plus` int(1) NOT NULL,
  `seller_profile_payment_id` varchar(32) DEFAULT NULL,
  `seller_profile_return_policy_id` varchar(32) DEFAULT NULL,
  `seller_profile_shipping_id` varchar(32) DEFAULT NULL,
  `scheduletime` int(11) NOT NULL
) ENGINE=MyISAM DEFAULT CHARSET=utf8;

-- --------------------------------------------------------

--
-- Tabellenstruktur für Tabelle `ebay_sammler_itemspecifics`
--

CREATE TABLE `ebay_sammler_itemspecifics` (
  `ebay_sammler_itemspecifics_id` int(11) NOT NULL,
  `ebay_sammler_id` int(11) NOT NULL,
  `is_name` varchar(64) NOT NULL,
  `is_value` varchar(255) NOT NULL
) ENGINE=MyISAM DEFAULT CHARSET=utf8;

-- --------------------------------------------------------

--
-- Tabellenstruktur für Tabelle `ebay_sammler_itemspecifics_recommendations`
--

CREATE TABLE `ebay_sammler_itemspecifics_recommendations` (
  `ebay_sammler_itemspecifics_recommendations_id` int(11) NOT NULL,
  `ebay_sammler_id` int(11) NOT NULL,
  `is_name` varchar(255) NOT NULL,
  `is_value` varchar(255) NOT NULL
) ENGINE=MyISAM DEFAULT CHARSET=utf8;

-- --------------------------------------------------------

--
-- Tabellenstruktur für Tabelle `ebay_sammler_payments`
--

CREATE TABLE `ebay_sammler_payments` (
  `ebay_sammler_payments_id` int(11) NOT NULL,
  `ebay_sammler_id` int(11) NOT NULL DEFAULT '0',
  `payment` varchar(128) NOT NULL DEFAULT ''
) ENGINE=MyISAM DEFAULT CHARSET=utf8;

-- --------------------------------------------------------

--
-- Tabellenstruktur für Tabelle `ebay_sammler_shippings`
--

CREATE TABLE `ebay_sammler_shippings` (
  `ebay_sammler_shippings_id` int(11) NOT NULL,
  `ebay_sammler_id` int(11) NOT NULL DEFAULT '0',
  `shippingtype` enum('international','national') NOT NULL DEFAULT 'national',
  `ShippingService` varchar(255) NOT NULL DEFAULT '',
  `ShippingServiceAdditionalCost` float NOT NULL DEFAULT '0',
  `ShippingServiceCost` float NOT NULL DEFAULT '0',
  `ShippingServicePriority` int(11) NOT NULL DEFAULT '0',
  `shipsWithinDays` int(11) NOT NULL DEFAULT '0'
) ENGINE=MyISAM DEFAULT CHARSET=utf8;

-- --------------------------------------------------------

--
-- Tabellenstruktur für Tabelle `ebay_sammler_shippings_locations`
--

CREATE TABLE `ebay_sammler_shippings_locations` (
  `ebay_sammler_shippings_locations_id` int(11) NOT NULL,
  `ebay_sammler_shippings_id` int(11) NOT NULL DEFAULT '0',
  `location` varchar(255) NOT NULL DEFAULT ''
) ENGINE=MyISAM DEFAULT CHARSET=utf8;

-- --------------------------------------------------------

--
-- Tabellenstruktur für Tabelle `ebay_seller_profiles`
--

CREATE TABLE `ebay_seller_profiles` (
  `ebay_seller_profiles_id` int(11) NOT NULL,
  `ebay_user` varchar(64) NOT NULL,
  `ProfileType` varchar(16) NOT NULL,
  `ProfileID` varchar(32) NOT NULL,
  `ProfileName` varchar(64) NOT NULL,
  `ShortSummary` text NOT NULL
) ENGINE=MyISAM DEFAULT CHARSET=utf8;

-- --------------------------------------------------------

--
-- Tabellenstruktur für Tabelle `ebay_shippingmethods`
--

CREATE TABLE `ebay_shippingmethods` (
  `ebay_shippingmethods_id` int(11) NOT NULL DEFAULT '0',
  `shippingmethod` varchar(128) NOT NULL DEFAULT '',
  `source` enum('national','international') NOT NULL DEFAULT 'national',
  `title` varchar(255) NOT NULL,
  `site` int(11) NOT NULL
) ENGINE=MyISAM DEFAULT CHARSET=utf8;

--
-- Daten für Tabelle `ebay_shippingmethods`
--

INSERT INTO `ebay_shippingmethods` (`ebay_shippingmethods_id`, `shippingmethod`, `source`, `title`, `site`) VALUES
(0, 'DE_SonstigerVersandInternational', 'international', '', 77),
(0, 'DE_VersicherterVersandInternational', 'international', '', 77),
(0, 'DE_UnversicherterVersandInternational', 'international', '', 77),
(0, 'DE_DHLPaket', 'national', '', 77),
(0, 'DE_DPBuecherWarensendung', 'national', '', 77),
(0, 'DE_Express', 'national', '', 77),
(0, 'DE_SpecialDelivery', 'national', '', 77);

-- --------------------------------------------------------

--
-- Tabellenstruktur für Tabelle `ebay_shippingoptions`
--

CREATE TABLE `ebay_shippingoptions` (
  `id` varchar(32) NOT NULL DEFAULT '0',
  `shippingoption_name` varchar(64) NOT NULL DEFAULT ''
) ENGINE=MyISAM DEFAULT CHARSET=utf8;

--
-- Daten für Tabelle `ebay_shippingoptions`
--

INSERT INTO `ebay_shippingoptions` (`id`, `shippingoption_name`) VALUES
('SiteOnly', 'Nur im Verkaufsland'),
('WorldWide', 'Weltweit'),
('SitePlusRegions', 'Europaweit'),
('WillNotShip', 'Kein Versand');

-- --------------------------------------------------------

--
-- Tabellenstruktur für Tabelle `ebay_sitecodes`
--

CREATE TABLE `ebay_sitecodes` (
  `ebay_sitecodes_id` int(11) NOT NULL,
  `site_id` varchar(64) NOT NULL DEFAULT ''
) ENGINE=MyISAM DEFAULT CHARSET=utf8;

--
-- Daten für Tabelle `ebay_sitecodes`
--

INSERT INTO `ebay_sitecodes` (`ebay_sitecodes_id`, `site_id`) VALUES
(1, 'US'),
(2, 'UK'),
(3, 'Germany'),
(4, 'Spain'),
(5, 'Canada'),
(6, 'Australia'),
(7, 'Austria'),
(8, 'Belgium_French'),
(9, 'France'),
(10, 'Italy'),
(11, 'Belgium_Dutch'),
(12, 'Netherlands'),
(13, 'Switzerland'),
(14, 'Taiwan'),
(15, 'HongKong'),
(16, 'Singapore'),
(17, 'India'),
(18, 'China'),
(19, 'Ireland'),
(20, 'Malaysia'),
(21, 'Philippines'),
(22, 'Poland'),
(23, 'Sweden');

-- --------------------------------------------------------

--
-- Tabellenstruktur für Tabelle `ebay_sites`
--

CREATE TABLE `ebay_sites` (
  `id` int(2) NOT NULL DEFAULT '0',
  `site_name` varchar(32) NOT NULL DEFAULT '',
  `site_id` char(3) NOT NULL DEFAULT ''
) ENGINE=MyISAM DEFAULT CHARSET=utf8;

--
-- Daten für Tabelle `ebay_sites`
--

INSERT INTO `ebay_sites` (`id`, `site_name`, `site_id`) VALUES
(0, 'US', ''),
(16, 'Austria', ''),
(77, 'Germany', ''),
(146, 'Netherlands', ''),
(193, 'Switzerland', ''),
(186, 'Spain', ''),
(71, 'France', ''),
(3, 'UK', '');

-- --------------------------------------------------------

--
-- Tabellenstruktur für Tabelle `ebay_template_excludes`
--

CREATE TABLE `ebay_template_excludes` (
  `id` int(11) NOT NULL,
  `ebay_products_id` int(11) NOT NULL DEFAULT '0',
  `pic` varchar(100) NOT NULL DEFAULT ''
) ENGINE=MyISAM DEFAULT CHARSET=utf8;

-- --------------------------------------------------------

--
-- Tabellenstruktur für Tabelle `ebay_textitems`
--

CREATE TABLE `ebay_textitems` (
  `id` int(11) NOT NULL,
  `text` text NOT NULL,
  `class` varchar(32) NOT NULL DEFAULT '0',
  `module` varchar(32) NOT NULL DEFAULT '',
  `value` varchar(64) NOT NULL DEFAULT '',
  `subject` varchar(64) NOT NULL,
  `sort_order` tinyint(4) NOT NULL,
  `date_added` datetime NOT NULL
) ENGINE=MyISAM DEFAULT CHARSET=utf8;

--
-- Daten für Tabelle `ebay_textitems`
--

INSERT INTO `ebay_textitems` (`id`, `text`, `class`, `module`, `value`, `subject`, `sort_order`, `date_added`) VALUES
(1, 'Vielen Dank - Sehr gerne wieder', 'Bewertung 1)', 'feedback', 'positive', '', 0, '0000-00-00 00:00:00'),
(2, 'Vielen Dank - Sehr gerne wieder', 'Bewertung 2)', 'feedback', 'positive', '', 0, '0000-00-00 00:00:00'),
(3, 'Vielen Dank - Sehr gerne wieder', 'Bewertung 3)', 'feedback', 'positive', '', 0, '0000-00-00 00:00:00'),
(4, 'Vielen Dank - Sehr gerne wieder', 'Bewertung 4)', 'feedback', 'positive', '', 0, '0000-00-00 00:00:00'),
(5, 'Vielen Dank - Sehr gerne wieder', 'Bewertung 5)', 'feedback', 'positive', '', 0, '0000-00-00 00:00:00'),
(6, 'Vielen Dank - Sehr gerne wieder', 'Bewertung 6)', 'feedback', 'positive', '', 0, '0000-00-00 00:00:00'),
(7, 'KAUFABWICKLUNG:\r\nSie erhalten VON UNS direkt nach Ihrem Kauf eine Kaufbestätigungs-Email mit Ihren Zugangsdaten zu unserer Kaufabwicklung. Dort können Sie in 4 einfachen Schritten Ihre Adressdaten kontrollieren und auch ändern und auch die Zahlart auswählen. Nur wenn Sie unsere Kaufabwicklung benutzen ist eine schnelle und reibungslose Abwicklung möglich.', 'Ebay - Versandhinweis', 'mail', 'positive', '', 0, '0000-00-00 00:00:00'),
(8, 'Das ist ein Textbaustein f&#252;r den Statuskommentar in den Auftr&#228;gen', 'Statuskommentar Auftrag', 'orders_status_comment', 'positive', '', 1, '2015-03-09 15:01:48'),
(9, 'Das ist ein Standardkommentar f&#252;r die Retouren-R&#252;ckbuchung', 'Standardkommentar Retoure', 'retoure', 'positive', '', 1, '2015-03-09 15:02:37'),
(10, '<div style=\\\"max-width: 600px; margin: 0 auto; padding: 20px; font-family: Arial, sans-serif; font-size: 12px; color: #333;\\\">\r\n<p style=\\\"margin-bottom: 20px;\\\">Dear {NAME},</p>\r\n<p style=\\\"font-weight: bold; margin-bottom: 20px;\\\">Your account has been successfully activated!</p>\r\n<p style=\\\"margin-bottom: 30px;\\\">Visit <a href=\\\"https://syd-green-energy.com/\\\">https://syd-green-energy.com/</a> to view the current prices available for you.</p>\r\n</div>', 'Account Activation', 'mail', 'positive', 'Account Activation | SYD-Green-Energy', 3, '2025-07-18 14:12:17'),
(13, '<div style=\\\"max-width: 600px; margin: 0 auto; padding: 20px; font-family: Arial, sans-serif; font-size: 12px; color: #333;\\\">\r\n<p>Dear {NAME},</p>\r\n<p>Your order has been dispatched and is on its way.</p>\r\n<p><strong>Carrier:</strong> UPS<br /> <strong>Tracking Number:</strong> {TRACKING}<br /> <strong>Estimated Delivery:</strong> {DATE}</p>\r\n<p>You can track your shipment directly via: <a href=\\\"https://www.ups.com/track?tracknum={TRACKING}\\\">UPS Tracking</a></p>\r\n</div>', 'Tracking-Information', 'mail', 'positive', 'Tracking-Information | SYD Green Energy', 5, '2025-07-24 08:14:45'),
(14, '<div style=\\\"max-width: 600px; margin: 0 auto; padding: 20px; font-family: Arial, sans-serif; font-size: 12px; color: #333;\\\">\r\n<p>Dear {NAME},</p>\r\n<p>Your order is ready for self pick-up at the following location:</p>\r\n<p><strong>SYD Green Energy GmbH &amp; Co. KG</strong><br /> An der G&#252;mpgesbr&#252;cke 26<br /> 41564 Kaarst<br /><br /> <a href=\\\"https://www.google.com/maps?q=An+der+G&#252;mpgesbr&#252;cke+26,+41564+Kaarst\\\">Location on Google Maps</a></p>\r\n<p><strong>Pick-Up Date &amp; Time:&#160;Mo. - Fr. &#8211; between 08:30 and 16:30</strong></p>\r\n<p>Please bring a valid ID or company authorization for collection.</p>\r\n<p><strong>Pick-Up Code: XXX</strong></p>\r\n</div>', 'Self-Pickup (Kaarst)', 'mail', 'positive', 'Self-Pickup Update | SYD Green Energy', 6, '2025-07-24 08:24:33'),
(15, '<div style=\\\"max-width: 600px; margin: 0 auto; padding: 20px; font-family: Arial, sans-serif; font-size: 12px; color: #333;\\\">\r\n<p>Dear {NAME},</p>\r\n<p>Thank you for your interest in our products. Unfortunately, we are currently unable to process your request due to one or more of the following reasons:</p>\r\n<ul style=\\\"padding-left: 20px;\\\">\r\n<li>Delivery is not possible to your region.</li>\r\n<li>Minimum order requirements not met.</li>\r\n<li>Incomplete company verification.</li>\r\n</ul>\r\n<p>If you believe this was in error or need further clarification, please feel free to reach out to us directly.</p>\r\n<p style=\\\"margin-top: 40px;\\\"></p>\r\n</div>', 'Denied', 'mail', 'positive', 'Information | SYD Green Energy', 3, '2025-07-24 08:26:06'),
(16, '<div style=\\\"max-width: 600px; margin: 0 auto; padding: 20px; font-family: Arial, sans-serif; font-size: 12px; color: #333;\\\">\r\n<p>Dear {NAME},</p>\r\n<p>Your order is ready for self pick-up at the following location:</p>\r\n<p><strong>H &amp; H GmbH</strong><br /> Raiffeisenstrasse 9-10, Gate 5-10<br /> 40764 Langenfeld, Germany<br /> Tel.: +49 (0) 178 904 1530<br /> E-Mail: <a href=\\\"mailto:inbound@hhwarenhaus.de\\\">inbound@hhwarenhaus.de</a><br /> <a href=\\\"https://www.google.com/maps?q=Raiffeisenstrasse+9-10,+40764+Langenfeld\\\">Location on Google Maps</a></p>\r\n<p><strong>Pick-Up Times:</strong> Mon&#8211;Fri, 09:00 &#8211; 17:00</p>\r\n<p><strong>Pick-Up Reference Number:</strong> {REFERENCE_NUMBER}</p>\r\n<p><strong>Important Instructions:</strong><br /> The pickup must be registered at least 48 hours in advance via email to <a href=\\\"mailto:inbound@hhwarenhaus.de\\\">inbound@hhwarenhaus.de</a> with the following information:<br /> 1) Delivery Note Number<br /> 2) Desired Pickup Date</p>\r\n<p><strong>Warning:</strong> Without prior notice, delays may occur or pickup may be denied.</p>\r\n<p><strong>Loading Information:</strong><br /> The delivery note is required as reference. Please check the attached packing list to ensure accurate transport planning. A truck with a minimum loading height of 90 cm is required for ramp loading. Depending on the order volume, a truck of at least 7.5 tons or more is recommended.<br /> If more space is needed than one truck can accommodate, the full pickup must be completed on the same day&#8212;ideally at the same time. Splitting the pickup across multiple days is only permitted before the delivery note is issued.</p>\r\n<p>Please note: Failure to comply may result in:<br /> 1) Manual loading by the driver<br /> 2) Additional fees<br /> 3) Warehouse refusing release of goods</p>\r\n</div>', 'Self-Pickup (Langenfeld)', 'mail', 'positive', 'Self-Pickup Update | SYD Green Energy', 7, '2025-07-24 09:10:58'),
(12, '<div style=\\\"max-width: 600px; margin: 0 auto; padding: 20px; font-family: Arial, sans-serif; font-size: 12px; color: #333;\\\">\r\n<p>Dear {NAME},</p>\r\n<p>Thank you for your inquiry. Please find attached our current pricing details in PDF format.</p>\r\n<p>If you have any questions regarding the listed prices or would like to proceed with an order, don&#8217;t hesitate to contact us.</p>\r\n</div>', 'Price-Information', 'mail', 'positive', 'Price-List | SYD Green Energy', 4, '2025-07-24 08:13:35'),
(17, '<div style=\\\"max-width: 600px; margin: 0 auto; padding: 20px; font-family: Arial, sans-serif; font-size: 12px; color: #333;\\\">\r\n<p>Dear {NAME},</p>\r\n<p>Your order is ready for self pick-up at the following location:</p>\r\n<p><strong>Allround Handels GmbH</strong><br /> Breslauer Stra&#223;e 366<br /> 90471 Nuremberg, Germany<br /> Tel.: +49 (0) 911 98805895<br /> E-Mail: <a href=\\\"mailto:dispo@allround-handels.de\\\">dispo@allround-handels.de</a><br /> <a href=\\\"https://www.google.com/maps?q=Breslauer+Stra%C3%9Fe+366,+90471+N%C3%BCrnberg,+Germany\\\">Location on Google Maps</a></p>\r\n<p><strong>Pick-Up Times:</strong> Mon&#8211;Thu, 07:00 &#8211; 16:00 / Fri, 07:00 &#8211; 15:00</p>\r\n<p><strong>Pick-Up Reference Number:</strong> {REFERENCE_NUMBER}</p>\r\n<p><strong>Important Instructions:</strong><br /> The pickup must be registered at least 48 hours in advance via email to <a href=\\\"mailto:dispo@allround-handels.de\\\">dispo@allround-handels.de</a> with the following information:<br /> 1) Delivery Note Number<br /> 2) Desired Pickup Date</p>\r\n<p><strong>Warning:</strong> Without prior notice, delays may occur or pickup may be denied.</p>\r\n<p><strong>Loading Information:</strong><br /> The delivery note is required as reference. Please check the attached packing list to ensure accurate transport planning. A truck with a minimum loading height of 90 cm is required for ramp loading. Depending on the order volume, a truck of at least 7.5 tons or more is recommended.<br /> If more space is needed than one truck can accommodate, the full pickup must be completed on the same day&#8212;ideally at the same time. Splitting the pickup across multiple days is only permitted before the delivery note is issued.</p>\r\n<p>Please note: Failure to comply may result in:<br /> 1) Manual loading by the driver<br /> 2) Additional fees<br /> 3) Warehouse refusing release of goods</p>\r\n</div>', 'Self-Pickup (Nürnberg)', 'mail', 'positive', 'Self-Pickup Update | SYD Green Energy', 8, '2025-07-24 09:14:48'),
(18, '<div style=\\\"max-width: 600px; margin: 40px auto 0 auto; padding: 20px; font-family: Arial, sans-serif; font-size: 12px; color: #333;\\\">\r\n<p>Dear {NAME},</p>\r\n<p>Your order is ready for self pick-up at the following location:</p>\r\n<p><strong>WISAG Logistics Solutions Nord-West GmbH &amp; Co. KG</strong><br /> Hans-G&#252;nther-Sohl-Str. 4<br /> 47807 Krefeld, Germany<br /> E-Mail: <a href=\\\"mailto:Sunsolar.WLS@wisag.de\\\">Sunsolar.WLS@wisag.de</a><br /> <a href=\\\"https://www.google.com/maps?q=Hans-G%C3%BCnther-Sohl-Str.+4,+47807+Krefeld,+Germany\\\">Location on Google Maps</a></p>\r\n<p><strong>Pick-Up Times:</strong> Mon&#8211;Thu, 07:15 &#8211; 15:00 / Fri, 07:15 &#8211; 14:00</p>\r\n<p><strong>Pick-Up Reference Number:</strong> {REFERENCE_NUMBER}</p>\r\n<p><strong>Important Instructions:</strong><br /> The pickup must be registered at least 48 hours in advance via email to <a href=\\\"mailto:Sunsolar.WLS@wisag.de\\\">Sunsolar.WLS@wisag.de</a> with the following information:<br /> 1) Delivery Note Number<br /> 2) Desired Pickup Date</p>\r\n<p><strong>Warning:</strong> Without prior notice, delays may occur or pickup may be denied.</p>\r\n<p><strong>Loading Information:</strong><br /> The delivery note is required as reference. Please check the attached packing list to ensure accurate transport planning. A truck with a minimum loading height of 90 cm is required for ramp loading. Depending on the order volume, a truck of at least 7.5 tons or more is recommended.<br /> If more space is needed than one truck can accommodate, the full pickup must be completed on the same day&#8212;ideally at the same time. Splitting the pickup across multiple days is only permitted before the delivery note is issued.</p>\r\n<p>Please note: Failure to comply may result in:<br /> 1) Manual loading by the driver<br /> 2) Additional fees<br /> 3) Warehouse refusing release of goods</p>\r\n<p><strong>Important Note for Hazardous Materials:</strong><br /> Proper load securing equipment (lashing straps, anti-slip mats, etc.) is required for pickup.<br /> <strong>Hazard Class:</strong> 9<br /> <strong>UN No:</strong> 3480 &#8211; Lithium-Ion Batteries<br /> <strong>Total Net Hazardous Weight:</strong> 957 kg (ADR Value: 2871)</p>\r\n</div>', 'Self-Pickup (Krefeld)', 'mail', 'positive', 'Self-Pickup Update | SYD Green Energy', 9, '2025-07-24 09:15:34'),
(19, '<div style=\\\"max-width: 600px; margin: 40px auto 0 auto; padding: 20px; font-family: Arial, sans-serif; font-size: 12px; color: #333;\\\">\r\n<p>Dear {NAME},</p>\r\n<p>Your order is ready for self pick-up at the following location:</p>\r\n<p><strong>H &amp; H GmbH</strong><br /> Meesmannstr. 107<br /> 44807 Bochum, Germany<br /> Tel.: +49 (0) 173 4658894<br /> E-Mail: <a href=\\\"mailto:inbound@hhwarenhaus.de\\\">inbound@hhwarenhaus.de</a><br /> <a href=\\\"https://www.google.com/maps?q=Meesmannstr.+107,+44807+Bochum,+Germany\\\">Location on Google Maps</a></p>\r\n<p><strong>Pick-Up Times:</strong> Mon&#8211;Fri, 09:00 &#8211; 17:00</p>\r\n<p><strong>Pick-Up Reference Number:</strong> {REFERENCE_NUMBER}</p>\r\n<p><strong>Important Instructions:</strong><br /> The pickup must be registered at least 48 hours in advance via email to <a href=\\\"mailto:inbound@hhwarenhaus.de\\\">inbound@hhwarenhaus.de</a> with the following information:<br /> 1) Delivery Note Number<br /> 2) Desired Pickup Date</p>\r\n<p><strong>Warning:</strong> Without prior notice, delays may occur or pickup may be denied.</p>\r\n<p><strong>Loading Information:</strong><br /> The delivery note is required as reference. Please check the attached packing list to ensure accurate transport planning. A truck with a minimum loading height of 90 cm is required for ramp loading. Depending on the order volume, a truck of at least 7.5 tons or more is recommended.<br /> If more space is needed than one truck can accommodate, the full pickup must be completed on the same day&#8212;ideally at the same time. Splitting the pickup across multiple days is only permitted before the delivery note is issued.</p>\r\n<p>Please note: Failure to comply may result in:<br /> 1) Manual loading by the driver<br /> 2) Additional fees<br /> 3) Warehouse refusing release of goods</p>\r\n</div>', 'Self-Pickup (Bochum)', 'mail', 'positive', 'Self-Pickup Update | SYD Green Energy', 10, '2025-07-24 09:16:14'),
(20, '<div style=\\\"max-width: 600px; margin: 40px auto 0 auto; padding: 20px; font-family: Arial, sans-serif; font-size: 12px; color: #333;\\\">\r\n<p>Dear {NAME},</p>\r\n<p>(TEXT HERE)<br /><br />_</p>\r\n</div>', 'Standard Reply', 'mail', 'positive', '', 2, '2025-07-24 09:17:11'),
(21, '<div style=\\\"max-width: 600px; margin: 0 auto; padding: 20px; font-family: Arial, sans-serif; font-size: 13px; color: #333;\\\">\r\n<p>Dear {NAME},</p>\r\n<p>You have requested a password reset for your SYD Green Energy customer account.</p>\r\n<p>Since our system currently cannot send automated password emails, your new temporary password has been generated manually:</p>\r\n<p><strong>Temporary Password:</strong><br /> <span style=\\\"font-family: monospace; font-size: 14px; background-color: #f5f5f5; padding: 5px 10px; display: inline-block; border: 1px solid #ddd;\\\">{NEW_PASSWORD}</span></p>\r\n<p>Please note:</p>\r\n<ul>\r\n<li>This password is confidential and should not be shared.</li>\r\n<li>We strongly recommend logging in and changing this password immediately under your account settings.</li>\r\n<li>If you prefer to receive your password via telephone instead, please contact the administrator at the number below.</li>\r\n</ul>\r\n<p>If you did not request a password reset or believe this message was sent to you in error, please contact us immediately.</p>\r\n</div>', 'Password Reset', 'mail', 'positive', 'Your Password | SYD Green Energy', 2, '2025-07-24 09:42:47'),
(22, '<div style=\\\"max-width: 600px; margin: 0 auto; padding: 20px; font-family: Arial, sans-serif; font-size: 13px; color: #333;\\\">\r\n<p>Dear {NAME},</p>\r\n<p>Thank you very much for your inquiry.</p>\r\n<p>To register with us, you have two convenient options:</p>\r\n<ol style=\\\"padding-left: 20px;\\\">\r\n<li style=\\\"margin-bottom: 10px;\\\"><strong>Self-Registration via Our Website:</strong><br /> You can create your account directly and securely through our online registration portal:<br /> <a href=\\\"https://syd-green-energy.com/create_account.php\\\">https://syd-green-energy.com/create_account.php</a></li>\r\n<li><strong>Manual Registration by Our Team:</strong><br /> If preferred, you can reply to this email and fill out the required customer data below. We will manually create your customer account.</li>\r\n</ol>\r\n<p><strong>Required Information:</strong></p>\r\n<ul style=\\\"list-style-type: none; padding-left: 0;\\\">\r\n<li><strong>Company Name:</strong> -</li>\r\n<li><strong>Street Address:</strong> -</li>\r\n<li><strong>Postal Code / City:</strong> -</li>\r\n<li><strong>Country:</strong> -</li>\r\n<li><strong>Contact Person:</strong> -</li>\r\n<li><strong>Phone Number:</strong> -</li>\r\n<li><strong>E-Mail Address:</strong> -</li>\r\n<li><strong>VAT Number (if available):</strong> -</li>\r\n</ul>\r\n<p><strong>Optional:</strong></p>\r\n<ul style=\\\"list-style-type: none; padding-left: 0;\\\">\r\n<li><strong>Billing Address (if different):</strong> -</li>\r\n<li><strong>Shipping Address (if different):</strong> -</li>\r\n<li><strong>Additional Notes:</strong> -</li>\r\n</ul>\r\n<p><strong>Important:</strong> If we manually create your account, you will receive a <strong>temporary password</strong> via email. Please log in using this password and change it immediately at:</p>\r\n<p><a href=\\\"https://syd-green-energy.com/account_password.php\\\">https://syd-green-energy.com/account_password.php</a></p>\r\n<p>If you have any questions or need further support, feel free to contact us at any time.</p>\r\n<p>Best regards,<br /> <strong>SYD Green Energy GmbH &amp; Co. KG</strong><br /> Tel: +49 (0)2131 52811-23<br /> E-Mail: <a href=\\\"mailto:service@syd.green\\\">service@syd.green</a></p>\r\n</div>', 'Registration', 'mail', 'positive', 'Registration | SYD Green Energy', 2, '2025-07-24 09:48:37'),
(23, '<div style=\\\"max-width: 600px; margin: 0 auto; padding: 20px; font-family: Arial, sans-serif; font-size: 13px; color: #333;\\\">\r\n<p>Dear {NAME},</p>\r\n<p>Thank you for your inquiry. We are pleased to inform you that your request can be fulfilled.</p>\r\n<p>Our team is currently preparing a personalized offer for you and will get back to you shortly with all the details.</p>\r\n<p>In the meantime, feel free to visit our website to explore more products and information:</p>\r\n<p><a href=\\\"https://syd-green-energy.com\\\">https://syd-green-energy.com</a></p>\r\n</div>', 'Inquiry Positive', 'mail', 'positive', 'Your Inquiry | SYD Green Energy', 3, '2025-07-24 09:54:30'),
(24, '<div style=\\\"max-width: 600px; margin: 0 auto; padding: 20px; font-family: Arial, sans-serif; font-size: 13px; color: #333;\\\">\r\n<p>Dear {NAME},</p>\r\n<p>Thank you for your inquiry.</p>\r\n<p>Unfortunately, we are currently unable to fulfill your request.</p>\r\n<p><strong>Reason(s):</strong></p>\r\n<ul>\r\n<li>Not available in our current product range</li>\r\n<li>No stock or availability at the moment</li>\r\n<li>Discontinued or outdated model</li>\r\n<li>Custom product not supported</li>\r\n</ul>\r\n<p><strong>Alternatively, we can offer you:</strong></p>\r\n<ul>\r\n<li>&#8211;</li>\r\n<!-- Leave this for sales to manually insert alternatives --></ul>\r\n<p><strong>You can find these Products here:</strong></p>\r\n<p>Product Name | Link to Product<br /> (example)<br />AI-W5.1-B (EU) Solar Battery System | ESS |&#160;<a href=\\\"https://syd-green-energy.com/AI-W51-B-EU-Solar-Battery-System-%7C-ESS--570_26.html\\\" target=\\\"_blank\\\">Link to Product</a></p>\r\n</div>', 'Inquiry Negative', 'mail', 'positive', 'Your Inquiry | SYD Green Energy', 3, '2025-07-24 09:59:31'),
(25, '<div style=\\\"max-width: 600px; margin: 0 auto; padding: 20px; font-family: Arial, sans-serif; font-size: 13px; color: #333;\\\">\r\n<p>Dear {NAME},</p>\r\n<p>Thank you for your interest in our products.</p>\r\n<p>For technical documentation, manuals, data sheets, certificates, and additional product-related information &#8212; including for items you have ordered or may be considering &#8212; please visit our downloads section:</p>\r\n<p><a href=\\\"https://syd-green-energy.com/Downloads-_-16.html\\\">https://syd-green-energy.com/Downloads-_-16.html</a></p>\r\n<p>All currently available documents are listed there for easy access. If you\\\'re missing specific details or need personalized documentation, feel free to reach out and we&#8217;ll be happy to assist you further.</p>\r\n</div>', 'Technical Data', 'mail', 'positive', 'Technical Data | SYD Green Energy', 2, '2025-07-24 10:35:13'),
(26, '<div style=\\\"max-width: 600px; margin: 0 auto; padding: 20px; font-family: Arial, sans-serif; font-size: 12px; color: #333; line-height: 1.6;\\\">\r\n<p style=\\\"margin-bottom: 20px;\\\">Dear {NAME},</p>\r\n<p style=\\\"font-weight: bold; margin-bottom: 20px;\\\">We are missing data for your full registration.</p>\r\n<p style=\\\"margin-bottom: 10px;\\\">Please provide us with the following required information:</p>\r\n<p style=\\\"font-weight: bold; margin-bottom: 5px;\\\">Your personal data</p>\r\n<ul style=\\\"padding-left: 20px; margin-bottom: 20px;\\\">\r\n<li>Firstname: <strong><br /></strong></li>\r\n<li>Lastname: <strong><br /></strong></li>\r\n<li>Email address: <strong><br /></strong></li>\r\n<li>Company name: <strong><br /></strong></li>\r\n<li>VAT no.: <strong><br /></strong></li>\r\n</ul>\r\n<p style=\\\"font-weight: bold; margin-bottom: 5px;\\\">Your address</p>\r\n<ul style=\\\"padding-left: 20px;\\\">\r\n<li>Street: <strong><br /></strong></li>\r\n<li>Street No.: <strong><br /></strong></li>\r\n<li>Address suffix: (optional)</li>\r\n<li>Phone number: <strong></strong></li>\r\n<li>Zip code: <strong><br /></strong></li>\r\n<li>City: <strong><br /></strong></li>\r\n<li>Country:</li>\r\n</ul>\r\n</div>', 'Missing Data Full', 'mail', 'positive', 'Additional Information | SYD Green Energy ', 2, '2025-07-30 11:01:54'),
(27, '<div style=\\\"max-width: 600px; margin: 0 auto; padding: 20px; font-family: Arial, sans-serif; font-size: 12px; color: #333; line-height: 1.6;\\\">\r\n<p style=\\\"margin-bottom: 20px;\\\">Dear {NAME},</p>\r\n<p style=\\\"font-weight: bold; margin-bottom: 20px;\\\">We are missing data for your full registration.</p>\r\n<p style=\\\"margin-bottom: 10px;\\\">Please provide us with the following required information:</p>\r\n<p style=\\\"font-weight: bold; margin-bottom: 5px;\\\">Your personal data</p>\r\n<ul style=\\\"padding-left: 20px; margin-bottom: 20px;\\\">\r\n<li>VAT no.: <strong><br /></strong></li>\r\n</ul>\r\n<p style=\\\"font-weight: bold; margin-bottom: 5px;\\\">Your address</p>\r\n<ul style=\\\"padding-left: 20px;\\\">\r\n<li>Phone number:</li>\r\n</ul>\r\n</div>', 'VAT + PHONE', 'mail', 'positive', 'Additional Information | SYD Green Energy ', 2, '2025-07-30 11:02:54'),
(28, '<div style=\\\"max-width: 600px; margin: 0 auto; padding: 20px; font-family: Arial, sans-serif; font-size: 12px; color: #333;\\\">\r\n<p>Dear {NAME},</p>\r\n<p>We have received your down payment. Thank you for your trust in SYD Green Energy.</p>\r\n<p><strong>We have sent you both the deposit invoice and the full order invoice (excluding the deposit amount) to ensure clearer accounting and better documentation on your end.</strong></p>\r\n<p><strong>Important:</strong> Your order has been placed and will be processed shortly. Please note that your goods will only be made available for pickup or shipping once they have arrived at our warehouse <em>and</em> the remaining balance has been paid in full.</p>\r\n<p>As soon as the goods arrive, we will contact you with a final invoice and payment instructions. Upon confirmation of full payment, your goods are available for transit.</p>\r\n<br />\r\n<p>We will keep you informed about the arrival status of your goods.</p>\r\n</div>', 'Down-Payment / Deposit', 'mail', 'positive', 'Down-Payment | SYD Green Energy', 2, '2025-08-04 12:24:12'),
(29, '<div style=\\\"max-width: 100%; margin: 0 auto; padding: 20px; font-family: Arial, sans-serif; font-size: 12px;\\\"><!-- Greeting and message above the footer -->\r\n<div style=\\\"margin-bottom: 20px;\\\">If you have any questions, feel free to contact us anytime.<br /><br /> With best regards,<br /><strong>SYD Green Energy</strong></div>\r\n<!-- Footer -->\r\n<div style=\\\"text-align: right; padding-bottom: 20px;\\\"><img src=\\\"https://syd-green-energy.com/templates/yes-system/img/logo.png\\\" alt=\\\"SYD Green Energy\\\" width=\\\"120\\\" /></div>\r\n<table style=\\\"width: 100%; border-collapse: collapse;\\\">\r\n<tbody>\r\n<tr>\r\n<td style=\\\"padding: 10px;\\\"><strong>SYD Green Energy GmbH &amp; Co. KG</strong><br /> An der G&#252;mpgesbr&#252;cke 26<br /> 41564 Kaarst</td>\r\n<td style=\\\"padding: 10px;\\\">Tel: 02131 52811-22<br /> Fax: 02131 52811-21<br /> <a href=\\\"https://syd-green-energy.com\\\">www.syd-green-energy.com</a></td>\r\n</tr>\r\n</tbody>\r\n</table>\r\n<div style=\\\"padding: 20px; background-color: #f9f9f9; margin-top: 20px;\\\">Thank you for your interest in SYD Green Energy GmbH &amp; Co. KG.<br /> We look forward to supporting your business with our sustainable energy solutions and services. If you have any questions, please do not hesitate to contact us.</div>\r\n</div>', 'Footer', 'mail', 'positive', '', 99, '2025-08-13 11:23:36');

-- --------------------------------------------------------

--
-- Tabellenstruktur für Tabelle `ebay_textitems_user`
--

CREATE TABLE `ebay_textitems_user` (
  `customers_id` int(11) NOT NULL DEFAULT '0',
  `ebay_textitems_id` int(11) NOT NULL DEFAULT '0'
) ENGINE=MyISAM DEFAULT CHARSET=utf8;

--
-- Daten für Tabelle `ebay_textitems_user`
--

INSERT INTO `ebay_textitems_user` (`customers_id`, `ebay_textitems_id`) VALUES
(5006, 19),
(5006, 18),
(5006, 17),
(5006, 16),
(5006, 14),
(5006, 13),
(5006, 12),
(5006, 23),
(5006, 24),
(5006, 15),
(5006, 10),
(5006, 27),
(5006, 25),
(5006, 20),
(5000, 21),
(5000, 9),
(5000, 8),
(1, 16),
(5000, 22),
(5000, 20),
(5000, 25),
(5000, 10),
(5000, 15),
(5000, 24),
(5000, 23),
(5000, 12),
(5000, 13),
(5000, 14),
(5000, 16),
(5000, 17),
(5000, 18),
(5000, 19),
(5001, 19),
(5001, 18),
(5001, 17),
(5001, 16),
(5001, 14),
(5001, 13),
(5001, 12),
(5001, 23),
(5001, 24),
(5001, 15),
(5001, 10),
(5001, 25),
(5001, 20),
(5001, 22),
(5001, 21),
(5006, 22),
(5006, 21),
(5006, 26),
(5006, 28),
(5006, 29),
(5001, 29),
(5078, 28),
(5078, 26),
(5078, 21),
(5078, 22),
(5078, 20),
(5078, 25),
(5078, 27),
(5078, 10),
(5078, 15),
(5078, 24),
(5078, 23),
(5078, 12),
(5078, 13),
(5078, 14),
(5078, 16),
(5078, 17),
(5078, 18),
(5078, 19),
(5078, 29);

-- --------------------------------------------------------

--
-- Tabellenstruktur für Tabelle `ebay_timingdelays`
--

CREATE TABLE `ebay_timingdelays` (
  `timing_delay_id` int(11) NOT NULL,
  `timing_delay_value` int(11) NOT NULL DEFAULT '0'
) ENGINE=MyISAM DEFAULT CHARSET=utf8;

--
-- Daten für Tabelle `ebay_timingdelays`
--

INSERT INTO `ebay_timingdelays` (`timing_delay_id`, `timing_delay_value`) VALUES
(1, 5),
(2, 10),
(3, 15),
(4, 20),
(5, 25),
(6, 30),
(7, 35),
(8, 40),
(9, 45),
(10, 60),
(11, 90),
(12, 180),
(13, 120),
(14, 240),
(15, 150),
(16, 210),
(17, 50),
(18, 105),
(19, 75),
(20, 1440),
(21, 57),
(22, 64),
(23, 69);

-- --------------------------------------------------------

--
-- Tabellenstruktur für Tabelle `ebay_transactions`
--

CREATE TABLE `ebay_transactions` (
  `id` int(11) NOT NULL,
  `transactionid` varchar(32) NOT NULL DEFAULT '',
  `ebayid` varchar(20) NOT NULL DEFAULT '',
  `products_id` int(11) NOT NULL DEFAULT '0',
  `orders_id` int(11) NOT NULL DEFAULT '0',
  `email` varchar(128) NOT NULL DEFAULT '',
  `fullname` varchar(128) NOT NULL DEFAULT '',
  `street1` varchar(128) NOT NULL DEFAULT '',
  `street2` varchar(128) NOT NULL DEFAULT '',
  `zip` varchar(10) NOT NULL DEFAULT '',
  `city` varchar(128) NOT NULL DEFAULT '',
  `userid` varchar(128) NOT NULL DEFAULT '',
  `paymentmethod` tinyint(4) NOT NULL DEFAULT '0',
  `additionalshippingcosts` decimal(15,4) DEFAULT NULL,
  `shippinghandlingcosts` decimal(15,4) DEFAULT NULL,
  `insurancefee` decimal(15,4) DEFAULT NULL,
  `insurancetotal` decimal(15,4) DEFAULT NULL,
  `shippingtype` tinyint(4) NOT NULL DEFAULT '0',
  `amountpaid` decimal(15,4) NOT NULL DEFAULT '0.0000',
  `quantitypurchased` int(11) NOT NULL DEFAULT '0',
  `transactionprice` decimal(15,4) NOT NULL DEFAULT '0.0000',
  `transactiondate` datetime DEFAULT '0000-00-00 00:00:00',
  `incomplete_state` int(2) NOT NULL DEFAULT '0',
  `statusis` int(2) NOT NULL DEFAULT '0',
  `STATUS` tinyint(4) NOT NULL DEFAULT '0',
  `vat` float NOT NULL DEFAULT '0',
  `geldzurueck` int(1) NOT NULL DEFAULT '0',
  `sofortneu` int(1) NOT NULL DEFAULT '0',
  `new` int(1) NOT NULL DEFAULT '0',
  `site` varchar(16) NOT NULL DEFAULT '',
  `currency_value` float DEFAULT NULL,
  `external_payment_status` int(1) NOT NULL DEFAULT '0',
  `shipped` tinyint(1) NOT NULL,
  `seller` varchar(64) NOT NULL,
  `soap_processed` tinyint(1) NOT NULL,
  `checkoutstatus` varchar(32) NOT NULL,
  `checkoutmessage_saved` int(1) NOT NULL,
  `shipping_addressid` varchar(16) NOT NULL
) ENGINE=MyISAM DEFAULT CHARSET=utf8;

-- --------------------------------------------------------

--
-- Tabellenstruktur für Tabelle `ebay_uuid`
--

CREATE TABLE `ebay_uuid` (
  `UUID` int(11) NOT NULL
) ENGINE=MyISAM DEFAULT CHARSET=utf8;

--
-- Daten für Tabelle `ebay_uuid`
--

INSERT INTO `ebay_uuid` (`UUID`) VALUES
(1);

-- --------------------------------------------------------

--
-- Tabellenstruktur für Tabelle `ebay_variations`
--

CREATE TABLE `ebay_variations` (
  `ebay_variations_id` int(11) NOT NULL,
  `quantity` int(2) NOT NULL,
  `sku` varchar(64) DEFAULT NULL,
  `startprice` float NOT NULL,
  `ebay_variations_sets_id` int(11) NOT NULL,
  `products_id` int(11) NOT NULL,
  `sort_order` tinyint(4) DEFAULT NULL,
  `ean` varchar(16) DEFAULT NULL,
  `isbn` varchar(16) DEFAULT NULL,
  `ProductReferenceID` varchar(64) NOT NULL
) ENGINE=MyISAM DEFAULT CHARSET=utf8;

-- --------------------------------------------------------

--
-- Tabellenstruktur für Tabelle `ebay_variationspecificssets`
--

CREATE TABLE `ebay_variationspecificssets` (
  `ebay_variationspecificssets_id` int(11) NOT NULL,
  `nvl_name` varchar(64) NOT NULL,
  `nvl_value` text NOT NULL,
  `ebay_variations_sets_id` int(11) NOT NULL,
  `variations_pictures_base` int(1) DEFAULT NULL
) ENGINE=MyISAM DEFAULT CHARSET=utf8;

-- --------------------------------------------------------

--
-- Tabellenstruktur für Tabelle `ebay_variations_pictures`
--

CREATE TABLE `ebay_variations_pictures` (
  `ebay_variations_pictures_id` int(11) NOT NULL,
  `VariationSpecificName` varchar(64) NOT NULL,
  `ebay_variations_id` int(11) NOT NULL,
  `ebay_variations_sets_id` int(11) NOT NULL
) ENGINE=MyISAM DEFAULT CHARSET=utf8;

-- --------------------------------------------------------

--
-- Tabellenstruktur für Tabelle `ebay_variations_pictures_sets`
--

CREATE TABLE `ebay_variations_pictures_sets` (
  `ebay_variations_pictures_sets_id` int(11) NOT NULL,
  `ebay_variations_pictures_id` int(11) NOT NULL,
  `VariationSpecificValue` varchar(64) NOT NULL
) ENGINE=MyISAM DEFAULT CHARSET=utf8;

-- --------------------------------------------------------

--
-- Tabellenstruktur für Tabelle `ebay_variations_pictures_sets_urls`
--

CREATE TABLE `ebay_variations_pictures_sets_urls` (
  `ebay_variations_pictures_sets_urls_id` int(11) NOT NULL,
  `ebay_variations_pictures_sets_id` int(11) NOT NULL,
  `PictureURL` varchar(255) NOT NULL,
  `sort_order` int(1) NOT NULL
) ENGINE=MyISAM DEFAULT CHARSET=utf8;

-- --------------------------------------------------------

--
-- Tabellenstruktur für Tabelle `ebay_variations_sets`
--

CREATE TABLE `ebay_variations_sets` (
  `ebay_variations_sets_id` int(11) NOT NULL,
  `ebay_products_id` int(11) NOT NULL,
  `title` varchar(64) NOT NULL,
  `date_added` datetime NOT NULL,
  `fixed_bug` int(1) NOT NULL COMMENT 'fuer umstellung auf neues variantenset bilder handling - kann raus sobald durchgefuehrt'
) ENGINE=MyISAM DEFAULT CHARSET=utf8;

-- --------------------------------------------------------

--
-- Tabellenstruktur für Tabelle `ebay_variations_variationspecifics`
--

CREATE TABLE `ebay_variations_variationspecifics` (
  `ebay_variations_variationspecifics_id` int(11) NOT NULL,
  `ebay_variations_id` int(11) NOT NULL,
  `nvl_name` varchar(64) NOT NULL,
  `nvl_value` varchar(64) NOT NULL
) ENGINE=MyISAM DEFAULT CHARSET=utf8;

-- --------------------------------------------------------

--
-- Tabellenstruktur für Tabelle `ebay_warning_history`
--

CREATE TABLE `ebay_warning_history` (
  `id` int(11) NOT NULL,
  `orders_id` int(11) NOT NULL DEFAULT '0',
  `customers_id` int(11) NOT NULL DEFAULT '0',
  `action` varchar(128) NOT NULL DEFAULT '',
  `warning_date` datetime NOT NULL DEFAULT '0000-00-00 00:00:00',
  `warning_status` int(1) NOT NULL DEFAULT '0'
) ENGINE=MyISAM DEFAULT CHARSET=utf8;

-- --------------------------------------------------------

--
-- Tabellenstruktur für Tabelle `email_staff_allocation`
--

CREATE TABLE `email_staff_allocation` (
  `email_staff_allocation_id` int(11) NOT NULL,
  `email_id` int(11) NOT NULL,
  `customers_id` int(11) NOT NULL,
  `date_added` datetime NOT NULL
) ENGINE=InnoDB DEFAULT CHARSET=utf8;

--
-- Daten für Tabelle `email_staff_allocation`
--

INSERT INTO `email_staff_allocation` (`email_staff_allocation_id`, `email_id`, `customers_id`, `date_added`) VALUES
(22, 170, 5001, '2025-08-04 08:31:23'),
(23, 401, 5001, '2025-08-18 10:57:28'),
(24, 403, 5078, '2025-08-18 10:58:14');

-- --------------------------------------------------------

--
-- Tabellenstruktur für Tabelle `email_staff_allocation_history`
--

CREATE TABLE `email_staff_allocation_history` (
  `email_staff_allocation_history_id` int(11) NOT NULL,
  `email_id` int(11) NOT NULL,
  `customers_id` int(11) NOT NULL,
  `comments` text,
  `date_added` datetime NOT NULL,
  `read_status` int(1) NOT NULL,
  `sender_id` int(11) NOT NULL
) ENGINE=InnoDB DEFAULT CHARSET=utf8;

--
-- Daten für Tabelle `email_staff_allocation_history`
--

INSERT INTO `email_staff_allocation_history` (`email_staff_allocation_history_id`, `email_id`, `customers_id`, `comments`, `date_added`, `read_status`, `sender_id`) VALUES
(1, 55, 5000, 'Mitarbeiter Maurice Dedic (ID: 5000) wurde der Email zugewiesen', '2025-07-29 08:13:57', 0, 5006),
(2, 55, 5000, 'Mitarbeiter Andrej Dedic (ID: 5001) wurde der Email zugewiesen', '2025-07-29 08:14:06', 0, 5006),
(3, 55, 5001, 'Mitarbeiter Andrej Dedic (ID: 5001) wurde der Email zugewiesen', '2025-07-29 08:14:06', 0, 5006),
(4, 5, 5006, 'Mitarbeiter Sebastian Henryk Janus (ID: 5006) wurde der Email zugewiesen', '2025-07-29 12:13:16', 1, 5001),
(5, 24, 5000, 'Mitarbeiter Maurice Dedic (ID: 5000) wurde der Email zugewiesen', '2025-08-01 07:58:36', 0, 5006),
(6, 23, 5000, 'Mitarbeiter Maurice Dedic (ID: 5000) wurde der Email zugewiesen', '2025-08-01 07:58:56', 0, 5006),
(7, 22, 5000, 'Mitarbeiter Maurice Dedic (ID: 5000) wurde der Email zugewiesen', '2025-08-01 07:59:05', 0, 5006),
(8, 25, 5000, 'Mitarbeiter Maurice Dedic (ID: 5000) wurde der Email zugewiesen', '2025-08-01 07:59:15', 0, 5006),
(9, 26, 5000, 'Mitarbeiter Maurice Dedic (ID: 5000) wurde der Email zugewiesen', '2025-08-01 07:59:21', 0, 5006),
(10, 27, 5000, 'Mitarbeiter Maurice Dedic (ID: 5000) wurde der Email zugewiesen', '2025-08-01 07:59:29', 0, 5006),
(11, 28, 5000, 'Mitarbeiter Maurice Dedic (ID: 5000) wurde der Email zugewiesen', '2025-08-01 07:59:38', 0, 5006),
(12, 29, 5000, 'Mitarbeiter Maurice Dedic (ID: 5000) wurde der Email zugewiesen', '2025-08-01 07:59:55', 0, 5006),
(13, 29, 5000, 'Mitarbeiter Andrej Dedic (ID: 5001) wurde der Email zugewiesen', '2025-08-01 08:00:02', 0, 5006),
(14, 29, 5001, 'Mitarbeiter Andrej Dedic (ID: 5001) wurde der Email zugewiesen', '2025-08-01 08:00:02', 0, 5006),
(15, 30, 5000, 'Mitarbeiter Maurice Dedic (ID: 5000) wurde der Email zugewiesen', '2025-08-01 08:00:11', 0, 5006),
(16, 30, 5000, 'Mitarbeiter Andrej Dedic (ID: 5001) wurde der Email zugewiesen', '2025-08-01 08:00:18', 0, 5006),
(17, 30, 5001, 'Mitarbeiter Andrej Dedic (ID: 5001) wurde der Email zugewiesen', '2025-08-01 08:00:18', 0, 5006),
(18, 31, 5000, 'Mitarbeiter Maurice Dedic (ID: 5000) wurde der Email zugewiesen', '2025-08-01 08:00:29', 0, 5006),
(19, 32, 5000, 'Mitarbeiter Maurice Dedic (ID: 5000) wurde der Email zugewiesen', '2025-08-01 08:01:17', 0, 5006),
(20, 32, 5000, 'Mitarbeiter Andrej Dedic (ID: 5001) wurde der Email zugewiesen', '2025-08-01 08:01:22', 0, 5006),
(21, 32, 5001, 'Mitarbeiter Andrej Dedic (ID: 5001) wurde der Email zugewiesen', '2025-08-01 08:01:22', 0, 5006),
(22, 35, 5001, 'Mitarbeiter Andrej Dedic (ID: 5001) wurde der Email zugewiesen', '2025-08-01 08:05:08', 0, 5006),
(23, 35, 5001, 'Mitarbeiter Maurice Dedic (ID: 5000) wurde der Email zugewiesen', '2025-08-01 08:05:15', 0, 5006),
(24, 35, 5000, 'Mitarbeiter Maurice Dedic (ID: 5000) wurde der Email zugewiesen', '2025-08-01 08:05:15', 0, 5006),
(25, 34, 5000, 'Mitarbeiter Maurice Dedic (ID: 5000) wurde der Email zugewiesen', '2025-08-01 08:05:43', 0, 5006),
(26, 34, 5000, 'Mitarbeiter Andrej Dedic (ID: 5001) wurde der Email zugewiesen', '2025-08-01 08:05:49', 0, 5006),
(27, 34, 5001, 'Mitarbeiter Andrej Dedic (ID: 5001) wurde der Email zugewiesen', '2025-08-01 08:05:49', 0, 5006),
(28, 24, 5000, 'Mitarbeiter Maurice Dedic (ID: 5000) wurde von der Email Zuweisung entfernt.', '2025-08-01 08:23:15', 0, 5006),
(29, 23, 5000, 'Mitarbeiter Maurice Dedic (ID: 5000) wurde von der Email Zuweisung entfernt.', '2025-08-01 08:23:15', 0, 5006),
(30, 22, 5000, 'Mitarbeiter Maurice Dedic (ID: 5000) wurde von der Email Zuweisung entfernt.', '2025-08-01 08:23:15', 0, 5006),
(31, 25, 5000, 'Mitarbeiter Maurice Dedic (ID: 5000) wurde von der Email Zuweisung entfernt.', '2025-08-01 08:23:15', 0, 5006),
(32, 26, 5000, 'Mitarbeiter Maurice Dedic (ID: 5000) wurde von der Email Zuweisung entfernt.', '2025-08-01 08:23:15', 0, 5006),
(33, 27, 5000, 'Mitarbeiter Maurice Dedic (ID: 5000) wurde von der Email Zuweisung entfernt.', '2025-08-01 08:23:15', 0, 5006),
(34, 28, 5000, 'Mitarbeiter Maurice Dedic (ID: 5000) wurde von der Email Zuweisung entfernt.', '2025-08-01 08:23:15', 0, 5006),
(35, 29, 5000, 'Mitarbeiter Maurice Dedic (ID: 5000) wurde von der Email Zuweisung entfernt.', '2025-08-01 08:23:15', 0, 5006),
(36, 29, 5001, 'Mitarbeiter Maurice Dedic (ID: 5000) wurde von der Email Zuweisung entfernt.', '2025-08-01 08:23:15', 0, 5006),
(37, 29, 5001, 'Mitarbeiter Andrej Dedic (ID: 5001) wurde von der Email Zuweisung entfernt.', '2025-08-01 08:23:15', 0, 5006),
(38, 30, 5000, 'Mitarbeiter Maurice Dedic (ID: 5000) wurde von der Email Zuweisung entfernt.', '2025-08-01 08:23:15', 0, 5006),
(39, 30, 5001, 'Mitarbeiter Maurice Dedic (ID: 5000) wurde von der Email Zuweisung entfernt.', '2025-08-01 08:23:15', 0, 5006),
(40, 30, 5001, 'Mitarbeiter Andrej Dedic (ID: 5001) wurde von der Email Zuweisung entfernt.', '2025-08-01 08:23:15', 0, 5006),
(41, 31, 5000, 'Mitarbeiter Maurice Dedic (ID: 5000) wurde von der Email Zuweisung entfernt.', '2025-08-01 08:23:15', 0, 5006),
(42, 34, 5000, 'Mitarbeiter Maurice Dedic (ID: 5000) wurde von der Email Zuweisung entfernt.', '2025-08-01 08:23:15', 0, 5006),
(43, 34, 5001, 'Mitarbeiter Maurice Dedic (ID: 5000) wurde von der Email Zuweisung entfernt.', '2025-08-01 08:23:15', 0, 5006),
(44, 34, 5001, 'Mitarbeiter Andrej Dedic (ID: 5001) wurde von der Email Zuweisung entfernt.', '2025-08-01 08:23:15', 0, 5006),
(45, 170, 5001, 'Mitarbeiter Andrej Dedic (ID: 5001) wurde der Email zugewiesen', '2025-08-04 08:31:23', 0, 5006),
(46, 32, 5000, 'Mitarbeiter Maurice Dedic (ID: 5000) wurde von der Email Zuweisung entfernt.', '2025-08-11 11:10:02', 0, 5001),
(47, 35, 5000, 'Mitarbeiter Andrej Dedic (ID: 5001) wurde von der Email Zuweisung entfernt.', '2025-08-11 11:10:06', 0, 5001),
(48, 35, 5000, 'Mitarbeiter Maurice Dedic (ID: 5000) wurde von der Email Zuweisung entfernt.', '2025-08-11 11:10:06', 0, 5001),
(49, 55, 5000, 'Mitarbeiter Maurice Dedic (ID: 5000) wurde von der Email Zuweisung entfernt.', '2025-08-11 11:10:11', 0, 5001),
(50, 401, 5001, 'Mitarbeiter Andrej Dedic (ID: 5001) wurde der Email zugewiesen', '2025-08-18 10:57:28', 0, 5006),
(51, 403, 5078, 'Mitarbeiter Prakti Kant (ID: 5078) wurde der Email zugewiesen', '2025-08-18 10:58:14', 0, 5006);

-- --------------------------------------------------------

--
-- Tabellenstruktur für Tabelle `event`
--

CREATE TABLE `event` (
  `event_id` int(11) NOT NULL,
  `products_id` int(11) NOT NULL,
  `slots` int(11) NOT NULL,
  `added` datetime NOT NULL
) ENGINE=InnoDB DEFAULT CHARSET=utf8;

-- --------------------------------------------------------

--
-- Tabellenstruktur für Tabelle `events_to_event_tickets`
--

CREATE TABLE `events_to_event_tickets` (
  `events_to_event_tickets_id` int(11) NOT NULL,
  `events_id` int(11) NOT NULL,
  `event_tickets_id` int(11) NOT NULL,
  `persons` tinyint(4) NOT NULL,
  `price_add` decimal(15,4) NOT NULL,
  `ek_price` float(15,4) NOT NULL
) ENGINE=InnoDB DEFAULT CHARSET=utf8;

-- --------------------------------------------------------

--
-- Tabellenstruktur für Tabelle `event_dates`
--

CREATE TABLE `event_dates` (
  `event_dates_id` int(11) NOT NULL,
  `event_id` int(11) NOT NULL,
  `event_date` date NOT NULL,
  `added` datetime NOT NULL,
  `disabled` int(1) NOT NULL
) ENGINE=InnoDB DEFAULT CHARSET=utf8;

-- --------------------------------------------------------

--
-- Tabellenstruktur für Tabelle `event_dates_timer`
--

CREATE TABLE `event_dates_timer` (
  `event_dates_timer_id` int(11) NOT NULL,
  `event_dates_id` int(11) NOT NULL,
  `event_time` time NOT NULL,
  `added` datetime NOT NULL,
  `disabled` int(1) NOT NULL
) ENGINE=InnoDB DEFAULT CHARSET=utf8;

-- --------------------------------------------------------

--
-- Tabellenstruktur für Tabelle `event_tickets`
--

CREATE TABLE `event_tickets` (
  `event_tickets_id` int(11) NOT NULL,
  `date_added` datetime NOT NULL
) ENGINE=InnoDB DEFAULT CHARSET=utf8;

-- --------------------------------------------------------

--
-- Tabellenstruktur für Tabelle `event_tickets_description`
--

CREATE TABLE `event_tickets_description` (
  `event_tickets_description_id` int(11) NOT NULL,
  `event_tickets_id` int(11) NOT NULL,
  `title` varchar(128) NOT NULL,
  `description` text,
  `language_id` int(1) NOT NULL
) ENGINE=InnoDB DEFAULT CHARSET=utf8;

-- --------------------------------------------------------

--
-- Tabellenstruktur für Tabelle `feedback_reminder`
--

CREATE TABLE `feedback_reminder` (
  `feedback_reminder_id` int(11) NOT NULL,
  `orders_id` int(11) NOT NULL DEFAULT '0',
  `ebay_id` varchar(32) NOT NULL DEFAULT '',
  `ebay_user_id` varchar(64) NOT NULL DEFAULT '',
  `mailcounter` tinyint(4) NOT NULL DEFAULT '0',
  `last_action` datetime NOT NULL DEFAULT '0000-00-00 00:00:00'
) ENGINE=MyISAM DEFAULT CHARSET=utf8;

-- --------------------------------------------------------

--
-- Tabellenstruktur für Tabelle `flashpoint_import_configuration`
--

CREATE TABLE `flashpoint_import_configuration` (
  `flashpoint_import_configuration_id` int(11) NOT NULL,
  `col_id` int(11) NOT NULL DEFAULT '0',
  `col_type` varchar(64) NOT NULL DEFAULT '',
  `col_value` varchar(64) NOT NULL DEFAULT ''
) ENGINE=MyISAM DEFAULT CHARSET=utf8;

-- --------------------------------------------------------

--
-- Tabellenstruktur für Tabelle `geo_zones`
--

CREATE TABLE `geo_zones` (
  `geo_zone_id` int(11) NOT NULL,
  `geo_zone_name` varchar(32) NOT NULL DEFAULT '',
  `geo_zone_description` varchar(255) NOT NULL DEFAULT '',
  `last_modified` datetime DEFAULT NULL,
  `date_added` datetime NOT NULL DEFAULT '0000-00-00 00:00:00'
) ENGINE=MyISAM DEFAULT CHARSET=utf8;

--
-- Daten für Tabelle `geo_zones`
--

INSERT INTO `geo_zones` (`geo_zone_id`, `geo_zone_name`, `geo_zone_description`, `last_modified`, `date_added`) VALUES
(6, 'Steuerzone EU-Ausland', '', '0000-00-00 00:00:00', '2004-09-15 10:00:46'),
(5, 'Steuerzone EU', 'Steuerzone fÃƒÆ’Ã†â€™Ãƒâ€šÃ†â€™ÃƒÆ’Ã¢â‚¬Å¡Ãƒâ€šÃ‚Â¼r die EU', '0000-00-00 00:00:00', '2004-09-15 10:00:46'),
(7, 'Steuerzone B2B', '', NULL, '2004-09-15 10:00:46'),
(8, 'USt. Steuerzone Austria', 'YES autom. Import', '0000-00-00 00:00:00', '2022-08-10 11:45:47'),
(9, 'USt. Steuerzone Belgium', 'YES autom. Import', '0000-00-00 00:00:00', '2022-08-10 11:45:47'),
(10, 'USt. Steuerzone Bulgaria', 'YES autom. Import', '0000-00-00 00:00:00', '2022-08-10 11:45:47'),
(11, 'USt. Steuerzone Cyprus', 'YES autom. Import', '0000-00-00 00:00:00', '2022-08-10 11:45:47'),
(12, 'USt. Steuerzone Czech Republic', 'YES autom. Import', '0000-00-00 00:00:00', '2022-08-10 11:45:47'),
(13, 'USt. Steuerzone Germany', 'YES autom. Import', '0000-00-00 00:00:00', '2022-08-10 11:45:47'),
(14, 'USt. Steuerzone Denmark', 'YES autom. Import', '0000-00-00 00:00:00', '2022-08-10 11:45:47'),
(15, 'USt. Steuerzone Estonia', 'YES autom. Import', '0000-00-00 00:00:00', '2022-08-10 11:45:47'),
(16, 'USt. Steuerzone Greece', 'YES autom. Import', '0000-00-00 00:00:00', '2022-08-10 11:45:47'),
(17, 'USt. Steuerzone Spain', 'YES autom. Import', '0000-00-00 00:00:00', '2022-08-10 11:45:47'),
(18, 'USt. Steuerzone Finland', 'YES autom. Import', '0000-00-00 00:00:00', '2022-08-10 11:45:47'),
(19, 'USt. Steuerzone France', 'YES autom. Import', '0000-00-00 00:00:00', '2022-08-10 11:45:47'),
(20, 'USt. Steuerzone Croatia', 'YES autom. Import', '0000-00-00 00:00:00', '2022-08-10 11:45:47'),
(21, 'USt. Steuerzone Hungary', 'YES autom. Import', '0000-00-00 00:00:00', '2022-08-10 11:45:47'),
(22, 'USt. Steuerzone Ireland', 'YES autom. Import', '0000-00-00 00:00:00', '2022-08-10 11:45:47'),
(23, 'USt. Steuerzone Italy', 'YES autom. Import', '0000-00-00 00:00:00', '2022-08-10 11:45:47'),
(24, 'USt. Steuerzone Lithuania', 'YES autom. Import', '0000-00-00 00:00:00', '2022-08-10 11:45:47'),
(25, 'USt. Steuerzone Luxembourg', 'YES autom. Import', '0000-00-00 00:00:00', '2022-08-10 11:45:47'),
(26, 'USt. Steuerzone Latvia', 'YES autom. Import', '0000-00-00 00:00:00', '2022-08-10 11:45:47'),
(27, 'USt. Steuerzone Malta', 'YES autom. Import', '0000-00-00 00:00:00', '2022-08-10 11:45:47'),
(28, 'USt. Steuerzone Netherlands', 'YES autom. Import', '0000-00-00 00:00:00', '2022-08-10 11:45:47'),
(29, 'USt. Steuerzone Poland', 'YES autom. Import', '0000-00-00 00:00:00', '2022-08-10 11:45:47'),
(30, 'USt. Steuerzone Portugal', 'YES autom. Import', '0000-00-00 00:00:00', '2022-08-10 11:45:47'),
(31, 'USt. Steuerzone Romania', 'YES autom. Import', '0000-00-00 00:00:00', '2022-08-10 11:45:47'),
(32, 'USt. Steuerzone Sweden', 'YES autom. Import', '0000-00-00 00:00:00', '2022-08-10 11:45:47'),
(33, 'USt. Steuerzone Slovenia', 'YES autom. Import', '0000-00-00 00:00:00', '2022-08-10 11:45:47'),
(34, 'USt. Steuerzone Slovakia (Slovak', 'YES autom. Import', '0000-00-00 00:00:00', '2022-08-10 11:45:47');

-- --------------------------------------------------------

--
-- Tabellenstruktur für Tabelle `groups`
--

CREATE TABLE `groups` (
  `groups_id` int(11) NOT NULL,
  `groups_title` varchar(64) NOT NULL DEFAULT '',
  `groups_created` datetime NOT NULL DEFAULT '0000-00-00 00:00:00',
  `groups_last_changed` datetime NOT NULL DEFAULT '0000-00-00 00:00:00',
  `visible` int(1) NOT NULL DEFAULT '1',
  `ebay_visible` int(1) NOT NULL
) ENGINE=MyISAM DEFAULT CHARSET=utf8;

--
-- Daten für Tabelle `groups`
--

INSERT INTO `groups` (`groups_id`, `groups_title`, `groups_created`, `groups_last_changed`, `visible`, `ebay_visible`) VALUES
(9, 'Accumulators', '2025-05-05 18:15:46', '2025-05-05 19:04:00', 1, 1),
(10, 'Assembly', '2025-05-05 18:20:37', '2025-05-05 19:03:58', 1, 1),
(11, 'Solar modules - Technical data', '2025-05-05 19:03:53', '0000-00-00 00:00:00', 1, 1),
(12, 'Inverter - Technical data', '2025-05-05 19:08:06', '0000-00-00 00:00:00', 1, 1),
(13, 'WEEEE', '2025-05-05 20:00:14', '0000-00-00 00:00:00', 1, 1),
(14, 'Store - Type filter', '2025-05-05 20:01:17', '0000-00-00 00:00:00', 1, 1),
(15, 'AE-F2.0 (EU)', '2025-06-13 21:32:09', '2025-06-14 10:38:35', 1, 1),
(16, 'Single Phase  Hybrid Inverter (Low Voltage)', '2025-07-01 14:04:23', '2025-07-02 13:13:26', 1, 1),
(17, 'Three Phase Hybrid Inverter (High Voltage)', '2025-07-01 14:05:16', '2025-07-02 13:13:32', 1, 1),
(18, 'Three Phase Hybrid Inverter (Low Voltage)', '2025-07-01 14:05:35', '2025-07-02 13:13:38', 1, 1),
(20, 'Single Phase String Inverter', '2025-07-04 11:26:53', '0000-00-00 00:00:00', 1, 1),
(21, 'Three Phase String Inverter', '2025-07-04 11:27:04', '0000-00-00 00:00:00', 1, 1),
(22, 'Battery Packs / Modules', '2025-07-07 09:42:19', '0000-00-00 00:00:00', 1, 1),
(23, 'Racks', '2025-07-07 09:42:28', '0000-00-00 00:00:00', 1, 1),
(24, 'Accessories / Others', '2025-07-07 09:42:35', '0000-00-00 00:00:00', 1, 1),
(26, 'Inverter', '2025-07-07 10:58:00', '0000-00-00 00:00:00', 1, 0),
(27, 'Power Distribution Units (PDU)', '2025-07-07 11:00:14', '0000-00-00 00:00:00', 1, 1),
(28, 'Microinverter', '2025-07-07 11:01:44', '0000-00-00 00:00:00', 1, 1),
(29, 'Enquiry', '2025-07-09 12:06:49', '2025-07-09 12:06:54', 1, 1),
(30, 'Sets', '2025-07-09 12:19:43', '0000-00-00 00:00:00', 1, 1),
(31, 'W.E.M.S', '2025-07-10 19:41:04', '0000-00-00 00:00:00', 1, 1),
(32, 'ADR', '2025-08-06 14:03:27', '0000-00-00 00:00:00', 0, 0),
(33, 'Charging Integrated Solution (CIS)', '2025-10-16 13:57:20', '0000-00-00 00:00:00', 1, 1);

-- --------------------------------------------------------

--
-- Tabellenstruktur für Tabelle `groups_allocations`
--

CREATE TABLE `groups_allocations` (
  `groups_id` int(11) NOT NULL DEFAULT '0',
  `products_id` int(11) NOT NULL DEFAULT '0'
) ENGINE=MyISAM DEFAULT CHARSET=utf8;

--
-- Daten für Tabelle `groups_allocations`
--

INSERT INTO `groups_allocations` (`groups_id`, `products_id`) VALUES
(9, 127),
(9, 128),
(9, 129),
(9, 130),
(9, 119),
(9, 131),
(9, 132),
(9, 133),
(9, 137),
(9, 138),
(9, 139),
(9, 173),
(9, 174),
(9, 175),
(9, 167),
(9, 168),
(9, 169),
(9, 172),
(9, 171),
(9, 170),
(9, 160),
(9, 159),
(9, 227),
(9, 186),
(9, 233),
(9, 234),
(9, 235),
(9, 236),
(9, 237),
(9, 238),
(9, 239),
(9, 240),
(9, 241),
(9, 226),
(9, 225),
(9, 243),
(9, 254),
(9, 255),
(9, 256),
(9, 257),
(9, 258),
(9, 259),
(9, 260),
(9, 261),
(9, 262),
(9, 263),
(9, 264),
(9, 265),
(9, 266),
(9, 267),
(9, 268),
(9, 273),
(9, 274),
(9, 275),
(9, 276),
(9, 277),
(9, 278),
(9, 279),
(10, 147),
(10, 154),
(10, 152),
(10, 155),
(10, 153),
(10, 157),
(10, 158),
(10, 156),
(10, 150),
(10, 151),
(10, 149),
(10, 148),
(12, 101),
(12, 102),
(12, 103),
(12, 104),
(12, 105),
(12, 106),
(12, 107),
(12, 108),
(12, 109),
(12, 110),
(12, 111),
(12, 112),
(12, 113),
(12, 114),
(12, 115),
(12, 116),
(12, 117),
(12, 118),
(12, 120),
(12, 121),
(12, 122),
(12, 134),
(12, 136),
(12, 137),
(12, 138),
(12, 139),
(12, 140),
(12, 141),
(12, 142),
(12, 143),
(12, 144),
(12, 145),
(12, 146),
(12, 159),
(12, 160),
(12, 170),
(12, 167),
(12, 168),
(12, 169),
(12, 171),
(12, 172),
(12, 173),
(12, 174),
(12, 175),
(12, 176),
(12, 177),
(12, 178),
(12, 179),
(12, 180),
(12, 181),
(12, 182),
(12, 183),
(12, 184),
(12, 185),
(12, 187),
(12, 188),
(12, 189),
(12, 191),
(12, 192),
(12, 193),
(12, 194),
(12, 195),
(12, 196),
(12, 197),
(12, 198),
(12, 199),
(12, 200),
(12, 201),
(12, 202),
(12, 203),
(12, 204),
(12, 205),
(12, 206),
(12, 207),
(12, 208),
(12, 209),
(12, 210),
(12, 211),
(12, 212),
(12, 213),
(12, 214),
(12, 215),
(12, 216),
(12, 217),
(12, 218),
(12, 219),
(12, 220),
(12, 222),
(12, 223),
(12, 224),
(12, 229),
(12, 231),
(12, 232),
(12, 244),
(12, 245),
(12, 246),
(12, 247),
(12, 270),
(12, 271),
(12, 272),
(12, 280),
(12, 281),
(12, 282),
(12, 283),
(12, 284),
(12, 285),
(12, 286),
(12, 287),
(12, 288),
(12, 289),
(12, 290),
(12, 291),
(12, 292),
(12, 293),
(12, 294),
(12, 295),
(12, 296),
(12, 297),
(12, 298),
(12, 299),
(12, 300),
(12, 301),
(12, 302),
(12, 303),
(12, 304),
(11, 123),
(11, 124),
(11, 125),
(11, 126),
(11, 137),
(11, 134),
(11, 136),
(11, 138),
(11, 139),
(11, 248),
(11, 250),
(11, 269),
(14, 105),
(14, 104),
(14, 103),
(14, 102),
(14, 101),
(14, 106),
(14, 107),
(14, 108),
(14, 109),
(14, 110),
(14, 111),
(14, 112),
(14, 113),
(14, 114),
(14, 115),
(14, 116),
(14, 117),
(14, 118),
(14, 120),
(14, 121),
(14, 122),
(14, 134),
(14, 136),
(14, 135),
(14, 137),
(14, 138),
(14, 139),
(14, 123),
(14, 124),
(14, 125),
(14, 126),
(14, 140),
(14, 141),
(14, 142),
(14, 143),
(14, 144),
(14, 145),
(14, 146),
(14, 159),
(14, 160),
(14, 170),
(14, 167),
(14, 168),
(14, 169),
(14, 171),
(14, 172),
(14, 173),
(14, 174),
(14, 175),
(14, 176),
(14, 177),
(14, 178),
(14, 179),
(14, 180),
(14, 181),
(14, 182),
(14, 183),
(14, 184),
(14, 185),
(14, 187),
(14, 188),
(14, 189),
(14, 191),
(14, 192),
(14, 193),
(14, 194),
(14, 195),
(14, 196),
(14, 197),
(14, 198),
(14, 199),
(14, 200),
(14, 201),
(14, 202),
(14, 203),
(14, 204),
(14, 205),
(14, 206),
(14, 207),
(14, 208),
(14, 209),
(14, 210),
(14, 211),
(14, 212),
(14, 213),
(14, 214),
(14, 215),
(14, 216),
(14, 217),
(14, 218),
(14, 219),
(14, 220),
(14, 222),
(14, 223),
(14, 224),
(14, 229),
(14, 231),
(14, 232),
(14, 270),
(14, 271),
(14, 272),
(14, 281),
(14, 282),
(14, 283),
(14, 284),
(14, 285),
(14, 286),
(14, 287),
(14, 288),
(14, 289),
(14, 290),
(14, 291),
(14, 292),
(14, 293),
(14, 294),
(14, 295),
(14, 296),
(14, 297),
(14, 298),
(14, 299),
(14, 300),
(14, 301),
(14, 302),
(14, 303),
(14, 304),
(13, 137),
(13, 138),
(13, 139),
(13, 134),
(13, 136),
(13, 135),
(13, 123),
(13, 124),
(13, 125),
(13, 126),
(13, 119),
(13, 131),
(13, 132),
(13, 133),
(13, 128),
(13, 127),
(13, 130),
(13, 129),
(13, 106),
(13, 107),
(13, 108),
(13, 101),
(13, 102),
(13, 103),
(13, 104),
(13, 105),
(13, 110),
(13, 112),
(13, 111),
(13, 113),
(13, 114),
(13, 115),
(13, 116),
(13, 117),
(13, 118),
(13, 120),
(13, 122),
(13, 121),
(13, 140),
(13, 141),
(13, 142),
(13, 143),
(13, 144),
(13, 145),
(13, 146),
(13, 159),
(13, 160),
(13, 170),
(13, 167),
(13, 168),
(13, 169),
(13, 171),
(13, 172),
(13, 173),
(13, 174),
(13, 175),
(13, 176),
(13, 177),
(13, 178),
(13, 179),
(13, 180),
(13, 181),
(13, 182),
(13, 183),
(13, 184),
(13, 185),
(13, 187),
(13, 188),
(13, 189),
(13, 191),
(13, 192),
(13, 193),
(13, 194),
(13, 195),
(13, 196),
(13, 197),
(13, 198),
(13, 199),
(13, 200),
(13, 201),
(13, 202),
(13, 203),
(13, 204),
(13, 205),
(13, 206),
(13, 207),
(13, 208),
(13, 209),
(13, 210),
(13, 211),
(13, 212),
(13, 213),
(13, 214),
(13, 215),
(13, 216),
(13, 217),
(13, 218),
(13, 219),
(13, 220),
(13, 222),
(13, 223),
(13, 224),
(13, 229),
(13, 231),
(13, 232),
(13, 244),
(13, 245),
(13, 246),
(13, 247),
(13, 248),
(13, 249),
(13, 251),
(13, 250),
(13, 252),
(13, 253),
(13, 254),
(13, 255),
(13, 256),
(13, 257),
(13, 258),
(13, 259),
(13, 260),
(13, 261),
(13, 262),
(13, 263),
(13, 237),
(13, 264),
(13, 265),
(13, 266),
(13, 267),
(13, 268),
(13, 269),
(13, 270),
(13, 271),
(13, 272),
(13, 280),
(13, 281),
(13, 282),
(13, 283),
(13, 284),
(13, 285),
(13, 286),
(13, 287),
(13, 288),
(13, 289),
(13, 290),
(13, 291),
(13, 292),
(13, 293),
(13, 294),
(13, 295),
(13, 296),
(13, 297),
(13, 298),
(13, 299),
(13, 300),
(13, 301),
(13, 302),
(13, 303),
(13, 304),
(15, 523),
(15, 522),
(9, 421),
(16, 524),
(16, 525),
(16, 526),
(16, 527),
(16, 528),
(16, 529),
(16, 530),
(16, 531),
(16, 532),
(18, 534),
(18, 533),
(18, 535),
(18, 536),
(18, 537),
(18, 538),
(18, 539),
(17, 541),
(17, 540),
(17, 542),
(17, 543),
(17, 544),
(17, 545),
(17, 546),
(17, 547),
(17, 548),
(17, 549),
(20, 551),
(20, 550),
(21, 553),
(21, 552),
(21, 554),
(21, 555),
(21, 556),
(21, 557),
(21, 558),
(21, 559),
(21, 560),
(21, 561),
(21, 562),
(26, 562),
(26, 561),
(26, 560),
(26, 559),
(26, 558),
(26, 557),
(26, 556),
(26, 555),
(26, 554),
(26, 553),
(26, 552),
(26, 551),
(26, 550),
(26, 549),
(26, 548),
(26, 547),
(26, 546),
(26, 545),
(26, 544),
(26, 543),
(26, 542),
(26, 541),
(26, 540),
(26, 539),
(26, 538),
(26, 537),
(26, 536),
(26, 535),
(26, 534),
(26, 533),
(26, 531),
(26, 530),
(26, 529),
(26, 528),
(26, 527),
(26, 526),
(26, 525),
(26, 524),
(26, 563),
(28, 563),
(26, 564),
(28, 564),
(26, 565),
(28, 565),
(26, 566),
(28, 566),
(28, 567),
(22, 567),
(26, 567),
(28, 568),
(22, 568),
(26, 568),
(27, 569),
(22, 569),
(22, 571),
(22, 570),
(22, 572),
(22, 573),
(22, 574),
(27, 574),
(22, 575),
(27, 575),
(22, 576),
(27, 576),
(29, 576),
(22, 577),
(27, 577),
(29, 577),
(30, 571),
(30, 574),
(30, 572),
(30, 575),
(30, 576),
(30, 577),
(22, 578),
(27, 578),
(29, 578),
(30, 578),
(22, 579),
(27, 579),
(30, 579),
(30, 567),
(30, 568),
(30, 569),
(30, 570),
(22, 580),
(22, 581),
(22, 582),
(22, 583),
(22, 584),
(22, 585),
(27, 585),
(29, 585),
(30, 585),
(22, 586),
(27, 586),
(29, 586),
(30, 586),
(22, 587),
(27, 587),
(29, 587),
(30, 587),
(22, 588),
(27, 588),
(30, 588),
(22, 589),
(30, 589),
(22, 590),
(22, 591),
(22, 592),
(30, 592),
(22, 593),
(30, 593),
(27, 593),
(24, 594),
(30, 594),
(23, 594),
(24, 595),
(30, 595),
(23, 595),
(24, 596),
(30, 596),
(23, 596),
(24, 597),
(30, 597),
(23, 597),
(24, 598),
(30, 598),
(31, 598),
(24, 599),
(30, 599),
(31, 599),
(24, 600),
(30, 600),
(31, 600),
(24, 601),
(30, 601),
(31, 601),
(24, 602),
(30, 602),
(31, 602),
(32, 592),
(16, 609),
(26, 609),
(22, 611),
(26, 1002),
(22, 612),
(33, 614),
(22, 613),
(16, 1002),
(16, 1003),
(26, 1003),
(16, 1004),
(26, 1004),
(16, 1005),
(26, 1005),
(16, 1006),
(26, 1006),
(16, 1007),
(26, 1007),
(16, 1008),
(26, 1008),
(16, 1009),
(26, 1009),
(18, 1010),
(26, 1010),
(18, 1011),
(26, 1011),
(18, 1012),
(26, 1012),
(18, 1013),
(26, 1013),
(18, 1014),
(26, 1014),
(18, 1015),
(26, 1015),
(18, 1016),
(26, 1016),
(17, 1017),
(26, 1017),
(17, 1018),
(26, 1018),
(17, 1019),
(26, 1019),
(17, 1020),
(26, 1020),
(17, 1021),
(26, 1021),
(17, 1022),
(26, 1022),
(17, 1023),
(26, 1023),
(17, 1024),
(26, 1024),
(17, 1025),
(26, 1025),
(17, 1026),
(26, 1026),
(20, 1027),
(26, 1027),
(20, 1028),
(26, 1028),
(21, 1029),
(26, 1029),
(21, 1030),
(26, 1030),
(21, 1031),
(26, 1031),
(21, 1032),
(26, 1032),
(21, 1033),
(26, 1033),
(21, 1034),
(26, 1034),
(21, 1035),
(26, 1035),
(21, 1036),
(26, 1036),
(21, 1037),
(26, 1037),
(21, 1038),
(26, 1038),
(21, 1039),
(26, 1039),
(26, 1040),
(28, 1040),
(26, 1041),
(28, 1041),
(26, 1042),
(28, 1042),
(26, 1043),
(28, 1043),
(28, 1044),
(22, 1044),
(26, 1044),
(30, 1044),
(28, 1045),
(22, 1045),
(26, 1045),
(30, 1045),
(27, 1046),
(22, 1046),
(30, 1046),
(22, 1047),
(30, 1047),
(22, 1048),
(30, 1048),
(22, 1049),
(30, 1049),
(22, 1050),
(22, 1051),
(27, 1051),
(30, 1051),
(22, 1052),
(27, 1052),
(30, 1052),
(22, 1053),
(27, 1053),
(29, 1053),
(30, 1053),
(22, 1054),
(27, 1054),
(29, 1054),
(30, 1054),
(22, 1055),
(27, 1055),
(29, 1055),
(30, 1055),
(22, 1056),
(27, 1056),
(30, 1056),
(22, 1057),
(22, 1058),
(22, 1059),
(22, 1060),
(22, 1061),
(22, 1062),
(22, 1063),
(30, 1063),
(32, 1063),
(22, 1064),
(30, 1064),
(27, 1064),
(24, 1065),
(30, 1065),
(23, 1065),
(24, 1066),
(30, 1066),
(23, 1066),
(24, 1067),
(30, 1067),
(23, 1067),
(24, 1068),
(30, 1068),
(23, 1068),
(24, 1069),
(30, 1069),
(31, 1069),
(24, 1070),
(30, 1070),
(31, 1070),
(24, 1071),
(30, 1071),
(31, 1071),
(24, 1072),
(30, 1072),
(31, 1072),
(24, 1073),
(30, 1073),
(31, 1073),
(22, 1074),
(22, 1075),
(22, 1076),
(33, 1077);

-- --------------------------------------------------------

--
-- Tabellenstruktur für Tabelle `groups_tax_rates_allocation`
--

CREATE TABLE `groups_tax_rates_allocation` (
  `groups_tax_rates_allocation_id` int(11) NOT NULL,
  `groups_id` int(11) NOT NULL,
  `tax_rates_id` int(11) NOT NULL,
  `date_added` datetime NOT NULL
) ENGINE=InnoDB DEFAULT CHARSET=utf8;

-- --------------------------------------------------------

--
-- Tabellenstruktur für Tabelle `group_history`
--

CREATE TABLE `group_history` (
  `group_history_id` int(11) NOT NULL,
  `group_id` int(11) NOT NULL DEFAULT '0',
  `date_added` datetime NOT NULL DEFAULT '0000-00-00 00:00:00',
  `comments` text,
  `editor_id` int(11) NOT NULL DEFAULT '0'
) ENGINE=MyISAM DEFAULT CHARSET=utf8;

-- --------------------------------------------------------

--
-- Tabellenstruktur für Tabelle `hermes`
--

CREATE TABLE `hermes` (
  `id` int(11) NOT NULL,
  `orders_id` int(11) NOT NULL DEFAULT '0',
  `date_saved` datetime NOT NULL DEFAULT '0000-00-00 00:00:00',
  `customer_notified` enum('n','y') NOT NULL DEFAULT 'n',
  `i_company` int(1) NOT NULL DEFAULT '0',
  `c_blocking` int(1) NOT NULL DEFAULT '0',
  `c_mailoptout` enum('N','Y') NOT NULL DEFAULT 'N',
  `s_name` varchar(64) NOT NULL DEFAULT '',
  `s_firstname` varchar(64) NOT NULL DEFAULT '',
  `s_city` varchar(64) NOT NULL DEFAULT '',
  `s_address1` varchar(64) NOT NULL DEFAULT '',
  `s_address2` varchar(64) NOT NULL DEFAULT '',
  `s_address3` varchar(64) NOT NULL DEFAULT '',
  `i_zipcode` varchar(64) NOT NULL DEFAULT '',
  `i_country` int(11) NOT NULL DEFAULT '0',
  `c_sex` enum('M','F') NOT NULL DEFAULT 'M',
  `c_shipto` enum('N','Y') NOT NULL DEFAULT 'N',
  `c_pandp` enum('N','Y') NOT NULL DEFAULT 'N',
  `f_pandpval` float NOT NULL DEFAULT '0',
  `c_paymode` char(1) NOT NULL DEFAULT '',
  `c_ordertype` char(1) NOT NULL DEFAULT '',
  `s_extern_orderno` varchar(64) NOT NULL DEFAULT '',
  `c_message` enum('N','Y') NOT NULL DEFAULT 'N',
  `i_detail` int(1) NOT NULL DEFAULT '0',
  `i_itemno` varchar(64) NOT NULL DEFAULT '',
  `i_effort` int(11) NOT NULL DEFAULT '0',
  `i_size` int(11) NOT NULL DEFAULT '0',
  `f_retailprice` float NOT NULL DEFAULT '0',
  `i_orderqty` int(11) NOT NULL DEFAULT '0',
  `reclamations_id` int(11) NOT NULL DEFAULT '0'
) ENGINE=MyISAM DEFAULT CHARSET=utf8;

-- --------------------------------------------------------

--
-- Tabellenstruktur für Tabelle `hermes_countries`
--

CREATE TABLE `hermes_countries` (
  `id` int(11) NOT NULL,
  `name` varchar(64) NOT NULL DEFAULT '',
  `iso2` char(2) NOT NULL DEFAULT '',
  `iso3` char(3) NOT NULL DEFAULT '',
  `isocode` int(11) NOT NULL DEFAULT '0'
) ENGINE=MyISAM DEFAULT CHARSET=utf8;

-- --------------------------------------------------------

--
-- Tabellenstruktur für Tabelle `hermes_status_dispos`
--

CREATE TABLE `hermes_status_dispos` (
  `hermes_status_dispos_id` int(11) NOT NULL,
  `i_company` int(11) NOT NULL DEFAULT '0',
  `i_booktype` int(11) NOT NULL DEFAULT '0',
  `i_itemno` varchar(16) NOT NULL DEFAULT '',
  `i_size` int(11) NOT NULL DEFAULT '0',
  `i_effort` int(11) NOT NULL DEFAULT '0',
  `f_retailprice` double NOT NULL DEFAULT '0',
  `f_costprice` double NOT NULL DEFAULT '0',
  `i_account` varchar(16) NOT NULL DEFAULT '',
  `i_itemqty` int(11) NOT NULL DEFAULT '0',
  `i_prodline1` int(11) NOT NULL DEFAULT '0',
  `i_prodline3` int(11) NOT NULL DEFAULT '0',
  `i_taxcode` int(11) NOT NULL DEFAULT '0',
  `c_ordertype` varchar(8) NOT NULL DEFAULT '',
  `f_discountrt` double NOT NULL DEFAULT '0',
  `i_action` int(11) NOT NULL DEFAULT '0',
  `i_order` varchar(16) NOT NULL DEFAULT '',
  `i_catalog` int(11) NOT NULL DEFAULT '0',
  `i_shop` int(11) NOT NULL DEFAULT '0',
  `i_prodrange` int(11) NOT NULL DEFAULT '0',
  `orders_id` int(11) NOT NULL DEFAULT '0',
  `ebay_id` varchar(20) NOT NULL DEFAULT '',
  `date_saved` datetime NOT NULL DEFAULT '0000-00-00 00:00:00',
  `reclamations_id` int(11) NOT NULL DEFAULT '0'
) ENGINE=MyISAM DEFAULT CHARSET=utf8;

-- --------------------------------------------------------

--
-- Tabellenstruktur für Tabelle `hermes_status_itemstock`
--

CREATE TABLE `hermes_status_itemstock` (
  `hermes_status_itemstock_id` int(11) NOT NULL,
  `i_company` int(11) NOT NULL DEFAULT '0',
  `i_itemno` varchar(16) NOT NULL DEFAULT '',
  `i_size` int(11) NOT NULL DEFAULT '0',
  `i_libqty` int(11) NOT NULL DEFAULT '0',
  `s_extern_itemno` varchar(32) NOT NULL DEFAULT '',
  `c_itemprofile` varchar(8) NOT NULL DEFAULT '',
  `i_libqtycopy` int(11) NOT NULL DEFAULT '0',
  `date_created` datetime NOT NULL DEFAULT '0000-00-00 00:00:00'
) ENGINE=MyISAM DEFAULT CHARSET=utf8;

-- --------------------------------------------------------

--
-- Tabellenstruktur für Tabelle `hermes_status_orderstat`
--

CREATE TABLE `hermes_status_orderstat` (
  `hermes_status_orderstat_id` int(11) NOT NULL,
  `orders_id` int(11) NOT NULL DEFAULT '0',
  `ebay_id` varchar(20) NOT NULL DEFAULT '',
  `i_account` int(11) NOT NULL DEFAULT '0',
  `d_create` date NOT NULL DEFAULT '0000-00-00',
  `i_order` int(11) NOT NULL DEFAULT '0',
  `i_invoice` int(11) NOT NULL DEFAULT '0',
  `i_detail` int(11) NOT NULL DEFAULT '0',
  `i_delivery` varchar(16) NOT NULL DEFAULT '',
  `i_itemno` varchar(16) NOT NULL DEFAULT '',
  `i_size` int(16) NOT NULL DEFAULT '0',
  `s_itemname` varchar(32) NOT NULL DEFAULT '',
  `i_packunit` int(11) NOT NULL DEFAULT '0',
  `i_carrier` varchar(8) NOT NULL DEFAULT '',
  `i_shipment_id` varchar(32) NOT NULL DEFAULT '',
  `reclamations_id` int(11) NOT NULL DEFAULT '0'
) ENGINE=MyISAM DEFAULT CHARSET=utf8;

-- --------------------------------------------------------

--
-- Tabellenstruktur für Tabelle `history`
--

CREATE TABLE `history` (
  `history_id` int(11) NOT NULL,
  `date_added` datetime NOT NULL DEFAULT '0000-00-00 00:00:00',
  `comments` text,
  `editor_id` int(11) NOT NULL DEFAULT '0'
) ENGINE=MyISAM DEFAULT CHARSET=utf8;

--
-- Daten für Tabelle `history`
--

INSERT INTO `history` (`history_id`, `date_added`, `comments`, `editor_id`) VALUES
(1, '2020-03-09 15:25:31', 'Es wurden 0 alte E-Mails gel&ouml;scht. (&Auml;lter als 2 Jahre)', 1),
(2, '2020-03-09 15:25:33', 'Es wurden alte Produkthistorien-Eintr&auml;ge gel&ouml;scht. (&Auml;lter als 2 Jahre)', 1),
(3, '2020-03-09 15:25:37', 'Es wurden 0 Auktionen gel&ouml;scht. (&Auml;lter als 100 Tage)', 1),
(4, '2020-03-09 15:44:07', 'Es wurden alte Produkthistorien-Eintr&auml;ge gel&ouml;scht. (&Auml;lter als 2 Jahre)', 1),
(5, '2020-12-18 12:30:21', 'Konfiguration EBAY_END_AUCTION_AT_SHOPORDER = True', 1),
(6, '2020-12-18 12:30:52', 'Konfiguration EBAY_EMAIL_SUBJECT = Ihre Bestellung {$ebay_userid} / {$ebay_id} / {$orders_id}', 1),
(7, '2020-12-18 12:31:53', 'Konfiguration EMAIL_BILLING_SUBJECT_ORDER = Ihre Bestellung Nr:{$nr} / {$date}', 1),
(8, '2021-08-19 11:07:47', 'Konfiguration BOX_MARKETING = 3,4:,,,;,,,;,,,', 1),
(9, '2021-08-19 11:07:52', 'Konfiguration BOX_MARKETING = 0,0:', 1),
(10, '2021-08-19 11:08:01', 'Konfiguration BOX_MARKETING = 0,5:', 1),
(11, '2023-07-14 17:03:04', 'Konfiguration SESSION_TIMEOUT_CUSTOMER = 14400', 1),
(12, '2023-07-14 17:03:47', 'Konfiguration ACTIVATE_GIFT_SYSTEM = true', 1),
(13, '2023-07-14 17:04:37', 'Konfiguration SMTP_PORT = 465', 1),
(14, '2023-12-18 12:25:02', 'Konfiguration RUECKERSTATTUNG_NEGATIVE_ORDER_PRODUCTS_ID = 6', 1),
(15, '2024-01-02 16:30:33', 'Konfiguration YES_BOXES = admin.php;best_sellers.php;categories_groups.php;categories_struct.php;content.php;infobox.php;information.php;languages.php;last_viewed.php;loginbox.php;manufacturers.php;marketing.php;newsletter.php;pop_cart.php;product_notifications.php;search.php;search_ean.php;shopping_cart.php;specials.php;whats_new.php;yesdsgvo.php', 1),
(16, '2024-01-26 14:42:14', 'Konfiguration NO_SHIPPING_EMAIL = 0', 1),
(17, '2024-01-26 14:44:09', 'Konfiguration SHIPPING_DEFAULT_VERSENDER_VALUE = GLS', 1),
(18, '2024-02-01 09:25:31', 'Konfiguration MARGENRECHNER_FIXKOSTEN_PERCENT = 5', 1),
(19, '2024-02-01 09:25:37', 'Konfiguration MARGENRECHNER_AMAZONFEE_PERCENT = 15', 1),
(20, '2024-02-01 09:25:42', 'Konfiguration MARGENRECHNER_EBAYFEE_PERCENT = 15', 1),
(21, '2024-12-16 13:11:01', 'Konfiguration PDF_PACKINGSLIP_EXPORT_AT_SHIPPING_ACTION = False', 1),
(22, '2024-12-16 13:11:06', 'Konfiguration DSGVO_ALLOW_SEND_CUSTOMER_EMAIL_ADDRESS_TO_SHIPPER = True', 1),
(23, '2025-04-30 19:19:57', 'Konfiguration MO_PICS = 17', 1),
(24, '2025-04-30 21:05:50', 'Es wurden 0 alte E-Mails gel&ouml;scht. (&Auml;lter als 2 Jahre)', 1),
(25, '2025-04-30 21:05:51', 'Es wurden alte Produkthistorien-Eintr&auml;ge gel&ouml;scht. (&Auml;lter als 2 Jahre)', 1),
(26, '2025-05-05 12:05:12', 'Konfiguration STORE_OWNER = SYD Green Energy GmbH & Co. KG', 1),
(27, '2025-05-05 12:05:33', 'Konfiguration EMAIL_FROM = info@syd-green-energy.com', 1),
(28, '2025-05-05 13:19:25', 'Konfiguration DEFAULT_LANGUAGE = en', 1),
(29, '2025-05-05 13:19:43', 'Konfiguration DEFAULT_LANGUAGE = de', 1),
(30, '2025-05-05 14:05:29', 'Konfiguration YES_BOXES = admin.php;best_sellers.php;categories_groups.php;categories_struct.php;content.php;infobox.php;information.php;languages.php;last_viewed.php;loginbox.php;manufacturers.php;marketing.php;newsletter.php;pop_cart.php;product_notifications.php;search.php;search_ean.php;shopping_cart.php;specials.php;whats_new.php;yesdsgvo.php', 1),
(31, '2025-05-05 14:22:49', 'Es wurden alte Produkthistorien-Eintr&auml;ge gel&ouml;scht. (&Auml;lter als 2 Jahre)', 1),
(32, '2025-05-05 14:22:51', 'Es wurden 0 alte E-Mails gel&ouml;scht. (&Auml;lter als 2 Jahre)', 1),
(33, '2025-05-06 18:03:52', 'Kundengruppen Konfiguration Gast:<br />customers_status_name = Gast<br />customers_status_public = 0<br />customers_status_show_price = 0<br />customers_status_show_price_tax = 0<br />customers_status_discount = 0.00<br />customers_status_ot_discount_flag = 0<br />customers_status_ot_discount = 0.00<br />customers_status_graduated_prices = 0<br />customers_status_add_tax_ot = 1<br />customers_status_payment_unallowed = invoice<br />customers_status_shipping_unallowed = <br />customers_status_payment_target = 0<br />customers_status_skonto = <br />customers_status_default_admin_paymentmethod = <br />customers_status_delivery_conditions = <br />export_note_text = <br />export_note = 0<br />customers_fsk18 = 1<br />customers_fsk18_display = 1<br />customers_status_discount_attributes = <br />account_value_alert_status = 0<br />account_value_alert_limit = 0<br />sort_order = 2<br />customers_status_description = <br />', 1),
(34, '2025-05-06 18:04:58', 'Kundengruppen Konfiguration Gast:<br />customers_status_name = Gast<br />customers_status_public = 1<br />customers_status_show_price = 0<br />customers_status_show_price_tax = 0<br />customers_status_discount = 0.00<br />customers_status_ot_discount_flag = 0<br />customers_status_ot_discount = 0.00<br />customers_status_graduated_prices = 0<br />customers_status_add_tax_ot = 1<br />customers_status_payment_unallowed = invoice<br />customers_status_shipping_unallowed = <br />customers_status_payment_target = 0<br />customers_status_skonto = <br />customers_status_default_admin_paymentmethod = <br />customers_status_delivery_conditions = <br />export_note_text = <br />export_note = 0<br />customers_fsk18 = 1<br />customers_fsk18_display = 1<br />customers_status_discount_attributes = <br />account_value_alert_status = 0<br />account_value_alert_limit = 0<br />sort_order = 2<br />customers_status_description = <br />', 1),
(35, '2025-05-06 18:05:16', 'Kundengruppen Konfiguration Gast:<br />customers_status_name = Gast<br />customers_status_public = 1<br />customers_status_show_price = 1<br />customers_status_show_price_tax = 0<br />customers_status_discount = 0.00<br />customers_status_ot_discount_flag = 0<br />customers_status_ot_discount = 0.00<br />customers_status_graduated_prices = 0<br />customers_status_add_tax_ot = 1<br />customers_status_payment_unallowed = invoice<br />customers_status_shipping_unallowed = <br />customers_status_payment_target = 0<br />customers_status_skonto = <br />customers_status_default_admin_paymentmethod = <br />customers_status_delivery_conditions = <br />export_note_text = <br />export_note = 0<br />customers_fsk18 = 1<br />customers_fsk18_display = 1<br />customers_status_discount_attributes = <br />account_value_alert_status = 0<br />account_value_alert_limit = 0<br />sort_order = 2<br />customers_status_description = <br />', 1),
(36, '2025-05-06 20:29:18', 'Kundengruppen Konfiguration Gast:<br />customers_status_name = Gast<br />customers_status_public = 1<br />customers_status_show_price = 0<br />customers_status_show_price_tax = 0<br />customers_status_discount = 0.00<br />customers_status_ot_discount_flag = 0<br />customers_status_ot_discount = 0.00<br />customers_status_graduated_prices = 0<br />customers_status_add_tax_ot = 1<br />customers_status_payment_unallowed = invoice<br />customers_status_shipping_unallowed = <br />customers_status_payment_target = 0<br />customers_status_skonto = <br />customers_status_default_admin_paymentmethod = <br />customers_status_delivery_conditions = <br />export_note_text = <br />export_note = 0<br />customers_fsk18 = 1<br />customers_fsk18_display = 1<br />customers_status_discount_attributes = <br />account_value_alert_status = 0<br />account_value_alert_limit = 0<br />sort_order = 2<br />customers_status_description = <br />', 1),
(37, '2025-05-06 20:30:00', 'Kundengruppen Konfiguration Gast:<br />customers_status_name = Gast<br />customers_status_public = 1<br />customers_status_show_price = 1<br />customers_status_show_price_tax = 0<br />customers_status_discount = 0.00<br />customers_status_ot_discount_flag = 0<br />customers_status_ot_discount = 0.00<br />customers_status_graduated_prices = 0<br />customers_status_add_tax_ot = 1<br />customers_status_payment_unallowed = invoice<br />customers_status_shipping_unallowed = <br />customers_status_payment_target = 0<br />customers_status_skonto = <br />customers_status_default_admin_paymentmethod = <br />customers_status_delivery_conditions = <br />export_note_text = <br />export_note = 0<br />customers_fsk18 = 1<br />customers_fsk18_display = 1<br />customers_status_discount_attributes = <br />account_value_alert_status = 0<br />account_value_alert_limit = 0<br />sort_order = 2<br />customers_status_description = <br />', 1),
(38, '2025-05-06 20:35:03', 'Kundengruppen Konfiguration Gast:<br />customers_status_name = Gast<br />customers_status_public = 1<br />customers_status_show_price = 0<br />customers_status_show_price_tax = 0<br />customers_status_discount = 0.00<br />customers_status_ot_discount_flag = 0<br />customers_status_ot_discount = 0.00<br />customers_status_graduated_prices = 0<br />customers_status_add_tax_ot = 1<br />customers_status_payment_unallowed = invoice<br />customers_status_shipping_unallowed = <br />customers_status_payment_target = 0<br />customers_status_skonto = <br />customers_status_default_admin_paymentmethod = <br />customers_status_delivery_conditions = <br />export_note_text = <br />export_note = 0<br />customers_fsk18 = 1<br />customers_fsk18_display = 1<br />customers_status_discount_attributes = <br />account_value_alert_status = 0<br />account_value_alert_limit = 0<br />sort_order = 2<br />customers_status_description = <br />', 1),
(39, '2025-05-06 20:36:50', 'Kundengruppen Konfiguration Gast:<br />customers_status_name = Gast<br />customers_status_public = 1<br />customers_status_show_price = 1<br />customers_status_show_price_tax = 0<br />customers_status_discount = 0.00<br />customers_status_ot_discount_flag = 0<br />customers_status_ot_discount = 0.00<br />customers_status_graduated_prices = 0<br />customers_status_add_tax_ot = 1<br />customers_status_payment_unallowed = invoice<br />customers_status_shipping_unallowed = <br />customers_status_payment_target = 0<br />customers_status_skonto = <br />customers_status_default_admin_paymentmethod = <br />customers_status_delivery_conditions = <br />export_note_text = <br />export_note = 0<br />customers_fsk18 = 1<br />customers_fsk18_display = 1<br />customers_status_discount_attributes = <br />account_value_alert_status = 0<br />account_value_alert_limit = 0<br />sort_order = 2<br />customers_status_description = <br />', 1),
(40, '2025-05-07 08:59:30', 'Kundengruppen Konfiguration Gast:<br />customers_status_name = Gast<br />customers_status_public = 1<br />customers_status_show_price = 0<br />customers_status_show_price_tax = 0<br />customers_status_discount = 0.00<br />customers_status_ot_discount_flag = 0<br />customers_status_ot_discount = 0.00<br />customers_status_graduated_prices = 0<br />customers_status_add_tax_ot = 1<br />customers_status_payment_unallowed = invoice<br />customers_status_shipping_unallowed = <br />customers_status_payment_target = 0<br />customers_status_skonto = <br />customers_status_default_admin_paymentmethod = <br />customers_status_delivery_conditions = <br />export_note_text = <br />export_note = 0<br />customers_fsk18 = 1<br />customers_fsk18_display = 1<br />customers_status_discount_attributes = <br />account_value_alert_status = 0<br />account_value_alert_limit = 0<br />sort_order = 2<br />customers_status_description = <br />', 1),
(41, '2025-05-07 09:00:11', 'Kundengruppen Konfiguration Gast:<br />customers_status_name = Gast<br />customers_status_public = 1<br />customers_status_show_price = 1<br />customers_status_show_price_tax = 0<br />customers_status_discount = 0.00<br />customers_status_ot_discount_flag = 0<br />customers_status_ot_discount = 0.00<br />customers_status_graduated_prices = 0<br />customers_status_add_tax_ot = 1<br />customers_status_payment_unallowed = invoice<br />customers_status_shipping_unallowed = <br />customers_status_payment_target = 0<br />customers_status_skonto = <br />customers_status_default_admin_paymentmethod = <br />customers_status_delivery_conditions = <br />export_note_text = <br />export_note = 0<br />customers_fsk18 = 1<br />customers_fsk18_display = 1<br />customers_status_discount_attributes = <br />account_value_alert_status = 0<br />account_value_alert_limit = 0<br />sort_order = 2<br />customers_status_description = <br />', 1),
(42, '2025-05-07 09:30:38', 'Kundengruppen Konfiguration Gast:<br />customers_status_name = Gast<br />customers_status_public = 1<br />customers_status_show_price = 0<br />customers_status_show_price_tax = 0<br />customers_status_discount = 0.00<br />customers_status_ot_discount_flag = 0<br />customers_status_ot_discount = 0.00<br />customers_status_graduated_prices = 0<br />customers_status_add_tax_ot = 1<br />customers_status_payment_unallowed = invoice<br />customers_status_shipping_unallowed = <br />customers_status_payment_target = 0<br />customers_status_skonto = <br />customers_status_default_admin_paymentmethod = <br />customers_status_delivery_conditions = <br />export_note_text = <br />export_note = 0<br />customers_fsk18 = 1<br />customers_fsk18_display = 1<br />customers_status_discount_attributes = <br />account_value_alert_status = 0<br />account_value_alert_limit = 0<br />sort_order = 2<br />customers_status_description = <br />', 1),
(43, '2025-05-07 09:33:58', 'Kundengruppen Konfiguration Gast:<br />customers_status_name = Gast<br />customers_status_public = 1<br />customers_status_show_price = 1<br />customers_status_show_price_tax = 0<br />customers_status_discount = 0.00<br />customers_status_ot_discount_flag = 0<br />customers_status_ot_discount = 0.00<br />customers_status_graduated_prices = 0<br />customers_status_add_tax_ot = 1<br />customers_status_payment_unallowed = invoice<br />customers_status_shipping_unallowed = <br />customers_status_payment_target = 0<br />customers_status_skonto = <br />customers_status_default_admin_paymentmethod = <br />customers_status_delivery_conditions = <br />export_note_text = <br />export_note = 0<br />customers_fsk18 = 1<br />customers_fsk18_display = 1<br />customers_status_discount_attributes = <br />account_value_alert_status = 0<br />account_value_alert_limit = 0<br />sort_order = 2<br />customers_status_description = <br />', 1),
(44, '2025-05-07 13:56:52', 'Kundengruppen Konfiguration Gast:<br />customers_status_name = Gast<br />customers_status_public = 1<br />customers_status_show_price = 0<br />customers_status_show_price_tax = 0<br />customers_status_discount = 0.00<br />customers_status_ot_discount_flag = 0<br />customers_status_ot_discount = 0.00<br />customers_status_graduated_prices = 0<br />customers_status_add_tax_ot = 1<br />customers_status_payment_unallowed = invoice<br />customers_status_shipping_unallowed = <br />customers_status_payment_target = 0<br />customers_status_skonto = <br />customers_status_default_admin_paymentmethod = <br />customers_status_delivery_conditions = <br />export_note_text = <br />export_note = 0<br />customers_fsk18 = 1<br />customers_fsk18_display = 1<br />customers_status_discount_attributes = <br />account_value_alert_status = 0<br />account_value_alert_limit = 0<br />sort_order = 2<br />customers_status_description = <br />', 1),
(45, '2025-05-07 13:57:08', 'Kundengruppen Konfiguration Gast:<br />customers_status_name = Gast<br />customers_status_public = 1<br />customers_status_show_price = 0<br />customers_status_show_price_tax = 0<br />customers_status_discount = 0.00<br />customers_status_ot_discount_flag = 0<br />customers_status_ot_discount = 0.00<br />customers_status_graduated_prices = 0<br />customers_status_add_tax_ot = 1<br />customers_status_payment_unallowed = invoice<br />customers_status_shipping_unallowed = <br />customers_status_payment_target = 0<br />customers_status_skonto = <br />customers_status_default_admin_paymentmethod = <br />customers_status_delivery_conditions = <br />export_note_text = <br />export_note = 0<br />customers_fsk18 = 1<br />customers_fsk18_display = 1<br />customers_status_discount_attributes = <br />account_value_alert_status = 0<br />account_value_alert_limit = 0<br />sort_order = 2<br />customers_status_description = <br />', 1),
(46, '2025-05-07 14:18:39', 'Konfiguration ENTRY_COMPANY_MIN_LENGTH = 2', 1),
(47, '2025-05-07 14:18:46', 'Konfiguration ENTRY_TELEPHONE_MIN_LENGTH = 2', 1),
(48, '2025-05-07 15:48:30', 'Kundengruppen Konfiguration PRIVATER KUNDE:<br />customers_status_name = PRIVATER KUNDE<br />customers_status_public = 1<br />customers_status_show_price = 0<br />customers_status_show_price_tax = 1<br />customers_status_discount = 0.00<br />customers_status_ot_discount_flag = 0<br />customers_status_ot_discount = 0.00<br />customers_status_graduated_prices = 1<br />customers_status_add_tax_ot = 1<br />customers_status_payment_unallowed = invoice<br />customers_status_shipping_unallowed = <br />customers_status_payment_target = 0<br />customers_status_skonto = <br />customers_status_default_admin_paymentmethod = <br />customers_status_delivery_conditions = <br />export_note_text = <br />export_note = 0<br />customers_fsk18 = 1<br />customers_fsk18_display = 1<br />customers_status_discount_attributes = <br />account_value_alert_status = 0<br />account_value_alert_limit = 0<br />sort_order = 3<br />customers_status_description = <br />', 1),
(49, '2025-05-07 17:20:31', 'Kundengruppen Konfiguration PRIVATER KUNDE:<br />customers_status_name = PRIVATER KUNDE<br />customers_status_public = 1<br />customers_status_show_price = 1<br />customers_status_show_price_tax = 1<br />customers_status_discount = 0.00<br />customers_status_ot_discount_flag = 0<br />customers_status_ot_discount = 0.00<br />customers_status_graduated_prices = 1<br />customers_status_add_tax_ot = 1<br />customers_status_payment_unallowed = invoice<br />customers_status_shipping_unallowed = <br />customers_status_payment_target = 0<br />customers_status_skonto = <br />customers_status_default_admin_paymentmethod = <br />customers_status_delivery_conditions = <br />export_note_text = <br />export_note = 0<br />customers_fsk18 = 1<br />customers_fsk18_display = 1<br />customers_status_discount_attributes = <br />account_value_alert_status = 0<br />account_value_alert_limit = 0<br />sort_order = 3<br />customers_status_description = <br />', 1),
(50, '2025-05-07 17:20:36', 'Kundengruppen Konfiguration Gast:<br />customers_status_name = Gast<br />customers_status_public = 1<br />customers_status_show_price = 1<br />customers_status_show_price_tax = 0<br />customers_status_discount = 0.00<br />customers_status_ot_discount_flag = 0<br />customers_status_ot_discount = 0.00<br />customers_status_graduated_prices = 0<br />customers_status_add_tax_ot = 1<br />customers_status_payment_unallowed = invoice<br />customers_status_shipping_unallowed = <br />customers_status_payment_target = 0<br />customers_status_skonto = <br />customers_status_default_admin_paymentmethod = <br />customers_status_delivery_conditions = <br />export_note_text = <br />export_note = 0<br />customers_fsk18 = 1<br />customers_fsk18_display = 1<br />customers_status_discount_attributes = <br />account_value_alert_status = 0<br />account_value_alert_limit = 0<br />sort_order = 2<br />customers_status_description = <br />', 1),
(51, '2025-05-14 09:32:06', 'Konfiguration PRICE_IS_BRUTTO = false', 1),
(52, '2025-05-14 09:33:42', 'Kundengruppen Konfiguration Admin:<br />customers_status_name = Admin<br />customers_status_public = 0<br />customers_status_show_price = 1<br />customers_status_show_price_tax = 0<br />customers_status_discount = 0.00<br />customers_status_ot_discount_flag = 1<br />customers_status_ot_discount = 0.00<br />customers_status_graduated_prices = 1<br />customers_status_add_tax_ot = 1<br />customers_status_payment_unallowed = invoice<br />customers_status_shipping_unallowed = <br />customers_status_payment_target = 0<br />customers_status_skonto = <br />customers_status_default_admin_paymentmethod = <br />customers_status_delivery_conditions = <br />export_note_text = <br />export_note = 0<br />customers_fsk18 = 1<br />customers_fsk18_display = 1<br />customers_status_discount_attributes = <br />account_value_alert_status = 0<br />account_value_alert_limit = 0<br />sort_order = 1<br />customers_status_description = <br />', 1),
(53, '2025-05-14 16:48:07', 'Kundengruppen Konfiguration Admin:<br />customers_status_name = Admin<br />customers_status_public = 0<br />customers_status_show_price = 0<br />customers_status_show_price_tax = 0<br />customers_status_discount = 0.00<br />customers_status_ot_discount_flag = 1<br />customers_status_ot_discount = 0.00<br />customers_status_graduated_prices = 1<br />customers_status_add_tax_ot = 1<br />customers_status_payment_unallowed = invoice<br />customers_status_shipping_unallowed = <br />customers_status_payment_target = 0<br />customers_status_skonto = <br />customers_status_default_admin_paymentmethod = <br />customers_status_delivery_conditions = <br />export_note_text = <br />export_note = 0<br />customers_fsk18 = 1<br />customers_fsk18_display = 1<br />customers_status_discount_attributes = <br />account_value_alert_status = 0<br />account_value_alert_limit = 0<br />sort_order = 1<br />customers_status_description = <br />', 1),
(54, '2025-05-15 19:43:47', 'Kundengruppen Konfiguration Gast:<br />customers_status_name = Gast<br />customers_status_public = 1<br />customers_status_show_price = 0<br />customers_status_show_price_tax = 0<br />customers_status_discount = 0.00<br />customers_status_ot_discount_flag = 0<br />customers_status_ot_discount = 0.00<br />customers_status_graduated_prices = 0<br />customers_status_add_tax_ot = 1<br />customers_status_payment_unallowed = invoice<br />customers_status_shipping_unallowed = <br />customers_status_payment_target = 0<br />customers_status_skonto = <br />customers_status_default_admin_paymentmethod = <br />customers_status_delivery_conditions = <br />export_note_text = <br />export_note = 0<br />customers_fsk18 = 1<br />customers_fsk18_display = 1<br />customers_status_discount_attributes = <br />account_value_alert_status = 0<br />account_value_alert_limit = 0<br />sort_order = 2<br />customers_status_description = <br />', 1),
(55, '2025-05-15 19:43:57', 'Kundengruppen Konfiguration PRIVATER KUNDE:<br />customers_status_name = PRIVATER KUNDE<br />customers_status_public = 1<br />customers_status_show_price = 0<br />customers_status_show_price_tax = 1<br />customers_status_discount = 0.00<br />customers_status_ot_discount_flag = 0<br />customers_status_ot_discount = 0.00<br />customers_status_graduated_prices = 1<br />customers_status_add_tax_ot = 1<br />customers_status_payment_unallowed = invoice<br />customers_status_shipping_unallowed = <br />customers_status_payment_target = 0<br />customers_status_skonto = <br />customers_status_default_admin_paymentmethod = <br />customers_status_delivery_conditions = <br />export_note_text = <br />export_note = 0<br />customers_fsk18 = 1<br />customers_fsk18_display = 1<br />customers_status_discount_attributes = <br />account_value_alert_status = 0<br />account_value_alert_limit = 0<br />sort_order = 3<br />customers_status_description = <br />', 1),
(56, '2025-05-15 19:44:23', 'Kundengruppen Konfiguration Gast:<br />customers_status_name = Gast<br />customers_status_public = 1<br />customers_status_show_price = 1<br />customers_status_show_price_tax = 0<br />customers_status_discount = 0.00<br />customers_status_ot_discount_flag = 0<br />customers_status_ot_discount = 0.00<br />customers_status_graduated_prices = 0<br />customers_status_add_tax_ot = 1<br />customers_status_payment_unallowed = invoice<br />customers_status_shipping_unallowed = <br />customers_status_payment_target = 0<br />customers_status_skonto = <br />customers_status_default_admin_paymentmethod = <br />customers_status_delivery_conditions = <br />export_note_text = <br />export_note = 0<br />customers_fsk18 = 1<br />customers_fsk18_display = 1<br />customers_status_discount_attributes = <br />account_value_alert_status = 0<br />account_value_alert_limit = 0<br />sort_order = 2<br />customers_status_description = <br />', 1),
(57, '2025-05-15 19:45:26', 'Kundengruppen Konfiguration Gast:<br />customers_status_name = Gast<br />customers_status_public = 1<br />customers_status_show_price = 0<br />customers_status_show_price_tax = 0<br />customers_status_discount = 0.00<br />customers_status_ot_discount_flag = 0<br />customers_status_ot_discount = 0.00<br />customers_status_graduated_prices = 0<br />customers_status_add_tax_ot = 1<br />customers_status_payment_unallowed = invoice<br />customers_status_shipping_unallowed = <br />customers_status_payment_target = 0<br />customers_status_skonto = <br />customers_status_default_admin_paymentmethod = <br />customers_status_delivery_conditions = <br />export_note_text = <br />export_note = 0<br />customers_fsk18 = 1<br />customers_fsk18_display = 1<br />customers_status_discount_attributes = <br />account_value_alert_status = 0<br />account_value_alert_limit = 0<br />sort_order = 2<br />customers_status_description = <br />', 1),
(58, '2025-05-15 20:04:25', 'Kundengruppen Konfiguration Admin:<br />customers_status_name = Admin<br />customers_status_public = 0<br />customers_status_show_price = 1<br />customers_status_show_price_tax = 0<br />customers_status_discount = 0.00<br />customers_status_ot_discount_flag = 1<br />customers_status_ot_discount = 0.00<br />customers_status_graduated_prices = 1<br />customers_status_add_tax_ot = 1<br />customers_status_payment_unallowed = invoice<br />customers_status_shipping_unallowed = <br />customers_status_payment_target = 0<br />customers_status_skonto = <br />customers_status_default_admin_paymentmethod = <br />customers_status_delivery_conditions = <br />export_note_text = <br />export_note = 0<br />customers_fsk18 = 1<br />customers_fsk18_display = 1<br />customers_status_discount_attributes = <br />account_value_alert_status = 0<br />account_value_alert_limit = 0<br />sort_order = 1<br />customers_status_description = <br />', 1),
(59, '2025-05-16 12:34:12', 'Konfiguration ENTRY_TELEPHONE_MIN_LENGTH = 0', 1),
(60, '2025-05-16 15:41:54', 'Konfiguration STORE_NAME = SYD Green Energy - B2B marketplace', 1),
(61, '2025-05-16 15:42:15', 'Konfiguration SMTP_MAIN_SERVER = smtp.syd-green-energy.com', 1),
(62, '2025-05-16 15:42:44', 'Konfiguration SMTP_MAIN_SERVER = sslout.df.eu', 1),
(63, '2025-05-16 15:43:11', 'Konfiguration SMTP_USERNAME = info@syd-green-energy', 1),
(64, '2025-05-16 15:43:22', 'Konfiguration SMTP_PASSWORD = 2%4cVsoi/!k-4&Ajn/5_3', 1),
(65, '2025-05-16 15:43:39', 'Konfiguration SMTP_AUTH = true', 1),
(66, '2025-05-16 15:43:48', 'Konfiguration SMTP_USERNAME = info@syd-green-energy', 1),
(67, '2025-05-16 15:43:53', 'Konfiguration CONTACT_US_EMAIL_ADDRESS = info@syd-green-energy', 1),
(68, '2025-05-16 15:44:00', 'Konfiguration CONTACT_US_REPLY_ADDRESS = info@syd-green-energy', 1),
(69, '2025-05-16 15:44:05', 'Konfiguration CONTACT_US_FORWARDING_STRING = info@syd-green-energy', 1),
(70, '2025-05-16 15:44:09', 'Konfiguration EMAIL_SUPPORT_ADDRESS = info@syd-green-energy', 1),
(71, '2025-05-16 15:44:13', 'Konfiguration EMAIL_SUPPORT_NAME = info@syd-green-energy', 1),
(72, '2025-05-16 15:44:16', 'Konfiguration EMAIL_SUPPORT_REPLY_ADDRESS = info@syd-green-energy', 1),
(73, '2025-05-16 15:44:24', 'Konfiguration EMAIL_SUPPORT_FORWARDING_STRING = info@syd-green-energy', 1),
(74, '2025-05-16 15:44:35', 'Konfiguration CONTACT_US_FORWARDING_STRING = info@syd-green-energy.com', 1),
(75, '2025-05-16 15:44:40', 'Konfiguration CONTACT_US_EMAIL_ADDRESS = info@syd-green-energy.com', 1),
(76, '2025-05-16 15:44:44', 'Konfiguration SMTP_USERNAME = info@syd-green-energy.com', 1),
(77, '2025-05-16 15:44:50', 'Konfiguration CONTACT_US_REPLY_ADDRESS = info@syd-green-energy.com', 1),
(78, '2025-05-16 15:44:56', 'Konfiguration EMAIL_SUPPORT_ADDRESS = info@syd-green-energy.com', 1),
(79, '2025-05-16 15:45:02', 'Konfiguration EMAIL_SUPPORT_NAME = info@syd-green-energy.com', 1),
(80, '2025-05-16 15:45:08', 'Konfiguration EMAIL_SUPPORT_REPLY_ADDRESS = info@syd-green-energy.com', 1),
(81, '2025-05-16 15:45:13', 'Konfiguration EMAIL_SUPPORT_FORWARDING_STRING = info@syd-green-energy.com', 1),
(82, '2025-05-16 15:45:18', 'Konfiguration EMAIL_BILLING_ADDRESS = info@syd-green-energy.com', 1),
(83, '2025-05-16 15:45:24', 'Konfiguration EMAIL_BILLING_REPLY_ADDRESS = info@syd-green-energy.com', 1),
(84, '2025-05-16 15:45:30', 'Konfiguration EMAIL_BILLING_FORWARDING_STRING = info@syd-green-energy.com', 1),
(85, '2025-05-16 15:46:07', 'Konfiguration EMAIL_BILLING_SUBJECT_ORDER = Your order no: {$nr} / {$date}', 1),
(86, '2025-05-16 15:46:20', 'Konfiguration PRODUCTS_EMAIL_NOTIFICATION_SUBJECT = Article notification: %s', 1),
(87, '2025-05-16 15:46:32', 'Konfiguration SEND_SHIPPING_EMAIL_SUBJECT = Your order has been shipped.', 1),
(88, '2025-05-16 15:46:42', 'Konfiguration RUECKERSTATTUNG_EMAIL_SUBJECT = Reimbursement', 1),
(89, '2025-05-16 15:46:59', 'Konfiguration RETOURE_EMAIL_SUBJECT = Returned goods', 1),
(90, '2025-05-16 15:47:17', 'Konfiguration RUECKERSTATTUNG_EMAIL_SUBJECT = Refund', 1),
(91, '2025-05-16 15:47:32', 'Konfiguration MAILMASTER_NEWMAIL_SUBJECT = Consultation', 1),
(92, '2025-05-16 15:47:55', 'Konfiguration EMAIL_BILLING_SUBJECT = Your order with syd Green Energy', 1),
(93, '2025-05-16 15:48:14', 'Konfiguration STORE_NAME = syd Green Energy - B2B marketplace', 1),
(94, '2025-05-16 15:48:26', 'Konfiguration CONTACT_US_NAME = syd Green Energy - B2B marketplace', 1),
(95, '2025-05-16 15:48:30', 'Konfiguration CONTACT_US_REPLY_ADDRESS_NAME = syd Green Energy - B2B marketplace', 1),
(96, '2025-05-16 15:48:38', 'Konfiguration EMAIL_SUPPORT_REPLY_ADDRESS_NAME = syd Green Energy - B2B marketplace', 1),
(97, '2025-05-16 15:48:45', 'Konfiguration EMAIL_SUPPORT_SUBJECT = Herzlich Willkomen bei syd Green Energy - B2B marketplace', 1),
(98, '2025-05-16 15:48:51', 'Konfiguration EMAIL_BILLING_NAME = syd Green Energy - B2B marketplace', 1),
(99, '2025-05-16 15:48:57', 'Konfiguration EMAIL_BILLING_REPLY_ADDRESS_NAME = syd Green Energy - B2B marketplace', 1),
(100, '2025-05-16 15:49:08', 'Konfiguration CONTACT_US_EMAIL_SUBJECT = Ihre Anfrage bei syd Green Energy - B2B marketplace', 1),
(101, '2025-05-16 15:49:22', 'Konfiguration CONTACT_US_EMAIL_SUBJECT = Your request to syd Green Energy - B2B marketplace', 1),
(102, '2025-05-16 15:49:36', 'Konfiguration EMAIL_SUPPORT_SUBJECT = Welcome to syd Green Energy - B2B marketplace', 1),
(103, '2025-05-16 15:55:11', 'Konfiguration STORE_OWNER_EMAIL_ADDRESS = info@syd-green-energy.com', 1),
(104, '2025-05-16 15:55:21', 'Konfiguration STORE_OWNER_VAT_ID = DE356243656', 1),
(105, '2025-05-16 15:55:33', 'Konfiguration STORE_ZONE = 88', 1),
(106, '2025-05-16 15:56:02', 'Konfiguration STORE_WRAP = SYD Green Energy GmbH & Co. KG - An der Gümpgesbrücke 26 - 41564 Kaarst', 1),
(107, '2025-05-16 15:56:13', 'Konfiguration BANK_WRAP = SYD Green Energy GmbH & Co. KG<br>Commerzbank<br>IBAN: DE42 3004 0000 0777 2627 00<br>BIC: COBADEFFXXX', 1),
(108, '2025-05-16 15:56:24', 'Konfiguration STORE_NAME_ADDRESS = <br>SYD Green Energy GmbH & Co. KG<br>An der Gümpgesbrücke 26<br>41564 Kaarst<br>Tel: +49 (0) 2131 52811-23<br>Fax: +49 (0) 2131 528-21 <br>Email: info@solarset.shop<br>Handelsregister AG Neuss HRA8152<br>USt.-ID: DE356243656<br>WEEE Reg.-Nr. DE22791629', 1),
(109, '2025-05-16 15:57:40', 'Konfiguration META_AUTHOR = SYD Green Energy GmbH & Co. KG', 1),
(110, '2025-05-16 15:57:44', 'Konfiguration META_PUBLISHER = SYD Green Energy GmbH & Co. KG', 1),
(111, '2025-05-16 15:57:49', 'Konfiguration META_COMPANY = SYD Green Energy GmbH & Co. KG', 1),
(112, '2025-05-16 15:58:29', 'Konfiguration META_REPLY_TO = info@yes-system.de', 1),
(113, '2025-05-16 15:58:41', 'Konfiguration META_REPLY_TO = info@syd-green-energy.com', 1),
(114, '2025-05-20 09:03:28', 'Konfiguration SMTP_PASSWORD = @uZuge/k2Ejgn!', 1),
(115, '2025-05-21 07:40:47', 'Kundengruppen Konfiguration Gewerbe - DE:<br />customers_status_name = Gewerbe - DE<br />customers_status_public = 1<br />customers_status_show_price = 1<br />customers_status_show_price_tax = 0<br />customers_status_discount = 0.00<br />customers_status_ot_discount_flag = 0<br />customers_status_ot_discount = 0.00<br />customers_status_graduated_prices = 1<br />customers_status_add_tax_ot = 1<br />customers_status_payment_unallowed = invoice<br />customers_status_shipping_unallowed = <br />customers_status_payment_target = 0<br />customers_status_skonto = <br />customers_status_default_admin_paymentmethod = <br />customers_status_delivery_conditions = <br />export_note_text = <br />export_note = 0<br />customers_fsk18 = 1<br />customers_fsk18_display = 1<br />customers_status_discount_attributes = <br />account_value_alert_status = 0<br />account_value_alert_limit = 0<br />sort_order = 4<br />customers_status_description = <br />', 1),
(116, '2025-05-21 07:40:54', 'Kundengruppen Konfiguration Gewerbe - EU:<br />customers_status_name = Gewerbe - EU<br />customers_status_public = 1<br />customers_status_show_price = 1<br />customers_status_show_price_tax = 0<br />customers_status_discount = 0.00<br />customers_status_ot_discount_flag = 0<br />customers_status_ot_discount = 0.00<br />customers_status_graduated_prices = 1<br />customers_status_add_tax_ot = 0<br />customers_status_payment_unallowed = invoice<br />customers_status_shipping_unallowed = <br />customers_status_payment_target = 10<br />customers_status_skonto = 10:3;30:1.5<br />customers_status_default_admin_paymentmethod = <br />customers_status_delivery_conditions = <br />export_note_text = Dieser Umsatz ist nach § 4 Nr. 1b UStG umsatzsteuerfrei<br />export_note = 1<br />customers_fsk18 = 1<br />customers_fsk18_display = 1<br />customers_status_discount_attributes = <br />account_value_alert_status = 0<br />account_value_alert_limit = 0<br />sort_order = 5<br />customers_status_description = <br />', 1),
(117, '2025-05-21 07:43:13', 'Kundengruppen Konfiguration Gewerbe - DE:<br />customers_status_name = Gewerbe - DE<br />customers_status_public = 0<br />customers_status_show_price = 1<br />customers_status_show_price_tax = 0<br />customers_status_discount = 0.00<br />customers_status_ot_discount_flag = 0<br />customers_status_ot_discount = 0.00<br />customers_status_graduated_prices = 1<br />customers_status_add_tax_ot = 1<br />customers_status_payment_unallowed = invoice<br />customers_status_shipping_unallowed = <br />customers_status_payment_target = 0<br />customers_status_skonto = <br />customers_status_default_admin_paymentmethod = <br />customers_status_delivery_conditions = <br />export_note_text = <br />export_note = 0<br />customers_fsk18 = 1<br />customers_fsk18_display = 1<br />customers_status_discount_attributes = <br />account_value_alert_status = 0<br />account_value_alert_limit = 0<br />sort_order = 4<br />customers_status_description = <br />', 1),
(118, '2025-05-21 07:43:23', 'Kundengruppen Konfiguration Gewerbe - EU:<br />customers_status_name = Gewerbe - EU<br />customers_status_public = 0<br />customers_status_show_price = 1<br />customers_status_show_price_tax = 0<br />customers_status_discount = 0.00<br />customers_status_ot_discount_flag = 0<br />customers_status_ot_discount = 0.00<br />customers_status_graduated_prices = 1<br />customers_status_add_tax_ot = 0<br />customers_status_payment_unallowed = invoice<br />customers_status_shipping_unallowed = <br />customers_status_payment_target = 10<br />customers_status_skonto = 10:3;30:1.5<br />customers_status_default_admin_paymentmethod = <br />customers_status_delivery_conditions = <br />export_note_text = Dieser Umsatz ist nach § 4 Nr. 1b UStG umsatzsteuerfrei<br />export_note = 1<br />customers_fsk18 = 1<br />customers_fsk18_display = 1<br />customers_status_discount_attributes = <br />account_value_alert_status = 0<br />account_value_alert_limit = 0<br />sort_order = 5<br />customers_status_description = <br />', 1),
(119, '2025-05-28 07:48:47', 'Kundengruppen Konfiguration Gewerbe - DE:<br />customers_status_name = Gewerbe - DE<br />customers_status_public = 1<br />customers_status_show_price = 1<br />customers_status_show_price_tax = 0<br />customers_status_discount = 0.00<br />customers_status_ot_discount_flag = 0<br />customers_status_ot_discount = 0.00<br />customers_status_graduated_prices = 1<br />customers_status_add_tax_ot = 1<br />customers_status_payment_unallowed = invoice<br />customers_status_shipping_unallowed = <br />customers_status_payment_target = 0<br />customers_status_skonto = <br />customers_status_default_admin_paymentmethod = <br />customers_status_delivery_conditions = <br />export_note_text = <br />export_note = 0<br />customers_fsk18 = 1<br />customers_fsk18_display = 1<br />customers_status_discount_attributes = <br />account_value_alert_status = 0<br />account_value_alert_limit = 0<br />sort_order = 4<br />customers_status_description = <br />', 1),
(120, '2025-05-28 07:48:55', 'Kundengruppen Konfiguration Gewerbe - EU:<br />customers_status_name = Gewerbe - EU<br />customers_status_public = 1<br />customers_status_show_price = 1<br />customers_status_show_price_tax = 0<br />customers_status_discount = 0.00<br />customers_status_ot_discount_flag = 0<br />customers_status_ot_discount = 0.00<br />customers_status_graduated_prices = 1<br />customers_status_add_tax_ot = 0<br />customers_status_payment_unallowed = invoice<br />customers_status_shipping_unallowed = <br />customers_status_payment_target = 10<br />customers_status_skonto = 10:3;30:1.5<br />customers_status_default_admin_paymentmethod = <br />customers_status_delivery_conditions = <br />export_note_text = Dieser Umsatz ist nach § 4 Nr. 1b UStG umsatzsteuerfrei<br />export_note = 1<br />customers_fsk18 = 1<br />customers_fsk18_display = 1<br />customers_status_discount_attributes = <br />account_value_alert_status = 0<br />account_value_alert_limit = 0<br />sort_order = 5<br />customers_status_description = <br />', 1),
(121, '2025-05-28 07:51:39', 'Kundengruppen Konfiguration Gewerbe - DE:<br />customers_status_name = Gewerbe - DE<br />customers_status_public = 1<br />customers_status_show_price = 0<br />customers_status_show_price_tax = 0<br />customers_status_discount = 0.00<br />customers_status_ot_discount_flag = 0<br />customers_status_ot_discount = 0.00<br />customers_status_graduated_prices = 1<br />customers_status_add_tax_ot = 1<br />customers_status_payment_unallowed = invoice<br />customers_status_shipping_unallowed = <br />customers_status_payment_target = 0<br />customers_status_skonto = <br />customers_status_default_admin_paymentmethod = <br />customers_status_delivery_conditions = <br />export_note_text = <br />export_note = 0<br />customers_fsk18 = 1<br />customers_fsk18_display = 1<br />customers_status_discount_attributes = <br />account_value_alert_status = 0<br />account_value_alert_limit = 0<br />sort_order = 4<br />customers_status_description = <br />', 1),
(122, '2025-05-28 08:26:30', 'Kundengruppen Konfiguration German company:<br />customers_status_name = German company<br />customers_status_public = 1<br />customers_status_show_price = 0<br />customers_status_show_price_tax = 0<br />customers_status_discount = 0.00<br />customers_status_ot_discount_flag = 0<br />customers_status_ot_discount = 0.00<br />customers_status_graduated_prices = 1<br />customers_status_add_tax_ot = 1<br />customers_status_payment_unallowed = invoice<br />customers_status_shipping_unallowed = <br />customers_status_payment_target = 0<br />customers_status_skonto = <br />customers_status_default_admin_paymentmethod = <br />customers_status_delivery_conditions = <br />export_note_text = <br />export_note = 0<br />customers_fsk18 = 1<br />customers_fsk18_display = 1<br />customers_status_discount_attributes = <br />account_value_alert_status = 0<br />account_value_alert_limit = 0<br />sort_order = 4<br />customers_status_description = Your company is based in Germany<br />', 1),
(123, '2025-05-28 08:27:53', 'Kundengruppen Konfiguration European company (EU):<br />customers_status_name = European company (EU)<br />customers_status_public = 1<br />customers_status_show_price = 1<br />customers_status_show_price_tax = 0<br />customers_status_discount = 0.00<br />customers_status_ot_discount_flag = 0<br />customers_status_ot_discount = 0.00<br />customers_status_graduated_prices = 1<br />customers_status_add_tax_ot = 0<br />customers_status_payment_unallowed = invoice<br />customers_status_shipping_unallowed = <br />customers_status_payment_target = 10<br />customers_status_skonto = 10:3;30:1.5<br />customers_status_default_admin_paymentmethod = <br />customers_status_delivery_conditions = <br />export_note_text = Dieser Umsatz ist nach § 4 Nr. 1b UStG umsatzsteuerfrei<br />export_note = 1<br />customers_fsk18 = 1<br />customers_fsk18_display = 1<br />customers_status_discount_attributes = <br />account_value_alert_status = 0<br />account_value_alert_limit = 0<br />sort_order = 5<br />customers_status_description = Your company is based in the European Union (EU)<br />', 1),
(124, '2025-05-28 08:28:04', 'Kundengruppen Konfiguration German company (DE):<br />customers_status_name = German company (DE)<br />customers_status_public = 1<br />customers_status_show_price = 0<br />customers_status_show_price_tax = 0<br />customers_status_discount = 0.00<br />customers_status_ot_discount_flag = 0<br />customers_status_ot_discount = 0.00<br />customers_status_graduated_prices = 1<br />customers_status_add_tax_ot = 1<br />customers_status_payment_unallowed = invoice<br />customers_status_shipping_unallowed = <br />customers_status_payment_target = 0<br />customers_status_skonto = <br />customers_status_default_admin_paymentmethod = <br />customers_status_delivery_conditions = <br />export_note_text = <br />export_note = 0<br />customers_fsk18 = 1<br />customers_fsk18_display = 1<br />customers_status_discount_attributes = <br />account_value_alert_status = 0<br />account_value_alert_limit = 0<br />sort_order = 4<br />customers_status_description = Your company is based in Germany<br />', 1),
(125, '2025-05-28 08:29:56', 'Kundengruppen Konfiguration Companies outside the EU (non EU):<br />customers_status_name = Companies outside the EU (non EU)<br />customers_status_public = 0<br />customers_status_show_price = 0<br />customers_status_show_price_tax = 0<br />customers_status_discount = 0.00<br />customers_status_ot_discount_flag = 0<br />customers_status_ot_discount = 0.00<br />customers_status_graduated_prices = 1<br />customers_status_add_tax_ot = 0<br />customers_status_payment_unallowed = invoice<br />customers_status_shipping_unallowed = <br />customers_status_payment_target = 0<br />customers_status_skonto = <br />customers_status_default_admin_paymentmethod = <br />customers_status_delivery_conditions = <br />export_note_text = Steuerfreie Ausfuhrlieferung gem. § 4 Nr. 1a des Umsatzsteuergesetzes<br />export_note = 1<br />customers_fsk18 = 1<br />customers_fsk18_display = 1<br />customers_status_discount_attributes = <br />account_value_alert_status = 0<br />account_value_alert_limit = 0<br />sort_order = 6<br />customers_status_description = Your company is located outside the European Union (non EU)<br />', 1),
(126, '2025-05-28 08:30:14', 'Kundengruppen Konfiguration Companies outside the EU (non EU:<br />customers_status_name = Companies outside the EU (non EU<br />customers_status_public = 1<br />customers_status_show_price = 0<br />customers_status_show_price_tax = 0<br />customers_status_discount = 0.00<br />customers_status_ot_discount_flag = 0<br />customers_status_ot_discount = 0.00<br />customers_status_graduated_prices = 1<br />customers_status_add_tax_ot = 0<br />customers_status_payment_unallowed = invoice<br />customers_status_shipping_unallowed = <br />customers_status_payment_target = 0<br />customers_status_skonto = <br />customers_status_default_admin_paymentmethod = <br />customers_status_delivery_conditions = <br />export_note_text = Steuerfreie Ausfuhrlieferung gem. § 4 Nr. 1a des Umsatzsteuergesetzes<br />export_note = 1<br />customers_fsk18 = 1<br />customers_fsk18_display = 1<br />customers_status_discount_attributes = <br />account_value_alert_status = 0<br />account_value_alert_limit = 0<br />sort_order = 6<br />customers_status_description = Your company is located outside the European Union (non EU)<br />', 1),
(127, '2025-05-28 08:30:22', 'Kundengruppen Konfiguration European company (EU):<br />customers_status_name = European company (EU)<br />customers_status_public = 1<br />customers_status_show_price = 0<br />customers_status_show_price_tax = 0<br />customers_status_discount = 0.00<br />customers_status_ot_discount_flag = 0<br />customers_status_ot_discount = 0.00<br />customers_status_graduated_prices = 1<br />customers_status_add_tax_ot = 0<br />customers_status_payment_unallowed = invoice<br />customers_status_shipping_unallowed = <br />customers_status_payment_target = 10<br />customers_status_skonto = 10:3;30:1.5<br />customers_status_default_admin_paymentmethod = <br />customers_status_delivery_conditions = <br />export_note_text = Dieser Umsatz ist nach § 4 Nr. 1b UStG umsatzsteuerfrei<br />export_note = 1<br />customers_fsk18 = 1<br />customers_fsk18_display = 1<br />customers_status_discount_attributes = <br />account_value_alert_status = 0<br />account_value_alert_limit = 0<br />sort_order = 5<br />customers_status_description = Your company is based in the European Union (EU)<br />', 1),
(128, '2025-05-28 08:30:22', 'Kundengruppen Konfiguration European company (EU):<br />customers_status_name = European company (EU)<br />customers_status_public = 1<br />customers_status_show_price = 0<br />customers_status_show_price_tax = 0<br />customers_status_discount = 0.00<br />customers_status_ot_discount_flag = 0<br />customers_status_ot_discount = 0.00<br />customers_status_graduated_prices = 1<br />customers_status_add_tax_ot = 0<br />customers_status_payment_unallowed = invoice<br />customers_status_shipping_unallowed = <br />customers_status_payment_target = 10<br />customers_status_skonto = 10:3;30:1.5<br />customers_status_default_admin_paymentmethod = <br />customers_status_delivery_conditions = <br />export_note_text = Dieser Umsatz ist nach § 4 Nr. 1b UStG umsatzsteuerfrei<br />export_note = 1<br />customers_fsk18 = 1<br />customers_fsk18_display = 1<br />customers_status_discount_attributes = <br />account_value_alert_status = 0<br />account_value_alert_limit = 0<br />sort_order = 5<br />customers_status_description = Your company is based in the European Union (EU)<br />', 1),
(129, '2025-05-28 08:30:27', 'Kundengruppen Konfiguration German company (DE):<br />customers_status_name = German company (DE)<br />customers_status_public = 1<br />customers_status_show_price = 0<br />customers_status_show_price_tax = 0<br />customers_status_discount = 0.00<br />customers_status_ot_discount_flag = 0<br />customers_status_ot_discount = 0.00<br />customers_status_graduated_prices = 1<br />customers_status_add_tax_ot = 1<br />customers_status_payment_unallowed = invoice<br />customers_status_shipping_unallowed = <br />customers_status_payment_target = 0<br />customers_status_skonto = <br />customers_status_default_admin_paymentmethod = <br />customers_status_delivery_conditions = <br />export_note_text = <br />export_note = 0<br />customers_fsk18 = 1<br />customers_fsk18_display = 1<br />customers_status_discount_attributes = <br />account_value_alert_status = 0<br />account_value_alert_limit = 0<br />sort_order = 4<br />customers_status_description = Your company is based in Germany<br />', 1),
(130, '2025-05-28 08:31:21', 'Kundengruppen Konfiguration NEW CUSTOMER:<br />customers_status_name = NEW CUSTOMER<br />customers_status_public = 1<br />customers_status_show_price = 0<br />customers_status_show_price_tax = 1<br />customers_status_discount = 0.00<br />customers_status_ot_discount_flag = 0<br />customers_status_ot_discount = 0.00<br />customers_status_graduated_prices = 1<br />customers_status_add_tax_ot = 1<br />customers_status_payment_unallowed = invoice<br />customers_status_shipping_unallowed = <br />customers_status_payment_target = 0<br />customers_status_skonto = <br />customers_status_default_admin_paymentmethod = <br />customers_status_delivery_conditions = <br />export_note_text = <br />export_note = 0<br />customers_fsk18 = 1<br />customers_fsk18_display = 1<br />customers_status_discount_attributes = <br />account_value_alert_status = 0<br />account_value_alert_limit = 0<br />sort_order = 3<br />customers_status_description = Private customer in Germany<br />', 1),
(131, '2025-05-28 08:32:01', 'Kundengruppen Konfiguration Guest:<br />customers_status_name = Guest<br />customers_status_public = 1<br />customers_status_show_price = 0<br />customers_status_show_price_tax = 0<br />customers_status_discount = 0.00<br />customers_status_ot_discount_flag = 0<br />customers_status_ot_discount = 0.00<br />customers_status_graduated_prices = 0<br />customers_status_add_tax_ot = 1<br />customers_status_payment_unallowed = invoice<br />customers_status_shipping_unallowed = <br />customers_status_payment_target = 0<br />customers_status_skonto = <br />customers_status_default_admin_paymentmethod = <br />customers_status_delivery_conditions = <br />export_note_text = <br />export_note = 0<br />customers_fsk18 = 1<br />customers_fsk18_display = 1<br />customers_status_discount_attributes = <br />account_value_alert_status = 0<br />account_value_alert_limit = 0<br />sort_order = 2<br />customers_status_description = Private purchase as a guest<br />', 1);
INSERT INTO `history` (`history_id`, `date_added`, `comments`, `editor_id`) VALUES
(132, '2025-05-28 08:32:06', 'Kundengruppen Konfiguration NEW CUSTOMER:<br />customers_status_name = NEW CUSTOMER<br />customers_status_public = 1<br />customers_status_show_price = 0<br />customers_status_show_price_tax = 1<br />customers_status_discount = 0.00<br />customers_status_ot_discount_flag = 0<br />customers_status_ot_discount = 0.00<br />customers_status_graduated_prices = 1<br />customers_status_add_tax_ot = 1<br />customers_status_payment_unallowed = invoice<br />customers_status_shipping_unallowed = <br />customers_status_payment_target = 0<br />customers_status_skonto = <br />customers_status_default_admin_paymentmethod = <br />customers_status_delivery_conditions = <br />export_note_text = <br />export_note = 0<br />customers_fsk18 = 1<br />customers_fsk18_display = 1<br />customers_status_discount_attributes = <br />account_value_alert_status = 0<br />account_value_alert_limit = 0<br />sort_order = 3<br />customers_status_description = Private customer in Germany<br />', 1),
(133, '2025-06-01 10:27:52', 'Die Kundengruppe REAL (ID: 7) wurde gelöscht.', 1),
(134, '2025-06-01 10:27:55', 'Die Kundengruppe AMAZON (ID: 8) wurde gelöscht.', 1),
(135, '2025-06-01 10:29:05', 'Kundengruppen Konfiguration CASH USER:<br />customers_status_name = CASH USER<br />customers_status_public = 0<br />customers_status_show_price = 0<br />customers_status_show_price_tax = 1<br />customers_status_discount = 0.00<br />customers_status_ot_discount_flag = 1<br />customers_status_ot_discount = 0.00<br />customers_status_graduated_prices = 0<br />customers_status_add_tax_ot = 1<br />customers_status_payment_unallowed = <br />customers_status_shipping_unallowed = <br />customers_status_payment_target = 0<br />customers_status_skonto = <br />customers_status_default_admin_paymentmethod = <br />customers_status_delivery_conditions = <br />export_note_text = <br />export_note = 0<br />customers_fsk18 = 0<br />customers_fsk18_display = 0<br />customers_status_discount_attributes = <br />account_value_alert_status = 0<br />account_value_alert_limit = 0<br />sort_order = 7<br />customers_status_description = <br />', 1),
(136, '2025-06-01 10:29:46', 'Kundengruppen Konfiguration EBAY CUSTOMERS:<br />customers_status_name = EBAY CUSTOMERS<br />customers_status_public = 0<br />customers_status_show_price = 1<br />customers_status_show_price_tax = 1<br />customers_status_discount = 0.00<br />customers_status_ot_discount_flag = 0<br />customers_status_ot_discount = 0.00<br />customers_status_graduated_prices = 0<br />customers_status_add_tax_ot = 1<br />customers_status_payment_unallowed = invoice<br />customers_status_shipping_unallowed = <br />customers_status_payment_target = 0<br />customers_status_skonto = <br />customers_status_default_admin_paymentmethod = <br />customers_status_delivery_conditions = <br />export_note_text = <br />export_note = 0<br />customers_fsk18 = 1<br />customers_fsk18_display = 1<br />customers_status_discount_attributes = <br />account_value_alert_status = 0<br />account_value_alert_limit = 0<br />sort_order = 8<br />customers_status_description = <br />', 1),
(137, '2025-06-01 10:30:01', 'Kundengruppen Konfiguration CASH CUSTOMERS:<br />customers_status_name = CASH CUSTOMERS<br />customers_status_public = 0<br />customers_status_show_price = 0<br />customers_status_show_price_tax = 1<br />customers_status_discount = 0.00<br />customers_status_ot_discount_flag = 1<br />customers_status_ot_discount = 0.00<br />customers_status_graduated_prices = 0<br />customers_status_add_tax_ot = 1<br />customers_status_payment_unallowed = <br />customers_status_shipping_unallowed = <br />customers_status_payment_target = 0<br />customers_status_skonto = <br />customers_status_default_admin_paymentmethod = <br />customers_status_delivery_conditions = <br />export_note_text = <br />export_note = 0<br />customers_fsk18 = 0<br />customers_fsk18_display = 0<br />customers_status_discount_attributes = <br />account_value_alert_status = 0<br />account_value_alert_limit = 0<br />sort_order = 7<br />customers_status_description = <br />', 1),
(138, '2025-06-01 10:31:17', 'Kundengruppen Konfiguration Admin:<br />customers_status_name = Admin<br />customers_status_public = 0<br />customers_status_show_price = 1<br />customers_status_show_price_tax = 0<br />customers_status_discount = 0.00<br />customers_status_ot_discount_flag = 1<br />customers_status_ot_discount = 0.00<br />customers_status_graduated_prices = 1<br />customers_status_add_tax_ot = 1<br />customers_status_payment_unallowed = invoice<br />customers_status_shipping_unallowed = <br />customers_status_payment_target = 0<br />customers_status_skonto = <br />customers_status_default_admin_paymentmethod = <br />customers_status_delivery_conditions = <br />export_note_text = <br />export_note = 0<br />customers_fsk18 = 1<br />customers_fsk18_display = 1<br />customers_status_discount_attributes = <br />account_value_alert_status = 0<br />account_value_alert_limit = 0<br />sort_order = 1<br />customers_status_description = <br />', 1),
(139, '2025-06-02 19:34:40', 'Konfiguration BANK_WRAP = SYD Green Energy GmbH & Co. KG<br>Commerzbank<br>IBAN: DE42 3004 0000 0777 2627 00<br>BIC: COBADEFFXXX', 1),
(140, '2025-06-02 19:35:51', 'Konfiguration MODULE_PAYMENT_MONEYORDER_PAYTO = SYD Green Energy GmbH & Co. KG - Commerzbank - IBAN: DE42 3004 0000 0777 2627 00 - BIC: COBADEFFXXX', 1),
(141, '2025-06-02 19:36:20', 'Konfiguration SHOP_COMPANY_NAME = SYD Green Energy GmbH & Co. KG', 1),
(142, '2025-06-02 19:36:35', 'Konfiguration SHOP_COMPANY_STREET = An der Gümpgesbrücke 26', 1),
(143, '2025-06-02 19:36:47', 'Konfiguration SHOP_COMPANY_SUBURB = ', 1),
(144, '2025-06-02 19:36:52', 'Konfiguration SHOP_COMPANY_POSTCODE = 41564', 1),
(145, '2025-06-02 19:37:00', 'Konfiguration SHOP_COMPANY_CITY = Kaarst', 1),
(146, '2025-06-02 21:28:16', 'Konfiguration EBAY_EMAIL_SUBJECT = Your order {$orders_id}', 1),
(147, '2025-06-02 21:29:23', 'Konfiguration EBAY_EMAIL_SUBJECT = Your order {$orders_id} from syd-green-energy.com', 1),
(148, '2025-06-04 10:58:47', 'Konfiguration HEADER_SNIPPETS = <meta name=\"google-site-verification\" content=\"U-asKq9ADv_Mgt0DoIpFkxjtAYFweMy729xLRTca84s\" />', 1),
(149, '2025-06-13 07:49:09', 'Konfiguration HEADER_SNIPPETS = <meta name=\"google-site-verification\" content=\"U-asKq9ADv_Mgt0DoIpFkxjtAYFweMy729xLRTca84s\" />\r\n<!-- Google tag (gtag.js) --> <script async src=\"https://www.googletagmanager.com/gtag/js?id=G-EDGF0DJV0B\"></script> <script> window.dataLayer = window.dataLayer || []; function gtag(){dataLayer.push(arguments);} gtag(\'js\', new Date()); gtag(\'config\', \'G-EDGF0DJV0B\'); </script>', 1),
(150, '2025-07-03 10:25:33', 'Kundengruppen Konfiguration EU Gewerbe 1:<br />customers_status_name = EU Gewerbe 1<br />customers_status_public = 0<br />customers_status_show_price = 0<br />customers_status_show_price_tax = 0<br />customers_status_discount = <br />customers_status_ot_discount_flag = 0<br />customers_status_ot_discount = <br />customers_status_graduated_prices = 0<br />customers_status_add_tax_ot = 0<br />customers_status_payment_unallowed = <br />customers_status_shipping_unallowed = <br />customers_status_payment_target = 0<br />customers_status_skonto = <br />customers_status_default_admin_paymentmethod = <br />customers_status_delivery_conditions = <br />export_note_text = <br />export_note = 0<br />customers_fsk18 = 0<br />customers_fsk18_display = 0<br />customers_status_discount_attributes = <br />account_value_alert_status = 0<br />account_value_alert_limit = <br />sort_order = 0<br />customers_status_description = <br />customers_status_id = 10<br />language_id = 2<br />', 5006),
(151, '2025-07-03 10:25:53', 'Kundengruppen Konfiguration EU Gewerbe 2:<br />customers_status_name = EU Gewerbe 2<br />customers_status_public = 0<br />customers_status_show_price = 0<br />customers_status_show_price_tax = 0<br />customers_status_discount = <br />customers_status_ot_discount_flag = 0<br />customers_status_ot_discount = <br />customers_status_graduated_prices = 0<br />customers_status_add_tax_ot = 0<br />customers_status_payment_unallowed = <br />customers_status_shipping_unallowed = <br />customers_status_payment_target = 0<br />customers_status_skonto = <br />customers_status_default_admin_paymentmethod = <br />customers_status_delivery_conditions = <br />export_note_text = <br />export_note = 0<br />customers_fsk18 = 0<br />customers_fsk18_display = 0<br />customers_status_discount_attributes = <br />account_value_alert_status = 0<br />account_value_alert_limit = <br />sort_order = 0<br />customers_status_description = <br />customers_status_id = 11<br />language_id = 2<br />', 5006),
(152, '2025-07-03 10:26:05', 'Kundengruppen Konfiguration EU Gewerbe 3:<br />customers_status_name = EU Gewerbe 3<br />customers_status_public = 0<br />customers_status_show_price = 0<br />customers_status_show_price_tax = 0<br />customers_status_discount = <br />customers_status_ot_discount_flag = 0<br />customers_status_ot_discount = <br />customers_status_graduated_prices = 0<br />customers_status_add_tax_ot = 0<br />customers_status_payment_unallowed = <br />customers_status_shipping_unallowed = <br />customers_status_payment_target = 0<br />customers_status_skonto = <br />customers_status_default_admin_paymentmethod = <br />customers_status_delivery_conditions = <br />export_note_text = <br />export_note = 0<br />customers_fsk18 = 0<br />customers_fsk18_display = 0<br />customers_status_discount_attributes = <br />account_value_alert_status = 0<br />account_value_alert_limit = <br />sort_order = 0<br />customers_status_description = <br />customers_status_id = 12<br />language_id = 2<br />', 5006),
(153, '2025-07-03 10:28:44', 'Kundengruppen Konfiguration DE Commercial 1:<br />customers_status_name = DE Commercial 1<br />customers_status_public = 0<br />customers_status_show_price = 1<br />customers_status_show_price_tax = 1<br />customers_status_discount = <br />customers_status_ot_discount_flag = 0<br />customers_status_ot_discount = <br />customers_status_graduated_prices = 0<br />customers_status_add_tax_ot = 0<br />customers_status_payment_unallowed = <br />customers_status_shipping_unallowed = <br />customers_status_payment_target = 0<br />customers_status_skonto = <br />customers_status_default_admin_paymentmethod = <br />customers_status_delivery_conditions = <br />export_note_text = <br />export_note = 0<br />customers_fsk18 = 0<br />customers_fsk18_display = 0<br />customers_status_discount_attributes = <br />account_value_alert_status = 0<br />account_value_alert_limit = <br />sort_order = 0<br />customers_status_description = <br />customers_status_id = 13<br />language_id = 2<br />', 5006),
(154, '2025-07-03 10:29:01', 'Kundengruppen Konfiguration DE Commercial 2:<br />customers_status_name = DE Commercial 2<br />customers_status_public = 0<br />customers_status_show_price = 1<br />customers_status_show_price_tax = 1<br />customers_status_discount = <br />customers_status_ot_discount_flag = 0<br />customers_status_ot_discount = <br />customers_status_graduated_prices = 0<br />customers_status_add_tax_ot = 0<br />customers_status_payment_unallowed = <br />customers_status_shipping_unallowed = <br />customers_status_payment_target = 0<br />customers_status_skonto = <br />customers_status_default_admin_paymentmethod = <br />customers_status_delivery_conditions = <br />export_note_text = <br />export_note = 0<br />customers_fsk18 = 0<br />customers_fsk18_display = 0<br />customers_status_discount_attributes = <br />account_value_alert_status = 0<br />account_value_alert_limit = <br />sort_order = 0<br />customers_status_description = <br />customers_status_id = 14<br />language_id = 2<br />', 5006),
(155, '2025-07-03 10:29:14', 'Kundengruppen Konfiguration DE Commercial 3:<br />customers_status_name = DE Commercial 3<br />customers_status_public = 0<br />customers_status_show_price = 1<br />customers_status_show_price_tax = 0<br />customers_status_discount = <br />customers_status_ot_discount_flag = 0<br />customers_status_ot_discount = <br />customers_status_graduated_prices = 0<br />customers_status_add_tax_ot = 0<br />customers_status_payment_unallowed = <br />customers_status_shipping_unallowed = <br />customers_status_payment_target = 0<br />customers_status_skonto = <br />customers_status_default_admin_paymentmethod = <br />customers_status_delivery_conditions = <br />export_note_text = <br />export_note = 0<br />customers_fsk18 = 0<br />customers_fsk18_display = 0<br />customers_status_discount_attributes = <br />account_value_alert_status = 0<br />account_value_alert_limit = <br />sort_order = 0<br />customers_status_description = <br />customers_status_id = 15<br />language_id = 2<br />', 5006),
(156, '2025-07-03 10:29:31', 'Kundengruppen Konfiguration EU Commercial 1:<br />customers_status_name = EU Commercial 1<br />customers_status_public = 0<br />customers_status_show_price = 0<br />customers_status_show_price_tax = 0<br />customers_status_discount = 0.00<br />customers_status_ot_discount_flag = 0<br />customers_status_ot_discount = 0.00<br />customers_status_graduated_prices = 0<br />customers_status_add_tax_ot = 0<br />customers_status_payment_unallowed = <br />customers_status_shipping_unallowed = <br />customers_status_payment_target = 0<br />customers_status_skonto = <br />customers_status_default_admin_paymentmethod = <br />customers_status_delivery_conditions = <br />export_note_text = <br />export_note = 0<br />customers_fsk18 = 0<br />customers_fsk18_display = 0<br />customers_status_discount_attributes = <br />account_value_alert_status = 0<br />account_value_alert_limit = 0<br />sort_order = 0<br />customers_status_description = Unbekannte Kundengruppe #10<br />', 5006),
(157, '2025-07-03 10:29:40', 'Kundengruppen Konfiguration EU Commercial 2:<br />customers_status_name = EU Commercial 2<br />customers_status_public = 0<br />customers_status_show_price = 0<br />customers_status_show_price_tax = 0<br />customers_status_discount = 0.00<br />customers_status_ot_discount_flag = 0<br />customers_status_ot_discount = 0.00<br />customers_status_graduated_prices = 0<br />customers_status_add_tax_ot = 0<br />customers_status_payment_unallowed = <br />customers_status_shipping_unallowed = <br />customers_status_payment_target = 0<br />customers_status_skonto = <br />customers_status_default_admin_paymentmethod = <br />customers_status_delivery_conditions = <br />export_note_text = <br />export_note = 0<br />customers_fsk18 = 0<br />customers_fsk18_display = 0<br />customers_status_discount_attributes = <br />account_value_alert_status = 0<br />account_value_alert_limit = 0<br />sort_order = 0<br />customers_status_description = Unbekannte Kundengruppe #11<br />', 5006),
(158, '2025-07-03 10:29:52', 'Kundengruppen Konfiguration EU Commercial 3:<br />customers_status_name = EU Commercial 3<br />customers_status_public = 0<br />customers_status_show_price = 1<br />customers_status_show_price_tax = 0<br />customers_status_discount = 0.00<br />customers_status_ot_discount_flag = 0<br />customers_status_ot_discount = 0.00<br />customers_status_graduated_prices = 0<br />customers_status_add_tax_ot = 0<br />customers_status_payment_unallowed = <br />customers_status_shipping_unallowed = <br />customers_status_payment_target = 0<br />customers_status_skonto = <br />customers_status_default_admin_paymentmethod = <br />customers_status_delivery_conditions = <br />export_note_text = <br />export_note = 0<br />customers_fsk18 = 0<br />customers_fsk18_display = 0<br />customers_status_discount_attributes = <br />account_value_alert_status = 0<br />account_value_alert_limit = 0<br />sort_order = 0<br />customers_status_description = Unbekannte Kundengruppe #12<br />', 5006),
(159, '2025-07-03 10:30:00', 'Kundengruppen Konfiguration EU Commercial 2:<br />customers_status_name = EU Commercial 2<br />customers_status_public = 0<br />customers_status_show_price = 1<br />customers_status_show_price_tax = 0<br />customers_status_discount = 0.00<br />customers_status_ot_discount_flag = 0<br />customers_status_ot_discount = 0.00<br />customers_status_graduated_prices = 0<br />customers_status_add_tax_ot = 0<br />customers_status_payment_unallowed = <br />customers_status_shipping_unallowed = <br />customers_status_payment_target = 0<br />customers_status_skonto = <br />customers_status_default_admin_paymentmethod = <br />customers_status_delivery_conditions = <br />export_note_text = <br />export_note = 0<br />customers_fsk18 = 0<br />customers_fsk18_display = 0<br />customers_status_discount_attributes = <br />account_value_alert_status = 0<br />account_value_alert_limit = 0<br />sort_order = 0<br />customers_status_description = Unbekannte Kundengruppe #11<br />', 5006),
(160, '2025-07-03 10:30:08', 'Kundengruppen Konfiguration EU Commercial 1:<br />customers_status_name = EU Commercial 1<br />customers_status_public = 0<br />customers_status_show_price = 1<br />customers_status_show_price_tax = 0<br />customers_status_discount = 0.00<br />customers_status_ot_discount_flag = 0<br />customers_status_ot_discount = 0.00<br />customers_status_graduated_prices = 0<br />customers_status_add_tax_ot = 0<br />customers_status_payment_unallowed = <br />customers_status_shipping_unallowed = <br />customers_status_payment_target = 0<br />customers_status_skonto = <br />customers_status_default_admin_paymentmethod = <br />customers_status_delivery_conditions = <br />export_note_text = <br />export_note = 0<br />customers_fsk18 = 0<br />customers_fsk18_display = 0<br />customers_status_discount_attributes = <br />account_value_alert_status = 0<br />account_value_alert_limit = 0<br />sort_order = 0<br />customers_status_description = Unbekannte Kundengruppe #10<br />', 5006),
(161, '2025-07-03 10:30:19', 'Kundengruppen Konfiguration EU Commercial 1:<br />customers_status_name = EU Commercial 1<br />customers_status_public = 0<br />customers_status_show_price = 1<br />customers_status_show_price_tax = 1<br />customers_status_discount = 0.00<br />customers_status_ot_discount_flag = 0<br />customers_status_ot_discount = 0.00<br />customers_status_graduated_prices = 0<br />customers_status_add_tax_ot = 0<br />customers_status_payment_unallowed = <br />customers_status_shipping_unallowed = <br />customers_status_payment_target = 0<br />customers_status_skonto = <br />customers_status_default_admin_paymentmethod = <br />customers_status_delivery_conditions = <br />export_note_text = <br />export_note = 0<br />customers_fsk18 = 0<br />customers_fsk18_display = 0<br />customers_status_discount_attributes = <br />account_value_alert_status = 0<br />account_value_alert_limit = 0<br />sort_order = 0<br />customers_status_description = Unbekannte Kundengruppe #10<br />', 5006),
(162, '2025-07-03 10:30:24', 'Kundengruppen Konfiguration EU Commercial 2:<br />customers_status_name = EU Commercial 2<br />customers_status_public = 0<br />customers_status_show_price = 1<br />customers_status_show_price_tax = 1<br />customers_status_discount = 0.00<br />customers_status_ot_discount_flag = 0<br />customers_status_ot_discount = 0.00<br />customers_status_graduated_prices = 0<br />customers_status_add_tax_ot = 0<br />customers_status_payment_unallowed = <br />customers_status_shipping_unallowed = <br />customers_status_payment_target = 0<br />customers_status_skonto = <br />customers_status_default_admin_paymentmethod = <br />customers_status_delivery_conditions = <br />export_note_text = <br />export_note = 0<br />customers_fsk18 = 0<br />customers_fsk18_display = 0<br />customers_status_discount_attributes = <br />account_value_alert_status = 0<br />account_value_alert_limit = 0<br />sort_order = 0<br />customers_status_description = Unbekannte Kundengruppe #11<br />', 5006),
(163, '2025-07-03 10:30:29', 'Kundengruppen Konfiguration EU Commercial 3:<br />customers_status_name = EU Commercial 3<br />customers_status_public = 0<br />customers_status_show_price = 1<br />customers_status_show_price_tax = 1<br />customers_status_discount = 0.00<br />customers_status_ot_discount_flag = 0<br />customers_status_ot_discount = 0.00<br />customers_status_graduated_prices = 0<br />customers_status_add_tax_ot = 0<br />customers_status_payment_unallowed = <br />customers_status_shipping_unallowed = <br />customers_status_payment_target = 0<br />customers_status_skonto = <br />customers_status_default_admin_paymentmethod = <br />customers_status_delivery_conditions = <br />export_note_text = <br />export_note = 0<br />customers_fsk18 = 0<br />customers_fsk18_display = 0<br />customers_status_discount_attributes = <br />account_value_alert_status = 0<br />account_value_alert_limit = 0<br />sort_order = 0<br />customers_status_description = Unbekannte Kundengruppe #12<br />', 5006),
(164, '2025-07-03 10:30:46', 'Kundengruppen Konfiguration Non-EU Commercial 1:<br />customers_status_name = Non-EU Commercial 1<br />customers_status_public = 0<br />customers_status_show_price = 1<br />customers_status_show_price_tax = 0<br />customers_status_discount = <br />customers_status_ot_discount_flag = 0<br />customers_status_ot_discount = <br />customers_status_graduated_prices = 0<br />customers_status_add_tax_ot = 0<br />customers_status_payment_unallowed = <br />customers_status_shipping_unallowed = <br />customers_status_payment_target = 0<br />customers_status_skonto = <br />customers_status_default_admin_paymentmethod = <br />customers_status_delivery_conditions = <br />export_note_text = <br />export_note = 0<br />customers_fsk18 = 0<br />customers_fsk18_display = 0<br />customers_status_discount_attributes = <br />account_value_alert_status = 0<br />account_value_alert_limit = <br />sort_order = 0<br />customers_status_description = <br />customers_status_id = 16<br />language_id = 2<br />', 5006),
(165, '2025-07-03 10:31:02', 'Kundengruppen Konfiguration Non-EU Commercial 2:<br />customers_status_name = Non-EU Commercial 2<br />customers_status_public = 0<br />customers_status_show_price = 1<br />customers_status_show_price_tax = 0<br />customers_status_discount = <br />customers_status_ot_discount_flag = 0<br />customers_status_ot_discount = <br />customers_status_graduated_prices = 0<br />customers_status_add_tax_ot = 0<br />customers_status_payment_unallowed = <br />customers_status_shipping_unallowed = <br />customers_status_payment_target = 0<br />customers_status_skonto = <br />customers_status_default_admin_paymentmethod = <br />customers_status_delivery_conditions = <br />export_note_text = <br />export_note = 0<br />customers_fsk18 = 0<br />customers_fsk18_display = 0<br />customers_status_discount_attributes = <br />account_value_alert_status = 0<br />account_value_alert_limit = <br />sort_order = 0<br />customers_status_description = <br />customers_status_id = 17<br />language_id = 2<br />', 5006),
(166, '2025-07-03 10:31:13', 'Kundengruppen Konfiguration Non-EU Commercial 3:<br />customers_status_name = Non-EU Commercial 3<br />customers_status_public = 0<br />customers_status_show_price = 1<br />customers_status_show_price_tax = 0<br />customers_status_discount = <br />customers_status_ot_discount_flag = 0<br />customers_status_ot_discount = <br />customers_status_graduated_prices = 0<br />customers_status_add_tax_ot = 0<br />customers_status_payment_unallowed = <br />customers_status_shipping_unallowed = <br />customers_status_payment_target = 0<br />customers_status_skonto = <br />customers_status_default_admin_paymentmethod = <br />customers_status_delivery_conditions = <br />export_note_text = <br />export_note = 0<br />customers_fsk18 = 0<br />customers_fsk18_display = 0<br />customers_status_discount_attributes = <br />account_value_alert_status = 0<br />account_value_alert_limit = <br />sort_order = 0<br />customers_status_description = <br />customers_status_id = 18<br />language_id = 2<br />', 5006),
(167, '2025-07-03 10:31:38', 'Kundengruppen Konfiguration DE Commercial 3:<br />customers_status_name = DE Commercial 3<br />customers_status_public = 0<br />customers_status_show_price = 1<br />customers_status_show_price_tax = 1<br />customers_status_discount = 0.00<br />customers_status_ot_discount_flag = 0<br />customers_status_ot_discount = 0.00<br />customers_status_graduated_prices = 0<br />customers_status_add_tax_ot = 0<br />customers_status_payment_unallowed = <br />customers_status_shipping_unallowed = <br />customers_status_payment_target = 0<br />customers_status_skonto = <br />customers_status_default_admin_paymentmethod = <br />customers_status_delivery_conditions = <br />export_note_text = <br />export_note = 0<br />customers_fsk18 = 0<br />customers_fsk18_display = 0<br />customers_status_discount_attributes = <br />account_value_alert_status = 0<br />account_value_alert_limit = 0<br />sort_order = 0<br />customers_status_description = Unbekannte Kundengruppe #15<br />', 5006),
(168, '2025-07-03 10:34:22', 'Kundengruppen Konfiguration DE Commercial 1:<br />customers_status_name = DE Commercial 1<br />customers_status_public = 0<br />customers_status_show_price = 1<br />customers_status_show_price_tax = 1<br />customers_status_discount = 0.00<br />customers_status_ot_discount_flag = 0<br />customers_status_ot_discount = 0.00<br />customers_status_graduated_prices = 0<br />customers_status_add_tax_ot = 0<br />customers_status_payment_unallowed = <br />customers_status_shipping_unallowed = <br />customers_status_payment_target = 0<br />customers_status_skonto = <br />customers_status_default_admin_paymentmethod = <br />customers_status_delivery_conditions = <br />export_note_text = <br />export_note = 0<br />customers_fsk18 = 0<br />customers_fsk18_display = 0<br />customers_status_discount_attributes = <br />account_value_alert_status = 0<br />account_value_alert_limit = 0<br />sort_order = 0<br />customers_status_description = Unbekannte Kundengruppe #13<br />', 5006),
(169, '2025-07-03 10:35:12', 'Kundengruppen Konfiguration DE Commercial 3:<br />customers_status_name = DE Commercial 3<br />customers_status_public = 0<br />customers_status_show_price = 1<br />customers_status_show_price_tax = 1<br />customers_status_discount = 0.00<br />customers_status_ot_discount_flag = 0<br />customers_status_ot_discount = 0.00<br />customers_status_graduated_prices = 0<br />customers_status_add_tax_ot = 0<br />customers_status_payment_unallowed = <br />customers_status_shipping_unallowed = <br />customers_status_payment_target = 0<br />customers_status_skonto = <br />customers_status_default_admin_paymentmethod = <br />customers_status_delivery_conditions = <br />export_note_text = <br />export_note = 0<br />customers_fsk18 = 0<br />customers_fsk18_display = 0<br />customers_status_discount_attributes = <br />account_value_alert_status = 0<br />account_value_alert_limit = 0<br />sort_order = 0<br />customers_status_description = Unbekannte Kundengruppe #15<br />', 5006),
(170, '2025-07-03 10:35:49', 'Kundengruppen Konfiguration DE Commercial 1:<br />customers_status_name = DE Commercial 1<br />customers_status_public = 0<br />customers_status_show_price = 1<br />customers_status_show_price_tax = 1<br />customers_status_discount = 0.00<br />customers_status_ot_discount_flag = 0<br />customers_status_ot_discount = 0.00<br />customers_status_graduated_prices = 0<br />customers_status_add_tax_ot = 0<br />customers_status_payment_unallowed = <br />customers_status_shipping_unallowed = <br />customers_status_payment_target = 0<br />customers_status_skonto = <br />customers_status_default_admin_paymentmethod = <br />customers_status_delivery_conditions = <br />export_note_text = <br />export_note = 0<br />customers_fsk18 = 0<br />customers_fsk18_display = 0<br />customers_status_discount_attributes = <br />account_value_alert_status = 0<br />account_value_alert_limit = 0<br />sort_order = 0<br />customers_status_description = Unbekannte Kundengruppe #13<br />', 5006),
(171, '2025-07-03 10:35:58', 'Kundengruppen Konfiguration DE Commercial 1:<br />customers_status_name = DE Commercial 1<br />customers_status_public = 0<br />customers_status_show_price = 1<br />customers_status_show_price_tax = 1<br />customers_status_discount = 0.00<br />customers_status_ot_discount_flag = 0<br />customers_status_ot_discount = 0.00<br />customers_status_graduated_prices = 0<br />customers_status_add_tax_ot = 0<br />customers_status_payment_unallowed = <br />customers_status_shipping_unallowed = <br />customers_status_payment_target = 0<br />customers_status_skonto = <br />customers_status_default_admin_paymentmethod = <br />customers_status_delivery_conditions = <br />export_note_text = <br />export_note = 0<br />customers_fsk18 = 0<br />customers_fsk18_display = 0<br />customers_status_discount_attributes = <br />account_value_alert_status = 0<br />account_value_alert_limit = 0<br />sort_order = 0<br />customers_status_description = Unbekannte Kundengruppe #13<br />', 5006),
(172, '2025-07-03 10:41:48', 'Kundengruppen Konfiguration EU Commercial 1:<br />customers_status_name = EU Commercial 1<br />customers_status_public = 0<br />customers_status_show_price = 1<br />customers_status_show_price_tax = 1<br />customers_status_discount = 0.00<br />customers_status_ot_discount_flag = 0<br />customers_status_ot_discount = 0.00<br />customers_status_graduated_prices = 0<br />customers_status_add_tax_ot = 0<br />customers_status_payment_unallowed = <br />customers_status_shipping_unallowed = <br />customers_status_payment_target = 0<br />customers_status_skonto = <br />customers_status_default_admin_paymentmethod = <br />customers_status_delivery_conditions = <br />export_note_text = <br />export_note = 0<br />customers_fsk18 = 0<br />customers_fsk18_display = 0<br />customers_status_discount_attributes = <br />account_value_alert_status = 0<br />account_value_alert_limit = 0<br />sort_order = 0<br />customers_status_description = Unbekannte Kundengruppe #10<br />', 1),
(173, '2025-07-03 10:46:22', 'Kundengruppen Konfiguration EU Commercial 1:<br />customers_status_name = EU Commercial 1<br />customers_status_public = 0<br />customers_status_show_price = 1<br />customers_status_show_price_tax = 1<br />customers_status_discount = 0.00<br />customers_status_ot_discount_flag = 0<br />customers_status_ot_discount = 0.00<br />customers_status_graduated_prices = 0<br />customers_status_add_tax_ot = 0<br />customers_status_payment_unallowed = <br />customers_status_shipping_unallowed = <br />customers_status_payment_target = 0<br />customers_status_skonto = <br />customers_status_default_admin_paymentmethod = <br />customers_status_delivery_conditions = <br />export_note_text = <br />export_note = 0<br />customers_fsk18 = 0<br />customers_fsk18_display = 0<br />customers_status_discount_attributes = <br />account_value_alert_status = 0<br />account_value_alert_limit = 0<br />sort_order = 0<br />customers_status_description = Unbekannte Kundengruppe #10<br />', 5006),
(174, '2025-07-03 10:46:33', 'Kundengruppen Konfiguration EU Commercial 1:<br />customers_status_name = EU Commercial 1<br />customers_status_public = 0<br />customers_status_show_price = 1<br />customers_status_show_price_tax = 1<br />customers_status_discount = 0.00<br />customers_status_ot_discount_flag = 0<br />customers_status_ot_discount = 0.00<br />customers_status_graduated_prices = 0<br />customers_status_add_tax_ot = 0<br />customers_status_payment_unallowed = <br />customers_status_shipping_unallowed = <br />customers_status_payment_target = 0<br />customers_status_skonto = <br />customers_status_default_admin_paymentmethod = <br />customers_status_delivery_conditions = <br />export_note_text = <br />export_note = 0<br />customers_fsk18 = 0<br />customers_fsk18_display = 0<br />customers_status_discount_attributes = <br />account_value_alert_status = 0<br />account_value_alert_limit = 0<br />sort_order = 0<br />customers_status_description = Unbekannte Kundengruppe #10<br />', 5006),
(175, '2025-07-03 10:46:39', 'Kundengruppen Konfiguration EU Commercial 2:<br />customers_status_name = EU Commercial 2<br />customers_status_public = 0<br />customers_status_show_price = 1<br />customers_status_show_price_tax = 1<br />customers_status_discount = 0.00<br />customers_status_ot_discount_flag = 0<br />customers_status_ot_discount = 0.00<br />customers_status_graduated_prices = 0<br />customers_status_add_tax_ot = 0<br />customers_status_payment_unallowed = <br />customers_status_shipping_unallowed = <br />customers_status_payment_target = 0<br />customers_status_skonto = <br />customers_status_default_admin_paymentmethod = <br />customers_status_delivery_conditions = <br />export_note_text = <br />export_note = 0<br />customers_fsk18 = 0<br />customers_fsk18_display = 0<br />customers_status_discount_attributes = <br />account_value_alert_status = 0<br />account_value_alert_limit = 0<br />sort_order = 0<br />customers_status_description = Unbekannte Kundengruppe #11<br />', 5006),
(176, '2025-07-03 10:46:46', 'Kundengruppen Konfiguration EU Commercial 3:<br />customers_status_name = EU Commercial 3<br />customers_status_public = 0<br />customers_status_show_price = 1<br />customers_status_show_price_tax = 1<br />customers_status_discount = 0.00<br />customers_status_ot_discount_flag = 0<br />customers_status_ot_discount = 0.00<br />customers_status_graduated_prices = 0<br />customers_status_add_tax_ot = 0<br />customers_status_payment_unallowed = <br />customers_status_shipping_unallowed = <br />customers_status_payment_target = 0<br />customers_status_skonto = <br />customers_status_default_admin_paymentmethod = <br />customers_status_delivery_conditions = <br />export_note_text = <br />export_note = 0<br />customers_fsk18 = 0<br />customers_fsk18_display = 0<br />customers_status_discount_attributes = <br />account_value_alert_status = 0<br />account_value_alert_limit = 0<br />sort_order = 0<br />customers_status_description = Unbekannte Kundengruppe #12<br />', 5006),
(177, '2025-07-03 10:46:53', 'Kundengruppen Konfiguration DE Commercial 1:<br />customers_status_name = DE Commercial 1<br />customers_status_public = 0<br />customers_status_show_price = 1<br />customers_status_show_price_tax = 1<br />customers_status_discount = 0.00<br />customers_status_ot_discount_flag = 0<br />customers_status_ot_discount = 0.00<br />customers_status_graduated_prices = 0<br />customers_status_add_tax_ot = 0<br />customers_status_payment_unallowed = <br />customers_status_shipping_unallowed = <br />customers_status_payment_target = 0<br />customers_status_skonto = <br />customers_status_default_admin_paymentmethod = <br />customers_status_delivery_conditions = <br />export_note_text = <br />export_note = 0<br />customers_fsk18 = 0<br />customers_fsk18_display = 0<br />customers_status_discount_attributes = <br />account_value_alert_status = 0<br />account_value_alert_limit = 0<br />sort_order = 0<br />customers_status_description = Unbekannte Kundengruppe #13<br />', 5006),
(178, '2025-07-03 10:47:00', 'Kundengruppen Konfiguration DE Commercial 2:<br />customers_status_name = DE Commercial 2<br />customers_status_public = 0<br />customers_status_show_price = 1<br />customers_status_show_price_tax = 1<br />customers_status_discount = 0.00<br />customers_status_ot_discount_flag = 0<br />customers_status_ot_discount = 0.00<br />customers_status_graduated_prices = 0<br />customers_status_add_tax_ot = 0<br />customers_status_payment_unallowed = <br />customers_status_shipping_unallowed = <br />customers_status_payment_target = 0<br />customers_status_skonto = <br />customers_status_default_admin_paymentmethod = <br />customers_status_delivery_conditions = <br />export_note_text = <br />export_note = 0<br />customers_fsk18 = 0<br />customers_fsk18_display = 0<br />customers_status_discount_attributes = <br />account_value_alert_status = 0<br />account_value_alert_limit = 0<br />sort_order = 0<br />customers_status_description = Unbekannte Kundengruppe #14<br />', 5006),
(179, '2025-07-03 10:47:05', 'Kundengruppen Konfiguration DE Commercial 3:<br />customers_status_name = DE Commercial 3<br />customers_status_public = 0<br />customers_status_show_price = 1<br />customers_status_show_price_tax = 1<br />customers_status_discount = 0.00<br />customers_status_ot_discount_flag = 0<br />customers_status_ot_discount = 0.00<br />customers_status_graduated_prices = 0<br />customers_status_add_tax_ot = 0<br />customers_status_payment_unallowed = <br />customers_status_shipping_unallowed = <br />customers_status_payment_target = 0<br />customers_status_skonto = <br />customers_status_default_admin_paymentmethod = <br />customers_status_delivery_conditions = <br />export_note_text = <br />export_note = 0<br />customers_fsk18 = 0<br />customers_fsk18_display = 0<br />customers_status_discount_attributes = <br />account_value_alert_status = 0<br />account_value_alert_limit = 0<br />sort_order = 0<br />customers_status_description = Unbekannte Kundengruppe #15<br />', 5006),
(180, '2025-07-03 10:47:22', 'Kundengruppen Konfiguration Non-EU Commercial 1:<br />customers_status_name = Non-EU Commercial 1<br />customers_status_public = 0<br />customers_status_show_price = 1<br />customers_status_show_price_tax = 0<br />customers_status_discount = 0.00<br />customers_status_ot_discount_flag = 0<br />customers_status_ot_discount = 0.00<br />customers_status_graduated_prices = 0<br />customers_status_add_tax_ot = 0<br />customers_status_payment_unallowed = <br />customers_status_shipping_unallowed = <br />customers_status_payment_target = 0<br />customers_status_skonto = <br />customers_status_default_admin_paymentmethod = <br />customers_status_delivery_conditions = <br />export_note_text = <br />export_note = 0<br />customers_fsk18 = 0<br />customers_fsk18_display = 0<br />customers_status_discount_attributes = <br />account_value_alert_status = 0<br />account_value_alert_limit = 0<br />sort_order = 0<br />customers_status_description = <br />', 5006),
(181, '2025-07-03 10:47:32', 'Kundengruppen Konfiguration Non-EU Commercial 2:<br />customers_status_name = Non-EU Commercial 2<br />customers_status_public = 0<br />customers_status_show_price = 1<br />customers_status_show_price_tax = 0<br />customers_status_discount = 0.00<br />customers_status_ot_discount_flag = 0<br />customers_status_ot_discount = 0.00<br />customers_status_graduated_prices = 0<br />customers_status_add_tax_ot = 0<br />customers_status_payment_unallowed = <br />customers_status_shipping_unallowed = <br />customers_status_payment_target = 0<br />customers_status_skonto = <br />customers_status_default_admin_paymentmethod = <br />customers_status_delivery_conditions = <br />export_note_text = <br />export_note = 0<br />customers_fsk18 = 0<br />customers_fsk18_display = 0<br />customers_status_discount_attributes = <br />account_value_alert_status = 0<br />account_value_alert_limit = 0<br />sort_order = 0<br />customers_status_description = <br />', 5006),
(182, '2025-07-03 10:47:38', 'Kundengruppen Konfiguration Non-EU Commercial 3:<br />customers_status_name = Non-EU Commercial 3<br />customers_status_public = 0<br />customers_status_show_price = 1<br />customers_status_show_price_tax = 0<br />customers_status_discount = 0.00<br />customers_status_ot_discount_flag = 0<br />customers_status_ot_discount = 0.00<br />customers_status_graduated_prices = 0<br />customers_status_add_tax_ot = 0<br />customers_status_payment_unallowed = <br />customers_status_shipping_unallowed = <br />customers_status_payment_target = 0<br />customers_status_skonto = <br />customers_status_default_admin_paymentmethod = <br />customers_status_delivery_conditions = <br />export_note_text = <br />export_note = 0<br />customers_fsk18 = 0<br />customers_fsk18_display = 0<br />customers_status_discount_attributes = <br />account_value_alert_status = 0<br />account_value_alert_limit = 0<br />sort_order = 0<br />customers_status_description = <br />', 5006),
(183, '2025-07-03 10:52:52', 'Kundengruppen Konfiguration --------------------------------:<br />customers_status_name = --------------------------------<br />customers_status_public = 0<br />customers_status_show_price = 0<br />customers_status_show_price_tax = 0<br />customers_status_discount = <br />customers_status_ot_discount_flag = 0<br />customers_status_ot_discount = <br />customers_status_graduated_prices = 0<br />customers_status_add_tax_ot = 0<br />customers_status_payment_unallowed = <br />customers_status_shipping_unallowed = <br />customers_status_payment_target = 0<br />customers_status_skonto = <br />customers_status_default_admin_paymentmethod = <br />customers_status_delivery_conditions = <br />export_note_text = <br />export_note = 0<br />customers_fsk18 = 0<br />customers_fsk18_display = 0<br />customers_status_discount_attributes = <br />account_value_alert_status = 0<br />account_value_alert_limit = <br />sort_order = 0<br />customers_status_description = <br />customers_status_id = 19<br />language_id = 2<br />', 5006),
(184, '2025-07-03 10:53:07', 'Kundengruppen Konfiguration --------------------------------:<br />customers_status_name = --------------------------------<br />customers_status_public = 0<br />customers_status_show_price = 0<br />customers_status_show_price_tax = 0<br />customers_status_discount = 0.00<br />customers_status_ot_discount_flag = 0<br />customers_status_ot_discount = 0.00<br />customers_status_graduated_prices = 0<br />customers_status_add_tax_ot = 0<br />customers_status_payment_unallowed = <br />customers_status_shipping_unallowed = <br />customers_status_payment_target = 0<br />customers_status_skonto = <br />customers_status_default_admin_paymentmethod = <br />customers_status_delivery_conditions = <br />export_note_text = <br />export_note = 0<br />customers_fsk18 = 0<br />customers_fsk18_display = 0<br />customers_status_discount_attributes = <br />account_value_alert_status = 0<br />account_value_alert_limit = 0<br />sort_order = 9<br />customers_status_description = <br />', 5006),
(185, '2025-07-03 10:53:39', 'Kundengruppen Konfiguration DE Commercial 1:<br />customers_status_name = DE Commercial 1<br />customers_status_public = 0<br />customers_status_show_price = 1<br />customers_status_show_price_tax = 1<br />customers_status_discount = 0.00<br />customers_status_ot_discount_flag = 0<br />customers_status_ot_discount = 0.00<br />customers_status_graduated_prices = 0<br />customers_status_add_tax_ot = 0<br />customers_status_payment_unallowed = <br />customers_status_shipping_unallowed = <br />customers_status_payment_target = 0<br />customers_status_skonto = <br />customers_status_default_admin_paymentmethod = <br />customers_status_delivery_conditions = <br />export_note_text = <br />export_note = 0<br />customers_fsk18 = 0<br />customers_fsk18_display = 0<br />customers_status_discount_attributes = <br />account_value_alert_status = 0<br />account_value_alert_limit = 0<br />sort_order = 1<br />customers_status_description = Unbekannte Kundengruppe #13<br />', 5006),
(186, '2025-07-03 10:53:51', 'Kundengruppen Konfiguration DE Commercial 2:<br />customers_status_name = DE Commercial 2<br />customers_status_public = 0<br />customers_status_show_price = 1<br />customers_status_show_price_tax = 1<br />customers_status_discount = 0.00<br />customers_status_ot_discount_flag = 0<br />customers_status_ot_discount = 0.00<br />customers_status_graduated_prices = 0<br />customers_status_add_tax_ot = 0<br />customers_status_payment_unallowed = <br />customers_status_shipping_unallowed = <br />customers_status_payment_target = 0<br />customers_status_skonto = <br />customers_status_default_admin_paymentmethod = <br />customers_status_delivery_conditions = <br />export_note_text = <br />export_note = 0<br />customers_fsk18 = 0<br />customers_fsk18_display = 0<br />customers_status_discount_attributes = <br />account_value_alert_status = 0<br />account_value_alert_limit = 0<br />sort_order = 1<br />customers_status_description = Unbekannte Kundengruppe #14<br />', 5006),
(187, '2025-07-03 10:53:57', 'Kundengruppen Konfiguration DE Commercial 3:<br />customers_status_name = DE Commercial 3<br />customers_status_public = 0<br />customers_status_show_price = 1<br />customers_status_show_price_tax = 1<br />customers_status_discount = 0.00<br />customers_status_ot_discount_flag = 0<br />customers_status_ot_discount = 0.00<br />customers_status_graduated_prices = 0<br />customers_status_add_tax_ot = 0<br />customers_status_payment_unallowed = <br />customers_status_shipping_unallowed = <br />customers_status_payment_target = 0<br />customers_status_skonto = <br />customers_status_default_admin_paymentmethod = <br />customers_status_delivery_conditions = <br />export_note_text = <br />export_note = 0<br />customers_fsk18 = 0<br />customers_fsk18_display = 0<br />customers_status_discount_attributes = <br />account_value_alert_status = 0<br />account_value_alert_limit = 0<br />sort_order = 1<br />customers_status_description = Unbekannte Kundengruppe #15<br />', 5006),
(188, '2025-07-03 10:54:02', 'Kundengruppen Konfiguration EU Commercial 1:<br />customers_status_name = EU Commercial 1<br />customers_status_public = 0<br />customers_status_show_price = 1<br />customers_status_show_price_tax = 1<br />customers_status_discount = 0.00<br />customers_status_ot_discount_flag = 0<br />customers_status_ot_discount = 0.00<br />customers_status_graduated_prices = 0<br />customers_status_add_tax_ot = 0<br />customers_status_payment_unallowed = <br />customers_status_shipping_unallowed = <br />customers_status_payment_target = 0<br />customers_status_skonto = <br />customers_status_default_admin_paymentmethod = <br />customers_status_delivery_conditions = <br />export_note_text = <br />export_note = 0<br />customers_fsk18 = 0<br />customers_fsk18_display = 0<br />customers_status_discount_attributes = <br />account_value_alert_status = 0<br />account_value_alert_limit = 0<br />sort_order = 2<br />customers_status_description = Unbekannte Kundengruppe #10<br />', 5006),
(189, '2025-07-03 10:54:08', 'Kundengruppen Konfiguration EU Commercial 2:<br />customers_status_name = EU Commercial 2<br />customers_status_public = 0<br />customers_status_show_price = 1<br />customers_status_show_price_tax = 1<br />customers_status_discount = 0.00<br />customers_status_ot_discount_flag = 0<br />customers_status_ot_discount = 0.00<br />customers_status_graduated_prices = 0<br />customers_status_add_tax_ot = 0<br />customers_status_payment_unallowed = <br />customers_status_shipping_unallowed = <br />customers_status_payment_target = 0<br />customers_status_skonto = <br />customers_status_default_admin_paymentmethod = <br />customers_status_delivery_conditions = <br />export_note_text = <br />export_note = 0<br />customers_fsk18 = 0<br />customers_fsk18_display = 0<br />customers_status_discount_attributes = <br />account_value_alert_status = 0<br />account_value_alert_limit = 0<br />sort_order = 2<br />customers_status_description = Unbekannte Kundengruppe #11<br />', 5006),
(190, '2025-07-03 10:54:12', 'Kundengruppen Konfiguration EU Commercial 3:<br />customers_status_name = EU Commercial 3<br />customers_status_public = 0<br />customers_status_show_price = 1<br />customers_status_show_price_tax = 1<br />customers_status_discount = 0.00<br />customers_status_ot_discount_flag = 0<br />customers_status_ot_discount = 0.00<br />customers_status_graduated_prices = 0<br />customers_status_add_tax_ot = 0<br />customers_status_payment_unallowed = <br />customers_status_shipping_unallowed = <br />customers_status_payment_target = 0<br />customers_status_skonto = <br />customers_status_default_admin_paymentmethod = <br />customers_status_delivery_conditions = <br />export_note_text = <br />export_note = 0<br />customers_fsk18 = 0<br />customers_fsk18_display = 0<br />customers_status_discount_attributes = <br />account_value_alert_status = 0<br />account_value_alert_limit = 0<br />sort_order = 2<br />customers_status_description = Unbekannte Kundengruppe #12<br />', 5006),
(191, '2025-07-03 10:54:18', 'Kundengruppen Konfiguration Non-EU Commercial 1:<br />customers_status_name = Non-EU Commercial 1<br />customers_status_public = 0<br />customers_status_show_price = 1<br />customers_status_show_price_tax = 0<br />customers_status_discount = 0.00<br />customers_status_ot_discount_flag = 0<br />customers_status_ot_discount = 0.00<br />customers_status_graduated_prices = 0<br />customers_status_add_tax_ot = 0<br />customers_status_payment_unallowed = <br />customers_status_shipping_unallowed = <br />customers_status_payment_target = 0<br />customers_status_skonto = <br />customers_status_default_admin_paymentmethod = <br />customers_status_delivery_conditions = <br />export_note_text = <br />export_note = 0<br />customers_fsk18 = 0<br />customers_fsk18_display = 0<br />customers_status_discount_attributes = <br />account_value_alert_status = 0<br />account_value_alert_limit = 0<br />sort_order = 3<br />customers_status_description = <br />', 5006);
INSERT INTO `history` (`history_id`, `date_added`, `comments`, `editor_id`) VALUES
(192, '2025-07-03 10:54:22', 'Kundengruppen Konfiguration Non-EU Commercial 2:<br />customers_status_name = Non-EU Commercial 2<br />customers_status_public = 0<br />customers_status_show_price = 1<br />customers_status_show_price_tax = 0<br />customers_status_discount = 0.00<br />customers_status_ot_discount_flag = 0<br />customers_status_ot_discount = 0.00<br />customers_status_graduated_prices = 0<br />customers_status_add_tax_ot = 0<br />customers_status_payment_unallowed = <br />customers_status_shipping_unallowed = <br />customers_status_payment_target = 0<br />customers_status_skonto = <br />customers_status_default_admin_paymentmethod = <br />customers_status_delivery_conditions = <br />export_note_text = <br />export_note = 0<br />customers_fsk18 = 0<br />customers_fsk18_display = 0<br />customers_status_discount_attributes = <br />account_value_alert_status = 0<br />account_value_alert_limit = 0<br />sort_order = 3<br />customers_status_description = <br />', 5006),
(193, '2025-07-03 10:54:28', 'Kundengruppen Konfiguration Non-EU Commercial 3:<br />customers_status_name = Non-EU Commercial 3<br />customers_status_public = 0<br />customers_status_show_price = 1<br />customers_status_show_price_tax = 0<br />customers_status_discount = 0.00<br />customers_status_ot_discount_flag = 0<br />customers_status_ot_discount = 0.00<br />customers_status_graduated_prices = 0<br />customers_status_add_tax_ot = 0<br />customers_status_payment_unallowed = <br />customers_status_shipping_unallowed = <br />customers_status_payment_target = 0<br />customers_status_skonto = <br />customers_status_default_admin_paymentmethod = <br />customers_status_delivery_conditions = <br />export_note_text = <br />export_note = 0<br />customers_fsk18 = 0<br />customers_fsk18_display = 0<br />customers_status_discount_attributes = <br />account_value_alert_status = 0<br />account_value_alert_limit = 0<br />sort_order = 3<br />customers_status_description = <br />', 5006),
(194, '2025-07-03 10:54:36', 'Kundengruppen Konfiguration --------------------------------:<br />customers_status_name = --------------------------------<br />customers_status_public = 0<br />customers_status_show_price = 0<br />customers_status_show_price_tax = 0<br />customers_status_discount = 0.00<br />customers_status_ot_discount_flag = 0<br />customers_status_ot_discount = 0.00<br />customers_status_graduated_prices = 0<br />customers_status_add_tax_ot = 0<br />customers_status_payment_unallowed = <br />customers_status_shipping_unallowed = <br />customers_status_payment_target = 0<br />customers_status_skonto = <br />customers_status_default_admin_paymentmethod = <br />customers_status_delivery_conditions = <br />export_note_text = <br />export_note = 0<br />customers_fsk18 = 0<br />customers_fsk18_display = 0<br />customers_status_discount_attributes = <br />account_value_alert_status = 0<br />account_value_alert_limit = 0<br />sort_order = 4<br />customers_status_description = <br />', 5006),
(195, '2025-07-03 10:54:48', 'Kundengruppen Konfiguration German company (DE):<br />customers_status_name = German company (DE)<br />customers_status_public = 1<br />customers_status_show_price = 0<br />customers_status_show_price_tax = 0<br />customers_status_discount = 0.00<br />customers_status_ot_discount_flag = 0<br />customers_status_ot_discount = 0.00<br />customers_status_graduated_prices = 1<br />customers_status_add_tax_ot = 1<br />customers_status_payment_unallowed = invoice<br />customers_status_shipping_unallowed = <br />customers_status_payment_target = 0<br />customers_status_skonto = <br />customers_status_default_admin_paymentmethod = <br />customers_status_delivery_conditions = <br />export_note_text = <br />export_note = 0<br />customers_fsk18 = 1<br />customers_fsk18_display = 1<br />customers_status_discount_attributes = <br />account_value_alert_status = 0<br />account_value_alert_limit = 0<br />sort_order = 10<br />customers_status_description = Your company is based in Germany<br />', 5006),
(196, '2025-07-03 10:54:59', 'Kundengruppen Konfiguration European company (EU):<br />customers_status_name = European company (EU)<br />customers_status_public = 1<br />customers_status_show_price = 0<br />customers_status_show_price_tax = 0<br />customers_status_discount = 0.00<br />customers_status_ot_discount_flag = 0<br />customers_status_ot_discount = 0.00<br />customers_status_graduated_prices = 1<br />customers_status_add_tax_ot = 0<br />customers_status_payment_unallowed = invoice<br />customers_status_shipping_unallowed = <br />customers_status_payment_target = 10<br />customers_status_skonto = 10:3;30:1.5<br />customers_status_default_admin_paymentmethod = <br />customers_status_delivery_conditions = <br />export_note_text = Dieser Umsatz ist nach § 4 Nr. 1b UStG umsatzsteuerfrei<br />export_note = 1<br />customers_fsk18 = 1<br />customers_fsk18_display = 1<br />customers_status_discount_attributes = <br />account_value_alert_status = 0<br />account_value_alert_limit = 0<br />sort_order = 20<br />customers_status_description = Your company is based in the European Union (EU)<br />', 5006),
(197, '2025-07-03 10:55:06', 'Kundengruppen Konfiguration Companies outside the EU (non EU:<br />customers_status_name = Companies outside the EU (non EU<br />customers_status_public = 1<br />customers_status_show_price = 0<br />customers_status_show_price_tax = 0<br />customers_status_discount = 0.00<br />customers_status_ot_discount_flag = 0<br />customers_status_ot_discount = 0.00<br />customers_status_graduated_prices = 1<br />customers_status_add_tax_ot = 0<br />customers_status_payment_unallowed = invoice<br />customers_status_shipping_unallowed = <br />customers_status_payment_target = 0<br />customers_status_skonto = <br />customers_status_default_admin_paymentmethod = <br />customers_status_delivery_conditions = <br />export_note_text = Steuerfreie Ausfuhrlieferung gem. § 4 Nr. 1a des Umsatzsteuergesetzes<br />export_note = 1<br />customers_fsk18 = 1<br />customers_fsk18_display = 1<br />customers_status_discount_attributes = <br />account_value_alert_status = 0<br />account_value_alert_limit = 0<br />sort_order = 30<br />customers_status_description = Your company is located outside the European Union (non EU)<br />', 5006),
(198, '2025-07-03 10:55:36', 'Kundengruppen Konfiguration Guest:<br />customers_status_name = Guest<br />customers_status_public = 1<br />customers_status_show_price = 0<br />customers_status_show_price_tax = 0<br />customers_status_discount = 0.00<br />customers_status_ot_discount_flag = 0<br />customers_status_ot_discount = 0.00<br />customers_status_graduated_prices = 0<br />customers_status_add_tax_ot = 1<br />customers_status_payment_unallowed = invoice<br />customers_status_shipping_unallowed = <br />customers_status_payment_target = 0<br />customers_status_skonto = <br />customers_status_default_admin_paymentmethod = <br />customers_status_delivery_conditions = <br />export_note_text = <br />export_note = 0<br />customers_fsk18 = 1<br />customers_fsk18_display = 1<br />customers_status_discount_attributes = <br />account_value_alert_status = 0<br />account_value_alert_limit = 0<br />sort_order = 9<br />customers_status_description = Private purchase as a guest<br />', 5006),
(199, '2025-07-03 10:55:54', 'Kundengruppen Konfiguration NEW CUSTOMER:<br />customers_status_name = NEW CUSTOMER<br />customers_status_public = 1<br />customers_status_show_price = 0<br />customers_status_show_price_tax = 1<br />customers_status_discount = 0.00<br />customers_status_ot_discount_flag = 0<br />customers_status_ot_discount = 0.00<br />customers_status_graduated_prices = 1<br />customers_status_add_tax_ot = 1<br />customers_status_payment_unallowed = invoice<br />customers_status_shipping_unallowed = <br />customers_status_payment_target = 0<br />customers_status_skonto = <br />customers_status_default_admin_paymentmethod = <br />customers_status_delivery_conditions = <br />export_note_text = <br />export_note = 0<br />customers_fsk18 = 1<br />customers_fsk18_display = 1<br />customers_status_discount_attributes = <br />account_value_alert_status = 0<br />account_value_alert_limit = 0<br />sort_order = 9<br />customers_status_description = Private customer in Germany<br />', 5006),
(200, '2025-07-03 10:56:04', 'Kundengruppen Konfiguration CASH CUSTOMERS:<br />customers_status_name = CASH CUSTOMERS<br />customers_status_public = 0<br />customers_status_show_price = 0<br />customers_status_show_price_tax = 1<br />customers_status_discount = 0.00<br />customers_status_ot_discount_flag = 1<br />customers_status_ot_discount = 0.00<br />customers_status_graduated_prices = 0<br />customers_status_add_tax_ot = 1<br />customers_status_payment_unallowed = <br />customers_status_shipping_unallowed = <br />customers_status_payment_target = 0<br />customers_status_skonto = <br />customers_status_default_admin_paymentmethod = <br />customers_status_delivery_conditions = <br />export_note_text = <br />export_note = 0<br />customers_fsk18 = 0<br />customers_fsk18_display = 0<br />customers_status_discount_attributes = <br />account_value_alert_status = 0<br />account_value_alert_limit = 0<br />sort_order = 40<br />customers_status_description = <br />', 5006),
(201, '2025-07-03 10:56:11', 'Kundengruppen Konfiguration EBAY CUSTOMERS:<br />customers_status_name = EBAY CUSTOMERS<br />customers_status_public = 0<br />customers_status_show_price = 1<br />customers_status_show_price_tax = 1<br />customers_status_discount = 0.00<br />customers_status_ot_discount_flag = 0<br />customers_status_ot_discount = 0.00<br />customers_status_graduated_prices = 0<br />customers_status_add_tax_ot = 1<br />customers_status_payment_unallowed = invoice<br />customers_status_shipping_unallowed = <br />customers_status_payment_target = 0<br />customers_status_skonto = <br />customers_status_default_admin_paymentmethod = <br />customers_status_delivery_conditions = <br />export_note_text = <br />export_note = 0<br />customers_fsk18 = 1<br />customers_fsk18_display = 1<br />customers_status_discount_attributes = <br />account_value_alert_status = 0<br />account_value_alert_limit = 0<br />sort_order = 50<br />customers_status_description = <br />', 5006),
(202, '2025-07-03 10:57:03', 'Kundengruppen Konfiguration NEW CUSTOMER:<br />customers_status_name = NEW CUSTOMER<br />customers_status_public = 1<br />customers_status_show_price = 0<br />customers_status_show_price_tax = 1<br />customers_status_discount = 0.00<br />customers_status_ot_discount_flag = 0<br />customers_status_ot_discount = 0.00<br />customers_status_graduated_prices = 1<br />customers_status_add_tax_ot = 1<br />customers_status_payment_unallowed = invoice<br />customers_status_shipping_unallowed = <br />customers_status_payment_target = 0<br />customers_status_skonto = <br />customers_status_default_admin_paymentmethod = <br />customers_status_delivery_conditions = <br />export_note_text = <br />export_note = 0<br />customers_fsk18 = 1<br />customers_fsk18_display = 1<br />customers_status_discount_attributes = <br />account_value_alert_status = 0<br />account_value_alert_limit = 0<br />sort_order = 0<br />customers_status_description = Private customer in Germany<br />', 5006),
(203, '2025-07-04 10:15:00', 'Konfiguration META_DESCRIPTION = SYD Green Energy – Your B2B partner for Deye solar products: hybrid inverters, battery storage & energy solutions for commercial and industrial projects.', 5000),
(204, '2025-07-04 10:15:53', 'Konfiguration META_KEYWORDS = Deye B2B solar distributor  Hybrid inverter supplier Europe  Commercial solar battery systems  Industrial PV storage solutions  LiFePO₄ battery storage wholesale  Solar components for installers  Deye hybrid inverters for business  B2B solar solutions Europe  Solar energy systems for professionals  Reliable solar distribution partner', 5000),
(205, '2025-07-11 10:38:59', 'Kundengruppen Konfiguration Guest:<br />customers_status_name = Guest<br />customers_status_public = 1<br />customers_status_show_price = 0<br />customers_status_show_price_tax = 0<br />customers_status_discount = 0.00<br />customers_status_ot_discount_flag = 0<br />customers_status_ot_discount = 0.00<br />customers_status_graduated_prices = 1<br />customers_status_add_tax_ot = 1<br />customers_status_payment_unallowed = invoice<br />customers_status_shipping_unallowed = <br />customers_status_payment_target = 0<br />customers_status_skonto = <br />customers_status_default_admin_paymentmethod = <br />customers_status_delivery_conditions = <br />export_note_text = <br />export_note = 0<br />customers_fsk18 = 1<br />customers_fsk18_display = 1<br />customers_status_discount_attributes = <br />account_value_alert_status = 0<br />account_value_alert_limit = 0<br />sort_order = 9<br />customers_status_description = Private purchase as a guest<br />', 1),
(206, '2025-07-17 10:17:05', 'Konfiguration STOCK_CHECK = false', 1),
(207, '2025-07-17 10:17:12', 'Konfiguration STOCK_CHECK = false', 5006),
(208, '2025-07-18 12:57:37', 'Kundengruppen Konfiguration DE Commercial 1:<br />customers_status_name = DE Commercial 1<br />customers_status_public = 0<br />customers_status_show_price = 1<br />customers_status_show_price_tax = 1<br />customers_status_discount = 0.00<br />customers_status_ot_discount_flag = 0<br />customers_status_ot_discount = 0.00<br />customers_status_graduated_prices = 1<br />customers_status_add_tax_ot = 0<br />customers_status_payment_unallowed = <br />customers_status_shipping_unallowed = <br />customers_status_payment_target = 0<br />customers_status_skonto = <br />customers_status_default_admin_paymentmethod = <br />customers_status_delivery_conditions = <br />export_note_text = <br />export_note = 0<br />customers_fsk18 = 0<br />customers_fsk18_display = 0<br />customers_status_discount_attributes = <br />account_value_alert_status = 0<br />account_value_alert_limit = 0<br />sort_order = 1<br />customers_status_description = Unbekannte Kundengruppe #13<br />', 5006),
(209, '2025-07-18 12:57:50', 'Kundengruppen Konfiguration DE Commercial 2:<br />customers_status_name = DE Commercial 2<br />customers_status_public = 0<br />customers_status_show_price = 1<br />customers_status_show_price_tax = 1<br />customers_status_discount = 0.00<br />customers_status_ot_discount_flag = 0<br />customers_status_ot_discount = 0.00<br />customers_status_graduated_prices = 1<br />customers_status_add_tax_ot = 0<br />customers_status_payment_unallowed = <br />customers_status_shipping_unallowed = <br />customers_status_payment_target = 0<br />customers_status_skonto = <br />customers_status_default_admin_paymentmethod = <br />customers_status_delivery_conditions = <br />export_note_text = <br />export_note = 0<br />customers_fsk18 = 0<br />customers_fsk18_display = 0<br />customers_status_discount_attributes = <br />account_value_alert_status = 0<br />account_value_alert_limit = 0<br />sort_order = 1<br />customers_status_description = Unbekannte Kundengruppe #14<br />', 5006),
(210, '2025-07-18 12:58:02', 'Kundengruppen Konfiguration DE Commercial 3:<br />customers_status_name = DE Commercial 3<br />customers_status_public = 0<br />customers_status_show_price = 1<br />customers_status_show_price_tax = 1<br />customers_status_discount = 0.00<br />customers_status_ot_discount_flag = 0<br />customers_status_ot_discount = 0.00<br />customers_status_graduated_prices = 1<br />customers_status_add_tax_ot = 0<br />customers_status_payment_unallowed = <br />customers_status_shipping_unallowed = <br />customers_status_payment_target = 0<br />customers_status_skonto = <br />customers_status_default_admin_paymentmethod = <br />customers_status_delivery_conditions = <br />export_note_text = <br />export_note = 0<br />customers_fsk18 = 0<br />customers_fsk18_display = 0<br />customers_status_discount_attributes = <br />account_value_alert_status = 0<br />account_value_alert_limit = 0<br />sort_order = 1<br />customers_status_description = Unbekannte Kundengruppe #15<br />', 5006),
(211, '2025-07-18 12:58:55', 'Kundengruppen Konfiguration EU Commercial 1:<br />customers_status_name = EU Commercial 1<br />customers_status_public = 0<br />customers_status_show_price = 1<br />customers_status_show_price_tax = 1<br />customers_status_discount = 0.00<br />customers_status_ot_discount_flag = 0<br />customers_status_ot_discount = 0.00<br />customers_status_graduated_prices = 1<br />customers_status_add_tax_ot = 0<br />customers_status_payment_unallowed = <br />customers_status_shipping_unallowed = <br />customers_status_payment_target = 0<br />customers_status_skonto = <br />customers_status_default_admin_paymentmethod = <br />customers_status_delivery_conditions = <br />export_note_text = <br />export_note = 0<br />customers_fsk18 = 0<br />customers_fsk18_display = 0<br />customers_status_discount_attributes = <br />account_value_alert_status = 0<br />account_value_alert_limit = 0<br />sort_order = 2<br />customers_status_description = Unbekannte Kundengruppe #10<br />', 5006),
(212, '2025-07-18 12:59:01', 'Kundengruppen Konfiguration EU Commercial 2:<br />customers_status_name = EU Commercial 2<br />customers_status_public = 0<br />customers_status_show_price = 1<br />customers_status_show_price_tax = 1<br />customers_status_discount = 0.00<br />customers_status_ot_discount_flag = 0<br />customers_status_ot_discount = 0.00<br />customers_status_graduated_prices = 1<br />customers_status_add_tax_ot = 0<br />customers_status_payment_unallowed = <br />customers_status_shipping_unallowed = <br />customers_status_payment_target = 0<br />customers_status_skonto = <br />customers_status_default_admin_paymentmethod = <br />customers_status_delivery_conditions = <br />export_note_text = <br />export_note = 0<br />customers_fsk18 = 0<br />customers_fsk18_display = 0<br />customers_status_discount_attributes = <br />account_value_alert_status = 0<br />account_value_alert_limit = 0<br />sort_order = 2<br />customers_status_description = Unbekannte Kundengruppe #11<br />', 5006),
(213, '2025-07-18 12:59:11', 'Kundengruppen Konfiguration EU Commercial 3:<br />customers_status_name = EU Commercial 3<br />customers_status_public = 0<br />customers_status_show_price = 1<br />customers_status_show_price_tax = 1<br />customers_status_discount = 0.00<br />customers_status_ot_discount_flag = 0<br />customers_status_ot_discount = 0.00<br />customers_status_graduated_prices = 1<br />customers_status_add_tax_ot = 0<br />customers_status_payment_unallowed = <br />customers_status_shipping_unallowed = <br />customers_status_payment_target = 0<br />customers_status_skonto = <br />customers_status_default_admin_paymentmethod = <br />customers_status_delivery_conditions = <br />export_note_text = <br />export_note = 0<br />customers_fsk18 = 0<br />customers_fsk18_display = 0<br />customers_status_discount_attributes = <br />account_value_alert_status = 0<br />account_value_alert_limit = 0<br />sort_order = 2<br />customers_status_description = Unbekannte Kundengruppe #12<br />', 5006),
(214, '2025-07-18 12:59:24', 'Kundengruppen Konfiguration Non-EU Commercial 1:<br />customers_status_name = Non-EU Commercial 1<br />customers_status_public = 0<br />customers_status_show_price = 1<br />customers_status_show_price_tax = 0<br />customers_status_discount = 0.00<br />customers_status_ot_discount_flag = 0<br />customers_status_ot_discount = 0.00<br />customers_status_graduated_prices = 1<br />customers_status_add_tax_ot = 0<br />customers_status_payment_unallowed = <br />customers_status_shipping_unallowed = <br />customers_status_payment_target = 0<br />customers_status_skonto = <br />customers_status_default_admin_paymentmethod = <br />customers_status_delivery_conditions = <br />export_note_text = <br />export_note = 0<br />customers_fsk18 = 0<br />customers_fsk18_display = 0<br />customers_status_discount_attributes = <br />account_value_alert_status = 0<br />account_value_alert_limit = 0<br />sort_order = 3<br />customers_status_description = <br />', 5006),
(215, '2025-07-18 12:59:39', 'Kundengruppen Konfiguration Non-EU Commercial 2:<br />customers_status_name = Non-EU Commercial 2<br />customers_status_public = 0<br />customers_status_show_price = 1<br />customers_status_show_price_tax = 0<br />customers_status_discount = 0.00<br />customers_status_ot_discount_flag = 0<br />customers_status_ot_discount = 0.00<br />customers_status_graduated_prices = 1<br />customers_status_add_tax_ot = 0<br />customers_status_payment_unallowed = <br />customers_status_shipping_unallowed = <br />customers_status_payment_target = 0<br />customers_status_skonto = <br />customers_status_default_admin_paymentmethod = <br />customers_status_delivery_conditions = <br />export_note_text = <br />export_note = 0<br />customers_fsk18 = 0<br />customers_fsk18_display = 0<br />customers_status_discount_attributes = <br />account_value_alert_status = 0<br />account_value_alert_limit = 0<br />sort_order = 3<br />customers_status_description = <br />', 5006),
(216, '2025-07-18 12:59:54', 'Kundengruppen Konfiguration Non-EU Commercial 3:<br />customers_status_name = Non-EU Commercial 3<br />customers_status_public = 0<br />customers_status_show_price = 1<br />customers_status_show_price_tax = 0<br />customers_status_discount = 0.00<br />customers_status_ot_discount_flag = 0<br />customers_status_ot_discount = 0.00<br />customers_status_graduated_prices = 1<br />customers_status_add_tax_ot = 0<br />customers_status_payment_unallowed = <br />customers_status_shipping_unallowed = <br />customers_status_payment_target = 0<br />customers_status_skonto = <br />customers_status_default_admin_paymentmethod = <br />customers_status_delivery_conditions = <br />export_note_text = <br />export_note = 0<br />customers_fsk18 = 0<br />customers_fsk18_display = 0<br />customers_status_discount_attributes = <br />account_value_alert_status = 0<br />account_value_alert_limit = 0<br />sort_order = 3<br />customers_status_description = <br />', 5006),
(217, '2025-07-18 13:01:38', 'Die Kundengruppe -------------------------------- (ID: 19) wurde gelöscht.', 5006),
(218, '2025-07-21 11:46:46', 'Konfiguration STOCK_CHECK = true', 5006),
(219, '2025-07-21 11:46:53', 'Konfiguration STOCK_CHECK = false', 5006),
(220, '2025-07-21 12:19:01', 'Konfiguration STOCK_CHECK_AVAILABLE_METHOD = False', 1),
(221, '2025-07-21 19:23:19', 'Konfiguration STOCK_ALLOW_CHECKOUT = false', 5006),
(222, '2025-07-21 19:23:28', 'Konfiguration STOCK_ALLOW_CHECKOUT = true', 5006),
(223, '2025-07-21 19:29:07', 'Kundengruppen Konfiguration Non-EU Commercial 3:<br />customers_status_name = Non-EU Commercial 3<br />customers_status_public = 0<br />customers_status_show_price = 1<br />customers_status_show_price_tax = 0<br />customers_status_discount = 0.00<br />customers_status_ot_discount_flag = 0<br />customers_status_ot_discount = 0.00<br />customers_status_graduated_prices = 1<br />customers_status_add_tax_ot = 0<br />customers_status_payment_unallowed = <br />customers_status_shipping_unallowed = Shipping<br />customers_status_payment_target = 0<br />customers_status_skonto = <br />customers_status_default_admin_paymentmethod = <br />customers_status_delivery_conditions = <br />export_note_text = <br />export_note = 0<br />customers_fsk18 = 0<br />customers_fsk18_display = 0<br />customers_status_discount_attributes = <br />account_value_alert_status = 0<br />account_value_alert_limit = 0<br />sort_order = 3<br />customers_status_description = <br />', 5006),
(224, '2025-07-21 19:29:23', 'Kundengruppen Konfiguration Non-EU Commercial 2:<br />customers_status_name = Non-EU Commercial 2<br />customers_status_public = 0<br />customers_status_show_price = 1<br />customers_status_show_price_tax = 0<br />customers_status_discount = 0.00<br />customers_status_ot_discount_flag = 0<br />customers_status_ot_discount = 0.00<br />customers_status_graduated_prices = 1<br />customers_status_add_tax_ot = 0<br />customers_status_payment_unallowed = <br />customers_status_shipping_unallowed = Shipping<br />customers_status_payment_target = 0<br />customers_status_skonto = <br />customers_status_default_admin_paymentmethod = <br />customers_status_delivery_conditions = <br />export_note_text = <br />export_note = 0<br />customers_fsk18 = 0<br />customers_fsk18_display = 0<br />customers_status_discount_attributes = <br />account_value_alert_status = 0<br />account_value_alert_limit = 0<br />sort_order = 3<br />customers_status_description = <br />', 5006),
(225, '2025-07-21 19:29:47', 'Kundengruppen Konfiguration Non-EU Commercial 1:<br />customers_status_name = Non-EU Commercial 1<br />customers_status_public = 0<br />customers_status_show_price = 1<br />customers_status_show_price_tax = 0<br />customers_status_discount = 0.00<br />customers_status_ot_discount_flag = 0<br />customers_status_ot_discount = 0.00<br />customers_status_graduated_prices = 1<br />customers_status_add_tax_ot = 0<br />customers_status_payment_unallowed = <br />customers_status_shipping_unallowed = Shipping<br />customers_status_payment_target = 0<br />customers_status_skonto = <br />customers_status_default_admin_paymentmethod = <br />customers_status_delivery_conditions = <br />export_note_text = <br />export_note = 0<br />customers_fsk18 = 0<br />customers_fsk18_display = 0<br />customers_status_discount_attributes = <br />account_value_alert_status = 0<br />account_value_alert_limit = 0<br />sort_order = 3<br />customers_status_description = <br />', 5006),
(226, '2025-07-22 15:14:17', 'Kundengruppen Konfiguration EU Commercial 3:<br />customers_status_name = EU Commercial 3<br />customers_status_public = 0<br />customers_status_show_price = 1<br />customers_status_show_price_tax = 0<br />customers_status_discount = 0.00<br />customers_status_ot_discount_flag = 0<br />customers_status_ot_discount = 0.00<br />customers_status_graduated_prices = 1<br />customers_status_add_tax_ot = 0<br />customers_status_payment_unallowed = <br />customers_status_shipping_unallowed = <br />customers_status_payment_target = 0<br />customers_status_skonto = <br />customers_status_default_admin_paymentmethod = <br />customers_status_delivery_conditions = <br />export_note_text = <br />export_note = 0<br />customers_fsk18 = 0<br />customers_fsk18_display = 0<br />customers_status_discount_attributes = <br />account_value_alert_status = 0<br />account_value_alert_limit = 0<br />sort_order = 2<br />customers_status_description = Unbekannte Kundengruppe #12<br />', 5006),
(227, '2025-07-22 15:14:25', 'Kundengruppen Konfiguration EU Commercial 2:<br />customers_status_name = EU Commercial 2<br />customers_status_public = 0<br />customers_status_show_price = 1<br />customers_status_show_price_tax = 0<br />customers_status_discount = 0.00<br />customers_status_ot_discount_flag = 0<br />customers_status_ot_discount = 0.00<br />customers_status_graduated_prices = 1<br />customers_status_add_tax_ot = 0<br />customers_status_payment_unallowed = <br />customers_status_shipping_unallowed = <br />customers_status_payment_target = 0<br />customers_status_skonto = <br />customers_status_default_admin_paymentmethod = <br />customers_status_delivery_conditions = <br />export_note_text = <br />export_note = 0<br />customers_fsk18 = 0<br />customers_fsk18_display = 0<br />customers_status_discount_attributes = <br />account_value_alert_status = 0<br />account_value_alert_limit = 0<br />sort_order = 2<br />customers_status_description = Unbekannte Kundengruppe #11<br />', 5006),
(228, '2025-07-22 15:14:37', 'Kundengruppen Konfiguration EU Commercial 1:<br />customers_status_name = EU Commercial 1<br />customers_status_public = 0<br />customers_status_show_price = 1<br />customers_status_show_price_tax = 0<br />customers_status_discount = 0.00<br />customers_status_ot_discount_flag = 0<br />customers_status_ot_discount = 0.00<br />customers_status_graduated_prices = 1<br />customers_status_add_tax_ot = 0<br />customers_status_payment_unallowed = <br />customers_status_shipping_unallowed = <br />customers_status_payment_target = 0<br />customers_status_skonto = <br />customers_status_default_admin_paymentmethod = <br />customers_status_delivery_conditions = <br />export_note_text = <br />export_note = 0<br />customers_fsk18 = 0<br />customers_fsk18_display = 0<br />customers_status_discount_attributes = <br />account_value_alert_status = 0<br />account_value_alert_limit = 0<br />sort_order = 2<br />customers_status_description = Unbekannte Kundengruppe #10<br />', 5006),
(229, '2025-07-23 16:09:38', 'Konfiguration EMAIL_BILLING_SUBJECT_ORDER = Your order/request no: {$nr} / {$date}', 1),
(230, '2025-07-28 10:58:01', 'Konfiguration HEADER_SNIPPETS = <script>\r\n  gtag(\'event\', \'conversion\', {\r\n      \'send_to\': \'AW-17193473371/xCrHCKmCrPgaENuqvoZA\',\r\n      \'value\': 1.0,\r\n      \'currency\': \'EUR\'\r\n  });\r\n</script>', 5006),
(231, '2025-07-28 10:59:53', 'Konfiguration GOOGLE_ANALYTICS_ID = <script>   gtag(\'event\', \'conversion\', {       \'send_to\': \'AW-17193473371/xCrHCKmCrPgaENuqvoZA\',       \'value\': 1.0,       \'currency\': \'EUR\'   }); </script>', 5006),
(232, '2025-07-28 11:03:50', 'Konfiguration HEADER_SNIPPETS = <!-- Google tag (gtag.js) -->\r\n<script async src=\"https://www.googletagmanager.com/gtag/js?id=G-EDGF0DJV0B\"></script>\r\n<script>\r\n  window.dataLayer = window.dataLayer || [];\r\n  function gtag(){dataLayer.push(arguments);}\r\n  gtag(\'js\', new Date());\r\n\r\n  gtag(\'config\', \'G-EDGF0DJV0B\');\r\n</script>\r\n\r\n<!-- Event snippet for Request quote (1) conversion page -->\r\n<script>\r\n  gtag(\'event\', \'conversion\', {\r\n      \'send_to\': \'AW-17193473371/qW9lCLTluPgaENuqvoZA\',\r\n      \'value\': 1.0,\r\n      \'currency\': \'EUR\'\r\n  });\r\n</script>', 5006),
(233, '2025-07-28 12:21:04', 'Kundengruppen Konfiguration (Activated )DE Commercial 1:<br />customers_status_name = (Activated )DE Commercial 1<br />customers_status_public = 0<br />customers_status_show_price = 1<br />customers_status_show_price_tax = 1<br />customers_status_discount = 0.00<br />customers_status_ot_discount_flag = 0<br />customers_status_ot_discount = 0.00<br />customers_status_graduated_prices = 1<br />customers_status_add_tax_ot = 0<br />customers_status_payment_unallowed = <br />customers_status_shipping_unallowed = <br />customers_status_payment_target = 0<br />customers_status_skonto = <br />customers_status_default_admin_paymentmethod = <br />customers_status_delivery_conditions = <br />export_note_text = <br />export_note = 0<br />customers_fsk18 = 0<br />customers_fsk18_display = 0<br />customers_status_discount_attributes = <br />account_value_alert_status = 0<br />account_value_alert_limit = 0<br />sort_order = 1<br />customers_status_description = Unbekannte Kundengruppe #13<br />', 5006),
(234, '2025-07-28 12:21:20', 'Kundengruppen Konfiguration (Activated) DE Commercial 1:<br />customers_status_name = (Activated) DE Commercial 1<br />customers_status_public = 0<br />customers_status_show_price = 1<br />customers_status_show_price_tax = 1<br />customers_status_discount = 0.00<br />customers_status_ot_discount_flag = 0<br />customers_status_ot_discount = 0.00<br />customers_status_graduated_prices = 1<br />customers_status_add_tax_ot = 0<br />customers_status_payment_unallowed = <br />customers_status_shipping_unallowed = <br />customers_status_payment_target = 0<br />customers_status_skonto = <br />customers_status_default_admin_paymentmethod = <br />customers_status_delivery_conditions = <br />export_note_text = <br />export_note = 0<br />customers_fsk18 = 0<br />customers_fsk18_display = 0<br />customers_status_discount_attributes = <br />account_value_alert_status = 0<br />account_value_alert_limit = 0<br />sort_order = 1<br />customers_status_description = Unbekannte Kundengruppe #13<br />', 5006),
(235, '2025-07-28 12:21:28', 'Kundengruppen Konfiguration (Activated) DE Commercial 2:<br />customers_status_name = (Activated) DE Commercial 2<br />customers_status_public = 0<br />customers_status_show_price = 1<br />customers_status_show_price_tax = 1<br />customers_status_discount = 0.00<br />customers_status_ot_discount_flag = 0<br />customers_status_ot_discount = 0.00<br />customers_status_graduated_prices = 1<br />customers_status_add_tax_ot = 0<br />customers_status_payment_unallowed = <br />customers_status_shipping_unallowed = <br />customers_status_payment_target = 0<br />customers_status_skonto = <br />customers_status_default_admin_paymentmethod = <br />customers_status_delivery_conditions = <br />export_note_text = <br />export_note = 0<br />customers_fsk18 = 0<br />customers_fsk18_display = 0<br />customers_status_discount_attributes = <br />account_value_alert_status = 0<br />account_value_alert_limit = 0<br />sort_order = 1<br />customers_status_description = Unbekannte Kundengruppe #14<br />', 5006),
(236, '2025-07-28 12:21:35', 'Kundengruppen Konfiguration (Activated) DE Commercial 3:<br />customers_status_name = (Activated) DE Commercial 3<br />customers_status_public = 0<br />customers_status_show_price = 1<br />customers_status_show_price_tax = 1<br />customers_status_discount = 0.00<br />customers_status_ot_discount_flag = 0<br />customers_status_ot_discount = 0.00<br />customers_status_graduated_prices = 1<br />customers_status_add_tax_ot = 0<br />customers_status_payment_unallowed = <br />customers_status_shipping_unallowed = <br />customers_status_payment_target = 0<br />customers_status_skonto = <br />customers_status_default_admin_paymentmethod = <br />customers_status_delivery_conditions = <br />export_note_text = <br />export_note = 0<br />customers_fsk18 = 0<br />customers_fsk18_display = 0<br />customers_status_discount_attributes = <br />account_value_alert_status = 0<br />account_value_alert_limit = 0<br />sort_order = 1<br />customers_status_description = Unbekannte Kundengruppe #15<br />', 5006),
(237, '2025-07-28 12:21:42', 'Kundengruppen Konfiguration (Activated) EU Commercial 1:<br />customers_status_name = (Activated) EU Commercial 1<br />customers_status_public = 0<br />customers_status_show_price = 1<br />customers_status_show_price_tax = 0<br />customers_status_discount = 0.00<br />customers_status_ot_discount_flag = 0<br />customers_status_ot_discount = 0.00<br />customers_status_graduated_prices = 1<br />customers_status_add_tax_ot = 0<br />customers_status_payment_unallowed = <br />customers_status_shipping_unallowed = <br />customers_status_payment_target = 0<br />customers_status_skonto = <br />customers_status_default_admin_paymentmethod = <br />customers_status_delivery_conditions = <br />export_note_text = <br />export_note = 0<br />customers_fsk18 = 0<br />customers_fsk18_display = 0<br />customers_status_discount_attributes = <br />account_value_alert_status = 0<br />account_value_alert_limit = 0<br />sort_order = 2<br />customers_status_description = Unbekannte Kundengruppe #10<br />', 5006),
(238, '2025-07-28 12:21:48', 'Kundengruppen Konfiguration (Activated) EU Commercial 2:<br />customers_status_name = (Activated) EU Commercial 2<br />customers_status_public = 0<br />customers_status_show_price = 1<br />customers_status_show_price_tax = 0<br />customers_status_discount = 0.00<br />customers_status_ot_discount_flag = 0<br />customers_status_ot_discount = 0.00<br />customers_status_graduated_prices = 1<br />customers_status_add_tax_ot = 0<br />customers_status_payment_unallowed = <br />customers_status_shipping_unallowed = <br />customers_status_payment_target = 0<br />customers_status_skonto = <br />customers_status_default_admin_paymentmethod = <br />customers_status_delivery_conditions = <br />export_note_text = <br />export_note = 0<br />customers_fsk18 = 0<br />customers_fsk18_display = 0<br />customers_status_discount_attributes = <br />account_value_alert_status = 0<br />account_value_alert_limit = 0<br />sort_order = 2<br />customers_status_description = Unbekannte Kundengruppe #11<br />', 5006),
(239, '2025-07-28 12:21:56', 'Kundengruppen Konfiguration (Activated) EU Commercial 3:<br />customers_status_name = (Activated) EU Commercial 3<br />customers_status_public = 0<br />customers_status_show_price = 1<br />customers_status_show_price_tax = 0<br />customers_status_discount = 0.00<br />customers_status_ot_discount_flag = 0<br />customers_status_ot_discount = 0.00<br />customers_status_graduated_prices = 1<br />customers_status_add_tax_ot = 0<br />customers_status_payment_unallowed = <br />customers_status_shipping_unallowed = <br />customers_status_payment_target = 0<br />customers_status_skonto = <br />customers_status_default_admin_paymentmethod = <br />customers_status_delivery_conditions = <br />export_note_text = <br />export_note = 0<br />customers_fsk18 = 0<br />customers_fsk18_display = 0<br />customers_status_discount_attributes = <br />account_value_alert_status = 0<br />account_value_alert_limit = 0<br />sort_order = 2<br />customers_status_description = Unbekannte Kundengruppe #12<br />', 5006),
(240, '2025-07-28 12:22:01', 'Kundengruppen Konfiguration (Activated) Non-EU Commercial 1:<br />customers_status_name = (Activated) Non-EU Commercial 1<br />customers_status_public = 0<br />customers_status_show_price = 1<br />customers_status_show_price_tax = 0<br />customers_status_discount = 0.00<br />customers_status_ot_discount_flag = 0<br />customers_status_ot_discount = 0.00<br />customers_status_graduated_prices = 1<br />customers_status_add_tax_ot = 0<br />customers_status_payment_unallowed = <br />customers_status_shipping_unallowed = Shipping<br />customers_status_payment_target = 0<br />customers_status_skonto = <br />customers_status_default_admin_paymentmethod = <br />customers_status_delivery_conditions = <br />export_note_text = <br />export_note = 0<br />customers_fsk18 = 0<br />customers_fsk18_display = 0<br />customers_status_discount_attributes = <br />account_value_alert_status = 0<br />account_value_alert_limit = 0<br />sort_order = 3<br />customers_status_description = <br />', 5006),
(241, '2025-07-28 12:22:09', 'Kundengruppen Konfiguration (Activated) Non-EU Commercial 2:<br />customers_status_name = (Activated) Non-EU Commercial 2<br />customers_status_public = 0<br />customers_status_show_price = 1<br />customers_status_show_price_tax = 0<br />customers_status_discount = 0.00<br />customers_status_ot_discount_flag = 0<br />customers_status_ot_discount = 0.00<br />customers_status_graduated_prices = 1<br />customers_status_add_tax_ot = 0<br />customers_status_payment_unallowed = <br />customers_status_shipping_unallowed = Shipping<br />customers_status_payment_target = 0<br />customers_status_skonto = <br />customers_status_default_admin_paymentmethod = <br />customers_status_delivery_conditions = <br />export_note_text = <br />export_note = 0<br />customers_fsk18 = 0<br />customers_fsk18_display = 0<br />customers_status_discount_attributes = <br />account_value_alert_status = 0<br />account_value_alert_limit = 0<br />sort_order = 3<br />customers_status_description = <br />', 5006),
(242, '2025-07-28 12:22:15', 'Kundengruppen Konfiguration (Activated) Non-EU Commercial 3:<br />customers_status_name = (Activated) Non-EU Commercial 3<br />customers_status_public = 0<br />customers_status_show_price = 1<br />customers_status_show_price_tax = 0<br />customers_status_discount = 0.00<br />customers_status_ot_discount_flag = 0<br />customers_status_ot_discount = 0.00<br />customers_status_graduated_prices = 1<br />customers_status_add_tax_ot = 0<br />customers_status_payment_unallowed = <br />customers_status_shipping_unallowed = Shipping<br />customers_status_payment_target = 0<br />customers_status_skonto = <br />customers_status_default_admin_paymentmethod = <br />customers_status_delivery_conditions = <br />export_note_text = <br />export_note = 0<br />customers_fsk18 = 0<br />customers_fsk18_display = 0<br />customers_status_discount_attributes = <br />account_value_alert_status = 0<br />account_value_alert_limit = 0<br />sort_order = 3<br />customers_status_description = <br />', 5006),
(243, '2025-07-28 12:23:02', 'Kundengruppen Konfiguration <strong>(Activated)</strong> DE Commercial 1:<br />customers_status_name = <strong>(Activated)</strong> DE Commercial 1<br />customers_status_public = 0<br />customers_status_show_price = 1<br />customers_status_show_price_tax = 1<br />customers_status_discount = 0.00<br />customers_status_ot_discount_flag = 0<br />customers_status_ot_discount = 0.00<br />customers_status_graduated_prices = 1<br />customers_status_add_tax_ot = 0<br />customers_status_payment_unallowed = <br />customers_status_shipping_unallowed = <br />customers_status_payment_target = 0<br />customers_status_skonto = <br />customers_status_default_admin_paymentmethod = <br />customers_status_delivery_conditions = <br />export_note_text = <br />export_note = 0<br />customers_fsk18 = 0<br />customers_fsk18_display = 0<br />customers_status_discount_attributes = <br />account_value_alert_status = 0<br />account_value_alert_limit = 0<br />sort_order = 1<br />customers_status_description = Unbekannte Kundengruppe #13<br />', 5006),
(244, '2025-07-28 12:23:42', 'Kundengruppen Konfiguration <b>(Activated)</b> DE Commercial 1:<br />customers_status_name = <b>(Activated)</b> DE Commercial 1<br />customers_status_public = 0<br />customers_status_show_price = 1<br />customers_status_show_price_tax = 1<br />customers_status_discount = 0.00<br />customers_status_ot_discount_flag = 0<br />customers_status_ot_discount = 0.00<br />customers_status_graduated_prices = 1<br />customers_status_add_tax_ot = 0<br />customers_status_payment_unallowed = <br />customers_status_shipping_unallowed = <br />customers_status_payment_target = 0<br />customers_status_skonto = <br />customers_status_default_admin_paymentmethod = <br />customers_status_delivery_conditions = <br />export_note_text = <br />export_note = 0<br />customers_fsk18 = 0<br />customers_fsk18_display = 0<br />customers_status_discount_attributes = <br />account_value_alert_status = 0<br />account_value_alert_limit = 0<br />sort_order = 1<br />customers_status_description = Unbekannte Kundengruppe #13<br />', 5006),
(245, '2025-07-28 12:24:04', 'Kundengruppen Konfiguration <b>(Active)</b> DE Commercial 1:<br />customers_status_name = <b>(Active)</b> DE Commercial 1<br />customers_status_public = 0<br />customers_status_show_price = 1<br />customers_status_show_price_tax = 1<br />customers_status_discount = 0.00<br />customers_status_ot_discount_flag = 0<br />customers_status_ot_discount = 0.00<br />customers_status_graduated_prices = 1<br />customers_status_add_tax_ot = 0<br />customers_status_payment_unallowed = <br />customers_status_shipping_unallowed = <br />customers_status_payment_target = 0<br />customers_status_skonto = <br />customers_status_default_admin_paymentmethod = <br />customers_status_delivery_conditions = <br />export_note_text = <br />export_note = 0<br />customers_fsk18 = 0<br />customers_fsk18_display = 0<br />customers_status_discount_attributes = <br />account_value_alert_status = 0<br />account_value_alert_limit = 0<br />sort_order = 1<br />customers_status_description = Unbekannte Kundengruppe #13<br />', 5006),
(246, '2025-07-28 12:24:22', 'Kundengruppen Konfiguration <b>(Active)</b> Non-EU Commercial 1:<br />customers_status_name = <b>(Active)</b> Non-EU Commercial 1<br />customers_status_public = 0<br />customers_status_show_price = 1<br />customers_status_show_price_tax = 0<br />customers_status_discount = 0.00<br />customers_status_ot_discount_flag = 0<br />customers_status_ot_discount = 0.00<br />customers_status_graduated_prices = 1<br />customers_status_add_tax_ot = 0<br />customers_status_payment_unallowed = <br />customers_status_shipping_unallowed = Shipping<br />customers_status_payment_target = 0<br />customers_status_skonto = <br />customers_status_default_admin_paymentmethod = <br />customers_status_delivery_conditions = <br />export_note_text = <br />export_note = 0<br />customers_fsk18 = 0<br />customers_fsk18_display = 0<br />customers_status_discount_attributes = <br />account_value_alert_status = 0<br />account_value_alert_limit = 0<br />sort_order = 3<br />customers_status_description = <br />', 5006),
(247, '2025-07-28 12:24:46', 'Kundengruppen Konfiguration <b>(Act.)</b> Non-EU Commercial 1:<br />customers_status_name = <b>(Act.)</b> Non-EU Commercial 1<br />customers_status_public = 0<br />customers_status_show_price = 1<br />customers_status_show_price_tax = 0<br />customers_status_discount = 0.00<br />customers_status_ot_discount_flag = 0<br />customers_status_ot_discount = 0.00<br />customers_status_graduated_prices = 1<br />customers_status_add_tax_ot = 0<br />customers_status_payment_unallowed = <br />customers_status_shipping_unallowed = Shipping<br />customers_status_payment_target = 0<br />customers_status_skonto = <br />customers_status_default_admin_paymentmethod = <br />customers_status_delivery_conditions = <br />export_note_text = <br />export_note = 0<br />customers_fsk18 = 0<br />customers_fsk18_display = 0<br />customers_status_discount_attributes = <br />account_value_alert_status = 0<br />account_value_alert_limit = 0<br />sort_order = 3<br />customers_status_description = <br />', 5006),
(248, '2025-07-28 12:24:57', 'Kundengruppen Konfiguration <b>(Act.)</b> Non-EU Commercial 1:<br />customers_status_name = <b>(Act.)</b> Non-EU Commercial 1<br />customers_status_public = 0<br />customers_status_show_price = 1<br />customers_status_show_price_tax = 0<br />customers_status_discount = 0.00<br />customers_status_ot_discount_flag = 0<br />customers_status_ot_discount = 0.00<br />customers_status_graduated_prices = 1<br />customers_status_add_tax_ot = 0<br />customers_status_payment_unallowed = <br />customers_status_shipping_unallowed = Shipping<br />customers_status_payment_target = 0<br />customers_status_skonto = <br />customers_status_default_admin_paymentmethod = <br />customers_status_delivery_conditions = <br />export_note_text = <br />export_note = 0<br />customers_fsk18 = 0<br />customers_fsk18_display = 0<br />customers_status_discount_attributes = <br />account_value_alert_status = 0<br />account_value_alert_limit = 0<br />sort_order = 3<br />customers_status_description = <br />', 5006),
(249, '2025-07-28 12:25:19', 'Kundengruppen Konfiguration <b>(Act)</b> Non-EU Commercial 1:<br />customers_status_name = <b>(Act)</b> Non-EU Commercial 1<br />customers_status_public = 0<br />customers_status_show_price = 1<br />customers_status_show_price_tax = 0<br />customers_status_discount = 0.00<br />customers_status_ot_discount_flag = 0<br />customers_status_ot_discount = 0.00<br />customers_status_graduated_prices = 1<br />customers_status_add_tax_ot = 0<br />customers_status_payment_unallowed = <br />customers_status_shipping_unallowed = Shipping<br />customers_status_payment_target = 0<br />customers_status_skonto = <br />customers_status_default_admin_paymentmethod = <br />customers_status_delivery_conditions = <br />export_note_text = <br />export_note = 0<br />customers_fsk18 = 0<br />customers_fsk18_display = 0<br />customers_status_discount_attributes = <br />account_value_alert_status = 0<br />account_value_alert_limit = 0<br />sort_order = 3<br />customers_status_description = <br />', 5006),
(250, '2025-07-28 12:25:29', 'Kundengruppen Konfiguration <b>(Act)</b> Non-EU Commercial 1:<br />customers_status_name = <b>(Act)</b> Non-EU Commercial 1<br />customers_status_public = 0<br />customers_status_show_price = 1<br />customers_status_show_price_tax = 0<br />customers_status_discount = 0.00<br />customers_status_ot_discount_flag = 0<br />customers_status_ot_discount = 0.00<br />customers_status_graduated_prices = 1<br />customers_status_add_tax_ot = 0<br />customers_status_payment_unallowed = <br />customers_status_shipping_unallowed = Shipping<br />customers_status_payment_target = 0<br />customers_status_skonto = <br />customers_status_default_admin_paymentmethod = <br />customers_status_delivery_conditions = <br />export_note_text = <br />export_note = 0<br />customers_fsk18 = 0<br />customers_fsk18_display = 0<br />customers_status_discount_attributes = <br />account_value_alert_status = 0<br />account_value_alert_limit = 0<br />sort_order = 3<br />customers_status_description = <br />', 5006),
(251, '2025-07-28 12:25:40', 'Kundengruppen Konfiguration <b>(Act)</b> Non-EU Commercial 2:<br />customers_status_name = <b>(Act)</b> Non-EU Commercial 2<br />customers_status_public = 0<br />customers_status_show_price = 1<br />customers_status_show_price_tax = 0<br />customers_status_discount = 0.00<br />customers_status_ot_discount_flag = 0<br />customers_status_ot_discount = 0.00<br />customers_status_graduated_prices = 1<br />customers_status_add_tax_ot = 0<br />customers_status_payment_unallowed = <br />customers_status_shipping_unallowed = Shipping<br />customers_status_payment_target = 0<br />customers_status_skonto = <br />customers_status_default_admin_paymentmethod = <br />customers_status_delivery_conditions = <br />export_note_text = <br />export_note = 0<br />customers_fsk18 = 0<br />customers_fsk18_display = 0<br />customers_status_discount_attributes = <br />account_value_alert_status = 0<br />account_value_alert_limit = 0<br />sort_order = 3<br />customers_status_description = <br />', 5006);
INSERT INTO `history` (`history_id`, `date_added`, `comments`, `editor_id`) VALUES
(252, '2025-07-28 12:25:50', 'Kundengruppen Konfiguration <b>(Act)</b> Non-EU Commercial 3:<br />customers_status_name = <b>(Act)</b> Non-EU Commercial 3<br />customers_status_public = 0<br />customers_status_show_price = 1<br />customers_status_show_price_tax = 0<br />customers_status_discount = 0.00<br />customers_status_ot_discount_flag = 0<br />customers_status_ot_discount = 0.00<br />customers_status_graduated_prices = 1<br />customers_status_add_tax_ot = 0<br />customers_status_payment_unallowed = <br />customers_status_shipping_unallowed = Shipping<br />customers_status_payment_target = 0<br />customers_status_skonto = <br />customers_status_default_admin_paymentmethod = <br />customers_status_delivery_conditions = <br />export_note_text = <br />export_note = 0<br />customers_fsk18 = 0<br />customers_fsk18_display = 0<br />customers_status_discount_attributes = <br />account_value_alert_status = 0<br />account_value_alert_limit = 0<br />sort_order = 3<br />customers_status_description = <br />', 5006),
(253, '2025-07-28 12:26:00', 'Kundengruppen Konfiguration <b>(Act)</b> EU Commercial 3:<br />customers_status_name = <b>(Act)</b> EU Commercial 3<br />customers_status_public = 0<br />customers_status_show_price = 1<br />customers_status_show_price_tax = 0<br />customers_status_discount = 0.00<br />customers_status_ot_discount_flag = 0<br />customers_status_ot_discount = 0.00<br />customers_status_graduated_prices = 1<br />customers_status_add_tax_ot = 0<br />customers_status_payment_unallowed = <br />customers_status_shipping_unallowed = <br />customers_status_payment_target = 0<br />customers_status_skonto = <br />customers_status_default_admin_paymentmethod = <br />customers_status_delivery_conditions = <br />export_note_text = <br />export_note = 0<br />customers_fsk18 = 0<br />customers_fsk18_display = 0<br />customers_status_discount_attributes = <br />account_value_alert_status = 0<br />account_value_alert_limit = 0<br />sort_order = 2<br />customers_status_description = Unbekannte Kundengruppe #12<br />', 5006),
(254, '2025-07-28 12:26:10', 'Kundengruppen Konfiguration <b>(Act)</b> EU Commercial 2:<br />customers_status_name = <b>(Act)</b> EU Commercial 2<br />customers_status_public = 0<br />customers_status_show_price = 1<br />customers_status_show_price_tax = 0<br />customers_status_discount = 0.00<br />customers_status_ot_discount_flag = 0<br />customers_status_ot_discount = 0.00<br />customers_status_graduated_prices = 1<br />customers_status_add_tax_ot = 0<br />customers_status_payment_unallowed = <br />customers_status_shipping_unallowed = <br />customers_status_payment_target = 0<br />customers_status_skonto = <br />customers_status_default_admin_paymentmethod = <br />customers_status_delivery_conditions = <br />export_note_text = <br />export_note = 0<br />customers_fsk18 = 0<br />customers_fsk18_display = 0<br />customers_status_discount_attributes = <br />account_value_alert_status = 0<br />account_value_alert_limit = 0<br />sort_order = 2<br />customers_status_description = Unbekannte Kundengruppe #11<br />', 5006),
(255, '2025-07-28 12:26:19', 'Kundengruppen Konfiguration <b>(Act)</b> EU Commercial 1:<br />customers_status_name = <b>(Act)</b> EU Commercial 1<br />customers_status_public = 0<br />customers_status_show_price = 1<br />customers_status_show_price_tax = 0<br />customers_status_discount = 0.00<br />customers_status_ot_discount_flag = 0<br />customers_status_ot_discount = 0.00<br />customers_status_graduated_prices = 1<br />customers_status_add_tax_ot = 0<br />customers_status_payment_unallowed = <br />customers_status_shipping_unallowed = <br />customers_status_payment_target = 0<br />customers_status_skonto = <br />customers_status_default_admin_paymentmethod = <br />customers_status_delivery_conditions = <br />export_note_text = <br />export_note = 0<br />customers_fsk18 = 0<br />customers_fsk18_display = 0<br />customers_status_discount_attributes = <br />account_value_alert_status = 0<br />account_value_alert_limit = 0<br />sort_order = 2<br />customers_status_description = Unbekannte Kundengruppe #10<br />', 5006),
(256, '2025-07-28 12:26:28', 'Kundengruppen Konfiguration <b>(Act)</b> DE Commercial 3:<br />customers_status_name = <b>(Act)</b> DE Commercial 3<br />customers_status_public = 0<br />customers_status_show_price = 1<br />customers_status_show_price_tax = 1<br />customers_status_discount = 0.00<br />customers_status_ot_discount_flag = 0<br />customers_status_ot_discount = 0.00<br />customers_status_graduated_prices = 1<br />customers_status_add_tax_ot = 0<br />customers_status_payment_unallowed = <br />customers_status_shipping_unallowed = <br />customers_status_payment_target = 0<br />customers_status_skonto = <br />customers_status_default_admin_paymentmethod = <br />customers_status_delivery_conditions = <br />export_note_text = <br />export_note = 0<br />customers_fsk18 = 0<br />customers_fsk18_display = 0<br />customers_status_discount_attributes = <br />account_value_alert_status = 0<br />account_value_alert_limit = 0<br />sort_order = 1<br />customers_status_description = Unbekannte Kundengruppe #15<br />', 5006),
(257, '2025-07-28 12:26:40', 'Kundengruppen Konfiguration <b>(Act)</b> DE Commercial 2:<br />customers_status_name = <b>(Act)</b> DE Commercial 2<br />customers_status_public = 0<br />customers_status_show_price = 1<br />customers_status_show_price_tax = 1<br />customers_status_discount = 0.00<br />customers_status_ot_discount_flag = 0<br />customers_status_ot_discount = 0.00<br />customers_status_graduated_prices = 1<br />customers_status_add_tax_ot = 0<br />customers_status_payment_unallowed = <br />customers_status_shipping_unallowed = <br />customers_status_payment_target = 0<br />customers_status_skonto = <br />customers_status_default_admin_paymentmethod = <br />customers_status_delivery_conditions = <br />export_note_text = <br />export_note = 0<br />customers_fsk18 = 0<br />customers_fsk18_display = 0<br />customers_status_discount_attributes = <br />account_value_alert_status = 0<br />account_value_alert_limit = 0<br />sort_order = 1<br />customers_status_description = Unbekannte Kundengruppe #14<br />', 5006),
(258, '2025-07-28 12:26:54', 'Kundengruppen Konfiguration <b>(Act)</b> DE Commercial 1:<br />customers_status_name = <b>(Act)</b> DE Commercial 1<br />customers_status_public = 0<br />customers_status_show_price = 1<br />customers_status_show_price_tax = 1<br />customers_status_discount = 0.00<br />customers_status_ot_discount_flag = 0<br />customers_status_ot_discount = 0.00<br />customers_status_graduated_prices = 1<br />customers_status_add_tax_ot = 0<br />customers_status_payment_unallowed = <br />customers_status_shipping_unallowed = <br />customers_status_payment_target = 0<br />customers_status_skonto = <br />customers_status_default_admin_paymentmethod = <br />customers_status_delivery_conditions = <br />export_note_text = <br />export_note = 0<br />customers_fsk18 = 0<br />customers_fsk18_display = 0<br />customers_status_discount_attributes = <br />account_value_alert_status = 0<br />account_value_alert_limit = 0<br />sort_order = 1<br />customers_status_description = Unbekannte Kundengruppe #13<br />', 5006),
(259, '2025-07-28 12:28:43', 'Kundengruppen Konfiguration <b>XXX</b>:<br />customers_status_name = <b>XXX</b><br />customers_status_public = 0<br />customers_status_show_price = 0<br />customers_status_show_price_tax = 0<br />customers_status_discount = <br />customers_status_ot_discount_flag = 0<br />customers_status_ot_discount = <br />customers_status_graduated_prices = 0<br />customers_status_add_tax_ot = 0<br />customers_status_payment_unallowed = <br />customers_status_shipping_unallowed = <br />customers_status_payment_target = 0<br />customers_status_skonto = <br />customers_status_default_admin_paymentmethod = <br />customers_status_delivery_conditions = <br />export_note_text = <br />export_note = 0<br />customers_fsk18 = 0<br />customers_fsk18_display = 0<br />customers_status_discount_attributes = <br />account_value_alert_status = 0<br />account_value_alert_limit = <br />sort_order = 0<br />customers_status_description = <br />customers_status_id = 19<br />language_id = 2<br />', 5006),
(260, '2025-07-28 12:31:49', 'Kundengruppen Konfiguration New German company (DE):<br />customers_status_name = New German company (DE)<br />customers_status_public = 1<br />customers_status_show_price = 0<br />customers_status_show_price_tax = 0<br />customers_status_discount = 0.00<br />customers_status_ot_discount_flag = 0<br />customers_status_ot_discount = 0.00<br />customers_status_graduated_prices = 1<br />customers_status_add_tax_ot = 1<br />customers_status_payment_unallowed = invoice<br />customers_status_shipping_unallowed = <br />customers_status_payment_target = 0<br />customers_status_skonto = <br />customers_status_default_admin_paymentmethod = <br />customers_status_delivery_conditions = <br />export_note_text = <br />export_note = 0<br />customers_fsk18 = 1<br />customers_fsk18_display = 1<br />customers_status_discount_attributes = <br />account_value_alert_status = 0<br />account_value_alert_limit = 0<br />sort_order = 10<br />customers_status_description = Your company is based in Germany<br />', 5006),
(261, '2025-07-28 12:33:54', 'Kundengruppen Konfiguration New European company (EU):<br />customers_status_name = New European company (EU)<br />customers_status_public = 1<br />customers_status_show_price = 0<br />customers_status_show_price_tax = 0<br />customers_status_discount = 0.00<br />customers_status_ot_discount_flag = 0<br />customers_status_ot_discount = 0.00<br />customers_status_graduated_prices = 1<br />customers_status_add_tax_ot = 0<br />customers_status_payment_unallowed = invoice<br />customers_status_shipping_unallowed = <br />customers_status_payment_target = 10<br />customers_status_skonto = 10:3;30:1.5<br />customers_status_default_admin_paymentmethod = <br />customers_status_delivery_conditions = <br />export_note_text = Dieser Umsatz ist nach § 4 Nr. 1b UStG umsatzsteuerfrei<br />export_note = 1<br />customers_fsk18 = 1<br />customers_fsk18_display = 1<br />customers_status_discount_attributes = <br />account_value_alert_status = 0<br />account_value_alert_limit = 0<br />sort_order = 20<br />customers_status_description = Your company is based in the European Union (EU)<br />', 5006),
(262, '2025-07-28 12:34:06', 'Kundengruppen Konfiguration New Companies outside the EU (non EU:<br />customers_status_name = New Companies outside the EU (non EU<br />customers_status_public = 1<br />customers_status_show_price = 0<br />customers_status_show_price_tax = 0<br />customers_status_discount = 0.00<br />customers_status_ot_discount_flag = 0<br />customers_status_ot_discount = 0.00<br />customers_status_graduated_prices = 1<br />customers_status_add_tax_ot = 0<br />customers_status_payment_unallowed = invoice<br />customers_status_shipping_unallowed = <br />customers_status_payment_target = 0<br />customers_status_skonto = <br />customers_status_default_admin_paymentmethod = <br />customers_status_delivery_conditions = <br />export_note_text = Steuerfreie Ausfuhrlieferung gem. § 4 Nr. 1a des Umsatzsteuergesetzes<br />export_note = 1<br />customers_fsk18 = 1<br />customers_fsk18_display = 1<br />customers_status_discount_attributes = <br />account_value_alert_status = 0<br />account_value_alert_limit = 0<br />sort_order = 30<br />customers_status_description = Your company is located outside the European Union (non EU)<br />', 5006),
(263, '2025-07-28 12:36:24', 'Kundengruppen Konfiguration <b>(New)</b> Company (DE):<br />customers_status_name = <b>(New)</b> Company (DE)<br />customers_status_public = 1<br />customers_status_show_price = 0<br />customers_status_show_price_tax = 0<br />customers_status_discount = 0.00<br />customers_status_ot_discount_flag = 0<br />customers_status_ot_discount = 0.00<br />customers_status_graduated_prices = 1<br />customers_status_add_tax_ot = 1<br />customers_status_payment_unallowed = invoice<br />customers_status_shipping_unallowed = <br />customers_status_payment_target = 0<br />customers_status_skonto = <br />customers_status_default_admin_paymentmethod = <br />customers_status_delivery_conditions = <br />export_note_text = <br />export_note = 0<br />customers_fsk18 = 1<br />customers_fsk18_display = 1<br />customers_status_discount_attributes = <br />account_value_alert_status = 0<br />account_value_alert_limit = 0<br />sort_order = 10<br />customers_status_description = Your company is based in Germany<br />', 5006),
(264, '2025-07-28 12:36:51', 'Kundengruppen Konfiguration <b>(NEW)</b>Company (EU):<br />customers_status_name = <b>(NEW)</b>Company (EU)<br />customers_status_public = 1<br />customers_status_show_price = 0<br />customers_status_show_price_tax = 0<br />customers_status_discount = 0.00<br />customers_status_ot_discount_flag = 0<br />customers_status_ot_discount = 0.00<br />customers_status_graduated_prices = 1<br />customers_status_add_tax_ot = 0<br />customers_status_payment_unallowed = invoice<br />customers_status_shipping_unallowed = <br />customers_status_payment_target = 10<br />customers_status_skonto = 10:3;30:1.5<br />customers_status_default_admin_paymentmethod = <br />customers_status_delivery_conditions = <br />export_note_text = Dieser Umsatz ist nach § 4 Nr. 1b UStG umsatzsteuerfrei<br />export_note = 1<br />customers_fsk18 = 1<br />customers_fsk18_display = 1<br />customers_status_discount_attributes = <br />account_value_alert_status = 0<br />account_value_alert_limit = 0<br />sort_order = 20<br />customers_status_description = Your company is based in the European Union (EU)<br />', 5006),
(265, '2025-07-28 12:37:01', 'Kundengruppen Konfiguration <b>(NEW)</b> Company (EU):<br />customers_status_name = <b>(NEW)</b> Company (EU)<br />customers_status_public = 1<br />customers_status_show_price = 0<br />customers_status_show_price_tax = 0<br />customers_status_discount = 0.00<br />customers_status_ot_discount_flag = 0<br />customers_status_ot_discount = 0.00<br />customers_status_graduated_prices = 1<br />customers_status_add_tax_ot = 0<br />customers_status_payment_unallowed = invoice<br />customers_status_shipping_unallowed = <br />customers_status_payment_target = 10<br />customers_status_skonto = 10:3;30:1.5<br />customers_status_default_admin_paymentmethod = <br />customers_status_delivery_conditions = <br />export_note_text = Dieser Umsatz ist nach § 4 Nr. 1b UStG umsatzsteuerfrei<br />export_note = 1<br />customers_fsk18 = 1<br />customers_fsk18_display = 1<br />customers_status_discount_attributes = <br />account_value_alert_status = 0<br />account_value_alert_limit = 0<br />sort_order = 20<br />customers_status_description = Your company is based in the European Union (EU)<br />', 5006),
(266, '2025-07-28 12:37:28', 'Kundengruppen Konfiguration <b>(NEW)</b> Company (NON-EU):<br />customers_status_name = <b>(NEW)</b> Company (NON-EU)<br />customers_status_public = 1<br />customers_status_show_price = 0<br />customers_status_show_price_tax = 0<br />customers_status_discount = 0.00<br />customers_status_ot_discount_flag = 0<br />customers_status_ot_discount = 0.00<br />customers_status_graduated_prices = 1<br />customers_status_add_tax_ot = 0<br />customers_status_payment_unallowed = invoice<br />customers_status_shipping_unallowed = <br />customers_status_payment_target = 0<br />customers_status_skonto = <br />customers_status_default_admin_paymentmethod = <br />customers_status_delivery_conditions = <br />export_note_text = Steuerfreie Ausfuhrlieferung gem. § 4 Nr. 1a des Umsatzsteuergesetzes<br />export_note = 1<br />customers_fsk18 = 1<br />customers_fsk18_display = 1<br />customers_status_discount_attributes = <br />account_value_alert_status = 0<br />account_value_alert_limit = 0<br />sort_order = 30<br />customers_status_description = Your company is located outside the European Union (non EU)<br />', 5006),
(267, '2025-07-28 12:38:05', 'Kundengruppen Konfiguration <b>(NEW)</b> Company (DE):<br />customers_status_name = <b>(NEW)</b> Company (DE)<br />customers_status_public = 1<br />customers_status_show_price = 0<br />customers_status_show_price_tax = 0<br />customers_status_discount = 0.00<br />customers_status_ot_discount_flag = 0<br />customers_status_ot_discount = 0.00<br />customers_status_graduated_prices = 1<br />customers_status_add_tax_ot = 1<br />customers_status_payment_unallowed = invoice<br />customers_status_shipping_unallowed = <br />customers_status_payment_target = 0<br />customers_status_skonto = <br />customers_status_default_admin_paymentmethod = <br />customers_status_delivery_conditions = <br />export_note_text = <br />export_note = 0<br />customers_fsk18 = 1<br />customers_fsk18_display = 1<br />customers_status_discount_attributes = <br />account_value_alert_status = 0<br />account_value_alert_limit = 0<br />sort_order = 10<br />customers_status_description = Your company is based in Germany<br />', 5006),
(268, '2025-07-28 12:52:15', 'Kundengruppen Konfiguration <b>DENIED</b>:<br />customers_status_name = <b>DENIED</b><br />customers_status_public = 0<br />customers_status_show_price = 0<br />customers_status_show_price_tax = 0<br />customers_status_discount = <br />customers_status_ot_discount_flag = 0<br />customers_status_ot_discount = <br />customers_status_graduated_prices = 0<br />customers_status_add_tax_ot = 0<br />customers_status_payment_unallowed = <br />customers_status_shipping_unallowed = <br />customers_status_payment_target = 0<br />customers_status_skonto = <br />customers_status_default_admin_paymentmethod = <br />customers_status_delivery_conditions = <br />export_note_text = <br />export_note = 0<br />customers_fsk18 = 0<br />customers_fsk18_display = 0<br />customers_status_discount_attributes = <br />account_value_alert_status = 0<br />account_value_alert_limit = <br />sort_order = 0<br />customers_status_description = <br />customers_status_id = 20<br />language_id = 2<br />', 5006),
(269, '2025-07-28 13:04:08', 'Kundengruppen Konfiguration <b>XXX/SPAM</b>:<br />customers_status_name = <b>XXX/SPAM</b><br />customers_status_public = 0<br />customers_status_show_price = 0<br />customers_status_show_price_tax = 0<br />customers_status_discount = 0.00<br />customers_status_ot_discount_flag = 0<br />customers_status_ot_discount = 0.00<br />customers_status_graduated_prices = 0<br />customers_status_add_tax_ot = 0<br />customers_status_payment_unallowed = <br />customers_status_shipping_unallowed = <br />customers_status_payment_target = 0<br />customers_status_skonto = <br />customers_status_default_admin_paymentmethod = <br />customers_status_delivery_conditions = <br />export_note_text = <br />export_note = 0<br />customers_fsk18 = 0<br />customers_fsk18_display = 0<br />customers_status_discount_attributes = <br />account_value_alert_status = 0<br />account_value_alert_limit = 0<br />sort_order = 0<br />customers_status_description = Unbekannte Kundengruppe #19<br />', 5006),
(270, '2025-07-28 13:08:45', 'Kundengruppen Konfiguration <b>XXX/SPAM</b>:<br />customers_status_name = <b>XXX/SPAM</b><br />customers_status_public = 0<br />customers_status_show_price = 0<br />customers_status_show_price_tax = 0<br />customers_status_discount = 0.00<br />customers_status_ot_discount_flag = 0<br />customers_status_ot_discount = 0.00<br />customers_status_graduated_prices = 0<br />customers_status_add_tax_ot = 0<br />customers_status_payment_unallowed = <br />customers_status_shipping_unallowed = <br />customers_status_payment_target = 0<br />customers_status_skonto = <br />customers_status_default_admin_paymentmethod = <br />customers_status_delivery_conditions = <br />export_note_text = <br />export_note = 0<br />customers_fsk18 = 0<br />customers_fsk18_display = 0<br />customers_status_discount_attributes = <br />account_value_alert_status = 0<br />account_value_alert_limit = 0<br />sort_order = 0<br />customers_status_description = Unbekannte Kundengruppe #19<br />', 5006),
(271, '2025-07-28 13:08:53', 'Kundengruppen Konfiguration <b>DENIED</b>:<br />customers_status_name = <b>DENIED</b><br />customers_status_public = 0<br />customers_status_show_price = 0<br />customers_status_show_price_tax = 0<br />customers_status_discount = 0.00<br />customers_status_ot_discount_flag = 0<br />customers_status_ot_discount = 0.00<br />customers_status_graduated_prices = 0<br />customers_status_add_tax_ot = 0<br />customers_status_payment_unallowed = <br />customers_status_shipping_unallowed = <br />customers_status_payment_target = 0<br />customers_status_skonto = <br />customers_status_default_admin_paymentmethod = <br />customers_status_delivery_conditions = <br />export_note_text = <br />export_note = 0<br />customers_fsk18 = 0<br />customers_fsk18_display = 0<br />customers_status_discount_attributes = <br />account_value_alert_status = 0<br />account_value_alert_limit = 0<br />sort_order = 0<br />customers_status_description = Unbekannte Kundengruppe #20<br />', 5006),
(272, '2025-07-28 17:46:16', 'Konfiguration SEND_ORDER_MAIL_WITHOUT_CONTENT_FILES = True', 1),
(273, '2025-07-29 09:41:22', 'Konfiguration PAGE_AFTER_REGISTRATION = 66', 5006),
(274, '2025-07-29 14:00:35', 'Kundengruppen Konfiguration <b>(Active)</b> DE 1:<br />customers_status_name = <b>(Active)</b> DE 1<br />customers_status_public = 0<br />customers_status_show_price = 1<br />customers_status_show_price_tax = 1<br />customers_status_discount = 0.00<br />customers_status_ot_discount_flag = 0<br />customers_status_ot_discount = 0.00<br />customers_status_graduated_prices = 1<br />customers_status_add_tax_ot = 0<br />customers_status_payment_unallowed = <br />customers_status_shipping_unallowed = <br />customers_status_payment_target = 0<br />customers_status_skonto = <br />customers_status_default_admin_paymentmethod = <br />customers_status_delivery_conditions = <br />export_note_text = <br />export_note = 0<br />customers_fsk18 = 0<br />customers_fsk18_display = 0<br />customers_status_discount_attributes = <br />account_value_alert_status = 0<br />account_value_alert_limit = 0<br />sort_order = 1<br />customers_status_description = Unbekannte Kundengruppe #13<br />', 5006),
(275, '2025-07-29 14:00:49', 'Kundengruppen Konfiguration <b>(Active)</b> DE 2:<br />customers_status_name = <b>(Active)</b> DE 2<br />customers_status_public = 0<br />customers_status_show_price = 1<br />customers_status_show_price_tax = 1<br />customers_status_discount = 0.00<br />customers_status_ot_discount_flag = 0<br />customers_status_ot_discount = 0.00<br />customers_status_graduated_prices = 1<br />customers_status_add_tax_ot = 0<br />customers_status_payment_unallowed = <br />customers_status_shipping_unallowed = <br />customers_status_payment_target = 0<br />customers_status_skonto = <br />customers_status_default_admin_paymentmethod = <br />customers_status_delivery_conditions = <br />export_note_text = <br />export_note = 0<br />customers_fsk18 = 0<br />customers_fsk18_display = 0<br />customers_status_discount_attributes = <br />account_value_alert_status = 0<br />account_value_alert_limit = 0<br />sort_order = 1<br />customers_status_description = Unbekannte Kundengruppe #14<br />', 5006),
(276, '2025-07-29 14:01:08', 'Kundengruppen Konfiguration <b>(Active)</b> DE 3:<br />customers_status_name = <b>(Active)</b> DE 3<br />customers_status_public = 0<br />customers_status_show_price = 1<br />customers_status_show_price_tax = 1<br />customers_status_discount = 0.00<br />customers_status_ot_discount_flag = 0<br />customers_status_ot_discount = 0.00<br />customers_status_graduated_prices = 1<br />customers_status_add_tax_ot = 0<br />customers_status_payment_unallowed = <br />customers_status_shipping_unallowed = <br />customers_status_payment_target = 0<br />customers_status_skonto = <br />customers_status_default_admin_paymentmethod = <br />customers_status_delivery_conditions = <br />export_note_text = <br />export_note = 0<br />customers_fsk18 = 0<br />customers_fsk18_display = 0<br />customers_status_discount_attributes = <br />account_value_alert_status = 0<br />account_value_alert_limit = 0<br />sort_order = 1<br />customers_status_description = Unbekannte Kundengruppe #15<br />', 5006),
(277, '2025-07-29 14:01:28', 'Kundengruppen Konfiguration <b>(Active)</b> EU 1:<br />customers_status_name = <b>(Active)</b> EU 1<br />customers_status_public = 0<br />customers_status_show_price = 1<br />customers_status_show_price_tax = 0<br />customers_status_discount = 0.00<br />customers_status_ot_discount_flag = 0<br />customers_status_ot_discount = 0.00<br />customers_status_graduated_prices = 1<br />customers_status_add_tax_ot = 0<br />customers_status_payment_unallowed = <br />customers_status_shipping_unallowed = <br />customers_status_payment_target = 0<br />customers_status_skonto = <br />customers_status_default_admin_paymentmethod = <br />customers_status_delivery_conditions = <br />export_note_text = <br />export_note = 0<br />customers_fsk18 = 0<br />customers_fsk18_display = 0<br />customers_status_discount_attributes = <br />account_value_alert_status = 0<br />account_value_alert_limit = 0<br />sort_order = 2<br />customers_status_description = Unbekannte Kundengruppe #10<br />', 5006),
(278, '2025-07-29 14:01:43', 'Kundengruppen Konfiguration <b>(Active)</b> EU 2:<br />customers_status_name = <b>(Active)</b> EU 2<br />customers_status_public = 0<br />customers_status_show_price = 1<br />customers_status_show_price_tax = 0<br />customers_status_discount = 0.00<br />customers_status_ot_discount_flag = 0<br />customers_status_ot_discount = 0.00<br />customers_status_graduated_prices = 1<br />customers_status_add_tax_ot = 0<br />customers_status_payment_unallowed = <br />customers_status_shipping_unallowed = <br />customers_status_payment_target = 0<br />customers_status_skonto = <br />customers_status_default_admin_paymentmethod = <br />customers_status_delivery_conditions = <br />export_note_text = <br />export_note = 0<br />customers_fsk18 = 0<br />customers_fsk18_display = 0<br />customers_status_discount_attributes = <br />account_value_alert_status = 0<br />account_value_alert_limit = 0<br />sort_order = 2<br />customers_status_description = Unbekannte Kundengruppe #11<br />', 5006),
(279, '2025-07-29 14:02:30', 'Kundengruppen Konfiguration <b>(Active)</b> EU 3:<br />customers_status_name = <b>(Active)</b> EU 3<br />customers_status_public = 0<br />customers_status_show_price = 1<br />customers_status_show_price_tax = 0<br />customers_status_discount = 0.00<br />customers_status_ot_discount_flag = 0<br />customers_status_ot_discount = 0.00<br />customers_status_graduated_prices = 1<br />customers_status_add_tax_ot = 0<br />customers_status_payment_unallowed = <br />customers_status_shipping_unallowed = <br />customers_status_payment_target = 0<br />customers_status_skonto = <br />customers_status_default_admin_paymentmethod = <br />customers_status_delivery_conditions = <br />export_note_text = <br />export_note = 0<br />customers_fsk18 = 0<br />customers_fsk18_display = 0<br />customers_status_discount_attributes = <br />account_value_alert_status = 0<br />account_value_alert_limit = 0<br />sort_order = 2<br />customers_status_description = Unbekannte Kundengruppe #12<br />', 5006),
(280, '2025-07-29 14:02:42', 'Kundengruppen Konfiguration <b>(Active)</b> Non-EU 1:<br />customers_status_name = <b>(Active)</b> Non-EU 1<br />customers_status_public = 0<br />customers_status_show_price = 1<br />customers_status_show_price_tax = 0<br />customers_status_discount = 0.00<br />customers_status_ot_discount_flag = 0<br />customers_status_ot_discount = 0.00<br />customers_status_graduated_prices = 1<br />customers_status_add_tax_ot = 0<br />customers_status_payment_unallowed = <br />customers_status_shipping_unallowed = Shipping<br />customers_status_payment_target = 0<br />customers_status_skonto = <br />customers_status_default_admin_paymentmethod = <br />customers_status_delivery_conditions = <br />export_note_text = <br />export_note = 0<br />customers_fsk18 = 0<br />customers_fsk18_display = 0<br />customers_status_discount_attributes = <br />account_value_alert_status = 0<br />account_value_alert_limit = 0<br />sort_order = 3<br />customers_status_description = <br />', 5006),
(281, '2025-07-29 14:02:51', 'Kundengruppen Konfiguration <b>(Active)</b> Non-EU 2:<br />customers_status_name = <b>(Active)</b> Non-EU 2<br />customers_status_public = 0<br />customers_status_show_price = 1<br />customers_status_show_price_tax = 0<br />customers_status_discount = 0.00<br />customers_status_ot_discount_flag = 0<br />customers_status_ot_discount = 0.00<br />customers_status_graduated_prices = 1<br />customers_status_add_tax_ot = 0<br />customers_status_payment_unallowed = <br />customers_status_shipping_unallowed = Shipping<br />customers_status_payment_target = 0<br />customers_status_skonto = <br />customers_status_default_admin_paymentmethod = <br />customers_status_delivery_conditions = <br />export_note_text = <br />export_note = 0<br />customers_fsk18 = 0<br />customers_fsk18_display = 0<br />customers_status_discount_attributes = <br />account_value_alert_status = 0<br />account_value_alert_limit = 0<br />sort_order = 3<br />customers_status_description = <br />', 5006),
(282, '2025-07-29 14:03:02', 'Kundengruppen Konfiguration <b>(Active)</b> Non-EU 3:<br />customers_status_name = <b>(Active)</b> Non-EU 3<br />customers_status_public = 0<br />customers_status_show_price = 1<br />customers_status_show_price_tax = 0<br />customers_status_discount = 0.00<br />customers_status_ot_discount_flag = 0<br />customers_status_ot_discount = 0.00<br />customers_status_graduated_prices = 1<br />customers_status_add_tax_ot = 0<br />customers_status_payment_unallowed = <br />customers_status_shipping_unallowed = Shipping<br />customers_status_payment_target = 0<br />customers_status_skonto = <br />customers_status_default_admin_paymentmethod = <br />customers_status_delivery_conditions = <br />export_note_text = <br />export_note = 0<br />customers_fsk18 = 0<br />customers_fsk18_display = 0<br />customers_status_discount_attributes = <br />account_value_alert_status = 0<br />account_value_alert_limit = 0<br />sort_order = 3<br />customers_status_description = <br />', 5006),
(283, '2025-07-30 09:22:52', 'Konfiguration STORE_NAME_ADDRESS = <br>SYD Green Energy GmbH & Co. KG<br>An der Gümpgesbrücke 26<br>41564 Kaarst<br>Tel: +49 (0) 2131 52811-22<br>Fax: +49 (0) 2131 528-21 <br>Email: info@syd-green-energy.com<br>Handelsregister AG Neuss HRA8152<br>USt.-ID: DE356243656<br>WEEE Reg.-Nr. DE22791629', 5006),
(284, '2025-07-30 10:03:56', 'Konfiguration ENTRY_TELEPHONE_MIN_LENGTH = 3', 1),
(285, '2025-07-30 10:22:44', 'Konfiguration ACCOUNT_COMPANY_VAT_CHECK = true', 1),
(286, '2025-07-30 15:39:00', 'Konfiguration HEADER_SNIPPETS = <!-- Google tag (gtag.js) -->\r\n<script async src=\"https://www.googletagmanager.com/gtag/js?id=G-EDGF0DJV0B\"></script>\r\n<script>\r\n  window.dataLayer = window.dataLayer || [];\r\n  function gtag(){dataLayer.push(arguments);}\r\n  gtag(\'js\', new Date());\r\n\r\n  gtag(\'config\', \'G-EDGF0DJV0B\');\r\n</script>\r\n\r\n<!-- Event snippet for Request quote (1) conversion page -->\r\n<script>\r\n  gtag(\'event\', \'conversion\', {\r\n      \'send_to\': \'AW-17193473371/qW9lCLTluPgaENuqvoZA\',\r\n      \'value\': 1.0,\r\n      \'currency\': \'EUR\'\r\n  });\r\n</script>\r\n\r\n<!-- Google tag (gtag.js) -->\r\n<script async src=\"https://www.googletagmanager.com/gtag/js?id=AW-17193473371\">\r\n</script>\r\n<script>\r\n  window.dataLayer = window.dataLayer || [];\r\n  function gtag(){dataLayer.push(arguments);}\r\n  gtag(\'js\', new Date());\r\n\r\n  gtag(\'config\', \'AW-17193473371\');\r\n</script>', 5006),
(287, '2025-08-01 10:07:27', 'Konfiguration GOOGLE_CONVERSION = true', 5006),
(288, '2025-08-01 10:07:51', 'Konfiguration HEADER_SNIPPETS = <!-- Google tag (gtag.js) -->\r\n<script async src=\"https://www.googletagmanager.com/gtag/js?id=G-EDGF0DJV0B\"></script>\r\n<script>\r\n  window.dataLayer = window.dataLayer || [];\r\n  function gtag(){dataLayer.push(arguments);}\r\n  gtag(\'js\', new Date());\r\n\r\n  gtag(\'config\', \'G-EDGF0DJV0B\');\r\n</script>\r\n\r\n<!-- Event snippet for Request quote (1) conversion page -->\r\n<script>\r\n  gtag(\'event\', \'conversion\', {\r\n      \'send_to\': \'AW-17193473371/qW9lCLTluPgaENuqvoZA\',\r\n      \'value\': 1.0,\r\n      \'currency\': \'EUR\'\r\n  });\r\n</script>\r\n\r\n<!-- Google tag (gtag.js) -->\r\n<script async src=\"https://www.googletagmanager.com/gtag/js?id=AW-17193473371\">\r\n</script>\r\n<script>\r\n  window.dataLayer = window.dataLayer || [];\r\n  function gtag(){dataLayer.push(arguments);}\r\n  gtag(\'js\', new Date());\r\n\r\n  gtag(\'config\', \'AW-17193473371\');\r\n</script>', 5006),
(289, '2025-08-05 12:31:32', 'Kundengruppen Konfiguration <b>(Active)</b> EU 2:<br />customers_status_name = <b>(Active)</b> EU 2<br />customers_status_public = 0<br />customers_status_show_price = 1<br />customers_status_show_price_tax = 0<br />customers_status_discount = 0.00<br />customers_status_ot_discount_flag = 0<br />customers_status_ot_discount = 0.00<br />customers_status_graduated_prices = 1<br />customers_status_add_tax_ot = 0<br />customers_status_payment_unallowed = <br />customers_status_shipping_unallowed = <br />customers_status_payment_target = 0<br />customers_status_skonto = <br />customers_status_default_admin_paymentmethod = <br />customers_status_delivery_conditions = <br />export_note_text = Invoice issued without VAT – As this is a cross-border delivery, the invoice will be issued without VAT, provided all legal requirements for tax exemption are met.<br />export_note = 1<br />customers_fsk18 = 0<br />customers_fsk18_display = 0<br />customers_status_discount_attributes = <br />account_value_alert_status = 0<br />account_value_alert_limit = 0<br />sort_order = 2<br />customers_status_description = Unbekannte Kundengruppe #11<br />', 5006),
(290, '2025-08-05 12:31:42', 'Kundengruppen Konfiguration <b>(Active)</b> EU 3:<br />customers_status_name = <b>(Active)</b> EU 3<br />customers_status_public = 0<br />customers_status_show_price = 1<br />customers_status_show_price_tax = 0<br />customers_status_discount = 0.00<br />customers_status_ot_discount_flag = 0<br />customers_status_ot_discount = 0.00<br />customers_status_graduated_prices = 1<br />customers_status_add_tax_ot = 0<br />customers_status_payment_unallowed = <br />customers_status_shipping_unallowed = <br />customers_status_payment_target = 0<br />customers_status_skonto = <br />customers_status_default_admin_paymentmethod = <br />customers_status_delivery_conditions = <br />export_note_text = Invoice issued without VAT – As this is a cross-border delivery, the invoice will be issued without VAT, provided all legal requirements for tax exemption are met.<br />export_note = 1<br />customers_fsk18 = 0<br />customers_fsk18_display = 0<br />customers_status_discount_attributes = <br />account_value_alert_status = 0<br />account_value_alert_limit = 0<br />sort_order = 2<br />customers_status_description = Unbekannte Kundengruppe #12<br />', 5006),
(291, '2025-08-05 12:31:52', 'Kundengruppen Konfiguration <b>(Active)</b> EU 1:<br />customers_status_name = <b>(Active)</b> EU 1<br />customers_status_public = 0<br />customers_status_show_price = 1<br />customers_status_show_price_tax = 0<br />customers_status_discount = 0.00<br />customers_status_ot_discount_flag = 0<br />customers_status_ot_discount = 0.00<br />customers_status_graduated_prices = 1<br />customers_status_add_tax_ot = 0<br />customers_status_payment_unallowed = <br />customers_status_shipping_unallowed = <br />customers_status_payment_target = 0<br />customers_status_skonto = <br />customers_status_default_admin_paymentmethod = <br />customers_status_delivery_conditions = <br />export_note_text = Invoice issued without VAT – As this is a cross-border delivery, the invoice will be issued without VAT, provided all legal requirements for tax exemption are met.<br />export_note = 1<br />customers_fsk18 = 0<br />customers_fsk18_display = 0<br />customers_status_discount_attributes = <br />account_value_alert_status = 0<br />account_value_alert_limit = 0<br />sort_order = 2<br />customers_status_description = Unbekannte Kundengruppe #10<br />', 5006),
(292, '2025-08-05 12:32:01', 'Kundengruppen Konfiguration <b>(Active)</b> Non-EU 1:<br />customers_status_name = <b>(Active)</b> Non-EU 1<br />customers_status_public = 0<br />customers_status_show_price = 1<br />customers_status_show_price_tax = 0<br />customers_status_discount = 0.00<br />customers_status_ot_discount_flag = 0<br />customers_status_ot_discount = 0.00<br />customers_status_graduated_prices = 1<br />customers_status_add_tax_ot = 0<br />customers_status_payment_unallowed = <br />customers_status_shipping_unallowed = Shipping<br />customers_status_payment_target = 0<br />customers_status_skonto = <br />customers_status_default_admin_paymentmethod = <br />customers_status_delivery_conditions = <br />export_note_text = Invoice issued without VAT – As this is a cross-border delivery, the invoice will be issued without VAT, provided all legal requirements for tax exemption are met.<br />export_note = 1<br />customers_fsk18 = 0<br />customers_fsk18_display = 0<br />customers_status_discount_attributes = <br />account_value_alert_status = 0<br />account_value_alert_limit = 0<br />sort_order = 3<br />customers_status_description = <br />', 5006),
(293, '2025-08-05 12:32:13', 'Kundengruppen Konfiguration <b>(Active)</b> Non-EU 2:<br />customers_status_name = <b>(Active)</b> Non-EU 2<br />customers_status_public = 0<br />customers_status_show_price = 1<br />customers_status_show_price_tax = 0<br />customers_status_discount = 0.00<br />customers_status_ot_discount_flag = 0<br />customers_status_ot_discount = 0.00<br />customers_status_graduated_prices = 1<br />customers_status_add_tax_ot = 0<br />customers_status_payment_unallowed = <br />customers_status_shipping_unallowed = Shipping<br />customers_status_payment_target = 0<br />customers_status_skonto = <br />customers_status_default_admin_paymentmethod = <br />customers_status_delivery_conditions = <br />export_note_text = Invoice issued without VAT – As this is a cross-border delivery, the invoice will be issued without VAT, provided all legal requirements for tax exemption are met.<br />export_note = 1<br />customers_fsk18 = 0<br />customers_fsk18_display = 0<br />customers_status_discount_attributes = <br />account_value_alert_status = 0<br />account_value_alert_limit = 0<br />sort_order = 3<br />customers_status_description = <br />', 5006),
(294, '2025-08-05 12:32:22', 'Kundengruppen Konfiguration <b>(Active)</b> Non-EU 3:<br />customers_status_name = <b>(Active)</b> Non-EU 3<br />customers_status_public = 0<br />customers_status_show_price = 1<br />customers_status_show_price_tax = 0<br />customers_status_discount = 0.00<br />customers_status_ot_discount_flag = 0<br />customers_status_ot_discount = 0.00<br />customers_status_graduated_prices = 1<br />customers_status_add_tax_ot = 0<br />customers_status_payment_unallowed = <br />customers_status_shipping_unallowed = Shipping<br />customers_status_payment_target = 0<br />customers_status_skonto = <br />customers_status_default_admin_paymentmethod = <br />customers_status_delivery_conditions = <br />export_note_text = Invoice issued without VAT – As this is a cross-border delivery, the invoice will be issued without VAT, provided all legal requirements for tax exemption are met.<br />export_note = 1<br />customers_fsk18 = 0<br />customers_fsk18_display = 0<br />customers_status_discount_attributes = <br />account_value_alert_status = 0<br />account_value_alert_limit = 0<br />sort_order = 3<br />customers_status_description = <br />', 5006),
(295, '2025-08-06 10:27:28', 'Konfiguration PDF_PACKINGSLIP_EXPORT_AT_SHIPPING_ACTION = True', 5006),
(296, '2025-08-14 08:24:55', 'Kundengruppen Konfiguration STAFFELPREISE TEST:<br />customers_status_name = STAFFELPREISE TEST<br />customers_status_public = 0<br />customers_status_show_price = 1<br />customers_status_show_price_tax = 0<br />customers_status_discount = <br />customers_status_ot_discount_flag = 0<br />customers_status_ot_discount = <br />customers_status_graduated_prices = 0<br />customers_status_add_tax_ot = 0<br />customers_status_payment_unallowed = <br />customers_status_shipping_unallowed = <br />customers_status_payment_target = 0<br />customers_status_skonto = <br />customers_status_default_admin_paymentmethod = <br />customers_status_delivery_conditions = <br />export_note_text = <br />export_note = 0<br />customers_fsk18 = 0<br />customers_fsk18_display = 0<br />customers_status_discount_attributes = <br />account_value_alert_status = 0<br />account_value_alert_limit = <br />sort_order = 0<br />customers_status_description = <br />customers_status_id = 21<br />language_id = 2<br />', 5006),
(297, '2025-08-14 08:40:44', 'Kundengruppen Konfiguration STAFFELPREISE TEST:<br />customers_status_name = STAFFELPREISE TEST<br />customers_status_public = 0<br />customers_status_show_price = 1<br />customers_status_show_price_tax = 1<br />customers_status_discount = 0.00<br />customers_status_ot_discount_flag = 0<br />customers_status_ot_discount = 0.00<br />customers_status_graduated_prices = 1<br />customers_status_add_tax_ot = 0<br />customers_status_payment_unallowed = <br />customers_status_shipping_unallowed = <br />customers_status_payment_target = 0<br />customers_status_skonto = <br />customers_status_default_admin_paymentmethod = <br />customers_status_delivery_conditions = <br />export_note_text = <br />export_note = 0<br />customers_fsk18 = 0<br />customers_fsk18_display = 0<br />customers_status_discount_attributes = <br />account_value_alert_status = 0<br />account_value_alert_limit = 0<br />sort_order = 0<br />customers_status_description = <br />', 5006),
(298, '2025-08-14 08:43:19', 'Kundengruppen Konfiguration STAFFELPREISE TEST:<br />customers_status_name = STAFFELPREISE TEST<br />customers_status_public = 0<br />customers_status_show_price = 1<br />customers_status_show_price_tax = 0<br />customers_status_discount = 0.00<br />customers_status_ot_discount_flag = 0<br />customers_status_ot_discount = 0.00<br />customers_status_graduated_prices = 1<br />customers_status_add_tax_ot = 0<br />customers_status_payment_unallowed = <br />customers_status_shipping_unallowed = <br />customers_status_payment_target = 0<br />customers_status_skonto = <br />customers_status_default_admin_paymentmethod = <br />customers_status_delivery_conditions = <br />export_note_text = <br />export_note = 0<br />customers_fsk18 = 0<br />customers_fsk18_display = 0<br />customers_status_discount_attributes = <br />account_value_alert_status = 0<br />account_value_alert_limit = 0<br />sort_order = 0<br />customers_status_description = <br />', 5006),
(299, '2025-08-26 09:18:45', 'Kundengruppen Konfiguration <b>(Active)</b> Tier DE:<br />customers_status_name = <b>(Active)</b> Tier DE<br />customers_status_public = 0<br />customers_status_show_price = 1<br />customers_status_show_price_tax = 1<br />customers_status_discount = <br />customers_status_ot_discount_flag = 0<br />customers_status_ot_discount = <br />customers_status_graduated_prices = 1<br />customers_status_add_tax_ot = 0<br />customers_status_payment_unallowed = <br />customers_status_shipping_unallowed = <br />customers_status_payment_target = 0<br />customers_status_skonto = <br />customers_status_default_admin_paymentmethod = <br />customers_status_delivery_conditions = <br />export_note_text = <br />export_note = 0<br />customers_fsk18 = 0<br />customers_fsk18_display = 0<br />customers_status_discount_attributes = <br />account_value_alert_status = 0<br />account_value_alert_limit = <br />sort_order = 0<br />customers_status_description = <br />customers_status_id = 22<br />language_id = 2<br />', 5006),
(300, '2025-08-26 12:46:41', 'Kundengruppen Konfiguration <b>(Active)</b> Tier EU:<br />customers_status_name = <b>(Active)</b> Tier EU<br />customers_status_public = 0<br />customers_status_show_price = 1<br />customers_status_show_price_tax = 1<br />customers_status_discount = <br />customers_status_ot_discount_flag = 0<br />customers_status_ot_discount = <br />customers_status_graduated_prices = 1<br />customers_status_add_tax_ot = 0<br />customers_status_payment_unallowed = <br />customers_status_shipping_unallowed = <br />customers_status_payment_target = 0<br />customers_status_skonto = <br />customers_status_default_admin_paymentmethod = <br />customers_status_delivery_conditions = <br />export_note_text = <br />export_note = 0<br />customers_fsk18 = 0<br />customers_fsk18_display = 0<br />customers_status_discount_attributes = <br />account_value_alert_status = 0<br />account_value_alert_limit = <br />sort_order = 0<br />customers_status_description = <br />customers_status_id = 23<br />language_id = 2<br />', 5006),
(301, '2025-08-26 12:47:34', 'Kundengruppen Konfiguration <b>(Active)</b> Tier NON-EU:<br />customers_status_name = <b>(Active)</b> Tier NON-EU<br />customers_status_public = 0<br />customers_status_show_price = 1<br />customers_status_show_price_tax = 0<br />customers_status_discount = <br />customers_status_ot_discount_flag = 0<br />customers_status_ot_discount = <br />customers_status_graduated_prices = 1<br />customers_status_add_tax_ot = 0<br />customers_status_payment_unallowed = <br />customers_status_shipping_unallowed = <br />customers_status_payment_target = 0<br />customers_status_skonto = <br />customers_status_default_admin_paymentmethod = <br />customers_status_delivery_conditions = <br />export_note_text = <br />export_note = 0<br />customers_fsk18 = 0<br />customers_fsk18_display = 0<br />customers_status_discount_attributes = <br />account_value_alert_status = 0<br />account_value_alert_limit = <br />sort_order = 0<br />customers_status_description = <br />customers_status_id = 24<br />language_id = 2<br />', 5006),
(302, '2025-08-26 12:49:35', 'Kundengruppen Konfiguration <b>(Active)</b> Tier NON-EU:<br />customers_status_name = <b>(Active)</b> Tier NON-EU<br />customers_status_public = 0<br />customers_status_show_price = 1<br />customers_status_show_price_tax = 0<br />customers_status_discount = 0.00<br />customers_status_ot_discount_flag = 0<br />customers_status_ot_discount = 0.00<br />customers_status_graduated_prices = 1<br />customers_status_add_tax_ot = 0<br />customers_status_payment_unallowed = <br />customers_status_shipping_unallowed = <br />customers_status_payment_target = 0<br />customers_status_skonto = <br />customers_status_default_admin_paymentmethod = <br />customers_status_delivery_conditions = Your region is eligible for self-pickup only.<br />export_note_text = Invoice issued without VAT – As this is a cross-border delivery, the invoice will be issued without VAT, provided all legal requirements for tax exemption are met.<br />export_note = 1<br />customers_fsk18 = 0<br />customers_fsk18_display = 0<br />customers_status_discount_attributes = <br />account_value_alert_status = 0<br />account_value_alert_limit = 0<br />sort_order = 0<br />customers_status_description = <br />', 5006),
(303, '2025-08-27 09:08:04', 'Kundengruppen Konfiguration <b>(Active)</b> Tier DE:<br />customers_status_name = <b>(Active)</b> Tier DE<br />customers_status_public = 0<br />customers_status_show_price = 1<br />customers_status_show_price_tax = 1<br />customers_status_discount = 0.00<br />customers_status_ot_discount_flag = 0<br />customers_status_ot_discount = 0.00<br />customers_status_graduated_prices = 1<br />customers_status_add_tax_ot = 0<br />customers_status_payment_unallowed = <br />customers_status_shipping_unallowed = <br />customers_status_payment_target = 0<br />customers_status_skonto = <br />customers_status_default_admin_paymentmethod = <br />customers_status_delivery_conditions = <br />export_note_text = <br />export_note = 0<br />customers_fsk18 = 0<br />customers_fsk18_display = 0<br />customers_status_discount_attributes = <br />account_value_alert_status = 0<br />account_value_alert_limit = 0<br />sort_order = 0<br />customers_status_description = <br />', 5006),
(304, '2025-08-27 09:08:16', 'Kundengruppen Konfiguration <b>(Active)</b> Tier EU:<br />customers_status_name = <b>(Active)</b> Tier EU<br />customers_status_public = 0<br />customers_status_show_price = 1<br />customers_status_show_price_tax = 1<br />customers_status_discount = 0.00<br />customers_status_ot_discount_flag = 0<br />customers_status_ot_discount = 0.00<br />customers_status_graduated_prices = 1<br />customers_status_add_tax_ot = 0<br />customers_status_payment_unallowed = <br />customers_status_shipping_unallowed = <br />customers_status_payment_target = 0<br />customers_status_skonto = <br />customers_status_default_admin_paymentmethod = <br />customers_status_delivery_conditions = <br />export_note_text = <br />export_note = 0<br />customers_fsk18 = 0<br />customers_fsk18_display = 0<br />customers_status_discount_attributes = <br />account_value_alert_status = 0<br />account_value_alert_limit = 0<br />sort_order = 0<br />customers_status_description = <br />', 5006);
INSERT INTO `history` (`history_id`, `date_added`, `comments`, `editor_id`) VALUES
(305, '2025-08-27 09:08:23', 'Kundengruppen Konfiguration <b>(Active)</b> Tier NON-EU:<br />customers_status_name = <b>(Active)</b> Tier NON-EU<br />customers_status_public = 0<br />customers_status_show_price = 1<br />customers_status_show_price_tax = 0<br />customers_status_discount = 0.00<br />customers_status_ot_discount_flag = 0<br />customers_status_ot_discount = 0.00<br />customers_status_graduated_prices = 1<br />customers_status_add_tax_ot = 0<br />customers_status_payment_unallowed = <br />customers_status_shipping_unallowed = <br />customers_status_payment_target = 0<br />customers_status_skonto = <br />customers_status_default_admin_paymentmethod = <br />customers_status_delivery_conditions = Your region is eligible for self-pickup only.<br />export_note_text = Invoice issued without VAT – As this is a cross-border delivery, the invoice will be issued without VAT, provided all legal requirements for tax exemption are met.<br />export_note = 1<br />customers_fsk18 = 0<br />customers_fsk18_display = 0<br />customers_status_discount_attributes = <br />account_value_alert_status = 0<br />account_value_alert_limit = 0<br />sort_order = 0<br />customers_status_description = <br />', 5006),
(306, '2025-08-27 09:08:44', 'Kundengruppen Konfiguration <b>(Active)</b> Tier NON-EU:<br />customers_status_name = <b>(Active)</b> Tier NON-EU<br />customers_status_public = 0<br />customers_status_show_price = 1<br />customers_status_show_price_tax = 0<br />customers_status_discount = 0.00<br />customers_status_ot_discount_flag = 0<br />customers_status_ot_discount = 0.00<br />customers_status_graduated_prices = 1<br />customers_status_add_tax_ot = 0<br />customers_status_payment_unallowed = <br />customers_status_shipping_unallowed = Shipping<br />customers_status_payment_target = 0<br />customers_status_skonto = <br />customers_status_default_admin_paymentmethod = <br />customers_status_delivery_conditions = Your region is eligible for self-pickup only.<br />export_note_text = Invoice issued without VAT – As this is a cross-border delivery, the invoice will be issued without VAT, provided all legal requirements for tax exemption are met.<br />export_note = 1<br />customers_fsk18 = 0<br />customers_fsk18_display = 0<br />customers_status_discount_attributes = <br />account_value_alert_status = 0<br />account_value_alert_limit = 0<br />sort_order = 0<br />customers_status_description = <br />', 5006),
(307, '2025-08-27 09:10:19', 'Kundengruppen Konfiguration <b>(Active)</b> Tier EU:<br />customers_status_name = <b>(Active)</b> Tier EU<br />customers_status_public = 0<br />customers_status_show_price = 1<br />customers_status_show_price_tax = 0<br />customers_status_discount = 0.00<br />customers_status_ot_discount_flag = 0<br />customers_status_ot_discount = 0.00<br />customers_status_graduated_prices = 1<br />customers_status_add_tax_ot = 0<br />customers_status_payment_unallowed = <br />customers_status_shipping_unallowed = <br />customers_status_payment_target = 0<br />customers_status_skonto = <br />customers_status_default_admin_paymentmethod = <br />customers_status_delivery_conditions = <br />export_note_text = <br />export_note = 0<br />customers_fsk18 = 0<br />customers_fsk18_display = 0<br />customers_status_discount_attributes = <br />account_value_alert_status = 0<br />account_value_alert_limit = 0<br />sort_order = 0<br />customers_status_description = <br />', 5006),
(308, '2025-08-27 16:25:40', 'Kundengruppen Konfiguration <b>(Active)</b> DE 2:<br />customers_status_name = <b>(Active)</b> DE 2<br />customers_status_public = 0<br />customers_status_show_price = 1<br />customers_status_show_price_tax = 1<br />customers_status_discount = 0.00<br />customers_status_ot_discount_flag = 0<br />customers_status_ot_discount = 0.00<br />customers_status_graduated_prices = 1<br />customers_status_add_tax_ot = 1<br />customers_status_payment_unallowed = <br />customers_status_shipping_unallowed = <br />customers_status_payment_target = 0<br />customers_status_skonto = <br />customers_status_default_admin_paymentmethod = <br />customers_status_delivery_conditions = <br />export_note_text = <br />export_note = 0<br />customers_fsk18 = 0<br />customers_fsk18_display = 0<br />customers_status_discount_attributes = <br />account_value_alert_status = 0<br />account_value_alert_limit = 0<br />sort_order = 1<br />customers_status_description = Unbekannte Kundengruppe #14<br />', 5006),
(309, '2025-08-27 16:25:48', 'Kundengruppen Konfiguration <b>(Active)</b> DE 1:<br />customers_status_name = <b>(Active)</b> DE 1<br />customers_status_public = 0<br />customers_status_show_price = 1<br />customers_status_show_price_tax = 1<br />customers_status_discount = 0.00<br />customers_status_ot_discount_flag = 0<br />customers_status_ot_discount = 0.00<br />customers_status_graduated_prices = 1<br />customers_status_add_tax_ot = 1<br />customers_status_payment_unallowed = <br />customers_status_shipping_unallowed = <br />customers_status_payment_target = 0<br />customers_status_skonto = <br />customers_status_default_admin_paymentmethod = <br />customers_status_delivery_conditions = <br />export_note_text = <br />export_note = 0<br />customers_fsk18 = 0<br />customers_fsk18_display = 0<br />customers_status_discount_attributes = <br />account_value_alert_status = 0<br />account_value_alert_limit = 0<br />sort_order = 1<br />customers_status_description = Unbekannte Kundengruppe #13<br />', 5006),
(310, '2025-08-27 16:26:02', 'Kundengruppen Konfiguration <b>(Active)</b> DE 3:<br />customers_status_name = <b>(Active)</b> DE 3<br />customers_status_public = 0<br />customers_status_show_price = 1<br />customers_status_show_price_tax = 1<br />customers_status_discount = 0.00<br />customers_status_ot_discount_flag = 0<br />customers_status_ot_discount = 0.00<br />customers_status_graduated_prices = 1<br />customers_status_add_tax_ot = 1<br />customers_status_payment_unallowed = <br />customers_status_shipping_unallowed = <br />customers_status_payment_target = 0<br />customers_status_skonto = <br />customers_status_default_admin_paymentmethod = <br />customers_status_delivery_conditions = <br />export_note_text = <br />export_note = 0<br />customers_fsk18 = 0<br />customers_fsk18_display = 0<br />customers_status_discount_attributes = <br />account_value_alert_status = 0<br />account_value_alert_limit = 0<br />sort_order = 1<br />customers_status_description = Unbekannte Kundengruppe #15<br />', 5006),
(311, '2025-08-29 12:06:37', 'Konfiguration HEADER_SNIPPETS = <!-- Google tag (gtag.js) -->\r\n<script async src=\"https://www.googletagmanager.com/gtag/js?id=AW-17193473371\">\r\n</script>\r\n<script>\r\n  window.dataLayer = window.dataLayer || [];\r\n  function gtag(){dataLayer.push(arguments);}\r\n  gtag(\'js\', new Date());\r\n\r\n  gtag(\'config\', \'AW-17193473371\');\r\n</script>', 5006),
(312, '2025-08-29 12:19:48', 'Konfiguration GOOGLE_ANALYTICS = true', 5006),
(313, '2025-09-03 13:21:29', 'Konfiguration STORE_NAME_ADDRESS = SYD Green Energy GmbH & Co. KG<br>\r\nAn der Gümpgesbrücke 26<br>\r\n41564 Kaarst<br>\r\nUst.ID: DE 356243656<br>\r\nHandelsregister: HRA8152<br>\r\nRegistiergericht: Neuss<br><br>\r\nVertreten durch:<br>\r\nSYD Verwaltungs GmbH<br>\r\nAn der Gümpgesbrücke 26<br>\r\n41564 Kaarst<br>\r\nDeutschland<br><br>\r\nDiese vertreten durch: Andrej Dedic & Maurice Dedic<br>\r\nHandelsregister : HRB22646<br>\r\nRegistriergericht : Neuss', 5006),
(314, '2025-09-03 13:23:16', 'Konfiguration STORE_NAME_ADDRESS = <strong>SYD Green Energy GmbH & Co. KG</strong><br>\r\nAn der Gümpgesbrücke 26<br>\r\n41564 Kaarst<br>\r\nUst.ID: DE 356243656<br>\r\nHandelsregister: HRA8152<br>\r\nRegistiergericht: Neuss<br><br>\r\n<strong>Vertreten durch:</strong><br>\r\nSYD Verwaltungs GmbH<br>\r\nAn der Gümpgesbrücke 26<br>\r\n41564 Kaarst<br>\r\nDeutschland<br><br>\r\n<strong>Diese vertreten durch:</strong><br> \r\nAndrej Dedic & Maurice Dedic<br>\r\nHandelsregister : HRB22646<br>\r\nRegistriergericht : Neuss', 5006),
(315, '2025-09-03 13:25:34', 'Konfiguration STORE_NAME_ADDRESS = <p><strong>SYD Green Energy GmbH & Co. KG</strong><br>\r\nAn der Gümpgesbrücke 26<br>\r\n41564 Kaarst<br>\r\nUst.ID: DE 356243656<br>\r\nHandelsregister: HRA8152<br>\r\nRegistiergericht: Neuss<br><br>\r\n<strong>Vertreten durch:</strong><br>\r\nSYD Verwaltungs GmbH<br>\r\nAn der Gümpgesbrücke 26<br>\r\n41564 Kaarst<br>\r\nDeutschland<br><br>\r\n<strong>Diese vertreten durch:</strong><br> \r\nAndrej Dedic & Maurice Dedic<br>\r\nHandelsregister : HRB22646<br>\r\nRegistriergericht : Neuss</p>', 5006),
(316, '2025-09-03 13:26:57', 'Konfiguration STORE_NAME_ADDRESS = <p><strong>SYD Green Energy GmbH & Co. KG</strong><br>An der Gümpgesbrücke 26<br>41564 Kaarst<br>\r\nUst.ID: DE 356243656<br>Handelsregister: HRA8152<br>Registiergericht: Neuss<br><br><strong>Vertreten durch:</strong><br>SYD Verwaltungs GmbH<br>An der Gümpgesbrücke 26<br>41564 Kaarst<br>\r\nDeutschland<br><br><strong>Diese vertreten durch:</strong><br> Andrej Dedic & Maurice Dedic<br>Handelsregister : HRB22646<br>Registriergericht : Neuss</p>', 5006),
(317, '2025-09-03 13:27:50', 'Konfiguration STORE_NAME_ADDRESS = <p><strong>SYD Green Energy GmbH & Co. KG</strong><br>An der Gümpgesbrücke 26<br>41564 Kaarst<br>\r\nUst.ID: DE 356243656<br>Handelsregister: HRA8152<br>Registiergericht: Neuss<br><br><strong>Vertreten durch:</strong><br>SYD Verwaltungs GmbH<br>An der Gümpgesbrücke 26<br>41564 Kaarst<br>Deutschland<br><br><strong>Diese vertreten durch:</strong><br> Andrej Dedic & Maurice Dedic<br>Handelsregister : HRB22646<br>Registriergericht : Neuss</p>', 5006),
(318, '2025-09-03 13:30:44', 'Konfiguration STORE_NAME_ADDRESS = <p><strong>SYD Green Energy GmbH & Co. KG</strong><br>An der Gümpgesbrücke 26<br>41564 Kaarst<br>Ust.ID: DE 356243656<br>Handelsregister: HRA8152<br>Registiergericht: Neuss<br><br><strong>Vertreten durch:</strong><br>SYD Verwaltungs GmbH<br>An der Gümpgesbrücke 26<br>41564 Kaarst<br>Deutschland<br><br><strong>Diese vertreten durch:</strong><br> Andrej Dedic & Maurice Dedic<br>Handelsregister : HRB22646<br>Registriergericht : Neuss</p>', 5006),
(319, '2025-09-03 13:57:28', 'Konfiguration MODULE_PAYMENT_MONEYORDER_PAYTO = SYD Green Energy GmbH & Co. KG - Commerzbank - IBAN: DE42 3004 0000 0777 2627 00 - BIC: COBADEFFXXX<br>Sitz: Kaarst, HRA 8152 | Amtsgericht: Neuss | Persönliche haftende Gesellschafterin: | SYD Verwaltung GmbH Sitz: Kaarst, HRB 22646 |Amtsgericht: Neuss | Geschäftsführer: | Andrej Dedic, Maurice Dedic', 5006),
(320, '2025-09-03 13:59:34', 'Konfiguration MODULE_PAYMENT_MONEYORDER_PAYTO = SYD Green Energy GmbH & Co. KG - Commerzbank - IBAN: DE42 3004 0000 0777 2627 00 - BIC: COBADEFFXXX<br><br><strong>SYD Green Energy GmbH & Co. KG</strong><br>Sitz: Kaarst, HRA 8152 | Amtsgericht: Neuss | Persönliche haftende Gesellschafterin: | SYD Verwaltung GmbH Sitz: Kaarst, HRB 22646 |Amtsgericht: Neuss | Geschäftsführer: | Andrej Dedic, Maurice Dedic', 5006),
(321, '2025-09-03 14:00:34', 'Konfiguration MODULE_PAYMENT_MONEYORDER_PAYTO = SYD Green Energy GmbH & Co. KG - Commerzbank - IBAN: DE42 3004 0000 0777 2627 00 - BIC: COBADEFFXXX<br><br><strong>SYD Green Energy GmbH & Co. KG</strong><br>Sitz: Kaarst, HRA 8152 | Amtsgericht: Neuss | Persönliche haftende Gesellschafterin: SYD Verwaltung GmbH | Sitz: Kaarst, HRB 22646 | Amtsgericht: Neuss | Geschäftsführer: Andrej Dedic, Maurice Dedic', 5006),
(322, '2025-09-03 14:02:36', 'Konfiguration MODULE_PAYMENT_MONEYORDER_PAYTO = SYD Green Energy GmbH & Co. KG - Commerzbank - IBAN: DE42 3004 0000 0777 2627 00 - BIC: COBADEFFXXX<br><br><strong>SYD Green Energy GmbH & Co. KG</strong> Sitz: Kaarst, HRA 8152 | Amtsgericht: Neuss <br><strong>Persönliche haftende Gesellschafterin: SYD Verwaltung GmbH</strong> Sitz: Kaarst, HRB 22646 | Amtsgericht: Neuss | Geschäftsführer: Andrej Dedic, Maurice Dedic', 5006),
(323, '2025-09-03 14:03:20', 'Konfiguration MODULE_PAYMENT_MONEYORDER_PAYTO = SYD Green Energy GmbH & Co. KG - Commerzbank - IBAN: DE42 3004 0000 0777 2627 00 - BIC: COBADEFFXXX<br><br><strong>SYD Green Energy GmbH & Co. KG</strong> Sitz: Kaarst, HRA 8152 | Amtsgericht: Neuss <br><strong>Persönliche haftende Gesellschafterin: SYD Verwaltung GmbH</strong> Sitz: Kaarst, HRB 22646 | Amtsgericht: Neuss<br><strong>Geschäftsführer:</strong> Andrej Dedic, Maurice Dedic', 5006),
(324, '2025-09-03 14:06:32', 'Konfiguration MODULE_PAYMENT_MONEYORDER_PAYTO = SYD Green Energy GmbH & Co. KG - Commerzbank - IBAN: DE42 3004 0000 0777 2627 00 - BIC: COBADEFFXXX<br><br><strong>SYD Green Energy GmbH & Co. KG</strong> Sitz: Kaarst, HRA 8152 | Amtsgericht: Neuss <br><strong>Persönliche haftende Gesellschafterin: SYD Verwaltung GmbH</strong> Sitz: Kaarst, HRB 22646 | Amtsgericht: Neuss<br><strong>Geschäftsführer:</strong> Andrej Dedic, Maurice Dedic<br><br>', 5006),
(325, '2025-09-03 14:07:01', 'Konfiguration MODULE_PAYMENT_MONEYORDER_PAYTO = SYD Green Energy GmbH & Co. KG - Commerzbank - IBAN: DE42 3004 0000 0777 2627 00 - BIC: COBADEFFXXX<br><br><strong>SYD Green Energy GmbH & Co. KG</strong> Sitz: Kaarst, HRA 8152 | Amtsgericht: Neuss <br><strong>Persönliche haftende Gesellschafterin: SYD Verwaltung GmbH</strong> Sitz: Kaarst, HRB 22646 | Amtsgericht: Neuss<br><strong>Geschäftsführer:</strong> Andrej Dedic, Maurice Dedic', 5006),
(326, '2025-09-11 11:37:12', 'Konfiguration BANK_WRAP = SYD Green Energy GmbH & Co. KG<br>Commerzbank<br>IBAN: DE42 3004 0000 0777 2627 00 (EUR)<br>BIC: COBADEFFXXX', 5006),
(327, '2025-09-11 11:38:27', 'Konfiguration MODULE_PAYMENT_MONEYORDER_PAYTO = SYD Green Energy GmbH & Co. KG - Commerzbank - IBAN: DE42 3004 0000 0777 2627 00 (EUR)- BIC: COBADEFFXXX<br><br><strong>SYD Green Energy GmbH & Co. KG</strong> Sitz: Kaarst, HRA 8152 | Amtsgericht: Neuss <br><strong>Persönliche haftende Gesellschafterin: SYD Verwaltung GmbH</strong> Sitz: Kaarst, HRB 22646 | Amtsgericht: Neuss<br><strong>Geschäftsführer:</strong> Andrej Dedic, Maurice Dedic', 5006),
(328, '2025-09-11 11:42:38', 'Konfiguration MODULE_PAYMENT_MONEYORDER_PAYTO = SYD Green Energy GmbH & Co. KG - Commerzbank - IBAN: DE42 3004 0000 0777 2627 00 (EUR) - BIC: COBADEFFXXX<br><br><strong>SYD Green Energy GmbH & Co. KG</strong> Sitz: Kaarst, HRA 8152 | Amtsgericht: Neuss <br><strong>Persönliche haftende Gesellschafterin: SYD Verwaltung GmbH</strong> Sitz: Kaarst, HRB 22646 | Amtsgericht: Neuss<br><strong>Geschäftsführer:</strong> Andrej Dedic, Maurice Dedic', 5006),
(329, '2025-10-23 10:05:04', 'Konfiguration MODULE_PAYMENT_MONEYORDER_PAYTO = SYD Green Energy GmbH & Co. KG - Commerzbank - IBAN: DE42 3004 0000 0777 2627 00 (EUR) - BIC: COBADEFFXXX', 5006),
(330, '2025-11-13 08:18:27', 'Memo Contract No.: zum Kunden cID 5180 gelöscht.', 5006),
(331, '2025-11-17 16:16:43', 'Memo Newsletter ABO zum Kunden cID 5180 gelöscht.', 5006),
(332, '2025-11-17 16:16:46', 'Memo Adressbuch ID 5211 aktualisiert. zum Kunden cID 5180 gelöscht.', 5006),
(333, '2025-11-17 16:16:50', 'Memo User angelegt zum Kunden cID 5180 gelöscht.', 5006);

-- --------------------------------------------------------

--
-- Tabellenstruktur für Tabelle `history_bestand`
--

