CREATE TABLE `categories_exclude` (
  `categories_exclude_id` int(1) NOT NULL,
  `categories_id` int(11) NOT NULL DEFAULT '0',
  `customers_id` int(11) NOT NULL DEFAULT '0'
) ENGINE=MyISAM DEFAULT CHARSET=utf8;

--
-- Daten für Tabelle `categories_exclude`
--

INSERT INTO `categories_exclude` (`categories_exclude_id`, `categories_id`, `customers_id`) VALUES
(73, 23, 5001),
(72, 19, 5001),
(302, 24, 5006),
(301, 21, 5006),
(300, 23, 5006),
(71, 18, 5001),
(70, 17, 5001),
(69, 16, 5001),
(68, 14, 5001),
(67, 9, 5001),
(66, 8, 5001),
(65, 7, 5001),
(64, 6, 5001),
(63, 5, 5001),
(62, 4, 5001),
(61, 13, 5001),
(60, 3, 5001),
(59, 15, 5001),
(58, 38, 5001),
(299, 19, 5006),
(298, 18, 5006),
(297, 17, 5006),
(296, 16, 5006),
(295, 14, 5006),
(294, 9, 5006),
(293, 8, 5006),
(292, 7, 5006),
(291, 6, 5006),
(290, 5, 5006),
(289, 4, 5006),
(288, 13, 5006),
(287, 3, 5006),
(286, 15, 5006),
(214, 24, 5000),
(213, 21, 5000),
(212, 23, 5000),
(211, 19, 5000),
(210, 18, 5000),
(209, 17, 5000),
(208, 16, 5000),
(207, 14, 5000),
(206, 9, 5000),
(205, 8, 5000),
(204, 7, 5000),
(203, 6, 5000),
(202, 5, 5000),
(201, 4, 5000),
(200, 13, 5000),
(199, 3, 5000),
(198, 15, 5000),
(197, 38, 5000),
(196, 31, 5000),
(195, 29, 5000),
(194, 28, 5000),
(193, 27, 5000),
(192, 26, 5000),
(191, 35, 5000),
(190, 34, 5000),
(189, 33, 5000),
(188, 25, 5000),
(187, 10, 5000),
(186, 2, 5000),
(185, 1, 5000);

-- --------------------------------------------------------

--
-- Tabellenstruktur für Tabelle `categories_to_groups`
--

CREATE TABLE `categories_to_groups` (
  `categories_to_groups_id` int(11) NOT NULL,
  `categories_id` int(11) NOT NULL,
  `groups_id` int(11) NOT NULL
) ENGINE=MyISAM DEFAULT CHARSET=utf8;

-- --------------------------------------------------------

--
-- Tabellenstruktur für Tabelle `categories_to_groups_characteristics`
--

CREATE TABLE `categories_to_groups_characteristics` (
  `categories_to_groups_characteristics_id` int(11) NOT NULL,
  `categories_to_groups_id` int(11) NOT NULL,
  `characteristics_id` int(11) NOT NULL
) ENGINE=MyISAM DEFAULT CHARSET=utf8;

-- --------------------------------------------------------

--
-- Tabellenstruktur für Tabelle `change_status`
--

CREATE TABLE `change_status` (
  `id` int(11) NOT NULL,
  `key` varchar(16) NOT NULL DEFAULT '',
  `text` varchar(64) NOT NULL DEFAULT ''
) ENGINE=MyISAM DEFAULT CHARSET=utf8;

-- --------------------------------------------------------

--
-- Tabellenstruktur für Tabelle `change_status_history`
--

CREATE TABLE `change_status_history` (
  `id` int(11) NOT NULL,
  `change_status_id` int(11) NOT NULL DEFAULT '0',
  `date_added` datetime NOT NULL DEFAULT '0000-00-00 00:00:00',
  `products_id` int(11) NOT NULL DEFAULT '0',
  `quantity` int(11) NOT NULL DEFAULT '0',
  `orders_id` int(11) NOT NULL DEFAULT '0',
  `distributor_id` int(11) NOT NULL DEFAULT '0',
  `storage_id` int(11) NOT NULL DEFAULT '0'
) ENGINE=MyISAM DEFAULT CHARSET=utf8;

-- --------------------------------------------------------

--
-- Tabellenstruktur für Tabelle `cm_file_flags`
--

CREATE TABLE `cm_file_flags` (
  `file_flag` int(11) NOT NULL DEFAULT '0',
  `file_flag_name` varchar(32) NOT NULL DEFAULT ''
) ENGINE=MyISAM DEFAULT CHARSET=utf8;

--
-- Daten für Tabelle `cm_file_flags`
--

INSERT INTO `cm_file_flags` (`file_flag`, `file_flag_name`) VALUES
(0, 'information'),
(1, 'content');

-- --------------------------------------------------------

--
-- Tabellenstruktur für Tabelle `configuration`
--

CREATE TABLE `configuration` (
  `configuration_id` int(11) NOT NULL,
  `configuration_key` varchar(64) NOT NULL DEFAULT '',
  `configuration_value` text NOT NULL,
  `configuration_group_id` int(11) NOT NULL DEFAULT '0',
  `sort_order` int(5) DEFAULT NULL,
  `last_modified` datetime DEFAULT NULL,
  `date_added` datetime NOT NULL DEFAULT '0000-00-00 00:00:00',
  `use_function` varchar(255) DEFAULT NULL,
  `set_function` varchar(255) DEFAULT NULL
) ENGINE=MyISAM DEFAULT CHARSET=utf8;

--
-- Daten für Tabelle `configuration`
--

INSERT INTO `configuration` (`configuration_id`, `configuration_key`, `configuration_value`, `configuration_group_id`, `sort_order`, `last_modified`, `date_added`, `use_function`, `set_function`) VALUES
(1, 'STORE_NAME', 'SYD Green Energy - B2B Marketplace', 110, 1, '2025-05-16 15:48:14', '0000-00-00 00:00:00', NULL, NULL),
(2, 'STORE_OWNER', 'SYD Green Energy GmbH & Co. KG', 1, 2, '2025-05-05 12:05:12', '0000-00-00 00:00:00', NULL, NULL),
(3, 'STORE_OWNER_EMAIL_ADDRESS', 'info@syd-green-energy.com', 110, 3, '2025-05-16 15:55:11', '0000-00-00 00:00:00', NULL, NULL),
(4, 'EMAIL_FROM', 'info@syd-green-energy.com', 1, 4, '2025-05-05 12:05:33', '0000-00-00 00:00:00', NULL, NULL),
(5, 'STORE_COUNTRY', '81', 110, 6, '2005-05-26 14:19:45', '0000-00-00 00:00:00', 'xtc_get_country_name', 'xtc_cfg_pull_down_country_list('),
(6, 'STORE_ZONE', '88', 110, 7, '2025-05-16 15:55:33', '0000-00-00 00:00:00', 'xtc_cfg_get_zone_name', 'xtc_cfg_pull_down_zone_list('),
(7, 'EXPECTED_PRODUCTS_SORT', 'desc', 1, 8, NULL, '0000-00-00 00:00:00', NULL, 'xtc_cfg_select_option(array(\'asc\', \'desc\'),'),
(8, 'EXPECTED_PRODUCTS_FIELD', 'date_expected', 1, 9, NULL, '0000-00-00 00:00:00', NULL, 'xtc_cfg_select_option(array(\'products_name\', \'date_expected\'),'),
(9, 'USE_DEFAULT_LANGUAGE_CURRENCY', 'true', 102, 10, '2004-10-21 12:28:54', '0000-00-00 00:00:00', NULL, 'xtc_cfg_select_option(array(\'true\', \'false\'),'),
(10, 'SEARCH_ENGINE_FRIENDLY_URLS', 'true', 102, 12, '2019-04-23 12:55:17', '0000-00-00 00:00:00', NULL, 'xtc_cfg_select_option(array(\'true\', \'false\'),'),
(11, 'DISPLAY_CART', 'true', 1, 13, NULL, '0000-00-00 00:00:00', NULL, 'xtc_cfg_select_option(array(\'true\', \'false\'),'),
(12, 'ALLOW_GUEST_TO_TELL_A_FRIEND', 'false', 102, 14, NULL, '0000-00-00 00:00:00', NULL, 'xtc_cfg_select_option(array(\'true\', \'false\'),'),
(13, 'ADVANCED_SEARCH_DEFAULT_OPERATOR', 'and', 1, 15, NULL, '0000-00-00 00:00:00', NULL, 'xtc_cfg_select_option(array(\'and\', \'or\'),'),
(14, 'STORE_NAME_ADDRESS', '<p><strong>SYD Green Energy GmbH & Co. KG</strong><br>An der Gümpgesbrücke 26<br>41564 Kaarst<br>Ust.ID: DE 356243656<br>Handelsregister: HRA8152<br>Registiergericht: Neuss<br><br><strong>Vertreten durch:</strong><br>SYD Verwaltungs GmbH<br>An der Gümpgesbrücke 26<br>41564 Kaarst<br>Deutschland<br><br><strong>Diese vertreten durch:</strong><br> Andrej Dedic & Maurice Dedic<br>Handelsregister : HRB22646<br>Registriergericht : Neuss</p>', 110, 16, '2025-09-03 13:30:44', '0000-00-00 00:00:00', NULL, 'xtc_cfg_textarea('),
(15, 'SHOW_COUNTS', 'false', 102, 17, '2005-12-22 14:17:10', '0000-00-00 00:00:00', NULL, 'xtc_cfg_select_option(array(\'true\', \'false\'),'),
(16, 'DEFAULT_CUSTOMERS_STATUS_ID_ADMIN', '0', 102, 20, NULL, '0000-00-00 00:00:00', 'xtc_get_customers_status_name', 'xtc_cfg_pull_down_customers_status_list('),
(17, 'DEFAULT_CUSTOMERS_STATUS_ID_GUEST', '1', 1, 21, NULL, '0000-00-00 00:00:00', 'xtc_get_customers_status_name', 'xtc_cfg_pull_down_customers_status_list('),
(18, 'DEFAULT_CUSTOMERS_STATUS_ID', '2', 1, 23, NULL, '0000-00-00 00:00:00', 'xtc_get_customers_status_name', 'xtc_cfg_pull_down_customers_status_list('),
(19, 'ALLOW_ADD_TO_CART', 'true', 1, 24, '2009-08-03 16:42:51', '0000-00-00 00:00:00', NULL, 'xtc_cfg_select_option(array(\'true\', \'false\'),'),
(20, 'ALLOW_CATEGORY_DESCRIPTIONS', 'true', 1, 25, NULL, '0000-00-00 00:00:00', NULL, 'xtc_cfg_select_option(array(\'true\', \'false\'),'),
(21, 'CURRENT_TEMPLATE', 'yes-system', 102, 26, '2019-04-23 11:30:33', '0000-00-00 00:00:00', NULL, 'xtc_cfg_pull_down_template_sets('),
(22, 'PRICE_IS_BRUTTO', 'false', 1, 27, '2025-05-14 09:32:06', '0000-00-00 00:00:00', NULL, 'xtc_cfg_select_option(array(\'true\', \'false\'),'),
(23, 'PRICE_PRECISION', '4', 1, 28, '2013-12-05 20:03:01', '0000-00-00 00:00:00', NULL, ''),
(24, 'ENTRY_FIRST_NAME_MIN_LENGTH', '2', 2, 1, NULL, '0000-00-00 00:00:00', NULL, NULL),
(25, 'ENTRY_LAST_NAME_MIN_LENGTH', '2', 2, 2, NULL, '0000-00-00 00:00:00', NULL, NULL),
(26, 'ENTRY_DOB_MIN_LENGTH', '0', 2, 3, '2020-03-06 21:54:20', '0000-00-00 00:00:00', NULL, NULL),
(27, 'ENTRY_EMAIL_ADDRESS_MIN_LENGTH', '6', 2, 4, NULL, '0000-00-00 00:00:00', NULL, NULL),
(28, 'ENTRY_STREET_ADDRESS_MIN_LENGTH', '5', 2, 5, NULL, '0000-00-00 00:00:00', NULL, NULL),
(29, 'ENTRY_COMPANY_MIN_LENGTH', '2', 2, 6, '2025-05-07 14:18:39', '0000-00-00 00:00:00', NULL, NULL),
(30, 'ENTRY_POSTCODE_MIN_LENGTH', '4', 2, 7, NULL, '0000-00-00 00:00:00', NULL, NULL),
(31, 'ENTRY_CITY_MIN_LENGTH', '3', 2, 8, NULL, '0000-00-00 00:00:00', NULL, NULL),
(32, 'ENTRY_STATE_MIN_LENGTH', '2', 102, 9, NULL, '0000-00-00 00:00:00', NULL, NULL),
(33, 'ENTRY_TELEPHONE_MIN_LENGTH', '3', 2, 10, '2025-07-30 10:03:56', '0000-00-00 00:00:00', NULL, NULL),
(34, 'ENTRY_PASSWORD_MIN_LENGTH', '8', 2, 11, '2020-03-06 21:54:57', '0000-00-00 00:00:00', NULL, NULL),
(35, 'CC_OWNER_MIN_LENGTH', '3', 102, 12, NULL, '0000-00-00 00:00:00', NULL, NULL),
(36, 'CC_NUMBER_MIN_LENGTH', '10', 102, 13, NULL, '0000-00-00 00:00:00', NULL, NULL),
(37, 'REVIEW_TEXT_MIN_LENGTH', '50', 102, 14, NULL, '0000-00-00 00:00:00', NULL, NULL),
(38, 'MIN_DISPLAY_BESTSELLERS', '1', 2, 15, NULL, '0000-00-00 00:00:00', NULL, NULL),
(39, 'MIN_DISPLAY_ALSO_PURCHASED', '1', 2, 16, NULL, '0000-00-00 00:00:00', NULL, NULL),
(40, 'MAX_ADDRESS_BOOK_ENTRIES', '20', 3, 1, '2007-01-22 13:31:31', '0000-00-00 00:00:00', NULL, NULL),
(41, 'MAX_DISPLAY_SEARCH_RESULTS', '30', 3, 2, '2005-11-30 18:28:59', '0000-00-00 00:00:00', NULL, NULL),
(42, 'MAX_DISPLAY_PAGE_LINKS', '5', 102, 3, NULL, '0000-00-00 00:00:00', NULL, NULL),
(43, 'MAX_DISPLAY_SPECIAL_PRODUCTS', '9', 3, 4, NULL, '0000-00-00 00:00:00', NULL, NULL),
(44, 'MAX_DISPLAY_NEW_PRODUCTS', '9', 102, 5, NULL, '0000-00-00 00:00:00', NULL, NULL),
(45, 'MAX_DISPLAY_UPCOMING_PRODUCTS', '10', 3, 6, NULL, '0000-00-00 00:00:00', NULL, NULL),
(46, 'MAX_DISPLAY_MANUFACTURERS_IN_A_LIST', '3', 3, 7, '2011-05-11 11:04:49', '0000-00-00 00:00:00', NULL, NULL),
(47, 'MAX_MANUFACTURERS_LIST', '1', 3, 7, NULL, '0000-00-00 00:00:00', NULL, NULL),
(48, 'MAX_DISPLAY_MANUFACTURER_NAME_LEN', '15', 3, 8, NULL, '0000-00-00 00:00:00', NULL, NULL),
(49, 'MAX_DISPLAY_NEW_REVIEWS', '6', 102, 9, NULL, '0000-00-00 00:00:00', NULL, NULL),
(50, 'MAX_RANDOM_SELECT_REVIEWS', '10', 102, 10, NULL, '0000-00-00 00:00:00', NULL, NULL),
(51, 'MAX_RANDOM_SELECT_NEW', '10', 102, 11, NULL, '0000-00-00 00:00:00', NULL, NULL),
(52, 'MAX_RANDOM_SELECT_SPECIALS', '10', 102, 12, NULL, '0000-00-00 00:00:00', NULL, NULL),
(53, 'MAX_DISPLAY_CATEGORIES_PER_ROW', '3', 102, 13, NULL, '0000-00-00 00:00:00', NULL, NULL),
(54, 'MAX_DISPLAY_PRODUCTS_NEW', '10', 3, 14, NULL, '0000-00-00 00:00:00', NULL, NULL),
(55, 'MAX_DISPLAY_BESTSELLERS', '10', 3, 15, NULL, '0000-00-00 00:00:00', NULL, NULL),
(56, 'MAX_DISPLAY_ALSO_PURCHASED', '6', 3, 16, NULL, '0000-00-00 00:00:00', NULL, NULL),
(57, 'MAX_DISPLAY_PRODUCTS_IN_ORDER_HISTORY_BOX', '6', 3, 17, NULL, '0000-00-00 00:00:00', NULL, NULL),
(58, 'MAX_DISPLAY_ORDER_HISTORY', '10', 3, 18, NULL, '0000-00-00 00:00:00', NULL, NULL),
(59, 'PRODUCT_REVIEWS_VIEW', '0', 102, 19, '2010-03-29 23:26:23', '0000-00-00 00:00:00', NULL, NULL),
(60, 'MAX_PRODUCTS_QTY', '10000', 102, 21, '2020-03-06 22:00:06', '0000-00-00 00:00:00', NULL, NULL),
(61, 'MAX_DISPLAY_NEW_PRODUCTS_DAYS', '100', 3, 22, '2020-03-06 21:55:13', '0000-00-00 00:00:00', NULL, NULL),
(62, 'CONFIG_CALCULATE_IMAGE_SIZE', 'true', 102, 1, '2009-05-30 17:13:05', '0000-00-00 00:00:00', NULL, 'xtc_cfg_select_option(array(\'true\', \'false\'),'),
(63, 'IMAGE_QUALITY', '70', 4, 2, '2019-04-23 11:35:38', '0000-00-00 00:00:00', NULL, NULL),
(64, 'PRODUCT_IMAGE_THUMBNAIL_WIDTH', '200', 4, 7, '2009-11-13 07:48:25', '0000-00-00 00:00:00', NULL, NULL),
(65, 'PRODUCT_IMAGE_THUMBNAIL_HEIGHT', '200', 4, 8, '2011-04-14 17:46:18', '0000-00-00 00:00:00', NULL, NULL),
(66, 'PRODUCT_IMAGE_INFO_WIDTH', '400', 4, 9, '2019-04-23 11:36:08', '0000-00-00 00:00:00', NULL, NULL),
(67, 'PRODUCT_IMAGE_INFO_HEIGHT', '400', 4, 10, '2019-04-23 11:36:18', '0000-00-00 00:00:00', NULL, NULL),
(68, 'PRODUCT_IMAGE_POPUP_WIDTH', '800', 4, 11, '2019-04-23 11:36:27', '0000-00-00 00:00:00', NULL, NULL),
(69, 'PRODUCT_IMAGE_POPUP_HEIGHT', '800', 4, 12, '2019-04-23 11:36:37', '0000-00-00 00:00:00', NULL, NULL),
(70, 'PRODUCT_IMAGE_THUMBNAIL_BEVEL', '', 4, 13, '2003-12-15 13:14:39', '0000-00-00 00:00:00', '', ''),
(71, 'PRODUCT_IMAGE_THUMBNAIL_GREYSCALE', '', 4, 14, '2003-12-15 13:13:37', '0000-00-00 00:00:00', NULL, NULL),
(72, 'PRODUCT_IMAGE_THUMBNAIL_ELLIPSE', '', 4, 15, '2003-12-15 13:14:57', '0000-00-00 00:00:00', NULL, NULL),
(73, 'PRODUCT_IMAGE_THUMBNAIL_ROUND_EDGES', '', 4, 16, '2003-12-15 13:19:45', '0000-00-00 00:00:00', NULL, NULL),
(74, 'PRODUCT_IMAGE_THUMBNAIL_MERGE', '', 4, 17, '2003-12-15 12:01:43', '0000-00-00 00:00:00', NULL, NULL),
(75, 'PRODUCT_IMAGE_THUMBNAIL_FRAME', '', 4, 18, '2005-06-20 15:04:53', '0000-00-00 00:00:00', NULL, NULL),
(76, 'PRODUCT_IMAGE_THUMBNAIL_DROP_SHADDOW', '', 4, 19, '2003-12-15 13:15:14', '0000-00-00 00:00:00', NULL, NULL),
(77, 'PRODUCT_IMAGE_THUMBNAIL_MOTION_BLUR', '', 4, 20, '2004-10-19 20:07:52', '0000-00-00 00:00:00', NULL, NULL),
(78, 'PRODUCT_IMAGE_INFO_BEVEL', '', 4, 21, '2003-12-15 13:42:09', '0000-00-00 00:00:00', NULL, NULL),
(79, 'PRODUCT_IMAGE_INFO_GREYSCALE', '', 4, 22, '2003-12-15 13:18:00', '0000-00-00 00:00:00', NULL, NULL),
(80, 'PRODUCT_IMAGE_INFO_ELLIPSE', '', 4, 23, '2003-12-15 13:41:53', '0000-00-00 00:00:00', NULL, NULL),
(81, 'PRODUCT_IMAGE_INFO_ROUND_EDGES', '', 4, 24, '2003-12-15 13:21:55', '0000-00-00 00:00:00', NULL, NULL),
(82, 'PRODUCT_IMAGE_INFO_MERGE', '', 4, 25, '2004-10-21 12:46:55', '0000-00-00 00:00:00', NULL, NULL),
(83, 'PRODUCT_IMAGE_INFO_FRAME', '', 4, 26, '2005-06-20 15:04:57', '0000-00-00 00:00:00', NULL, NULL),
(84, 'PRODUCT_IMAGE_INFO_DROP_SHADDOW', '', 4, 27, '2005-06-20 15:05:02', '0000-00-00 00:00:00', NULL, NULL),
(85, 'PRODUCT_IMAGE_INFO_MOTION_BLUR', '', 4, 28, '2003-12-15 13:21:18', '0000-00-00 00:00:00', NULL, NULL),
(86, 'PRODUCT_IMAGE_POPUP_BEVEL', '', 4, 29, '2004-10-19 20:07:10', '0000-00-00 00:00:00', NULL, NULL),
(87, 'PRODUCT_IMAGE_POPUP_GREYSCALE', '', 4, 30, '2003-12-15 13:22:58', '0000-00-00 00:00:00', NULL, NULL),
(88, 'PRODUCT_IMAGE_POPUP_ELLIPSE', '', 4, 31, '2003-12-15 13:22:51', '0000-00-00 00:00:00', NULL, NULL),
(89, 'PRODUCT_IMAGE_POPUP_ROUND_EDGES', '', 4, 32, '2003-12-15 13:23:17', '0000-00-00 00:00:00', NULL, NULL),
(90, 'PRODUCT_IMAGE_POPUP_MERGE', '', 4, 33, '2004-10-21 12:47:23', '0000-00-00 00:00:00', NULL, NULL),
(91, 'PRODUCT_IMAGE_POPUP_FRAME', '', 4, 34, '2003-12-15 13:22:43', '0000-00-00 00:00:00', NULL, NULL),
(92, 'PRODUCT_IMAGE_POPUP_DROP_SHADDOW', '', 4, 35, '2003-12-15 13:22:26', '0000-00-00 00:00:00', NULL, NULL),
(93, 'PRODUCT_IMAGE_POPUP_MOTION_BLUR', '', 4, 36, '2003-12-15 13:22:32', '0000-00-00 00:00:00', NULL, NULL),
(94, 'MO_PICS', '17', 4, 3, '2025-04-30 19:19:57', '0000-00-00 00:00:00', NULL, NULL),
(95, 'IMAGE_MANIPULATOR', 'image_manipulator_GD2.php', 102, 3, '0000-00-00 00:00:00', '0000-00-00 00:00:00', NULL, 'xtc_cfg_select_option(array(\'image_manipulator_GD2.php\', \'image_manipulator_GD1.php\'),'),
(96, 'ACCOUNT_GENDER', 'true', 5, 1, NULL, '0000-00-00 00:00:00', NULL, 'xtc_cfg_select_option(array(\'true\', \'false\'),'),
(97, 'ACCOUNT_DOB', 'false', 5, 2, '2004-09-15 10:35:00', '0000-00-00 00:00:00', NULL, 'xtc_cfg_select_option(array(\'true\', \'false\'),'),
(98, 'ACCOUNT_COMPANY', 'true', 5, 3, NULL, '0000-00-00 00:00:00', NULL, 'xtc_cfg_select_option(array(\'true\', \'false\'),'),
(99, 'ACCOUNT_SUBURB', 'true', 102, 4, '2004-09-15 10:35:06', '0000-00-00 00:00:00', NULL, 'xtc_cfg_select_option(array(\'true\', \'false\'),'),
(100, 'ACCOUNT_STATE', 'false', 102, 5, '2004-09-15 10:35:23', '0000-00-00 00:00:00', NULL, 'xtc_cfg_select_option(array(\'true\', \'false\'),'),
(101, 'ACCOUNT_OPTIONS', 'account', 102, 6, NULL, '0000-00-00 00:00:00', NULL, 'xtc_cfg_select_option(array(\'account\', \'guest\', \'both\'),'),
(102, 'DELETE_GUEST_ACCOUNT', 'false', 102, 7, '2011-05-11 11:10:13', '0000-00-00 00:00:00', NULL, 'xtc_cfg_select_option(array(\'true\', \'false\'),'),
(103, 'MODULE_PAYMENT_INSTALLED', 'invoice.php;moneyorder.php;yes_ppp.php', 102, 0, '2025-07-24 13:45:26', '0000-00-00 00:00:00', NULL, NULL),
(104, 'MODULE_ORDER_TOTAL_INSTALLED', 'ot_subtotal.php;ot_subtotal_no_tax.php;ot_shipping.php;ot_cod_fee.php;ot_payment_fee.php;ot_tax.php;ot_coupon.php;ot_discount.php;ot_total.php', 102, 0, '2025-10-21 17:42:05', '0000-00-00 00:00:00', NULL, NULL),
(105, 'MODULE_SHIPPING_INSTALLED', 'selfpickup.php;yes.php', 102, 0, '2025-07-21 16:30:40', '0000-00-00 00:00:00', NULL, NULL),
(106, 'DEFAULT_CURRENCY', 'EUR', 102, 0, NULL, '0000-00-00 00:00:00', NULL, NULL),
(107, 'DEFAULT_LANGUAGE', 'en', 102, 0, '2025-11-20 09:50:46', '0000-00-00 00:00:00', NULL, NULL),
(108, 'DEFAULT_ORDERS_STATUS_ID', '1', 102, 0, NULL, '0000-00-00 00:00:00', NULL, NULL),
(109, 'DEFAULT_SHIPPING_STATUS_ID', '1', 102, 0, NULL, '0000-00-00 00:00:00', NULL, NULL),
(110, 'MODULE_ORDER_TOTAL_SHIPPING_STATUS', 'true', 102, 1, '2025-07-21 11:38:26', '0000-00-00 00:00:00', NULL, 'xtc_cfg_select_option(array(\'true\', \'false\'),'),
(111, 'MODULE_ORDER_TOTAL_SHIPPING_SORT_ORDER', '30', 102, 2, '2025-07-21 11:38:26', '0000-00-00 00:00:00', NULL, NULL),
(112, 'MODULE_ORDER_TOTAL_SHIPPING_FREE_SHIPPING', 'true', 102, 3, '2025-07-21 11:38:26', '0000-00-00 00:00:00', NULL, 'xtc_cfg_select_option(array(\'true\', \'false\'),'),
(113, 'MODULE_ORDER_TOTAL_SHIPPING_FREE_SHIPPING_OVER', '100000', 102, 4, '2025-07-21 11:38:26', '0000-00-00 00:00:00', 'currencies->format', NULL),
(114, 'MODULE_ORDER_TOTAL_SHIPPING_DESTINATION', 'both', 102, 5, '2025-07-21 11:38:26', '0000-00-00 00:00:00', NULL, 'xtc_cfg_select_option(array(\'national\', \'international\', \'both\'),'),
(605, 'MODULE_ORDER_TOTAL_SUBTOTAL_SORT_ORDER', '10', 102, 2, NULL, '2009-11-13 11:43:11', NULL, NULL),
(117, 'MODULE_ORDER_TOTAL_TAX_STATUS', 'true', 102, 1, NULL, '0000-00-00 00:00:00', NULL, 'xtc_cfg_select_option(array(\'true\', \'false\'),'),
(118, 'MODULE_ORDER_TOTAL_TAX_SORT_ORDER', '50', 102, 2, NULL, '0000-00-00 00:00:00', NULL, NULL),
(119, 'MODULE_ORDER_TOTAL_TOTAL_STATUS', 'true', 102, 1, NULL, '0000-00-00 00:00:00', NULL, 'xtc_cfg_select_option(array(\'true\', \'false\'),'),
(120, 'MODULE_ORDER_TOTAL_TOTAL_SORT_ORDER', '99', 102, 2, NULL, '0000-00-00 00:00:00', NULL, NULL),
(121, 'MODULE_ORDER_TOTAL_DISCOUNT_STATUS', 'true', 102, 1, '2025-10-21 17:42:05', '0000-00-00 00:00:00', NULL, 'xtc_cfg_select_option(array(\'true\', \'false\'),'),
(122, 'MODULE_ORDER_TOTAL_DISCOUNT_SORT_ORDER', '35', 102, 2, '2025-10-21 17:42:05', '0000-00-00 00:00:00', NULL, NULL),
(603, 'MODULE_ORDER_TOTAL_SUBTOTAL_NO_TAX_SORT_ORDER', '11', 102, 2, NULL, '2009-11-13 11:42:59', NULL, NULL),
(602, 'MODULE_ORDER_TOTAL_SUBTOTAL_NO_TAX_STATUS', 'true', 102, 1, NULL, '2009-11-13 11:42:59', NULL, 'xtc_cfg_select_option(array(\'true\', \'false\'), '),
(125, 'SHIPPING_ORIGIN_COUNTRY', '81', 7, 1, NULL, '0000-00-00 00:00:00', 'xtc_get_country_name', 'xtc_cfg_pull_down_country_list('),
(126, 'SHIPPING_ORIGIN_ZIP', '', 102, 2, '2007-01-22 13:37:26', '0000-00-00 00:00:00', NULL, NULL),
(127, 'SHIPPING_MAX_WEIGHT', '50', 7, 3, '2005-07-26 17:00:37', '0000-00-00 00:00:00', NULL, NULL),
(128, 'SHIPPING_BOX_WEIGHT', '0', 7, 4, NULL, '0000-00-00 00:00:00', NULL, NULL),
(129, 'SHIPPING_BOX_PADDING', '0', 7, 5, '2019-04-23 11:40:19', '0000-00-00 00:00:00', NULL, NULL),
(130, 'PRODUCT_LIST_FILTER', '1', 102, 1, '2011-05-11 11:38:17', '0000-00-00 00:00:00', NULL, NULL),
(131, 'STOCK_CHECK', 'false', 9, 1, '2025-07-21 11:46:53', '0000-00-00 00:00:00', NULL, 'xtc_cfg_select_option(array(\'true\', \'false\'),'),
(132, 'ATTRIBUTE_STOCK_CHECK', 'true', 102, 2, '2004-12-12 16:20:23', '0000-00-00 00:00:00', NULL, 'xtc_cfg_select_option(array(\'true\', \'false\'),'),
(133, 'STOCK_LIMITED', 'true', 9, 3, NULL, '0000-00-00 00:00:00', NULL, 'xtc_cfg_select_option(array(\'true\', \'false\'),'),
(134, 'STOCK_ALLOW_CHECKOUT', 'true', 9, 4, '2025-07-21 19:23:28', '0000-00-00 00:00:00', NULL, 'xtc_cfg_select_option(array(\'true\', \'false\'),'),
(135, 'STOCK_MARK_PRODUCT_OUT_OF_STOCK', 'vergriffen', 9, 5, '2019-05-29 17:49:33', '0000-00-00 00:00:00', NULL, NULL),
(136, 'STOCK_REORDER_LEVEL', '5', 102, 6, NULL, '0000-00-00 00:00:00', NULL, NULL),
(137, 'STORE_PAGE_PARSE_TIME', 'false', 102, 1, NULL, '0000-00-00 00:00:00', NULL, 'xtc_cfg_select_option(array(\'true\', \'false\'),'),
(138, 'STORE_PAGE_PARSE_TIME_LOG', '0', 102, 2, NULL, '0000-00-00 00:00:00', NULL, NULL),
(139, 'STORE_PARSE_DATE_TIME_FORMAT', '%d/%m/%Y %H:%M:%S', 102, 3, NULL, '0000-00-00 00:00:00', NULL, NULL),
(140, 'DISPLAY_PAGE_PARSE_TIME', 'true', 102, 4, NULL, '0000-00-00 00:00:00', NULL, 'xtc_cfg_select_option(array(\'true\', \'false\'),'),
(141, 'STORE_DB_TRANSACTIONS', 'false', 102, 5, NULL, '0000-00-00 00:00:00', NULL, 'xtc_cfg_select_option(array(\'true\', \'false\'),'),
(142, 'USE_CACHE', 'false', 102, 1, NULL, '0000-00-00 00:00:00', NULL, 'xtc_cfg_select_option(array(\'true\', \'false\'),'),
(143, 'DIR_FS_CACHE', 'cache', 102, 2, NULL, '0000-00-00 00:00:00', NULL, NULL),
(144, 'CACHE_LIFETIME', '1800', 102, 3, '2010-03-29 23:25:48', '0000-00-00 00:00:00', NULL, NULL),
(145, 'CACHE_CHECK', 'true', 102, 4, NULL, '0000-00-00 00:00:00', NULL, 'xtc_cfg_select_option(array(\'true\', \'false\'),'),
(146, 'DB_CACHE', 'false', 102, 5, NULL, '0000-00-00 00:00:00', NULL, 'xtc_cfg_select_option(array(\'true\', \'false\'),'),
(147, 'DB_CACHE_EXPIRE', '1800', 102, 6, '2010-03-29 23:26:04', '0000-00-00 00:00:00', NULL, NULL),
(148, 'EMAIL_TRANSPORT', 'smtp', 102, 1, '2015-06-03 16:55:33', '0000-00-00 00:00:00', NULL, 'xtc_cfg_select_option(array(\'sendmail\', \'smtp\', \'mail\'),'),
(149, 'SENDMAIL_PATH', '/usr/sbin/sendmail', 102, 2, NULL, '0000-00-00 00:00:00', NULL, NULL),
(150, 'SMTP_MAIN_SERVER', 'sslout.df.eu', 12, 3, '2025-05-16 15:42:44', '0000-00-00 00:00:00', NULL, NULL),
(151, 'SMTP_Backup_Server', '', 12, 4, '2004-10-21 15:57:38', '0000-00-00 00:00:00', NULL, NULL),
(152, 'SMTP_PORT', '465', 12, 5, '2023-07-14 17:04:37', '0000-00-00 00:00:00', NULL, NULL),
(153, 'SMTP_USERNAME', 'info@syd-green-energy.com', 12, 6, '2025-05-16 15:44:44', '0000-00-00 00:00:00', NULL, NULL),
(154, 'SMTP_PASSWORD', '@uZuge/k2Ejgn!', 12, 7, '2025-05-20 09:03:28', '0000-00-00 00:00:00', NULL, NULL),
(155, 'SMTP_AUTH', 'true', 12, 8, '2025-05-16 15:43:39', '0000-00-00 00:00:00', NULL, 'xtc_cfg_select_option(array(\'true\', \'false\'),'),
(156, 'EMAIL_LINEFEED', 'LF', 102, 9, NULL, '0000-00-00 00:00:00', NULL, 'xtc_cfg_select_option(array(\'LF\', \'CRLF\'),'),
(157, 'EMAIL_USE_HTML', 'true', 102, 10, NULL, '0000-00-00 00:00:00', NULL, 'xtc_cfg_select_option(array(\'true\', \'false\'),'),
(158, 'ENTRY_EMAIL_ADDRESS_CHECK', 'false', 102, 11, NULL, '0000-00-00 00:00:00', NULL, 'xtc_cfg_select_option(array(\'true\', \'false\'),'),
(159, 'SEND_EMAILS', 'true', 12, 12, NULL, '0000-00-00 00:00:00', NULL, 'xtc_cfg_select_option(array(\'true\', \'false\'),'),
(160, 'CONTACT_US_EMAIL_ADDRESS', 'info@syd-green-energy.com', 12, 20, '2025-05-16 15:44:40', '0000-00-00 00:00:00', NULL, NULL),
(161, 'CONTACT_US_NAME', 'SYD Green Energy - B2B Marketplace', 12, 21, '2025-05-16 15:48:26', '0000-00-00 00:00:00', NULL, NULL),
(162, 'CONTACT_US_REPLY_ADDRESS', 'info@syd-green-energy.com', 12, 22, '2025-05-16 15:44:50', '0000-00-00 00:00:00', NULL, NULL),
(163, 'CONTACT_US_REPLY_ADDRESS_NAME', 'SYD Green Energy - B2B Marketplace', 12, 23, '2025-05-16 15:48:30', '0000-00-00 00:00:00', NULL, NULL),
(164, 'CONTACT_US_EMAIL_SUBJECT', 'Your request to SYD Green Energy - B2B Marketplace', 12, 24, '2025-05-16 15:49:22', '0000-00-00 00:00:00', NULL, NULL),
(165, 'CONTACT_US_FORWARDING_STRING', 'info@syd-green-energy.com', 12, 25, '2025-05-16 15:44:35', '0000-00-00 00:00:00', NULL, NULL),
(166, 'EMAIL_SUPPORT_ADDRESS', 'info@syd-green-energy.com', 12, 26, '2025-05-16 15:44:56', '0000-00-00 00:00:00', NULL, NULL),
(167, 'EMAIL_SUPPORT_NAME', 'info@syd-green-energy.com', 12, 27, '2025-05-16 15:45:02', '0000-00-00 00:00:00', NULL, NULL),
(168, 'EMAIL_SUPPORT_REPLY_ADDRESS', 'info@syd-green-energy.com', 12, 28, '2025-05-16 15:45:08', '0000-00-00 00:00:00', NULL, NULL),
(169, 'EMAIL_SUPPORT_REPLY_ADDRESS_NAME', 'SYD Green Energy - B2B Marketplace', 12, 29, '2025-05-16 15:48:38', '0000-00-00 00:00:00', NULL, NULL),
(170, 'EMAIL_SUPPORT_SUBJECT', 'Welcome to SYD Green Energy - B2B Marketplace', 12, 30, '2025-05-16 15:49:36', '0000-00-00 00:00:00', NULL, NULL),
(171, 'EMAIL_SUPPORT_FORWARDING_STRING', 'info@syd-green-energy.com', 12, 31, '2025-05-16 15:45:13', '0000-00-00 00:00:00', NULL, NULL),
(172, 'EMAIL_BILLING_ADDRESS', 'info@syd-green-energy.com', 12, 32, '2025-05-16 15:45:18', '0000-00-00 00:00:00', NULL, NULL),
(173, 'EMAIL_BILLING_NAME', 'SYD Green Energy - B2B Marketplace', 12, 33, '2025-05-16 15:48:51', '0000-00-00 00:00:00', NULL, NULL),
(174, 'EMAIL_BILLING_REPLY_ADDRESS', 'info@syd-green-energy.com', 12, 34, '2025-05-16 15:45:24', '0000-00-00 00:00:00', NULL, NULL),
(175, 'EMAIL_BILLING_REPLY_ADDRESS_NAME', 'SYD Green Energy - B2B Marketplace', 12, 35, '2025-05-16 15:48:57', '0000-00-00 00:00:00', NULL, NULL),
(176, 'EMAIL_BILLING_SUBJECT', 'Your order with syd Green Energy', 12, 36, '2025-05-16 15:47:55', '0000-00-00 00:00:00', NULL, NULL),
(177, 'EMAIL_BILLING_FORWARDING_STRING', 'info@syd-green-energy.com', 12, 37, '2025-05-16 15:45:30', '0000-00-00 00:00:00', NULL, NULL),
(178, 'EMAIL_BILLING_SUBJECT_ORDER', 'Your order/request no: {$nr} / {$date}', 12, 38, '2025-07-23 16:09:38', '0000-00-00 00:00:00', NULL, NULL),
(179, 'DOWNLOAD_ENABLED', 'false', 102, 1, NULL, '0000-00-00 00:00:00', NULL, 'xtc_cfg_select_option(array(\'true\', \'false\'),'),
(180, 'DOWNLOAD_BY_REDIRECT', 'false', 102, 2, NULL, '0000-00-00 00:00:00', NULL, 'xtc_cfg_select_option(array(\'true\', \'false\'),'),
(181, 'DOWNLOAD_UNALLOWED_PAYMENT', 'banktransfer,cod,invoice,moneyorder', 102, 5, NULL, '0000-00-00 00:00:00', NULL, NULL),
(182, 'DOWNLOAD_MIN_ORDERS_STATUS', '1', 102, 5, NULL, '0000-00-00 00:00:00', NULL, NULL),
(183, 'GZIP_COMPRESSION', 'true', 102, 1, '2011-05-11 11:53:16', '0000-00-00 00:00:00', NULL, 'xtc_cfg_select_option(array(\'true\', \'false\'),'),
(184, 'GZIP_LEVEL', '5', 102, 2, NULL, '0000-00-00 00:00:00', NULL, NULL),
(185, 'SESSION_WRITE_DIRECTORY', '/tmp', 102, 1, NULL, '0000-00-00 00:00:00', NULL, NULL),
(186, 'SESSION_FORCE_COOKIE_USE', 'False', 102, 2, '2007-11-27 12:13:01', '0000-00-00 00:00:00', NULL, 'xtc_cfg_select_option(array(\'True\', \'False\'),'),
(187, 'SESSION_CHECK_SSL_SESSION_ID', 'False', 102, 3, NULL, '0000-00-00 00:00:00', NULL, 'xtc_cfg_select_option(array(\'True\', \'False\'),'),
(188, 'SESSION_CHECK_USER_AGENT', 'False', 102, 4, NULL, '0000-00-00 00:00:00', NULL, 'xtc_cfg_select_option(array(\'True\', \'False\'),'),
(189, 'SESSION_RECREATE', 'True', 102, 7, '2011-05-11 11:54:42', '0000-00-00 00:00:00', NULL, 'xtc_cfg_select_option(array(\'True\', \'False\'),'),
(190, 'META_MIN_KEYWORD_LENGTH', '6', 16, 2, NULL, '0000-00-00 00:00:00', NULL, NULL),
(191, 'META_KEYWORDS_NUMBER', '5', 16, 3, NULL, '0000-00-00 00:00:00', NULL, NULL),
(192, 'META_AUTHOR', 'SYD Green Energy GmbH & Co. KG', 16, 4, '2025-05-16 15:57:40', '0000-00-00 00:00:00', NULL, NULL),
(193, 'META_PUBLISHER', 'SYD Green Energy GmbH & Co. KG', 16, 5, '2025-05-16 15:57:44', '0000-00-00 00:00:00', NULL, NULL),
(194, 'META_COMPANY', 'SYD Green Energy GmbH & Co. KG', 16, 6, '2025-05-16 15:57:49', '0000-00-00 00:00:00', NULL, NULL),
(195, 'META_TOPIC', 'shopping', 16, 7, NULL, '0000-00-00 00:00:00', NULL, NULL),
(196, 'META_REPLY_TO', 'info@syd-green-energy.com', 16, 8, '2025-05-16 15:58:41', '0000-00-00 00:00:00', NULL, NULL),
(197, 'META_REVISIT_AFTER', '14', 16, 9, NULL, '0000-00-00 00:00:00', NULL, NULL),
(198, 'META_ROBOTS', 'index,follow', 16, 10, NULL, '0000-00-00 00:00:00', NULL, NULL),
(199, 'META_DESCRIPTION', 'SYD Green Energy – Your B2B partner for Deye solar products: hybrid inverters, battery storage & energy solutions for commercial and industrial projects.', 16, 11, '2025-07-04 10:15:00', '0000-00-00 00:00:00', NULL, NULL),
(200, 'META_KEYWORDS', 'Deye B2B solar distributor  Hybrid inverter supplier Europe  Commercial solar battery systems  Industrial PV storage solutions  LiFePO₄ battery storage wholesale  Solar components for installers  Deye hybrid inverters for business  B2B solar solutions Europe  Solar energy systems for professionals  Reliable solar distribution partner', 16, 12, '2025-07-04 10:15:53', '0000-00-00 00:00:00', NULL, NULL),
(201, 'CHECK_CLIENT_AGENT', 'true', 102, 13, '2011-03-11 19:31:15', '0000-00-00 00:00:00', NULL, 'xtc_cfg_select_option(array(\'true\', \'false\'),'),
(202, 'USE_SPAW', 'true', 102, 1, NULL, '0000-00-00 00:00:00', NULL, 'xtc_cfg_select_option(array(\'true\', \'false\'),'),
(203, 'ACTIVATE_GIFT_SYSTEM', 'true', 102, 2, '2023-07-14 17:03:47', '0000-00-00 00:00:00', NULL, 'xtc_cfg_select_option(array(\'true\', \'false\'),'),
(204, 'SECURITY_CODE_LENGTH', '10', 102, 3, NULL, '2003-12-05 05:01:41', NULL, NULL),
(205, 'NEW_SIGNUP_GIFT_VOUCHER_AMOUNT', '0', 102, 4, '2005-07-25 15:40:48', '2003-12-05 05:01:41', NULL, NULL),
(206, 'NEW_SIGNUP_DISCOUNT_COUPON', '', 102, 5, NULL, '2003-12-05 05:01:41', NULL, NULL),
(207, 'ACTIVATE_SHIPPING_STATUS', 'true', 102, 6, NULL, '0000-00-00 00:00:00', NULL, 'xtc_cfg_select_option(array(\'true\', \'false\'),'),
(208, 'DISPLAY_CONDITIONS_ON_CHECKOUT', 'false', 102, 7, NULL, '0000-00-00 00:00:00', NULL, 'xtc_cfg_select_option(array(\'true\', \'false\'),'),
(209, 'SHOW_IP_LOG', 'true', 102, 8, '2011-05-11 15:43:25', '0000-00-00 00:00:00', NULL, 'xtc_cfg_select_option(array(\'true\', \'false\'),'),
(210, 'GROUP_CHECK', 'false', 102, 9, '2017-10-09 12:41:33', '0000-00-00 00:00:00', NULL, 'xtc_cfg_select_option(array(\'true\', \'false\'),'),
(211, 'ACTIVATE_NAVIGATOR', 'false', 102, 10, NULL, '0000-00-00 00:00:00', NULL, 'xtc_cfg_select_option(array(\'true\', \'false\'),'),
(212, 'QUICKLINK_ACTIVATED', 'false', 102, 11, '2011-05-11 15:43:11', '0000-00-00 00:00:00', NULL, 'xtc_cfg_select_option(array(\'true\', \'false\'),'),
(213, 'ACCOUNT_COMPANY_VAT_CHECK', 'true', 18, 4, '2025-07-30 10:22:44', '0000-00-00 00:00:00', NULL, 'xtc_cfg_select_option(array(\'true\', \'false\'),'),
(214, 'STORE_OWNER_VAT_ID', 'DE356243656', 110, 3, '2025-05-16 15:55:21', '0000-00-00 00:00:00', NULL, NULL),
(215, 'DEFAULT_CUSTOMERS_VAT_STATUS_ID', '1', 102, 23, '0000-00-00 00:00:00', '0000-00-00 00:00:00', 'xtc_get_customers_status_name', 'xtc_cfg_pull_down_customers_status_list('),
(216, 'ACCOUNT_COMPANY_VAT_LIVE_CHECK', 'false', 102, 4, '2010-10-18 14:55:14', '0000-00-00 00:00:00', NULL, 'xtc_cfg_select_option(array(\'true\', \'false\'),'),
(217, 'ACCOUNT_COMPANY_VAT_GROUP', 'false', 102, 4, '2010-10-18 14:55:18', '0000-00-00 00:00:00', NULL, 'xtc_cfg_select_option(array(\'true\', \'false\'),'),
(218, 'ACCOUNT_VAT_BLOCK_ERROR', 'false', 102, 4, '2010-10-18 14:55:22', '0000-00-00 00:00:00', NULL, 'xtc_cfg_select_option(array(\'true\', \'false\'),'),
(219, 'GOOGLE_CONVERSION_ID', '', 16, 204, NULL, '0000-00-00 00:00:00', NULL, NULL),
(220, 'GOOGLE_LANG', 'en', 16, 205, NULL, '0000-00-00 00:00:00', NULL, NULL),
(221, 'GOOGLE_CONVERSION', 'true', 16, 203, '2025-08-01 10:07:27', '0000-00-00 00:00:00', NULL, 'xtc_cfg_select_option(array(\'true\', \'false\'),'),
(490, 'MODULE_SHIPPING_YES_ALLOWED', '', 102, 0, '2025-07-28 14:04:47', '2006-10-30 17:25:41', NULL, NULL),
(489, 'MODULE_SHIPPING_YES_SORT_ORDER', '1', 102, 0, '2025-07-28 14:04:47', '2006-10-30 17:25:41', NULL, NULL),
(488, 'MODULE_SHIPPING_YES_TAX_CLASS', '1', 102, 0, '2025-07-28 14:04:47', '2006-10-30 17:25:41', 'xtc_get_tax_class_title', 'xtc_cfg_pull_down_tax_classes('),
(487, 'MODULE_SHIPPING_YES_HANDLING', '0', 102, 0, '2025-07-28 14:04:47', '2006-10-30 17:25:41', NULL, NULL),
(486, 'MODULE_SHIPPING_YES_STATUS', 'True', 102, 0, '2025-07-28 14:04:47', '2006-10-30 17:25:41', NULL, 'xtc_cfg_select_option(array(\'True\', \'False\'),'),
(233, 'MODULE_EXPORT_INSTALLED', 'bestand.php;customers_status_prices.php;export_order_stats.php;google_product_feed.php;google_xml_sitemap.php;products_storages.php;products_tax_class_allocations.php;yatego.php;yes2.php', 102, 0, '2025-12-02 17:39:19', '2004-09-15 10:18:40', NULL, NULL),
(502, 'PDF_RECLAMATION_EXPORT_AT_SHIPPING_ACTION', 'True', 7, 52, '2011-04-14 17:49:32', '2007-05-21 00:00:00', NULL, 'xtc_cfg_select_option(array(\'True\', \'False\'),'),
(501, 'PDF_PACKINGSLIP_EXPORT_AT_SHIPPING_ACTION', 'True', 7, 51, '2025-08-06 10:27:28', '2007-05-21 00:00:00', NULL, 'xtc_cfg_select_option(array(\'True\', \'False\'),'),
(325, 'ABS_PATH_TO_PHPAPI', '/www/378134_20249/warta/ebayapi/', 102, 4, '2004-12-26 15:28:56', '2004-08-21 15:51:24', NULL, NULL),
(331, 'EBAY_CURRENCY', '7', 102, 0, '2004-10-11 09:43:57', '2004-08-21 16:51:14', 'xtc_get_ebay_currency_name', 'xtc_cfg_pull_down_ebay_currencies('),
(500, 'PDF_ORDER_EXPORT_AT_SHIPPING_ACTION', 'True', 7, 50, '2011-04-14 17:49:11', '2007-05-21 00:00:00', NULL, 'xtc_cfg_select_option(array(\'True\', \'False\'),'),
(333, 'EBAY_SELLER_COUNTRY', 'de', 101, 2, '2004-11-15 21:44:53', '2004-08-21 20:34:15', 'xtc_get_ebay_country_name', 'xtc_cfg_pull_down_ebay_countries('),
(483, 'SHOP_COMPANY_SUBURB', '', 110, 62, '2025-06-02 19:36:47', '2006-09-28 00:00:00', NULL, NULL),
(481, 'SHOP_COMPANY_NAME', 'SYD Green Energy GmbH & Co. KG', 110, 60, '2025-06-02 19:36:20', '2006-09-28 00:00:00', NULL, NULL),
(482, 'SHOP_COMPANY_STREET', 'An der Gümpgesbrücke 26', 110, 61, '2025-06-02 19:36:35', '2006-09-28 00:00:00', NULL, NULL),
(340, 'EBAY_LOCATION', 'Hamburg', 101, 10, '2006-02-15 10:15:14', '2004-08-21 23:07:06', NULL, NULL),
(494, 'EBAY_CATEGORY2', '', 101, 19, '2007-04-05 09:56:42', '2007-04-05 00:00:00', NULL, NULL),
(344, 'EBAY_PICPATH_WEBSERVER', 'https://syd-green-energy.com/images/product_images/popup_images/', 102, 25, '2010-03-25 19:25:39', '2004-08-20 00:00:00', NULL, NULL),
(346, 'EBAY_PAYPAL_EMAIL', '', 101, 9, NULL, '0000-00-00 00:00:00', NULL, NULL),
(347, 'EBAY_CHECKOUT_INSTRUCTIONS', 'Vielen Dank für Ihre Bestellung. Sollten Sie Fragen zu Ihrem Auftrag oder auch uns haben, so kommen Sie bitte direkt auf uns zu.', 101, 22, '2020-03-06 21:49:12', '0000-00-00 00:00:00', NULL, NULL),
(351, 'EBAY_GALLERYFEATURED', '0', 101, 8, NULL, '0000-00-00 00:00:00', NULL, NULL),
(352, 'EBAY_GALLERY', '1', 101, 12, '2004-10-11 21:16:47', '0000-00-00 00:00:00', NULL, NULL),
(495, 'EBAY_QUANTITY', '0', 101, 20, '2007-04-05 09:57:36', '2007-04-05 00:00:00', NULL, NULL),
(358, 'EBAY_AUCTIONTYPE', 'Chinese', 101, 1, '2004-10-11 09:54:55', '0000-00-00 00:00:00', 'xtc_get_ebay_auctiontype_name', 'xtc_cfg_pull_down_ebay_auctiontypes('),
(359, 'EBAY_DURATION', '5', 101, 1, '2006-06-13 16:41:19', '0000-00-00 00:00:00', 'xtc_get_ebay_duration_name', 'xtc_cfg_pull_down_ebay_durations('),
(391, 'EBAY_SHOW_TAX', '1', 100, 6, '2005-08-17 13:21:26', '2005-08-17 00:00:00', NULL, NULL),
(392, 'EBAY_USERLOGINURL', 'https://syd-green-energy.com/ebay_account_edit.php', 102, 21, '2010-03-25 19:24:15', '0000-00-00 00:00:00', NULL, NULL),
(393, 'MODULE_PAYMENT_MONEYORDER_STATUS', 'True', 102, 1, NULL, '2004-09-23 21:00:36', NULL, 'xtc_cfg_select_option(array(\'True\', \'False\'),'),
(394, 'MODULE_PAYMENT_MONEYORDER_ALLOWED', '', 102, 0, NULL, '2004-09-23 21:00:36', NULL, NULL),
(395, 'MODULE_PAYMENT_MONEYORDER_PAYTO', 'SYD Green Energy GmbH & Co. KG - Commerzbank - IBAN: DE42 3004 0000 0777 2627 00 (EUR) - BIC: COBADEFFXXX', 110, 1, '2025-10-23 10:05:04', '2004-09-23 21:00:36', NULL, NULL),
(396, 'MODULE_PAYMENT_MONEYORDER_SORT_ORDER', '0', 102, 0, NULL, '2004-09-23 21:00:36', NULL, NULL),
(397, 'MODULE_PAYMENT_MONEYORDER_ZONE', '0', 102, 2, NULL, '2004-09-23 21:00:36', 'xtc_get_zone_class_title', 'xtc_cfg_pull_down_zone_classes('),
(398, 'MODULE_PAYMENT_MONEYORDER_ORDER_STATUS_ID', '1', 102, 0, NULL, '2004-09-23 21:00:36', 'xtc_get_order_status_name', 'xtc_cfg_pull_down_order_statuses('),
(403, 'EBAY_XSELL_DAYSPAN', '3', 100, 3, '2010-03-29 23:24:26', '0000-00-00 00:00:00', NULL, NULL),
(405, 'EBAY_COUNTER', 'RetroStyle', 101, 20, '2007-01-26 14:38:23', '2004-11-11 00:00:00', 'xtc_get_ebay_counter_name', 'xtc_cfg_pull_down_ebay_counter('),
(406, 'EBAY_GELDZURUECK', '1', 101, 20, '2009-01-24 10:53:46', '0000-00-00 00:00:00', NULL, NULL),
(407, 'EBAY_VATAUCTION', '1', 101, 20, '2009-01-24 10:53:57', '0000-00-00 00:00:00', NULL, NULL),
(408, 'SESSION_TIMEOUT_CUSTOMER', '14400', 102, 8, '2023-07-14 17:03:04', '0000-00-00 00:00:00', NULL, NULL),
(409, 'SESSION_TIMEOUT_ADMIN', '14400', 102, 9, '2011-05-11 11:54:56', '0000-00-00 00:00:00', NULL, NULL),
(410, 'EBAY_SOFORTNEU', '0', 101, 20, '2005-05-26 13:21:46', '2004-01-10 00:00:00', NULL, NULL),
(412, 'EXT_POPUP_WIDTH', '1000', 3, 70, '2006-02-06 23:29:22', '2005-02-18 12:00:00', NULL, NULL),
(413, 'EXT_POPUP_HEIGHT', '700', 3, 71, '2006-02-06 23:32:11', '2005-02-18 12:00:00', '', NULL),
(414, 'MAILMASTER_REPLYBOX_WIDTH', '300', 12, 70, '2017-05-17 23:07:08', '2005-02-18 12:00:00', NULL, NULL),
(415, 'MAILMASTER_REPLYBOX_HEIGHT', '100', 12, 71, '2017-05-17 23:07:20', '2005-02-18 12:00:00', NULL, NULL),
(416, 'MAILMASTER_REPLY_PREFIX', 'RE: ', 12, 72, '2005-02-18 12:00:00', '2005-02-18 12:00:00', NULL, NULL),
(417, 'MAILMASTER_NEWMAIL_SUBJECT', 'Consultation', 12, 73, '2025-05-16 15:47:32', '2005-02-18 12:00:00', NULL, NULL),
(418, 'EXTERN_EBAYPICTURE_SERVER', '0', 102, 1, '2005-05-07 19:49:15', '2005-03-09 14:00:00', NULL, NULL),
(419, 'EXTERN_EBAYPICTURE_SERVER_HOST', '', 102, 2, '2005-05-07 19:49:21', '2005-03-09 14:00:00', NULL, NULL),
(420, 'EXTERN_EBAYPICTURE_SERVER_USERNAME', '', 102, 3, '2005-03-09 21:44:32', '0000-00-00 00:00:00', NULL, NULL),
(421, 'EXTERN_EBAYPICTURE_SERVER_PASSWORD', '', 102, 4, '2005-05-07 19:49:26', '2005-03-09 12:00:00', NULL, NULL),
(422, 'EXTERN_EBAYPICTURE_SERVER_PICURL', '', 102, 5, '2005-05-07 19:49:48', '2005-03-11 09:00:00', NULL, NULL),
(423, 'CRONJOB_EMAILS', '1', 102, 4, '2013-11-05 20:49:05', '2005-04-02 12:00:00', NULL, NULL),
(424, 'EBAYCART_LISTING_IMAGE', '1', 101, 20, '2005-04-14 19:28:20', '2005-04-14 12:00:00', NULL, NULL),
(425, 'PAYMENTFILTER_ALLOCATE_CHECKED', '0', 100, 20, '2005-04-15 12:12:02', '2005-04-15 12:00:00', NULL, NULL),
(426, 'EBAY_SHOPUSERNAME', 'yes-system', 101, 1, '2019-12-31 13:30:00', '2021-04-22 12:00:00', NULL, NULL),
(427, 'SHIPPING_DEFAULT_VERSENDER', '0', 7, 66, '2005-05-03 20:46:34', '2005-04-25 12:00:00', NULL, NULL),
(428, 'SHIPPING_DEFAULT_VERSENDER_VALUE', 'GLS', 7, 66, '2024-01-26 14:44:09', '2005-04-25 12:00:00', '', 'xtc_cfg_pull_down_versender_list('),
(429, 'SHIPPING_GRADUATION', '1', 102, 20, '2005-07-26 17:02:41', '2005-05-02 12:00:00', NULL, NULL),
(430, 'EBAY_CATEGORY', '', 101, 19, '2005-05-19 12:16:43', '2005-05-11 12:00:00', '', NULL),
(431, 'EBAY_SHOPCATEGORY', '', 101, 19, '2005-05-20 18:22:32', '2005-05-20 12:00:00', 'xtc_get_ebayshop_category_name', 'xtc_cfg_pull_down_ebay_shopcategory('),
(433, 'EBAY_ALLCARTPRODUCTS', '0', 100, 20, '2005-05-30 12:00:00', '2005-05-30 12:00:00', NULL, NULL),
(434, 'EBAY_DESCRIPTION_SOURCE', '0', 100, 50, '2010-03-18 17:30:07', '2005-06-30 19:33:15', NULL, NULL),
(435, 'NO_STORAGENUMBER_WARNING', '1', 100, 60, '2005-10-24 20:23:45', '2005-07-03 00:00:00', NULL, NULL),
(436, 'MAX_SHOP_SHIPPINGCOSTS', '100000000000000', 102, 50, '2005-07-27 21:30:50', '2005-07-22 00:00:00', NULL, NULL),
(437, 'SHOP_NOSHIPPINGCOSTS_VALUE', '50000000000000', 102, 51, '2005-07-27 21:34:43', '2005-07-22 00:00:00', NULL, NULL),
(438, 'SHOP_ONLYMAX_SHIPPINGCOSTS', '0', 102, 52, '2005-09-02 13:08:39', '2005-07-22 00:00:00', NULL, NULL),
(439, 'COLLI_ACTIVE', '1', 102, 20, '2006-01-30 14:33:37', '2005-07-20 00:00:00', NULL, NULL),
(440, 'WARNING_DAYSPAN_LEVEL_1', '4', 100, 11, '2020-03-06 21:51:31', '2005-08-17 00:00:00', NULL, NULL),
(441, 'WARNING_DAYSPAN_LEVEL_2', '10', 100, 12, '2019-05-29 18:54:55', '2005-08-17 00:00:00', NULL, NULL),
(442, 'WARNING_DAYSPAN_LEVEL_3', '15', 100, 13, '2019-05-29 18:55:00', '2005-08-17 00:00:00', NULL, NULL),
(443, 'WARNING_DAYSPAN_LEVEL_4', '20', 100, 14, '2019-05-29 18:55:07', '2005-08-17 00:00:00', NULL, NULL),
(444, 'WARNING_AUTOMATIC', '0', 100, 10, '2011-04-14 18:39:18', '2005-08-17 00:00:00', NULL, NULL),
(445, 'WARNING_ENTGANGENER_GEWINN_PROZENT', '0', 100, 17, '2019-05-29 18:55:15', '2005-08-17 00:00:00', NULL, NULL),
(446, 'WARNING_ENTGANGENER_GEWINN_ACTIVE', '0', 100, 16, '2005-08-23 15:22:46', '2005-08-17 00:00:00', NULL, NULL),
(447, 'WARNING_ENTGANGENER_GEWINN_MINIMUM', '0', 100, 18, '2019-05-29 18:55:24', '2005-08-17 00:00:00', NULL, NULL),
(448, 'WARNING_RECHNUNGSBETRAG_MINIMUM', '0', 100, 19, '2019-05-29 18:55:29', '2005-08-17 00:00:00', NULL, NULL),
(449, 'WARNING_LAWYER_EMAIL', '', 100, 9, '2005-08-23 12:41:09', '2005-08-23 00:00:00', NULL, NULL),
(450, 'NO_SHIPPING_EMAIL', '0', 7, 70, '2024-01-26 14:42:14', '2005-08-29 00:00:00', NULL, NULL),
(451, 'PRODUCT_IMAGE_EBAYCATEGORY_WIDTH', '', 4, 100, '2019-04-23 11:35:46', '2005-09-05 00:00:00', NULL, NULL),
(452, 'PRODUCT_IMAGE_EBAYCATEGORY_HEIGHT', '', 4, 101, '2019-04-23 11:35:55', '2005-09-05 00:00:00', NULL, NULL),
(453, 'PRODUCT_IMAGE_EBAYCATEGORY_BEVEL', '', 4, 102, '2013-04-30 17:44:17', '2005-09-05 00:00:00', NULL, NULL),
(454, 'PRODUCT_IMAGE_EBAYCATEGORY_GREYSCALE', '', 4, 103, '2005-09-05 21:32:41', '2005-09-05 00:00:00', NULL, NULL),
(455, 'PRODUCT_IMAGE_EBAYCATEGORY_ELLIPSE', '', 4, 104, '2005-09-05 21:32:41', '2005-09-05 00:00:00', NULL, NULL),
(456, 'PRODUCT_IMAGE_EBAYCATEGORY_ROUND_EDGES', '', 4, 105, '2005-09-05 21:32:41', '2005-09-05 00:00:00', NULL, NULL),
(457, 'PRODUCT_IMAGE_EBAYCATEGORY_MERGE', '', 4, 106, '2005-09-05 21:32:41', '2005-09-05 00:00:00', NULL, NULL),
(458, 'PRODUCT_IMAGE_EBAYCATEGORY_FRAME', '', 4, 107, '2005-09-05 21:32:41', '2005-09-05 00:00:00', NULL, NULL),
(459, 'PRODUCT_IMAGE_EBAYCATEGORY_DROP_SHADOW', '', 4, 108, '2005-09-05 21:32:41', '2005-09-05 00:00:00', NULL, NULL),
(460, 'PRODUCT_IMAGE_EBAYCATEGORY_MOTION_BLUR', '', 4, 109, '2005-09-05 21:32:41', '2005-09-05 00:00:00', NULL, NULL),
(461, 'BANK_WRAP', 'SYD Green Energy GmbH & Co. KG<br>Commerzbank<br>IBAN: DE42 3004 0000 0777 2627 00 (EUR)<br>BIC: COBADEFFXXX', 110, 10, '2025-09-11 11:37:12', '2005-09-12 00:00:00', NULL, NULL),
(462, 'STORE_WRAP', 'SYD Green Energy GmbH & Co. KG - An der Gümpgesbrücke 26 - 41564 Kaarst', 110, 9, '2025-05-16 15:56:02', '2005-09-12 00:00:00', NULL, NULL),
(466, 'ADMINMAIL_AT_SHOPORDER', '1', 12, 40, '2013-04-30 17:45:31', '2006-03-10 00:00:00', NULL, NULL),
(464, 'SHIPPING_LIST_SIZE', '50', 102, 60, '2006-01-31 08:43:13', '2006-01-31 00:00:00', 'yes_get_shipping_list_size', 'yes_set_shipping_list_size('),
(465, 'PRODUCTSGROUPS_ACTIVE', '1', 102, 40, '2006-06-13 16:49:13', '2005-10-30 00:00:00', NULL, NULL),
(467, 'EBAY_PRODUCTS_HISTORY', '1', 100, 80, '2006-04-24 21:08:39', '2006-04-24 00:00:00', NULL, NULL),
(472, 'DEFAULT_DISTRIBUTOR_ORDERS_STATUS_ID', '1', 102, 1, '2005-08-23 11:38:28', '2005-08-23 00:00:00', NULL, NULL),
(473, 'SHOW_STARTPAGE_CONTENT', '0', 1, 100, '2009-12-21 10:39:30', '2006-06-13 00:00:00', NULL, NULL),
(474, 'SHOW_STARTPAGE_CONTENT_MATRIX_COLS', '3', 1, 101, '2010-01-27 19:00:55', '2006-06-13 00:00:00', NULL, NULL),
(475, 'SHOW_STARTPAGE_CONTENT_MATRIX_ROWS', '4', 1, 102, '2009-11-17 22:30:15', '2006-06-13 00:00:00', NULL, NULL),
(476, 'EBAY_SITE_ID', 'Germany', 100, 10, '2006-06-19 09:43:11', '2006-06-19 00:00:00', 'xtc_get_ebay_site_id_name', 'xtc_cfg_pull_down_ebay_site_id_list('),
(477, 'EBAY_SHOW_AUCTION_TAX', 'true', 101, 20, '2006-08-25 18:49:15', '2006-06-27 00:00:00', NULL, 'xtc_cfg_select_option(array(\'true\', \'false\'),'),
(478, 'INTRASHIP_ID', '', 7, 80, '2006-08-01 11:55:08', '2006-08-01 00:00:00', NULL, NULL),
(479, 'EBAYAPI_HIGHBIDDER_DURATION', '5', 101, 50, '2010-11-24 22:39:54', '2006-09-05 00:00:00', NULL, NULL),
(480, 'EBAY_PAYMENTS', '', 101, 40, '2006-08-31 10:52:24', '2006-08-31 00:00:00', 'xtc_get_ebay_payments', 'xtc_cfg_pull_down_ebay_payments('),
(484, 'SHOP_COMPANY_POSTCODE', '41564', 110, 63, '2025-06-02 19:36:52', '2006-09-28 00:00:00', NULL, NULL),
(485, 'SHOP_COMPANY_CITY', 'Kaarst', 110, 64, '2025-06-02 19:37:00', '2006-09-28 00:00:00', NULL, NULL),
(491, 'MODULE_SHIPPING_YES_COST', '', 102, 0, '2025-07-28 14:04:47', '2006-10-30 17:25:41', NULL, NULL),
(492, 'EBAY_SHIPPINGMETHODS', '', 101, 50, NULL, '0000-00-00 00:00:00', 'xtc_get_ebay_shippingmethods', 'xtc_cfg_pull_down_ebay_shippingmethods('),
(496, 'EBAY_BESTOFFER', 'false', 101, 20, '2007-04-05 10:05:16', '2007-04-05 00:00:00', NULL, 'xtc_cfg_select_option(array(\'True\', \'False\'),'),
(497, 'EBAY_BESTOFFER_PRICE', '0', 101, 20, '2007-04-05 10:05:56', '2007-04-05 00:00:00', NULL, ''),
(498, 'EBAY_SUBTITLETEXT', '', 101, 21, '2007-04-05 10:29:46', '2007-04-05 00:00:00', NULL, NULL),
(499, 'EBAY_USER', '', 101, 0, '2019-12-31 19:25:10', '2021-04-16 00:00:00', '', 'xtc_cfg_pull_down_ebay_user('),
(503, 'PDF_PRODUCTS_EXPORT_AT_SHIPPING_ACTION', 'True', 7, 53, '2011-04-14 17:49:40', '2007-05-21 00:00:00', NULL, 'xtc_cfg_select_option(array(\'True\', \'False\'),'),
(504, 'PDF_EMAILS', 'True', 1, 50, '2009-08-03 16:43:33', '2007-05-21 00:00:00', NULL, 'xtc_cfg_select_option(array(\'True\', \'False\'),'),
(505, 'EBAY_PREFERRED_PAYMENTMETHOD', 'MoneyXferAccepted', 101, 41, '2009-01-24 10:53:18', '2007-07-28 00:00:00', NULL, 'xtc_cfg_pull_down_ebay_preferred_payments('),
(506, 'BARCODE_PACKINGSLIP_ACTIVE', 'True', 1, 120, '2011-05-03 13:52:18', '2007-08-17 00:00:00', NULL, 'xtc_cfg_select_option(array(\'True\', \'False\'),'),
(507, 'KAUFABWICKLUNG_COMBINED_SHIPPINGCOSTS_MODE', 'calculator', 101, 41, '2007-09-26 13:31:02', '2007-09-26 00:00:00', NULL, 'xtc_cfg_select_option(array(\'calculator\', \'addition\'),'),
(508, 'KAUFABWICKLUNG_COMBINED_SHIPPINGCOSTS_VALUE', '50', 101, 42, '2007-09-26 13:32:04', '2007-09-26 00:00:00', NULL, NULL),
(509, 'KAUFABWICKLUNG_COMBINED_SHIPPINGCOSTS_ABROAD_MODE', 'calculator', 101, 43, '2007-09-26 13:31:02', '2007-09-26 00:00:00', NULL, 'xtc_cfg_select_option(array(\'calculator\', \'addition\'),'),
(510, 'KAUFABWICKLUNG_COMBINED_SHIPPINGCOSTS_ABROAD_VALUE', '80', 101, 44, '2007-09-26 13:32:04', '2007-09-26 00:00:00', NULL, NULL),
(511, 'KAUFABWICKLUNG_COMBINE_ACTIVE', 'True', 101, 40, '2010-11-24 22:39:35', '2007-09-26 00:00:00', NULL, 'xtc_cfg_select_option(array(\'True\', \'False\'),'),
(687, 'PAYPAL_ERROR_DEBUG', 'false', 25, 24, NULL, '2011-04-14 23:52:24', '', 'xtc_cfg_select_option(array(\"true\", \"false\"),'),
(685, 'PAYPAL_API_CO_BACK', '', 25, 22, NULL, '2011-04-14 23:52:24', '', ''),
(686, 'PAYPAL_API_CO_BORD', '', 25, 23, NULL, '2011-04-14 23:52:24', '', ''),
(684, 'PAYPAL_API_IMAGE', '', 25, 21, NULL, '2011-04-14 23:52:24', '', ''),
(681, 'PAYPAL_EXPRESS_ADDRESS_CHANGE', 'true', 25, 17, NULL, '2011-04-14 23:52:24', '', 'xtc_cfg_select_option(array(\"true\", \"false\"),'),
(682, 'PAYPAL_EXPRESS_ADDRESS_OVERRIDE', 'true', 25, 18, NULL, '2011-04-14 23:52:24', '', 'xtc_cfg_select_option(array(\"true\", \"false\"),'),
(683, 'PAYPAL_API_VERSION', '57.0', 25, 20, NULL, '2011-04-14 23:52:24', '', ''),
(676, 'PAYPAL_ORDER_STATUS_TMP_ID', '10', 25, 9, NULL, '2011-04-14 23:52:24', 'xtc_get_order_status_name', 'xtc_cfg_pull_down_order_statuses('),
(680, 'PAYPAL_COUNTRY_MODE', 'de', 25, 16, NULL, '2011-04-14 23:52:24', '', 'xtc_cfg_select_option(array(\"de\", \"uk\"),'),
(679, 'PAYPAL_ORDER_STATUS_REJECTED_ID', '13', 25, 12, NULL, '2011-04-14 23:52:24', 'xtc_get_order_status_name', 'xtc_cfg_pull_down_order_statuses('),
(678, 'PAYPAL_ORDER_STATUS_PENDING_ID', '12', 25, 11, NULL, '2011-04-14 23:52:24', 'xtc_get_order_status_name', 'xtc_cfg_pull_down_order_statuses('),
(677, 'PAYPAL_ORDER_STATUS_SUCCESS_ID', '11', 25, 10, NULL, '2011-04-14 23:52:24', 'xtc_get_order_status_name', 'xtc_cfg_pull_down_order_statuses('),
(529, 'WARNING_EXCLUDE_PAYMENTMETHODS', '', 100, 25, '2007-10-23 11:08:28', '2007-10-23 00:00:00', NULL, NULL),
(530, 'LIGHTBOX_ACTIVE', 'False', 4, 200, '2013-11-05 20:27:18', '2007-10-25 00:00:00', '', 'xtc_cfg_select_option(array(\'True\', \'False\'),'),
(531, 'MODULE_TESTEO_DOWNLOADLINK', '', 102, 50, '2007-11-21 10:54:18', '2007-11-21 00:00:00', NULL, NULL),
(532, 'SHIPPING_POSTCODES_GERMANY_SPECIAL', '18565,25845,25846,25847,25849,25859,25863,25869,25929,25930,25931,25932,25933,25938,25939,25940,25941,25942,25946,25947,25948,25949,25952,25953,25954,25955,25961,25962,25963,25964,25965,25966,25967,25968,25969,25970,25980,25985,25986,25988,25989,25990,25992,25993,25994,25996,25997,25998,25999,26465,26474,26486,26584,26571,26579,26757,27498,83209,83256', 7, 110, '2007-11-22 12:35:22', '2007-11-22 00:00:00', NULL, 'xtc_cfg_textarea('),
(533, 'EBAY_AUTOMATIC_FEEDBACK', 'true', 101, 100, '2020-03-06 21:50:34', '2008-01-29 00:00:00', NULL, 'xtc_cfg_select_option(array(\'true\', \'false\'),'),
(534, 'MAX_DISPLAY_SEARCH_RESULTS_ADMIN', '100', 3, 2, '2009-06-07 23:07:43', '2008-02-13 00:00:00', NULL, NULL),
(535, 'PAGE_AFTER_REGISTRATION', '66', 1, 130, '2025-07-29 09:41:22', '2008-02-21 00:00:00', NULL, NULL),
(536, 'GOOGLE_ANALYTICS', 'true', 16, 200, '2025-08-29 12:19:48', '2008-02-17 00:00:00', NULL, 'xtc_cfg_select_option(array(\'true\', \'false\'),'),
(537, 'GOOGLE_ANALYTICS_ID', '', 16, 201, '2025-07-28 10:59:53', '2008-02-17 00:00:00', NULL, NULL),
(538, 'GOOGLE_ANALYTICS_ECOM', 'true', 16, 202, '2009-05-29 16:55:53', '2008-02-17 00:00:00', NULL, 'xtc_cfg_select_option(array(\'true\', \'false\'),'),
(611, 'EBAY_AUTOMATIC_FEEDBACK_BY_PAYMENTALLOCATION', 'true', 100, 70, '2013-11-05 20:28:09', '2010-05-19 00:00:00', NULL, 'xtc_cfg_select_option(array(\'true\', \'false\'),'),
(542, 'EBAY_BESTOFFERAUTOACCEPTPRICE', '0', 101, 20, '2008-03-12 10:07:03', '2008-03-12 00:00:00', NULL, NULL),
(543, 'FEEDBACK_REMINDER_ACTIVE', 'True', 101, 101, '2013-11-05 20:30:00', '2008-03-28 00:00:00', NULL, 'xtc_cfg_select_option(array(\'True\', \'False\'),'),
(544, 'FEEDBACK_REMINDER_DAYS_AFTER_SHIPPING', '5', 101, 102, '2008-03-28 11:29:02', '2008-03-28 00:00:00', NULL, NULL),
(545, 'FEEDBACK_REMINDER_INTERVAL', '5', 101, 103, '2008-03-28 11:40:15', '2008-03-28 00:00:00', NULL, NULL),
(546, 'FEEDBACK_REMINDER_MAX_COUNTER', '2', 101, 104, '2013-11-05 20:30:33', '2008-03-28 00:00:00', NULL, NULL),
(571, 'MODULE_ORDER_TOTAL_COD_FEE_TABLE', 'AT:3.00,DE:3.58,00:9.99', 102, 0, NULL, '2009-01-24 10:43:54', NULL, NULL),
(570, 'MODULE_ORDER_TOTAL_COD_FEE_ITEM', 'AT:3.00,DE:3.58,00:9.99', 102, 0, NULL, '2009-01-24 10:43:54', NULL, NULL),
(569, 'MODULE_ORDER_TOTAL_COD_FEE_FLAT', 'AT:3.00,DE:3.58,00:9.99', 102, 0, NULL, '2009-01-24 10:43:54', NULL, NULL),
(568, 'MODULE_ORDER_TOTAL_COD_SORT_ORDER', '35', 102, 0, NULL, '2009-01-24 10:43:54', NULL, NULL),
(567, 'MODULE_ORDER_TOTAL_COD_STATUS', 'true', 102, 0, NULL, '2009-01-24 10:43:54', NULL, 'xtc_cfg_select_option(array(\'true\', \'false\'), '),
(552, 'MODULE_PAYMENT_INVOICE_STATUS', 'False', 102, 1, '2025-07-24 16:09:04', '2008-05-23 17:54:02', NULL, 'xtc_cfg_select_option(array(\'True\', \'False\'),'),
(553, 'MODULE_PAYMENT_INVOICE_ALLOWED', '', 102, 0, '2025-07-24 16:09:04', '2008-05-23 17:54:02', NULL, NULL),
(554, 'MODULE_PAYMENT_INVOICE_ZONE', '0', 102, 2, '2025-07-24 16:09:04', '2008-05-23 17:54:02', 'xtc_get_zone_class_title', 'xtc_cfg_pull_down_zone_classes('),
(555, 'MODULE_PAYMENT_INVOICE_SORT_ORDER', '0', 102, 0, '2025-07-24 16:09:04', '2008-05-23 17:54:02', NULL, NULL),
(556, 'MODULE_PAYMENT_INVOICE_MIN_ORDER', '0', 102, 0, '2025-07-24 16:09:04', '2008-05-23 17:54:02', NULL, NULL),
(557, 'MODULE_PAYMENT_INVOICE_ORDER_STATUS_ID', '1', 102, 0, '2025-07-24 16:09:04', '2008-05-23 17:54:02', 'xtc_get_order_status_name', 'xtc_cfg_pull_down_order_statuses('),
(558, 'SHOW_PRODUCTS_IN_ACCOUNT_HISTORY_INFO', 'True', 1, 110, '2010-12-16 15:58:01', '2008-05-28 00:00:00', NULL, 'xtc_cfg_select_option(array(\'True\', \'False\'),'),
(559, 'EBAY_SHIPTOLOCATIONS', 'EuropeanUnion', 101, 100, '2013-11-05 20:29:19', '2008-08-11 00:00:00', 'xtc_get_ebay_shiptolocations_name', 'xtc_cfg_pull_down_ebay_shiptolocations_list('),
(560, 'KASSE_USER', '96', 102, 50, '2008-09-26 13:24:14', '2008-09-26 13:24:14', NULL, NULL),
(561, 'EBAY_GALLERYFEATUREDDURATION', '0', 101, 6, '2008-09-27 12:41:39', '2008-09-27 00:00:00', NULL, NULL),
(562, 'EBAY_REVISE_AUTOMATIC', 'to_qty', 101, 80, '2009-08-03 17:37:09', '2008-10-13 00:00:00', 'xtc_get_ebay_revise_automatic_name', 'xtc_cfg_pull_down_ebay_revise_automatic('),
(563, 'EBAY_REVISE_AUTOMATIC_OPTION', '0', 101, 81, '2008-10-13 16:59:52', '2008-10-13 00:00:00', NULL, NULL),
(564, 'PRINT_PACKINGSLIP_AFTER_PAYMENT', 'false', 7, 11, '2008-10-29 07:54:49', '2008-10-29 00:00:00', NULL, 'xtc_cfg_select_option(array(\'true\', \'false\'),'),
(565, 'SHOW_GROUPS_IN_ADVANCED_SEARCH', 'True', 1, 91, '2011-05-11 10:23:00', '2008-12-15 00:00:00', NULL, 'xtc_cfg_select_option(array(\'True\', \'False\'),'),
(566, 'EBAY_ITEMSPECIFICS', '', 101, 66, '2008-12-24 11:38:33', '2008-12-24 00:00:00', 'xtc_get_ebay_itemspecifics', 'xtc_cfg_pull_down_ebay_itemspecifics('),
(572, 'MODULE_ORDER_TOTAL_COD_FEE_ZONES', 'CA:4.50,US:3.00,00:9.99', 102, 0, NULL, '2009-01-24 10:43:54', NULL, NULL),
(573, 'MODULE_ORDER_TOTAL_COD_FEE_AP', 'AT:3.63,00:9.99', 102, 0, NULL, '2009-01-24 10:43:54', NULL, NULL),
(574, 'MODULE_ORDER_TOTAL_COD_FEE_DP', 'DE:4.00,00:9.99', 102, 0, NULL, '2009-01-24 10:43:54', NULL, NULL),
(575, 'MODULE_ORDER_TOTAL_COD_FEE_CHP', 'CH:4.00,00:9.99', 102, 0, NULL, '2009-01-24 10:43:54', NULL, NULL),
(576, 'MODULE_ORDER_TOTAL_COD_FEE_CHRONOPOST', 'FR:4.00,00:9.99', 102, 0, NULL, '2009-01-24 10:43:54', NULL, NULL),
(577, 'MODULE_ORDER_TOTAL_COD_FEE_DHL', 'AT:3.00,DE:3.58,00:9.99', 102, 0, NULL, '2009-01-24 10:43:54', NULL, NULL),
(578, 'MODULE_ORDER_TOTAL_COD_FEE_FREE', 'AT:3.00,DE:3.58,00:9.99', 102, 0, NULL, '2009-01-24 10:43:54', NULL, NULL),
(579, 'MODULE_ORDER_TOTAL_COD_TAX_CLASS', '0', 102, 0, NULL, '2009-01-24 10:43:54', 'xtc_get_tax_class_title', 'xtc_cfg_pull_down_tax_classes('),
(580, 'MODULE_ORDER_TOTAL_PAYMENT_STATUS', 'true', 102, 1, NULL, '2009-01-24 10:44:18', NULL, 'xtc_cfg_select_option(array(\'true\', \'false\'), '),
(581, 'MODULE_ORDER_TOTAL_PAYMENT_SHOW_RATE', 'true', 102, 1, NULL, '2009-01-24 10:44:18', NULL, 'xtc_cfg_select_option(array(\'true\', \'false\'), '),
(582, 'MODULE_ORDER_TOTAL_PAYMENT_SORT_ORDER', '41', 102, 2, NULL, '2009-01-24 10:44:18', NULL, NULL),
(583, 'MODULE_ORDER_TOTAL_PAYMENT_DEFINE', '', 102, 3, NULL, '2009-01-24 10:44:18', NULL, NULL),
(688, 'PAYPAL_API_KEY', '120,116,99,111,109,109,101,114,99,101,95,83,104,111,112,112,105,110,103,67,97,114,116,95', 102, 5, NULL, '2011-04-14 23:52:24', '', '');
INSERT INTO `configuration` (`configuration_id`, `configuration_key`, `configuration_value`, `configuration_group_id`, `sort_order`, `last_modified`, `date_added`, `use_function`, `set_function`) VALUES
(584, 'AUTOMATIC_DETECT_BROWSER_LANGUAGE', 'false', 102, 55, '2009-02-03 09:59:57', '2009-02-03 00:00:00', NULL, 'xtc_cfg_select_option(array(\'true\', \'false\'),'),
(585, 'EBAY_AUTOMATIC_ISBN', 'false', 101, 101, '2009-02-06 10:14:26', '2009-02-06 00:00:00', NULL, 'xtc_cfg_select_option(array(\'true\', \'false\'),'),
(586, 'EBAY_POSTALCODE', '20537', 101, 30, '2020-03-06 21:49:25', '2009-02-21 00:00:00', NULL, NULL),
(587, 'MODULE_GOOGLE_XML_SITEMAP_FILE', 'sitemap.xml', 102, 1, NULL, '2009-03-02 01:15:21', NULL, ''),
(588, 'MODULE_GOOGLE_XML_SITEMAP_STATUS', 'True', 102, 1, NULL, '2009-03-02 01:15:21', NULL, 'xtc_cfg_select_option(array(\'True\', \'False\'), '),
(589, 'EBAYID_FILTER_MONTH', '3', 102, 10, '2011-05-11 12:09:46', '2009-03-17 00:00:00', NULL, NULL),
(590, 'SHIPPING_ACTION_EASYLOG_ABS_REFNR', '', 7, 80, '2009-03-18 14:42:15', '2009-03-18 00:00:00', NULL, NULL),
(591, 'SHIPPING_ACTION_EASYLOG_VERFAHREN', '1', 7, 81, '2009-03-18 14:50:48', '2009-03-18 00:00:00', NULL, NULL),
(592, 'SHIPPING_ACTION_EASYLOG_RUECKSCHEIN', 'false', 7, 81, '2011-04-14 17:49:54', '2009-03-18 00:00:00', NULL, 'xtc_cfg_select_option(array(\'true\', \'false\'),'),
(593, 'SHIPPING_ACTION_EASYLOG_FIXED_WEIGHT', '0', 7, 81, '2009-03-19 12:05:59', '2009-03-19 00:00:00', NULL, NULL),
(594, 'XTPRICE_HIDE_SPECIALPRICE', 'True', 102, 50, '2009-05-07 11:32:22', '2009-05-07 00:00:00', NULL, 'xtc_cfg_select_option(array(\'True\', \'False\'),'),
(595, 'MODULE_YES_FILE', 'yes_produkte_export.csv', 102, 1, NULL, '2009-06-07 21:38:49', NULL, ''),
(596, 'MODULE_YES_STATUS', 'True', 102, 1, NULL, '2009-06-07 21:38:49', NULL, 'xtc_cfg_select_option(array(\'True\', \'False\'), '),
(597, 'EBAY_DISPATCHTIMEMAX', '0', 101, 60, '2009-06-03 21:29:34', '2009-06-03 00:00:00', NULL, NULL),
(598, 'MODULE_OTHER_INSTALLED', 'fibunumbers.php;turnstile.php', 102, 0, '2025-10-02 13:31:33', '2009-09-18 00:14:10', NULL, NULL),
(601, 'UPS_CUSTOMER_ID', 'ABCDE', 7, 60, '2009-10-19 23:06:06', '2009-10-19 00:00:00', NULL, NULL),
(604, 'MODULE_ORDER_TOTAL_SUBTOTAL_STATUS', 'true', 102, 1, NULL, '2009-11-13 11:43:11', NULL, 'xtc_cfg_select_option(array(\'true\', \'false\'), '),
(606, 'CATEGORY_LISTING_IMAGES', 'true', 1, 100, '2010-02-16 09:51:04', '2010-02-16 00:00:00', NULL, 'xtc_cfg_select_option(array(\'true\', \'false\'),'),
(607, 'USE_XSELL', 'false', 1, 100, '2019-05-29 18:57:22', '2010-03-17 00:00:00', NULL, 'xtc_cfg_select_option(array(\'true\', \'false\'),'),
(608, 'EBAY_LIST_ONLY_ACTIVE_PRODUCTS', 'false', 100, 100, '2010-03-19 17:51:33', '2010-03-19 00:00:00', NULL, 'xtc_cfg_select_option(array(\'true\', \'false\'),'),
(609, 'ORDERS_EDIT_PRODUCTS_PRESELECT_PID', 'false', 1, 60, '2011-04-14 17:43:34', '2010-05-06 00:00:00', NULL, 'xtc_cfg_select_option(array(\'true\', \'false\'),'),
(610, 'EBAY_AUTOMATIC_LIST_NO_SELL', 'false', 101, 40, '2010-05-08 15:33:25', '2010-05-08 00:00:00', NULL, 'xtc_cfg_select_option(array(\'true\', \'false\'),'),
(612, 'EBAY_ITEMCONDITION', '', 101, 30, '2010-07-05 19:45:04', '2010-07-05 00:00:00', 'yes_get_ebay_itemcondition_name', 'yes_cfg_pull_down_ebay_itemcondition_list('),
(613, 'PDF_TEASER_IN_ORDERS', 'true', 12, 50, '2011-04-14 17:50:58', '2010-07-28 00:00:00', NULL, 'xtc_cfg_select_option(array(\'true\', \'false\'),'),
(614, 'PDF_TEASER_IN_OC', 'true', 12, 51, '2011-04-14 17:51:04', '2010-07-28 00:00:00', NULL, 'xtc_cfg_select_option(array(\'true\', \'false\'),'),
(615, 'PDF_TEASER_IN_OFFERS', 'true', 12, 52, '2011-04-14 17:51:11', '2010-07-28 00:00:00', NULL, 'xtc_cfg_select_option(array(\'true\', \'false\'),'),
(616, 'EBAY_DEFAULT_DUMMY_PRODUCTS_ID', '111', 100, 40, '2013-09-03 13:10:28', '2010-12-16 00:00:00', NULL, NULL),
(617, 'EBAY_END_AUCTION_AT_SHOPORDER', 'True', 102, 45, '2020-12-18 12:30:21', '2010-12-20 00:00:00', NULL, 'xtc_cfg_select_option(array(\'True\', \'False\'),'),
(673, 'PAYPAL_API_SANDBOX_USER', '', 25, 5, NULL, '2011-04-14 23:52:24', '', ''),
(674, 'PAYPAL_API_SANDBOX_PWD', '', 25, 6, NULL, '2011-04-14 23:52:24', '', ''),
(675, 'PAYPAL_API_SANDBOX_SIGNATURE', '', 25, 7, NULL, '2011-04-14 23:52:24', '', ''),
(670, 'PAYPAL_API_USER', '', 25, 2, NULL, '2011-04-14 23:52:24', '', ''),
(671, 'PAYPAL_API_PWD', '', 25, 3, NULL, '2011-04-14 23:52:24', '', ''),
(672, 'PAYPAL_API_SIGNATURE', '', 25, 4, NULL, '2011-04-14 23:52:24', '', ''),
(645, 'MODULE_PAYMENT_PAYPAL_ZONE', '0', 102, 2, NULL, '2011-04-14 23:52:14', 'xtc_get_zone_class_title', 'xtc_cfg_pull_down_zone_classes('),
(644, 'MODULE_PAYMENT_PAYPAL_ALLOWED', '', 102, 0, NULL, '2011-04-14 23:52:14', '', ''),
(643, 'MODULE_PAYMENT_PAYPAL_SORT_ORDER', '0', 102, 0, NULL, '2011-04-14 23:52:14', '', ''),
(642, 'MODULE_PAYMENT_PAYPAL_STATUS', 'False', 102, 3, NULL, '2011-04-14 23:52:14', '', 'xtc_cfg_select_option(array(\'True\', \'False\'),'),
(669, 'PAYPAL_MODE', 'live', 25, 1, NULL, '2011-04-14 23:52:24', '', 'xtc_cfg_select_option(array(\"live\", \"sandbox\"),'),
(666, 'MODULE_PAYMENT_PAYPALEXPRESS_STATUS', 'False', 102, 3, NULL, '2011-04-14 23:52:24', '', 'xtc_cfg_select_option(array(\'True\', \'False\'),'),
(667, 'MODULE_PAYMENT_PAYPALEXPRESS_SORT_ORDER', '0', 102, 0, NULL, '2011-04-14 23:52:24', '', ''),
(668, 'MODULE_PAYMENT_PAYPALEXPRESS_ALLOWED', '', 102, 0, NULL, '2011-04-14 23:52:24', '', ''),
(689, 'MAX_SIZE_EBAY_TITLE', '80', 102, NULL, NULL, '0000-00-00 00:00:00', NULL, NULL),
(690, 'RESERVE_STOCK_FOR_OFFERS', 'false', 9, 50, '2011-09-07 10:57:58', '2011-09-07 00:00:00', NULL, 'xtc_cfg_select_option(array(\'true\', \'false\'),'),
(691, 'STOCK_CHECK_AVAILABLE_METHOD', 'False', 102, 50, '2025-07-21 12:19:01', '2011-09-14 00:00:00', NULL, 'xtc_cfg_select_option(array(\'True\', \'False\'),'),
(692, 'EBAY_CHECKOUT_SEND_EMAIL', 'False', 101, 45, '2012-09-17 09:50:10', '2011-09-14 00:00:00', NULL, 'xtc_cfg_select_option(array(\'True\', \'False\'),'),
(693, 'EBAY_LIST_ONLY_UNIQUE_PRODUCTS', 'False', 100, 45, '2011-09-14 22:34:49', '2011-09-14 00:00:00', NULL, 'xtc_cfg_select_option(array(\'True\', \'False\'),'),
(694, 'EBAY_SHIPPINGDISCOUNTPROFILEID', '', 101, 62, '2011-09-29 13:11:07', '2011-09-29 00:00:00', NULL, NULL),
(695, 'EBAY_INTERNATIONALSHIPPINGDISCOUNTPROFILEID', '', 101, 63, '2011-09-29 13:11:07', '2011-09-29 00:00:00', NULL, NULL),
(696, 'EBAY_RESERVEPRICE', '', 101, 50, '2011-10-23 16:51:51', '2011-10-23 00:00:00', NULL, NULL),
(697, 'CHECK_PRODUCTS_PRICE_AT_STATUS_CHANGE', 'true', 1, 110, '2012-07-16 18:27:04', '2012-01-03 00:00:00', NULL, 'xtc_cfg_select_option(array(\'true\', \'false\'),'),
(698, 'EBAY_GALLERYPLUS', '0', 101, 13, '2012-02-21 00:00:00', '2012-02-21 00:00:00', NULL, NULL),
(699, 'REMINDER_WEEKS', '1', 1, 100, '2008-04-18 17:16:53', '2007-06-21 00:00:00', NULL, NULL),
(700, 'EBAY_ADDTIMER_ERROR_NOTICE', 'True', 101, 20, '2012-03-08 00:00:00', '2012-03-08 00:00:00', NULL, 'xtc_cfg_select_option(array(\'True\', \'False\'),'),
(701, 'EASYLOG_NORMALVERSAND_PRODUKTNUMMER_NATIONAL', '127', 7, 20, '2012-03-19 22:06:23', '2012-03-19 22:06:23', NULL, NULL),
(702, 'EASYLOG_NORMALVERSAND_VERFAHREN_NATIONAL', '1', 7, 21, '2012-03-19 22:06:23', '2012-03-19 22:06:23', NULL, NULL),
(703, 'EASYLOG_NORMALVERSAND_PRODUKTNUMMER_INTERNATIONAL', '5301', 7, 22, '2012-03-19 22:06:23', '2012-03-19 22:06:23', NULL, NULL),
(704, 'EASYLOG_NORMALVERSAND_VERFAHREN_INTERNATIONAL', '53', 7, 23, '2012-03-19 22:06:23', '2012-03-19 22:06:23', NULL, NULL),
(705, 'EASYLOG_RUECKSCHEIN_PRODUKTNUMMER_NATIONAL', '127', 7, 24, '2012-03-19 22:06:23', '2012-03-19 22:06:23', NULL, NULL),
(706, 'EASYLOG_RUECKSCHEIN_PRODUKTNUMMER_INTERNATIONAL', '5301', 7, 25, '2012-03-19 22:06:23', '2012-03-19 22:06:23', NULL, NULL),
(707, 'EASYLOG_NACHNAHME_PRODUKTNUMMER_NATIONAL', '127', 7, 26, '2012-03-19 22:06:23', '2012-03-19 22:06:23', NULL, NULL),
(708, 'EASYLOG_NACHNAHME_PRODUKTNUMMER_INTERNATIONAL', '5311', 7, 27, '2012-03-19 22:06:23', '2012-03-19 22:06:23', NULL, NULL),
(709, 'EASYLOG_TEILNEHMERNUMMER', '01', 7, 28, '2012-03-19 22:06:23', '2012-03-19 22:06:23', NULL, NULL),
(710, 'DISPLAY_WIDERRUF_ON_CHECKOUT', 'false', 17, 7, '2012-03-19 22:06:23', '2012-03-19 22:06:23', NULL, 'xtc_cfg_select_option(array(\'true\', \'false\'),'),
(711, 'EASYLOG_NORMALVERSAND_PRODUKTNUMMER_AT', '127', 7, 20, '2012-05-02 21:08:44', '2012-05-02 21:08:44', NULL, NULL),
(712, 'PAYMENT_CONFIRMATION_EMAIL_ACTIVE', 'true', 12, 20, '2012-12-20 11:43:13', '2012-05-02 21:08:44', NULL, 'xtc_cfg_select_option(array(\'true\', \'false\'),'),
(713, 'SEND_FEEDBACK_MAIL_DURATION_WEEKS', '0', 12, 50, '2012-04-16 00:00:00', '2012-04-16 00:00:00', NULL, NULL),
(714, 'SUMA_USE_SHOP_NAME_IN_PRODUCTS_DETAILS_PAGE', 'True', 16, 20, '2013-04-30 17:46:19', '2012-06-05 00:00:00', NULL, 'xtc_cfg_select_option(array(\'True\', \'False\'),'),
(715, 'SUMA_USE_PRODUCTS_NAME_AND_PRODUCTS_META_TITLE_FOR_META', 'All', 16, 25, '2013-11-05 20:27:40', '2012-06-05 00:00:00', NULL, 'xtc_cfg_select_option(array(\'False\',\'Title\', \'Meta\',\'All\'),'),
(716, 'BOX_MARKETING', '0,5:', 1, 60, '2021-08-19 11:08:01', '2012-06-05 00:00:00', NULL, 'yes_get_marketing_box_select('),
(717, 'USE_NO_ORIGINAL_IMAGES', 'False', 102, 30, NULL, '0000-00-00 00:00:00', NULL, NULL),
(718, 'SUMA_USE_SHOP_NAME_IN_CATEGORIES', 'True', 16, 20, '2012-08-23 00:00:00', '2012-08-23 00:00:00', NULL, 'xtc_cfg_select_option(array(\'True\', \'False\'),'),
(719, 'EBAY_MAX_TIMER_ITEMS', '500', 102, 50, '2012-11-19 00:00:00', '2012-11-19 00:00:00', NULL, NULL),
(720, 'EBAY_RETURNPOLICY_DESCRIPTION', '', 100, 50, '2012-11-19 00:00:00', '2012-11-19 00:00:00', NULL, NULL),
(721, 'BOX_SPECIAL_PRODUCT_ID', '', 1, 300, NULL, '0000-00-00 00:00:00', NULL, NULL),
(722, 'MODULE_ORDER_TOTAL_COUPON_STATUS', 'true', 6, 1, NULL, '2013-01-30 19:25:13', NULL, 'xtc_cfg_select_option(array(\'true\', \'false\'), '),
(723, 'MODULE_ORDER_TOTAL_COUPON_SORT_ORDER', '70', 6, 2, NULL, '2013-01-30 19:25:13', NULL, NULL),
(724, 'MODULE_ORDER_TOTAL_COUPON_INC_SHIPPING', 'true', 6, 5, NULL, '2013-01-30 19:25:13', NULL, 'xtc_cfg_select_option(array(\'true\', \'false\'), '),
(725, 'MODULE_ORDER_TOTAL_COUPON_INC_TAX', 'true', 6, 6, NULL, '2013-01-30 19:25:13', NULL, 'xtc_cfg_select_option(array(\'true\', \'false\'), '),
(726, 'MODULE_ORDER_TOTAL_COUPON_CALC_TAX', 'None', 6, 7, NULL, '2013-01-30 19:25:13', NULL, 'xtc_cfg_select_option(array(\'None\', \'Standard\', \'Credit Note\'), '),
(727, 'MODULE_ORDER_TOTAL_COUPON_TAX_CLASS', '0', 6, 0, NULL, '2013-01-30 19:25:13', 'xtc_get_tax_class_title', 'xtc_cfg_pull_down_tax_classes('),
(728, 'SCANNERKASSE_ONLY_SEARCHRESULTS_WITH_V1_QUANTITY', 'True', 9, 20, '2020-03-06 21:56:43', '2013-02-03 00:00:00', NULL, 'xtc_cfg_select_option(array(\'True\', \'False\'),'),
(729, 'EXPORT_PRE_SHIPPING_PDF_AT_SHIPPING_ACTION_WRITE', 'False', 7, 50, '2013-04-12 00:00:00', '2013-04-12 00:00:00', NULL, 'xtc_cfg_select_option(array(\'True\', \'False\'),'),
(730, 'EBAY_SET_ORDERS_STATUS_BEZAHLT_BY_PAYPAL_PAYMENT', 'True', 101, 100, '2013-04-12 00:00:00', '2013-04-12 00:00:00', NULL, 'xtc_cfg_select_option(array(\'True\', \'False\'),'),
(731, 'EASYLOG2_PARTICLE_UPLOAD', 'False', 7, 21, '2013-08-01 00:00:00', '2013-08-21 00:00:00', NULL, 'xtc_cfg_select_option(array(\'True\', \'False\'),'),
(732, 'SHIPPING_ACTION_GESAMTLISTE_SAVE_IN_TEMPLATE_DIRECTORY', 'False', 7, 100, '2013-08-01 00:00:00', '2013-08-21 00:00:00', NULL, 'xtc_cfg_select_option(array(\'True\', \'False\'),'),
(733, 'EBAY_RETURNSWITHINCODE', 'Days_14', 101, 60, '2020-03-06 21:50:46', '2013-09-03 08:43:13', 'yes_get_ebay_returnswithincode_name', 'yes_cfg_pull_down_ebay_returnswithincodes('),
(734, 'EBAY_SHIPPINGCOSTPAIDBY', 'EUBuyer_CancelRightsUnder40', 101, 60, '2013-11-05 20:28:50', '2013-09-03 08:43:13', 'yes_get_ebay_shippingcostpaidby_name', 'yes_cfg_pull_down_ebay_shippingcostpaidbycodes('),
(735, 'SHIPPING_EXPORT_SHIPPER_PDF', 'False', 102, NULL, '2013-09-24 19:24:36', '2013-09-24 00:00:00', NULL, 'xtc_cfg_select_option(array(\'True\', \'False\'),'),
(739, 'ALLOW_COMBINE_ORDERS_WITH_FIBU_NUMBER', 'False', 1, 100, '2013-12-04 00:00:00', '2013-12-04 00:00:00', NULL, 'xtc_cfg_select_option(array(\'True\', \'False\'),'),
(740, 'DOMPDF_ORDER_LANDSCAPE', 'False', 1, 130, '2013-11-24 00:00:00', '2013-11-24 00:00:00', NULL, 'xtc_cfg_select_option(array(\'True\', \'False\'),'),
(738, 'EASYLOG2_PARTICLE_UPLOAD_FTP_ACCOUNT', '', 7, 22, '2013-11-21 00:00:00', '2013-11-21 00:00:00', NULL, NULL),
(741, 'SHOW_EDIT_ADRESS', 'true', 1, 17, '2014-04-09 11:37:14', '0000-00-00 00:00:00', NULL, 'xtc_cfg_select_option(array(\'true\',\'false\'),'),
(742, 'SHOW_ORDER_LIST', 'true', 1, 18, '2014-04-09 11:36:39', '0000-00-00 00:00:00', NULL, 'xtc_cfg_select_option(array(\'true\',\'false\'),'),
(743, 'WISHLIST_AUTO', 'true', 17, 99, NULL, '0000-00-00 00:00:00', NULL, 'xtc_cfg_select_option(array(\'true\', \'false\'),'),
(744, 'NAVTRAIL_PRODUCTS_TITLE', 'products_model', 1, 100, '2015-06-03 15:29:37', '2014-05-12 00:00:00', 'xtc_get_navtrail_product_title_type', 'xtc_cfg_pull_down_navtrail_product_title_types('),
(745, 'MAX_ITEMS_SHIPPING_ACTION', '50', 3, 99, NULL, '2014-07-08 00:00:00', NULL, ''),
(746, 'MAX_DISPLAY_SEARCH_RESULTS_SHIPPING', '50', 3, 100, NULL, '2014-07-10 00:00:00', NULL, NULL),
(747, 'ORDERS_CREDIT_PRODUCTS_ID', '3', 102, 50, '2017-03-06 18:29:35', '2014-09-09 00:00:00', NULL, NULL),
(748, 'MARGENRECHNER_FIXKOSTEN_PERCENT', '5', 3, 100, '2024-02-01 09:25:31', '2014-08-07 00:00:00', NULL, NULL),
(749, 'MARGENRECHNER_AMAZONFEE_PERCENT', '15', 3, 101, '2024-02-01 09:25:37', '2014-08-07 00:00:00', NULL, NULL),
(750, 'MARGENRECHNER_EBAYFEE_PERCENT', '15', 3, 102, '2024-02-01 09:25:42', '2014-08-07 00:00:00', NULL, NULL),
(751, 'EBAYAPI_CART_PRODUCTS_DEFAULT_SORT', 'id ASC', 100, 50, NULL, '2014-10-27 00:00:00', NULL, NULL),
(752, 'SHIPPING_ACTION_DPD_ACCOUNT_NUMBER', '', 7, 70, NULL, '2014-11-07 00:00:00', NULL, NULL),
(753, 'SHIPPING_BARCODESCAN_DEFAULTMODE', 'ean', 7, 100, NULL, '2015-02-03 00:00:00', NULL, 'xtc_cfg_select_option(array(\'ean\', \'orders\',\'items\'),'),
(754, 'PRODUCTS_EMAIL_NOTIFICATION_SUBJECT', 'Article notification: %s', 12, 60, '2025-05-16 15:46:20', '2015-01-26 00:00:00', NULL, NULL),
(755, 'SHIPPING_ACTION_DPD_ACCOUNT_NUMBER', '', 7, 70, NULL, '2014-11-07 00:00:00', NULL, NULL),
(756, 'SHIPPING_ACTION_DPD_ACCOUNT_SUFFIX', '', 7, 70, NULL, '2014-11-07 00:00:00', NULL, NULL),
(757, 'RECLAMATIONS_STATUS_WARENRUECKNAHME', '6', 1, 200, '2015-06-25 11:53:15', '2015-06-18 00:00:00', 'xtc_get_reclamations_types_name', 'yes_cfg_pull_down_reclamation_types('),
(762, 'EBAY_USE_PRODUCTS_EAN_FROM_PRODUCT_AS_ISBN', 'False', 101, 96, '2015-06-26 00:00:00', '2015-06-26 00:00:00', NULL, 'xtc_cfg_select_option(array(\'True\', \'False\'),'),
(761, 'EBAY_USE_PRODUCTS_EAN_FROM_PRODUCT_AS_EAN', 'True', 101, 95, '2015-06-26 00:00:00', '2015-06-26 00:00:00', NULL, 'xtc_cfg_select_option(array(\'True\', \'False\'),'),
(763, 'NEWSLETTER_SUBSCRIPTION_COUPON', '', 12, 50, '2015-07-08 00:00:00', '2015-07-08 00:00:00', NULL, NULL),
(764, 'DISTRIBUTOR_ORDER_PRODUCTS_DISTRIBUTOR_PRICES_AUTOMATIC_INSERT', 'True', 1, 100, '2015-07-02 00:00:00', '2015-07-02 00:00:00', NULL, 'xtc_cfg_select_option(array(\'True\', \'False\'),'),
(765, 'EBAY_AUCTION_IMAGE_PATH', 'original_images', 101, 33, '2020-03-06 21:49:41', '2015-06-26 00:00:00', NULL, 'xtc_cfg_select_image_path('),
(766, 'EBAY_FEATURE_OUTOFSTOCK', 'False', 100, 100, '2015-08-02 00:00:00', '2015-08-02 00:00:00', NULL, 'xtc_cfg_select_option(array(\'True\', \'False\'),'),
(767, 'EBAY_PRODUCTS_PRICE_CUSTOMER_STATUS', '2', 100, 20, '2015-11-30 00:00:00', '2015-11-30 00:00:00', 'xtc_get_customers_status_name', 'xtc_cfg_pull_down_customers_status_list('),
(768, 'EBAY_PLUS', 'False', 101, 67, '2016-02-22 00:00:00', '2016-02-22 00:00:00', NULL, 'xtc_cfg_select_option(array(\'True\', \'False\'),'),
(769, 'EBAY_SELLER_PROFILE_PAYMENT_ID', '', 101, 25, '0000-00-00 00:00:00', '0000-00-00 00:00:00', NULL, 'xtc_cfg_pull_down_ebay_seller_profile_payment_id('),
(770, 'EBAY_SELLER_PROFILE_RETURN_POLICY_ID', '', 101, 25, '0000-00-00 00:00:00', '0000-00-00 00:00:00', NULL, 'xtc_cfg_pull_down_ebay_seller_profile_return_policy_id('),
(771, 'EBAY_SELLER_PROFILE_SHIPPING_ID', '', 101, 25, '0000-00-00 00:00:00', '0000-00-00 00:00:00', NULL, 'xtc_cfg_pull_down_ebay_seller_profile_shipping_id('),
(772, 'SHIPPING_REDEFINE_CHEAPEST', 'False', 7, 65, '2017-01-03 00:00:00', '2017-01-03 00:00:00', NULL, 'xtc_cfg_select_option(array(\'True\', \'False\'),'),
(773, 'SEND_SHIPPING_EMAIL_SUBJECT', 'Your order has been shipped.', 12, 70, '2025-05-16 15:46:32', '2016-10-04 00:00:00', NULL, NULL),
(774, 'RUECKERSTATTUNG_EMAIL_SUBJECT', 'Refund', 12, 71, '2025-05-16 15:47:17', '2016-10-04 00:00:00', NULL, NULL),
(775, 'RETOURE_EMAIL_SUBJECT', 'Returned goods', 12, 72, '2025-05-16 15:46:59', '2016-10-04 00:00:00', NULL, NULL),
(779, 'SHIPPING_EMAIL_ATTACHEMENT', '', 12, 69, '2017-03-14 00:00:00', '2017-03-14 00:00:00', NULL, 'xtc_cfg_select_ebaymich_file('),
(780, 'DHL_VERSENDEN_APPLICATION_ID', '', 7, 30, '2017-09-06 00:00:00', '2017-09-06 00:00:00', NULL, NULL),
(781, 'DHL_VERSENDEN_APPLICATION_TOKEN', '', 7, 31, '2017-09-06 00:00:00', '2017-09-06 00:00:00', NULL, NULL),
(782, 'DEFAULT_CUSTOMERS_VAT_STATUS_ID_LOCAL', '', 18, 23, '2017-11-17 07:56:29', '2017-11-17 00:00:00', 'xtc_get_customers_status_name', 'xtc_cfg_pull_down_customers_status_list('),
(783, 'RUECKERSTATTUNG_NEGATIVE_ORDER_PRODUCTS_ID', '6', 1, 100, '2023-12-18 12:25:02', '2017-11-03 00:00:00', NULL, NULL),
(784, 'MAX_DISPLAY_PRODUCTS_BESTSELLER_PAGE', '20', 3, 5, NULL, '2018-02-13 00:00:00', NULL, NULL),
(785, 'HEADER_SNIPPETS', '<!-- Google tag (gtag.js) -->\r\n<script async src=\"https://www.googletagmanager.com/gtag/js?id=AW-17193473371\">\r\n</script>\r\n<script>\r\n  window.dataLayer = window.dataLayer || [];\r\n  function gtag(){dataLayer.push(arguments);}\r\n  gtag(\'js\', new Date());\r\n\r\n  gtag(\'config\', \'AW-17193473371\');\r\n</script>', 16, 50, '2025-08-29 12:06:37', '2018-06-01 00:00:00', NULL, 'xtc_cfg_textarea('),
(786, 'TINYMCE_VERSION', '4.0.10', 0, 5, NULL, '2018-02-13 00:00:00', NULL, NULL),
(789, 'PRODUCTS_IN_CATEGORY_DEFAULT_SORT_KEY', 'products_date_added DESC', 1, 70, NULL, '2019-06-17 00:00:00', NULL, NULL),
(790, 'DSGVO_ALLOW_SEND_CUSTOMER_EMAIL_ADDRESS_TO_SHIPPER', 'True', 7, 40, '2024-12-16 13:11:06', '2019-06-27 00:00:00', '', 'xtc_cfg_select_option(array(\'True\', \'False\'),'),
(791, 'PRODUCT_IMAGES_IMPORT_SIZE', '20', 102, 55, '2020-01-06 00:00:00', '2020-01-06 00:00:00', NULL, NULL),
(792, 'MODULE_YES2_FILE', 'yes2_export.csv', 6, 1, '2025-12-01 09:51:46', '2020-03-09 15:46:46', NULL, ''),
(793, 'MODULE_YES2_STATUS', 'True', 6, 1, '2025-12-01 09:51:46', '2020-03-09 15:46:46', NULL, 'xtc_cfg_select_option(array(\'True\', \'False\'), '),
(794, 'EBAY_EMAIL_SUBJECT', 'Your order {$orders_id} from syd-green-energy.com', 100, 105, '2025-06-02 21:29:23', '2020-06-12 00:00:00', NULL, NULL),
(795, 'ORDER_LISTING_COUNTRY_SRC', 'o.customers_country', 1, 92, '0000-00-00 00:00:00', '0000-00-00 00:00:00', 'xtc_get_order_listing_country_src_name', 'xtc_cfg_pull_down_order_listing_country_src('),
(796, 'EUOSS_COUNTRIES_ISO2LIST', 'FR,AT,PL,BE,DK,FI,DE,IT,LU,NL,ES,PT,BG,CY,CZ,EE,GR,HR,HU,IE,LT,LU,LV,MT,RO,SE,SI,SK', 7, 22, '2021-07-15 10:52:43', '2021-07-15 10:52:43', NULL, NULL),
(797, 'YES_BOXES', 'admin.php;best_sellers.php;categories_groups.php;categories_struct.php;content.php;infobox.php;information.php;languages.php;last_viewed.php;loginbox.php;manufacturers.php;marketing.php;newsletter.php;pop_cart.php;product_notifications.php;search.php;search_ean.php;shopping_cart.php;specials.php;whats_new.php;yesdsgvo.php', 1, 20, '2025-05-05 14:05:29', '2023-12-21 09:25:23', 'yes_boxes_get_config', 'yes_boxes_set_config('),
(798, 'AMAZON_FULFILLMENT_ADDRESS_DATA_NAME', '', 110, 200, NULL, '2024-01-17 18:47:26', NULL, NULL),
(799, 'AMAZON_FULFILLMENT_ADDRESS_DATA_LINE1', '', 110, 201, NULL, '2024-01-17 18:47:26', NULL, NULL),
(800, 'AMAZON_FULFILLMENT_ADDRESS_DATA_LINE2', '', 110, 202, NULL, '2024-01-17 18:47:26', NULL, NULL),
(801, 'AMAZON_FULFILLMENT_ADDRESS_DATA_LINE3', '', 110, 203, NULL, '2024-01-17 18:47:26', NULL, NULL),
(802, 'AMAZON_FULFILLMENT_ADDRESS_DATA_CITY', '', 110, 204, NULL, '2024-01-17 18:47:26', NULL, NULL),
(803, 'AMAZON_FULFILLMENT_ADDRESS_DATA_COUNTY', '', 110, 205, NULL, '2024-01-17 18:47:26', NULL, NULL),
(804, 'AMAZON_FULFILLMENT_ADDRESS_DATA_STATE_OR_REGION', '', 110, 206, NULL, '2024-01-17 18:47:26', NULL, NULL),
(805, 'AMAZON_FULFILLMENT_ADDRESS_DATA_POSTALCODE', '', 110, 207, NULL, '2024-01-17 18:47:26', NULL, NULL),
(806, 'AMAZON_FULFILLMENT_ADDRESS_DATA_COUNTRYCODE', '', 110, 208, NULL, '2024-01-17 18:47:26', NULL, NULL),
(807, 'MODULE_OTHER_AMAZON_MARKETPLACE_IDS', 'A1PA6795UKMFR9', 6, 10, NULL, '2024-01-23 15:45:36', NULL, NULL),
(808, 'MARGENRECHNER_HITMEISTERFEE_PERCENT', '0', 3, 103, '2024-02-09 13:20:34', '0000-00-00 00:00:00', NULL, NULL),
(809, 'MODULE_GOOGLE_PRODUCT_FEED_STATUS', 'True', 6, 1, NULL, '2025-04-30 19:21:37', NULL, 'xtc_cfg_select_option(array(\'True\', \'False\'), '),
(810, 'MODULE_GOOGLE_PRODUCT_FEED_APPAREL', 'False', 6, 1, NULL, '2025-04-30 19:21:37', NULL, 'xtc_cfg_select_option(array(\'True\', \'False\'), '),
(811, 'MODULE_GOOGLE_PRODUCT_FEED_SORT_ORDER', '0', 6, 1, NULL, '2025-04-30 19:21:37', NULL, ''),
(812, 'MODULE_GOOGLE_PRODUCT_FEED_DEFAULT_CONDITION', 'new', 6, 5, NULL, '2025-04-30 19:21:37', NULL, 'xtc_cfg_select_gpf_conditions('),
(813, 'MODULE_GOOGLE_PRODUCT_FEED_DEFAULT_AVAILABILITY', 'in_stock', 6, 5, NULL, '2025-04-30 19:21:37', NULL, 'xtc_cfg_select_gpf_availabilities('),
(814, 'MODULE_YATEGO_FILE', 'yatego.csv', 6, 1, '2025-10-17 16:05:36', '2025-04-30 20:18:51', NULL, ''),
(815, 'MODULE_YATEGO_STATUS', 'True', 6, 1, '2025-10-17 16:05:36', '2025-04-30 20:18:51', NULL, 'xtc_cfg_select_option(array(\'True\', \'False\'), '),
(816, 'MODULE_YATEGO_PROMO_TEXT', '', 6, 2, '2025-10-17 16:05:36', '2025-04-30 20:18:51', NULL, ''),
(817, 'MODULE_YATEGO_EXPORT_ONLY_V1', 'False', 6, 3, '2025-10-17 16:05:36', '2025-04-30 20:18:51', NULL, 'xtc_cfg_select_option(array(\'True\', \'False\'), '),
(876, 'MODULE_OTHER_FIBUNUMBERS_AUTOMATIC', 'True', 6, 1, '2025-07-28 15:07:43', '2025-07-28 15:07:19', NULL, 'xtc_cfg_select_option(array(\'True\', \'False\'), '),
(874, 'MODULE_OTHER_FIBUNUMBERS_SORT_ORDER', '0', 6, 1, '2025-07-28 15:07:43', '2025-07-28 15:07:19', NULL, NULL),
(875, 'MODULE_OTHER_FIBUNUMBERS_START', '150000', 6, 1, '2025-07-28 15:07:43', '2025-07-28 15:07:19', NULL, NULL),
(873, 'MODULE_OTHER_FIBUNUMBERS_STATUS', 'True', 6, 1, '2025-07-28 15:07:43', '2025-07-28 15:07:19', NULL, 'xtc_cfg_select_option(array(\'True\', \'False\'), '),
(826, 'EBAY_ORDER_RESERVATION_ORDERS_ID', '', 101, 100, NULL, '2025-06-10 08:38:17', NULL, NULL),
(859, 'MODULE_CUSTOMERS_STATUS_PRICES_SORT_ORDER', '0', 6, 1, '2025-08-29 10:25:58', '2025-07-03 14:17:23', NULL, ''),
(858, 'MODULE_CUSTOMERS_STATUS_PRICES_STATUS', 'True', 6, 1, '2025-08-29 10:25:58', '2025-07-03 14:17:23', NULL, 'xtc_cfg_select_option(array(\'True\', \'False\'), '),
(861, 'MODULE_BESTAND_SORT_ORDER', '0', 6, 1, '2025-07-17 09:45:48', '2025-07-16 10:20:59', NULL, ''),
(862, 'MODULE_PRODUCTS_STORAGES_FILE', 'kaarst_hh_ssc.csv', 6, 1, '2025-07-29 20:21:41', '2025-07-16 10:22:29', NULL, ''),
(860, 'MODULE_BESTAND_STATUS', 'True', 6, 1, '2025-07-17 09:45:48', '2025-07-16 10:20:59', NULL, 'xtc_cfg_select_option(array(\'True\', \'False\'), '),
(897, 'CONTACT_US_CONFIRMATION_CONTENT_ID', '', 12, 100, NULL, '2025-10-14 10:00:00', NULL, NULL),
(877, 'SEND_ORDER_MAIL_WITHOUT_CONTENT_FILES', 'True', 12, 200, '2025-07-28 17:46:16', '2025-07-28 16:37:24', NULL, 'xtc_cfg_select_option(array(\'True\', \'False\'), '),
(872, 'MODULE_PAYMENT_YES_PPP_PAYPALME', '', 6, 7, '2025-07-24 13:45:30', '2025-07-24 13:45:26', NULL, NULL),
(871, 'MODULE_PAYMENT_YES_PPP_APISECRET', '', 6, 6, '2025-07-24 13:45:30', '2025-07-24 13:45:26', NULL, NULL),
(870, 'MODULE_PAYMENT_YES_PPP_APICLIENTID', '', 6, 5, '2025-07-24 13:45:30', '2025-07-24 13:45:26', NULL, NULL),
(869, 'MODULE_PAYMENT_YES_PPP_MODE', 'Sandbox', 6, 4, '2025-07-24 13:45:30', '2025-07-24 13:45:26', NULL, 'xtc_cfg_select_option(array(\'Live\', \'Sandbox\'), '),
(868, 'MODULE_PAYMENT_YES_PPP_SORT_ORDER', '0', 6, 3, '2025-07-24 13:45:30', '2025-07-24 13:45:26', NULL, NULL),
(867, 'MODULE_PAYMENT_YES_PPP_STATUS', 'True', 6, 1, '2025-07-24 13:45:30', '2025-07-24 13:45:26', NULL, 'xtc_cfg_select_option(array(\'True\', \'False\'), '),
(866, 'MODULE_SHIPPING_SELFPICKUP_SORT_ORDER', '1', 6, 4, '2025-07-28 14:05:02', '2025-07-21 16:30:40', NULL, NULL),
(865, 'MODULE_SHIPPING_SELFPICKUP_ALLOWED', '', 6, 0, '2025-07-28 14:05:02', '2025-07-21 16:30:40', NULL, NULL),
(864, 'MODULE_SHIPPING_SELFPICKUP_STATUS', 'True', 6, 7, '2025-07-28 14:05:02', '2025-07-21 16:30:40', NULL, 'xtc_cfg_select_option(array(\'True\', \'False\'), '),
(863, 'MODULE_PRODUCTS_STORAGES_STATUS', 'True', 6, 1, '2025-07-29 20:21:41', '2025-07-16 10:22:29', NULL, 'xtc_cfg_select_option(array(\'True\', \'False\'), '),
(892, 'MODULE_EXPORT_ORDER_STATS_STATUS', 'True', 6, 1, '2025-12-01 18:15:53', '2025-09-02 11:09:40', NULL, 'xtc_cfg_select_option(array(\'True\', \'False\'), '),
(898, 'MODULE_PRODUCTS_TAX_CLASS_ALLOCATIONS_FILE', 'Steuerklassen_export.csv', 6, 1, '2025-12-02 17:39:25', '2025-12-02 17:39:19', NULL, ''),
(899, 'MODULE_PRODUCTS_TAX_CLASS_ALLOCATIONS_STATUS', 'True', 6, 1, '2025-12-02 17:39:25', '2025-12-02 17:39:19', NULL, 'xtc_cfg_select_option(array(\'True\', \'False\'), '),
(893, 'MODULE_OTHER_TURNSTILE_STATUS', 'True', 6, 1, '2025-10-02 13:32:00', '2025-10-02 13:31:33', NULL, 'xtc_cfg_select_option(array(\'True\', \'False\'), '),
(894, 'MODULE_OTHER_TURNSTILE_SORT_ORDER', '0', 6, 1, '2025-10-02 13:32:00', '2025-10-02 13:31:33', NULL, NULL),
(895, 'MODULE_OTHER_TURNSTILE_SITE_KEY', '0x4AAAAAAB4cfAOwmsQPjFjh', 6, 2, '2025-10-02 13:32:00', '2025-10-02 13:31:33', NULL, NULL),
(896, 'MODULE_OTHER_TURNSTILE_SECRET_KEY', '0x4AAAAAAB4cfAfvD_0bJCZ5UUfwsTGGIeY', 6, 3, '2025-10-02 13:32:00', '2025-10-02 13:31:33', NULL, NULL);

-- --------------------------------------------------------

--
-- Tabellenstruktur für Tabelle `configuration_group`
--

CREATE TABLE `configuration_group` (
  `configuration_group_id` int(11) NOT NULL,
  `configuration_group_title` varchar(64) NOT NULL DEFAULT '',
  `configuration_group_description` varchar(255) NOT NULL DEFAULT '',
  `sort_order` int(5) DEFAULT NULL,
  `visible` int(1) DEFAULT '1'
) ENGINE=MyISAM DEFAULT CHARSET=utf8;

--
-- Daten für Tabelle `configuration_group`
--

INSERT INTO `configuration_group` (`configuration_group_id`, `configuration_group_title`, `configuration_group_description`, `sort_order`, `visible`) VALUES
(1, 'Mein Shop', 'General information about my store', 1, 1),
(2, 'Minimum Werte', 'The minimum values for functions / data', 2, 1),
(3, 'Maximum Werte', 'The maximum values for functions / data', 3, 1),
(4, 'Bilder Optionen', 'Image parameters', 4, 1),
(5, 'Kunden Details', 'Customer account configuration', 5, 1),
(6, 'Module Options', 'Hidden from configuration', 6, 0),
(7, 'Versand Optionen', 'Shipping options available at my store', 7, 1),
(8, 'Product Listing', 'Product Listing    configuration options', 8, 0),
(9, 'Bestand Optionen', 'Stock configuration options', 9, 1),
(10, 'Logging', 'Logging configuration options', 10, 0),
(12, 'E-Mail Optionen', 'General setting for E-Mail transport and HTML E-Mails', 12, 1),
(13, 'Download', 'Downloadable products options', 13, 0),
(14, 'GZip Compression', 'GZip compression options', 14, 0),
(15, 'Sessions', 'Session options', 15, 0),
(16, 'Suchmaschinen Optimierung', 'Meta-tags/Search engines', 16, 1),
(18, 'UST-ID Konfiguration', 'Konfigurationseinstellungen zur UST-ID der Kunden', 18, 1),
(19, 'Google Conversion', 'Google Conversion-Tracking', 19, 0),
(100, 'Ebay Grundkonfiguration', 'Grundeinstellungen fÃƒÂ¼r die Ebayschnittstelle', 98, 1),
(101, 'Ebay Handel Einstellungen', 'Hier legen Sie die Grundkonfigurationen fÃƒÂ¼r Ihren Ebay Handel fest.', 99, 1),
(111, 'UOS Payment Konfiguration', 'Additional Options for UOS Modules', 66, 1),
(25, 'PayPal', 'PayPal', 25, 1),
(110, 'Firmendaten', 'General information about my Company', 1, 1);

-- --------------------------------------------------------

--
-- Tabellenstruktur für Tabelle `content_manager`
--

CREATE TABLE `content_manager` (
  `content_id` int(11) NOT NULL,
  `categories_id` int(11) NOT NULL DEFAULT '0',
  `parent_id` int(11) NOT NULL DEFAULT '0',
  `group_ids` text,
  `languages_id` int(11) NOT NULL DEFAULT '0',
  `content_title` text NOT NULL,
  `content_heading` text NOT NULL,
  `content_text` text NOT NULL,
  `sort_order` int(4) NOT NULL DEFAULT '0',
  `file_flag` int(1) NOT NULL DEFAULT '0',
  `content_file` varchar(64) NOT NULL DEFAULT '',
  `content_status` int(1) NOT NULL DEFAULT '0',
  `content_group` int(11) NOT NULL DEFAULT '0',
  `content_delete` int(1) NOT NULL DEFAULT '1',
  `content_meta_title` text,
  `content_meta_description` text,
  `content_meta_keywords` text
) ENGINE=MyISAM DEFAULT CHARSET=utf8;

--
-- Daten für Tabelle `content_manager`
--

INSERT INTO `content_manager` (`content_id`, `categories_id`, `parent_id`, `group_ids`, `languages_id`, `content_title`, `content_heading`, `content_text`, `sort_order`, `file_flag`, `content_file`, `content_status`, `content_group`, `content_delete`, `content_meta_title`, `content_meta_description`, `content_meta_keywords`) VALUES
(6, 0, 0, '', 2, 'Versandkosten', 'Versandkosten', '<div class=\"contents\">\r\n<p>Dies ist eine Internetseite ohne Handelsabsichten. Kaufverlangen werden ignoriert und nicht ausgeliefert. Evtl. Zahlungen auf Leistungen aus diesem Webshop werden nicht akzeptiert.</p>\r\n<p>Bei Fragen zum Anbieter bitte das Impressum aufrufen.</p>\r\n</div>', 4, 0, '', 1, 1, 0, '', '', ''),
(7, 0, 0, '', 2, 'Datenschtzerklärung', 'Data protection', '<div class=\"contents\">Thank you for your interest in our website. The protection of your privacy is very important to us. We therefore inform you in detail below about how we handle your data.<br /><br />The term &#8220;personal data&#8221; refers to all information relating to an identified or identifiable natural person.<br />You are not obliged to provide us with your personal data. Such an obligation does not arise from legal regulations, nor is it contractually required or even necessary for the conclusion of a contract.<br />If you do not provide us with your personal data, this will not have any consequences for you, unless otherwise stated in the data processing procedures described below.</div>\r\n<div class=\"contents\"></div>\r\n<div class=\"contents\"><strong>Event log files</strong></div>\r\n<div class=\"contents\">You can also visit our website without providing any personal data. However, every time you access our own website, data about your Internet visit is transmitted by your Internet browser in an automated process and stored in an event log file (so-called &#8220;server log files&#8221;) (example: (Sun Jul 18:07:06.12 2018): Beginning Wbemupgd.dll Registration (Sun Jul 18:07:67.12 2018): Current build of wbemupgd.dll is 5.1.2600.2180 (xpsp_sp2_rtm.R1A8N0O7E1T9Z6E7L). The IP address of the website visitor is transmitted, which can be used to identify the Internet connection owner - only by court order - as well as the destination address of the page accessed, the time of the website visit, the amount of data and the identification code of the provider that guarantees the Internet connection of the visitor to our website. It is impossible for us to assign this data to a specific person. The sole purpose of these event log files is to ensure a trouble-free visit to our website and to continuously improve our Internet services.</div>\r\n<div class=\"contents\"></div>\r\n<div class=\"contents\"><strong>Contact form</strong></div>\r\n<div class=\"contents\">We provide a contact form for our website visitors, which you can use to send us information or questions. We only collect your personal data such as your name, your e-mail address and the message text for this purpose, but only to the extent that you yourself make it available to us in this contact form. By sending your message to us, you consent to this data processing. The legal basis for this is Art. 6 (1) lit. a GDPR. You can revoke your consent at any time by notifying us without affecting the legality of the data processing carried out on the basis of the consent until revocation. If you have not consented to the further processing of your data, the data you have provided to us will be deleted immediately.</div>\r\n<div class=\"contents\"></div>\r\n<div class=\"contents\"><strong>Customer account</strong></div>\r\n<div class=\"contents\">When you open a customer account, we collect your personal data to the extent provided by you. The collection and processing of your data serves the purpose of making your visit to our website more pleasant and to process your subsequent orders and to secure and simplify the processes during the order process in the interest of both parties. The legal basis for this is Art. 6 (1) lit. a GDPR. You can revoke your consent at any time by notifying us without affecting the legality of the processing carried out on the basis of the consent until revocation. We will then delete the data from your customer account immediately.</div>\r\n<div class=\"contents\"></div>\r\n<div class=\"contents\"><strong>Use of an external merchandise management system</strong></div>\r\n<div class=\"contents\">We use the YES4trade merchandise management system to process contracts. Your personal data is not transferred to YES Websolutions Ltd. as part of order processing.<br />The merchandise management system is provided as part of the web services and hosting by our system and hosting partner YES Websolutions - Burak Agri , Meiendorfer Weg 124b, 22359 Hamburg, Germany.</div>\r\n<div class=\"contents\"></div>\r\n<div class=\"contents\"><strong>Data collection, processing and use for orders</strong></div>\r\n<div class=\"contents\">If you place an order with us, we collect and use the personal data you provide to us exclusively in order to fulfill the purchase contract with you and to be able to process your order properly. Without this data collection, no purchase contract can be concluded with us. The legal basis for this data processing for the execution of the order is Art. 6 (1) lit. b GDPR. We will not pass on your data to third parties without your express consent. Excluded from this are our service partners who assist us in fulfilling our contractual obligations towards you on the basis of contractual agreements, such as shipping companies (e.g. DHL) and payment services (e.g. Paypal), web hosters, IT service providers. In compliance with all legal regulations, we only pass on the minimum amount of personal data required to fulfill the respective tasks of these service providers.</div>\r\n<div class=\"contents\"></div>\r\n<div class=\"contents\"><strong>Collection and processing when using the contact form</strong> <br />When you use the contact form, we only collect your personal data (name, e-mail address, message text) to the extent that you have provided. The data processing serves the purpose of establishing contact. By sending your message, you consent to the processing of the transmitted data. The processing is carried out on the basis of Art. 6 (1) lit. a GDPR with your consent.<br />You can revoke your consent at any time by notifying us without affecting the legality of the processing carried out on the basis of the consent until revocation. We will only use your email address to process your request. Your data will then be deleted unless you have consented to further processing and use.</div>\r\n<div class=\"contents\"></div>\r\n<div class=\"contents\"><strong>Use of the e-mail address for sending newsletters</strong></div>\r\n<div class=\"contents\">We use your e-mail address independently of the contract processing exclusively for our own advertising purposes for sending newsletters, provided you have expressly consented to this. The processing is carried out on the basis of Art. 6 (1) lit. a GDPR with your consent. You can withdraw your consent at any time without affecting the lawfulness of processing based on consent before its withdrawal. You can unsubscribe from the newsletter at any time by using the corresponding link in the newsletter or by notifying us. Your e-mail address will then be removed from the mailing list. <br /><br /></div>\r\n<div class=\"contents\"></div>\r\n<div class=\"contents\"></div>', 3, 1, '', 1, 2, 0, '', '', ''),
(8, 0, 0, '', 2, 'Our GTC', 'General Terms and Conditions', '<h2>I. General Terms and Conditions</h2>\r\n<h5>&#167; 1 Basic provisions</h5>\r\n<p><br />(1) The following business terms are applicable to all the contracts, which you conclude with us as a supplier (AMD GmbH) via the https://www.solarset.shop website. Unless otherwise agreed, the inclusion of your own terms and conditions, if any, is contradicted<br /><br />(2) A consumer within the meaning of the following provisions is any natural person who concludes a legal transaction for purposes that can predominantly be attributed neither to their commercial nor their independent professional activity. An entrepreneur is any natural or legal person or a partnership with legal capacity who or which, when entering into a legal transaction, acts in exercise of his or its independent professional or commercial activity.</p>\r\n<p></p>\r\n<h5>&#167; 2 Formation of the contract</h5>\r\n<p>(1) The subject of the contract is the sale of goods.<br /><br />(2) By placing the respective product on our website, we make you a binding offer to conclude a contract via the online shopping cart system under the conditions specified in the item description.</p>\r\n<p>(3) The contract is concluded via the online shopping cart system as follows:<br />The goods intended for purchase are placed in the &#8220;shopping cart&#8221;. You can call up the &#8220;shopping cart&#8221; via the corresponding button in the navigation bar and make changes there at any time.<br />After accessing the &#8220;Checkout&#8221; page and entering your personal data as well as the payment and shipping conditions, the order data will be displayed as an order overview.</p>\r\n<p>If you use an instant payment system (e.g. PayPal / PayPal Express, Amazon Payments, Sofort&#252;berweisung) as a payment method, you will either be taken to the order overview page in our online store or redirected to the website of the provider of the instant payment system.<br />If you are redirected to the respective instant payment system, please make the appropriate selection or enter your data there. Finally, the order data will be displayed as an order overview on the website of the provider of the instant payment system or after you have been redirected back to our online store.</p>\r\n<p>Before submitting the order, you have the option of checking the details in the order overview again, changing them (also via the &#8220;back&#8221; function of the Internet browser) or canceling the order.<br />By sending the order via the corresponding button (&#8220;order with obligation to pay&#8221; or similar designation), you declare acceptance of the offer in a legally binding manner, whereby the contract is concluded.<br /><br />(4) Your requests for the preparation of an offer are non-binding for you. We will submit a binding offer to you in text form (e.g. by e-mail), which you can accept within 5 days (unless another period is specified in the respective offer).<br /><br />(5) The processing of the order and the transmission of all information required in connection with the conclusion of the contract is partly automated by e-mail. You must therefore ensure that the e-mail address you have provided to us is correct, that the receipt of e-mails is technically ensured and, in particular, that it is not prevented by SPAM filters.</p>\r\n<p></p>\r\n<h5>&#167; 3 Payment methods</h5>\r\n<p>Only the payment methods displayed to the customer during the ordering process are accepted.</p>\r\n<p></p>\r\n<h5>&#167; 4 Right of retention, retention of title</h5>\r\n<p>(1) You may only exercise a right of retention insofar as it concerns claims arising from the same contractual relationship.<br /><br />(2) The goods shall remain our property until the purchase price has been paid in full.<br /><br />(3) If you are an entrepreneur, the following shall apply in addition:<br /><br />(a) We reserve title to the goods until all claims arising from the current business relationship have been settled in full. Prior to the transfer of ownership of the reserved goods, pledging or transfer by way of security is not permitted.</p>\r\n<p>b) You may resell the goods in the ordinary course of business. In this case, you hereby assign to us all claims in the amount of the invoice amount that accrue to you from the resale; we accept the assignment. You are further authorized to collect the claim. However, if you do not properly meet your payment obligations, we reserve the right to collect the claim ourselves.<br /><br />c) If the goods subject to retention of title are combined and mixed, we shall acquire co-ownership of the new item in the ratio of the invoice value of the goods subject to retention of title to the other processed items at the time of processing.<br /><br />d) We undertake to release the securities to which we are entitled at your request to the extent that the realizable value of our securities exceeds the claim to be secured by more than 10%. We shall be responsible for selecting the securities to be released.</p>\r\n<p></p>\r\n<h5>&#167; 5 Warranty</h5>\r\n<p><br />(1) The statutory warranty rights apply.<br /><br />(2) As a consumer, you are requested to check the goods immediately upon delivery for completeness, obvious defects and transport damage and to notify us and the carrier of any complaints as soon as possible. If you fail to do so, this shall have no effect on your statutory warranty claims.<br /><br />(3) If a characteristic of the goods deviates from the objective requirements, the deviation shall only be deemed to have been agreed if you were informed of the same by us before submitting the contractual declaration and the deviation was expressly and separately agreed between the contracting parties.<br /><br />(4) If you are an entrepreneur, the following shall apply in deviation from the above warranty provisions:</p>\r\n<p>a) Only our own specifications and the manufacturer\'s product description shall be deemed agreed as the quality of the goods, but not other advertising, public promotions and statements by the manufacturer.<br /><br />b) In the event of defects, we shall provide warranty at our discretion by repair or replacement. If the rectification of defects fails, you may, at your discretion, demand a reduction in price or withdraw from the contract. The rectification of defects shall be deemed to have failed after a second unsuccessful attempt, unless the nature of the goods or the defect or other circumstances indicate otherwise. In the event of rectification of defects, we shall not be required to bear the increased costs arising from the transportation of the goods to a location other than the place of performance, provided that the transportation does not correspond to the intended use of the goods.<br /><br />c) The warranty period is one year from delivery of the goods. The shortening of the period shall not apply:</p>\r\n<p>- for culpably caused damage attributable to us arising from injury to life, limb or health and for other damage caused intentionally or through gross negligence;<br />- insofar as we have fraudulently concealed the defect or have assumed a guarantee for the quality of the item;<br />- in the case of items that have been used for a building in accordance with their normal use and have caused its defectiveness;<br />- in the case of statutory recourse claims that you have against us in connection with warranty rights.</p>\r\n<p></p>\r\n<h5>&#167; 6 Choice of law, place of performance, place of jurisdiction</h5>\r\n<p>(1) German law shall apply. In the case of consumers, this choice of law shall only apply insofar as the protection afforded by mandatory provisions of the law of the state of the consumer\'s habitual residence is not thereby withdrawn (principle of favorability).<br /><br />(2) The place of performance for all services arising from the business relationships existing with us and the place of jurisdiction shall be our registered office if you are not a consumer but a merchant, a legal entity under public law or a special fund under public law. The same applies if you do not have a general place of jurisdiction in Germany or the EU or if your place of residence or habitual abode is not known at the time the action is brought. The right to appeal to the court at another legal place of jurisdiction remains unaffected by this.<br /><br />(3) The provisions of the UN Convention on Contracts for the International Sale of Goods shall expressly not apply.</p>\r\n<p></p>\r\n<h2>II Customer information</h2>\r\n<p></p>\r\n<h5>1. identity of the seller</h5>\r\n<p><span class=\"il\">SYD</span>&#160;Green Energy GmbH &amp;&#160;Co.&#160;KG</p>\r\n<p>Gesch&#228;ftsf&#252;hrung<br />Andrej Dedic, Maurice Dedic<br />An der G&#252;mpgesbr&#252;cke 26<br />41564 Kaarst<br /><br />Tel.: 02131 52811-23<br /><br />Mail: info@solarset.shop<a href=\"mailto:info@yes-system.de\" target=\"_blank\"></a><br />Internet: www.solarset.shop</p>\r\n<p>Ust.-ID:&#160;DE356243656<br />Handelsregister AG Neuss HRA8152</p>\r\n<p></p>\r\n<h5>2. information on the conclusion of the contract</h5>\r\n<p><br />The technical steps for the conclusion of the contract, the conclusion of the contract itself and the correction options are carried out in accordance with the provisions &#8220;Conclusion of the contract&#8221; of our General Terms and Conditions (Part I.).<br /><br />3 Contract language, contract text storage</p>\r\n<p><br />3.1 The contract language is German.</p>\r\n<p>3.2 The complete text of the contract is not saved by us. Before sending the order via the online shopping cart system, the contract data can be printed out using the browser\'s print function or saved electronically. After we have received the order, the order data, the information required by law for distance selling contracts and the General Terms and Conditions will be sent to you again by e-mail.<br /><br />3.3 In the case of requests for quotations outside the online shopping cart system, you will receive all contract data as part of a binding offer in text form, e.g. by e-mail, which you can print out or save electronically.</p>\r\n<p></p>\r\n<h5>4. essential characteristics of the goods or services</h5>\r\n<p>The essential characteristics of the goods and/or services can be found in the respective offer.</p>\r\n<p></p>\r\n<h5>5 Prices and terms of payment</h5>\r\n<p>5.1 The prices quoted in the respective offers as well as the shipping costs represent total prices. They include all price components including all applicable taxes.<br /><br />5.2 The shipping costs incurred are not included in the purchase price. They can be called up via a correspondingly labeled button on our website or in the respective offer, are shown separately during the ordering process and are to be borne by you additionally, unless delivery free of shipping costs has been promised.<br /><br />5.3 The payment methods available to you are shown under a correspondingly labeled button on our website or in the respective offer.<br /><br />5.4 Unless otherwise stated for the individual payment methods, the payment claims from the concluded contract are due for payment immediately.</p>\r\n<p></p>\r\n<h5>6 Terms of delivery</h5>\r\n<p>6.1 The terms of delivery, the delivery date and any existing delivery restrictions can be found under a correspondingly labeled button on our website or in the respective offer.<br /><br />6.2 If you are a consumer, it is regulated by law that the risk of accidental loss and accidental deterioration of the sold item during shipment only passes to you when the goods are handed over to you, regardless of whether the shipment is insured or uninsured. This does not apply if you have independently commissioned a transport company not named by the entrepreneur or another person designated to carry out the shipment.<br /><br />If you are an entrepreneur, delivery and shipment shall be at your risk.</p>\r\n<p></p>\r\n<h5>7 Statutory liability for defects</h5>\r\n<p>Liability for defects is governed by the &#8220;Warranty&#8221; provision in our General Terms and Conditions (Part I).</p>', 6, 1, '', 1, 3, 0, '', '', ''),
(9, 0, 0, '', 2, 'Imprint', 'Imprint', '<p>SYD Green Energy GmbH &amp; Co. KG</p>\r\n<p>An der G&#252;mpgesbr&#252;cke 26<br />41564 Kaarst</p>\r\n<p>Ust.ID:&#160;DE&#160;356243656<br />Handelsregister: HRA8152</p>\r\n<p>Registiergericht: Neuss</p>\r\n<p></p>\r\n<p><strong>Vertreten durch / Represented by:</strong></p>\r\n<p>SYD Verwaltungs GmbH</p>\r\n<p>An der G&#252;mpgesbr&#252;cke 26</p>\r\n<p>41564 Kaarst</p>\r\n<p>Deutschland</p>\r\n<p>Vertreten durch / Represented by:&#160;<br /><br />Andrej Dedic und Maurice Dedic</p>\r\n<p>Handelsregister : HRB22646</p>\r\n<p>Registriergericht : Neuss</p>\r\n<p><br /><br />Tel.: 02131 52811-23<br /><br />Mail: info@syd-green-energy.com<br />Internet: www.syd-green-energy.com<a href=\"http://www.yes-websolutions.de/\" target=\"blank\"><br /></a></p>\r\n<p></p>\r\n<hr />\r\n<p>Batt-Reg.-Nr DE35237757</p>\r\n<p>WEEE Reg.-Nr. DE22791629<br />gem&#228;&#223; Elektro- und Elektronikger&#228;tegesetzes (ElektroG) / in accordance with the Electrical and Electronic Equipment Act (German ElektroG)</p>\r\n<p>Informationspflichten gem. &#167; 18 Abs. 2 Elektro- und Elektronikger&#228;tegesetz /&#160;Information obligations according to &#167; 18 para. 2 of the Electrical and Electronic Equipment Act:<br /><a href=\"https://www.bmuv.de/themen/wasser-ressourcen-abfall/kreislaufwirtschaft/statistiken/elektro-und-elektronikaltgeraete\" target=\"_blank\">https://www.bmuv.de/themen/wasser-ressourcen-abfall/kreislaufwirtschaft/statistiken/elektro-und-elektronikaltgeraete</a></p>', 7, 1, '', 1, 4, 0, '', '', ''),
(10, 0, 0, '', 2, 'Index', 'Willkommen', '<p>{$greeting}</p>', 0, 1, '', 0, 5, 0, '', '', ''),
(18, 0, 0, '', 2, 'Price Info', 'Welcome to syd Green Energy', '<h3>Welcome to syd Green Energy</h3>\r\n<h2>Your B2B Marketplace for Sustainable Solutions</h2>\r\n<p>We specialize in providing a dedicated marketplace exclusively for businesses. To access our prices and place orders, you&#8217;ll need to register first.</p>\r\n<p>After your registration, our team will review your details and activate your account for trading shortly.</p>\r\n<p><strong>If you don&#8217;t have an account yet, register today to take full advantage of our services and offers.</strong></p>\r\n<h3><a href=\"https://syd-green-energy.com/admin/create_account.php\">Register Now</a></h3>\r\n<p><strong>If you&#8217;ve already registered, please allow up to 24 hours for our team to activate your account.</strong></p>\r\n<p>Thank you for your interest.</p>\r\n<p><strong>Your syd Green Energy Team</strong></p>', 0, 1, '', 0, 500, 1, '', '', ''),
(19, 0, 0, '', 3, 'Why Deye Inverters', 'Why Deye Inverters Are the Smarter Choice', '', 2, 1, 'content_information_why_deye.html', 1, 11, 1, '', '', ''),
(13, 0, 0, '', 2, 'Kontakt', 'Kontakt', '<p>Ihre Kontaktinformationen</p>', 8, 1, '', 1, 7, 0, '', '', ''),
(16, 0, 0, '', 2, 'Sitemap', '', '', 0, 1, 'sitemap.php', 1, 8, 0, '', '', ''),
(20, 0, 0, '', 3, 'About us', 'About SYD Green Energy', '', 1, 1, 'content_information_about_us.html', 1, 10, 1, '', '', ''),
(22, 0, 0, '', 2, 'Widerrufsbelehrung', 'Widerrufsbelehrung', '<p>Dies ist eine Internetseite ohne Handelsabsichten. Kaufverlangen werden ignoriert und nicht ausgeliefert. Evtl. Zahlungen auf Leistungen aus diesem Webshop werden nicht akzeptiert.</p>\r\n<p>Bei Fragen zum Anbieter bitte das Impressum aufrufen.</p>', 7, 0, '', 1, 9, 1, '', '', ''),
(41, 0, 0, '', 2, 'Startseitentext - unter Slider', 'YES - Cloud ERP System für Onlinehandel', 'YES ist nicht nur ein Shop, der Ihre Produkte online abbildet, sondern vielmehr ein umfangreiches E-Commerce System, das mit Onlineh&#228;ndlern f&#252;r Onlineh&#228;ndler entwickelt wurde. Wir haben die letzten 15 Jahre Entwicklungszeit darauf verwendet einen neuen Standard in den Bereichen Automatisierung wiederkehrender Aufgaben, Pr&#252;fungsmechanismen kritischer Abl&#228;ufe und Optimierung von Workflows zu etablieren. Stellen Sie noch heute den produktivsten Mitarbeiter ein, den Sie je erlebt haben, Ihr YES System. Das ERP System f&#252;r Onlinehandel aus Hamburg!', 505, 1, '', 0, 5, 1, '', '', ''),
(44, 0, 0, '', 2, 'Widerrufsformular', '', '<p><span style=\"font-size: 10pt;\">Dies ist eine Internetseite ohne Handelsabsichten. Kaufverlangen werden ignoriert und nicht ausgeliefert. Evtl. Zahlungen auf Leistungen aus diesem Webshop werden nicht akzeptiert.</span></p>\r\n<p><span style=\"font-size: 10pt;\">Widerrufsformular (g&#252;ltig ab 13.06.2014)</span></p>\r\n<p><span style=\"font-size: 12pt;\"><a href=\"https://now-yes.de/files/\" target=\"_blank\">Herunterladen</a></span></p>', 7, 0, '', 1, 12, 1, '', '', ''),
(45, 0, 0, '', 3, 'Überschrift 1', '', '<h4>B2B marketplace</h4>\r\n<h1>Welcome to SYD Green Energy</h1>', 600, 1, '', 0, 5, 1, '', '', ''),
(46, 0, 0, '', 3, 'Infotext 1', '', 'SYD Green Energy is your international B2B marketplace for advanced renewable energy solutions. As a Platinum Partner of Deye, we offer direct access to cutting-edge hybrid inverters, energy storage, and PV products, combined with expert consulting, training, and reliable logistics. We partner with installers, energy providers, EPCs, and wholesalers to deliver smart, efficient energy systems worldwide.', 601, 1, '', 0, 5, 1, '', '', ''),
(47, 0, 0, '', 3, 'Intro Text', '', '<h3 class=\"text-white mt-3\">Powered by SYD Green Energy</h3>\r\n<h2 class=\"text-white\">Global Maritime Shipping Routes</h2>\r\n<div class=\"text-white\">\r\n<p><strong>At SYD Green Energy, we ensure your projects receive the right products &#8212; reliably, quickly, and at the best terms. Our logistics start at the production hubs in China, from where we ship directly to all major international harbors. Whether your project is in Europe, North America, Africa, or the Middle East, we deliver where you need us.</strong></p>\r\n<p><strong>Our Shipping Model (CIF &#8211; Cost, Insurance and Freight):</strong></p>\r\n<p></p>\r\n<ul>\r\n<li data-start=\"696\" data-end=\"746\">\r\n<p data-start=\"698\" data-end=\"746\"><strong><strong data-start=\"698\" data-end=\"721\">30% upfront payment</strong> at order confirmation.</strong></p>\r\n</li>\r\n<li data-start=\"747\" data-end=\"808\">\r\n<p data-start=\"749\" data-end=\"808\"><strong><strong data-start=\"749\" data-end=\"777\">Balance due upon arrival</strong> in your destination country.</strong></p>\r\n</li>\r\n<li data-start=\"809\" data-end=\"890\">\r\n<p data-start=\"811\" data-end=\"890\"><strong><strong data-start=\"811\" data-end=\"838\">Fully insured shipments</strong> with guaranteed delivery to your designated port.</strong></p>\r\n</li>\r\n</ul>\r\n<p></p>\r\n<p><strong>Your Benefits:</strong></p>\r\n<p></p>\r\n<ul>\r\n<li data-start=\"913\" data-end=\"1024\">\r\n<p data-start=\"915\" data-end=\"1024\"><strong><strong data-start=\"915\" data-end=\"938\">Worldwide Coverage:</strong> From China to any major harbor, we connect your business with global supply chains.</strong></p>\r\n</li>\r\n<li data-start=\"1025\" data-end=\"1115\">\r\n<p data-start=\"1027\" data-end=\"1115\"><strong><strong data-start=\"1027\" data-end=\"1046\">Cost-Efficient:</strong> Competitive container pricing and reduced per-unit costs at scale.</strong></p>\r\n</li>\r\n<li data-start=\"1116\" data-end=\"1209\">\r\n<p data-start=\"1118\" data-end=\"1209\"><strong><strong data-start=\"1118\" data-end=\"1140\">Secure &amp; Reliable:</strong> Every shipment is insured and monitored &#8212; your cargo is protected.</strong></p>\r\n</li>\r\n<li data-start=\"1210\" data-end=\"1374\">\r\n<p data-start=\"1212\" data-end=\"1374\"><strong><strong data-start=\"1212\" data-end=\"1237\">Ready for Forwarding:</strong> Once goods arrive at your port, they are cleared and ready for further transport to warehouses, project sites, or retail distribution.</strong></p>\r\n</li>\r\n</ul>\r\n<p></p>\r\n<p>We see ourselves not just as a supplier, but as a proactive solution partner. Working closely with installers, energy providers, EPCs, and&#160;</p>\r\n<p data-start=\"1376\" data-end=\"1611\">With our <strong data-start=\"1385\" data-end=\"1419\">Platinum Partnership with Deye</strong> and long-standing experience in global trade, we make sure that your equipment not only arrives safely but also on time &#8212; so you can focus on what matters: <strong data-start=\"1576\" data-end=\"1608\">successful project execution</strong>.</p>\r\n</div>', 602, 1, '', 0, 5, 1, '', '', ''),
(48, 0, 0, '', 3, 'Überschrift 2', '', '<h4>A wide range of products</h4>\r\n<h1>Solar systems and accessories from the experts</h1>', 603, 1, '', 0, 5, 1, '', '', ''),
(49, 0, 0, '', 3, 'Infotext 2', '', 'We offer a comprehensive selection of high-quality solar solutions tailored to meet the diverse needs of both residential and commercial customers. From efficient solar panels and innovative inverters to durable mounting systems and reliable battery storage, our product range is carefully curated to ensure maximum performance and longevity. With years of industry expertise, we provide not just products but complete solutions, offering professional advice, planning support, and after-sales service. Whether you\'re looking to reduce energy costs, achieve greater independence from the grid, or contribute to a greener future, we are your trusted partner for sustainable and future-proof energy systems.', 604, 1, '', 0, 5, 1, '', '', ''),
(50, 0, 0, '', 2, 'FAQ Hinweis', '', '<h4 class=\"text-white\"><strong>Find out more about our products solutions</strong><br />in our FAQ</h4>\r\n<h4 class=\"text-white\"><span style=\"text-decoration: underline;\"><strong>Top 50 FAQs &#8211; Deye Hybrid Inverters &amp; ESS Installation</strong></span></h4>\r\n<p class=\"text-white\"><strong>1. How long does it take to install a Deye ESS system?</strong></p>\r\n<p class=\"text-white\">Standard installation takes<span>&#160;</span><strong>1&#8211;2 working days</strong>, depending on system size and complexity.</p>\r\n<p class=\"text-white\"><strong>2. Which batteries ...</strong></p>', 605, 1, '', 0, 5, 0, '', '', ''),
(51, 0, 0, '', 2, 'Footer Wer wir sind', 'Wer wir sind', 'YES ist nicht nur ein Shop, der Ihre Produkte online abbildet, sondern vielmehr ein umfangreiches <br />E-Commerce System, das mit Onlineh&#228;ndlern f&#252;r Onlineh&#228;ndler entwickelt wird.\r\n<p><strong> Jeden Tag - seit 2004!</strong></p>', 606, 1, '', 0, 5, 1, '', '', ''),
(52, 0, 0, '', 2, 'Footer Logo + Adresse', 'Kontakt', '', 607, 1, '', 0, 5, 1, '', '', ''),
(53, 0, 0, '', 2, 'Footer Hinweistext', '', '*All prices in Euro (EUR) excluding VAT and excluding shipping costs. The crossed-out prices correspond to the previous price from us.', 608, 1, '', 0, 5, 1, '', '', ''),
(55, 0, 0, '', 2, 'Hinweistext: Header, Versandkosten beim Artikel, Warenkorb', '', '', 508, 1, '', 0, 5, 1, '', '', ''),
(85, 0, 0, '', 3, 'Versandkosten', 'Versandkosten', '<div class=\"contents\">\r\n<p>Dies ist eine Internetseite ohne Handelsabsichten. Kaufverlangen werden ignoriert und nicht ausgeliefert. Evtl. Zahlungen auf Leistungen aus diesem Webshop werden nicht akzeptiert.</p>\r\n<p>Bei Fragen zum Anbieter bitte das Impressum aufrufen.</p>\r\n</div>', 4, 0, '', 1, 1, 0, '', '', ''),
(86, 0, 0, '', 3, 'Our GTC', 'General Terms and Conditions', '<h2>I. General Terms and Conditions</h2>\r\n<h5>&#167; 1 Basic provisions</h5>\r\n<p><br />(1) The following business terms are applicable to all the contracts, which you conclude with us as a supplier (AMD GmbH) via the https://www.solarset.shop website. Unless otherwise agreed, the inclusion of your own terms and conditions, if any, is contradicted<br /><br />(2) A consumer within the meaning of the following provisions is any natural person who concludes a legal transaction for purposes that can predominantly be attributed neither to their commercial nor their independent professional activity. An entrepreneur is any natural or legal person or a partnership with legal capacity who or which, when entering into a legal transaction, acts in exercise of his or its independent professional or commercial activity.</p>\r\n<p></p>\r\n<h5>&#167; 2 Formation of the contract</h5>\r\n<p>(1) The subject of the contract is the sale of goods.<br /><br />(2) By placing the respective product on our website, we make you a binding offer to conclude a contract via the online shopping cart system under the conditions specified in the item description.</p>\r\n<p>(3) The contract is concluded via the online shopping cart system as follows:<br />The goods intended for purchase are placed in the &#8220;shopping cart&#8221;. You can call up the &#8220;shopping cart&#8221; via the corresponding button in the navigation bar and make changes there at any time.<br />After accessing the &#8220;Checkout&#8221; page and entering your personal data as well as the payment and shipping conditions, the order data will be displayed as an order overview.</p>\r\n<p>If you use an instant payment system (e.g. PayPal / PayPal Express, Amazon Payments, Sofort&#252;berweisung) as a payment method, you will either be taken to the order overview page in our online store or redirected to the website of the provider of the instant payment system.<br />If you are redirected to the respective instant payment system, please make the appropriate selection or enter your data there. Finally, the order data will be displayed as an order overview on the website of the provider of the instant payment system or after you have been redirected back to our online store.</p>\r\n<p>Before submitting the order, you have the option of checking the details in the order overview again, changing them (also via the &#8220;back&#8221; function of the Internet browser) or canceling the order.<br />By sending the order via the corresponding button (&#8220;order with obligation to pay&#8221; or similar designation), you declare acceptance of the offer in a legally binding manner, whereby the contract is concluded.<br /><br />(4) Your requests for the preparation of an offer are non-binding for you. We will submit a binding offer to you in text form (e.g. by e-mail), which you can accept within 5 days (unless another period is specified in the respective offer).<br /><br />(5) The processing of the order and the transmission of all information required in connection with the conclusion of the contract is partly automated by e-mail. You must therefore ensure that the e-mail address you have provided to us is correct, that the receipt of e-mails is technically ensured and, in particular, that it is not prevented by SPAM filters.</p>\r\n<p></p>\r\n<h5>&#167; 3 Payment methods</h5>\r\n<p>Only the payment methods displayed to the customer during the ordering process are accepted.</p>\r\n<p></p>\r\n<h5>&#167; 4 Right of retention, retention of title</h5>\r\n<p>(1) You may only exercise a right of retention insofar as it concerns claims arising from the same contractual relationship.<br /><br />(2) The goods shall remain our property until the purchase price has been paid in full.<br /><br />(3) If you are an entrepreneur, the following shall apply in addition:<br /><br />(a) We reserve title to the goods until all claims arising from the current business relationship have been settled in full. Prior to the transfer of ownership of the reserved goods, pledging or transfer by way of security is not permitted.</p>\r\n<p>b) You may resell the goods in the ordinary course of business. In this case, you hereby assign to us all claims in the amount of the invoice amount that accrue to you from the resale; we accept the assignment. You are further authorized to collect the claim. However, if you do not properly meet your payment obligations, we reserve the right to collect the claim ourselves.<br /><br />c) If the goods subject to retention of title are combined and mixed, we shall acquire co-ownership of the new item in the ratio of the invoice value of the goods subject to retention of title to the other processed items at the time of processing.<br /><br />d) We undertake to release the securities to which we are entitled at your request to the extent that the realizable value of our securities exceeds the claim to be secured by more than 10%. We shall be responsible for selecting the securities to be released.</p>\r\n<p></p>\r\n<h5>&#167; 5 Warranty</h5>\r\n<p><br />(1) The statutory warranty rights apply.<br /><br />(2) As a consumer, you are requested to check the goods immediately upon delivery for completeness, obvious defects and transport damage and to notify us and the carrier of any complaints as soon as possible. If you fail to do so, this shall have no effect on your statutory warranty claims.<br /><br />(3) If a characteristic of the goods deviates from the objective requirements, the deviation shall only be deemed to have been agreed if you were informed of the same by us before submitting the contractual declaration and the deviation was expressly and separately agreed between the contracting parties.<br /><br />(4) If you are an entrepreneur, the following shall apply in deviation from the above warranty provisions:</p>\r\n<p>a) Only our own specifications and the manufacturer\'s product description shall be deemed agreed as the quality of the goods, but not other advertising, public promotions and statements by the manufacturer.<br /><br />b) In the event of defects, we shall provide warranty at our discretion by repair or replacement. If the rectification of defects fails, you may, at your discretion, demand a reduction in price or withdraw from the contract. The rectification of defects shall be deemed to have failed after a second unsuccessful attempt, unless the nature of the goods or the defect or other circumstances indicate otherwise. In the event of rectification of defects, we shall not be required to bear the increased costs arising from the transportation of the goods to a location other than the place of performance, provided that the transportation does not correspond to the intended use of the goods.<br /><br />c) The warranty period is one year from delivery of the goods. The shortening of the period shall not apply:</p>\r\n<p>- for culpably caused damage attributable to us arising from injury to life, limb or health and for other damage caused intentionally or through gross negligence;<br />- insofar as we have fraudulently concealed the defect or have assumed a guarantee for the quality of the item;<br />- in the case of items that have been used for a building in accordance with their normal use and have caused its defectiveness;<br />- in the case of statutory recourse claims that you have against us in connection with warranty rights.</p>\r\n<p></p>\r\n<h5>&#167; 6 Choice of law, place of performance, place of jurisdiction</h5>\r\n<p>(1) German law shall apply. In the case of consumers, this choice of law shall only apply insofar as the protection afforded by mandatory provisions of the law of the state of the consumer\'s habitual residence is not thereby withdrawn (principle of favorability).<br /><br />(2) The place of performance for all services arising from the business relationships existing with us and the place of jurisdiction shall be our registered office if you are not a consumer but a merchant, a legal entity under public law or a special fund under public law. The same applies if you do not have a general place of jurisdiction in Germany or the EU or if your place of residence or habitual abode is not known at the time the action is brought. The right to appeal to the court at another legal place of jurisdiction remains unaffected by this.<br /><br />(3) The provisions of the UN Convention on Contracts for the International Sale of Goods shall expressly not apply.</p>\r\n<p></p>\r\n<h2>II Customer information</h2>\r\n<p></p>\r\n<h5>1. identity of the seller</h5>\r\n<p><span class=\"il\">SYD</span>&#160;Green Energy GmbH &amp;&#160;Co.&#160;KG</p>\r\n<p>Gesch&#228;ftsf&#252;hrung<br />Andrej Dedic, Maurice Dedic<br />An der G&#252;mpgesbr&#252;cke 26<br />41564 Kaarst<br /><br />Tel.: 02131 52811-23<br /><br />Mail: info@solarset.shop<a href=\"mailto:info@yes-system.de\" target=\"_blank\"></a><br />Internet: www.solarset.shop</p>\r\n<p>Ust.-ID:&#160;DE356243656<br />Handelsregister AG Neuss HRA8152</p>\r\n<p></p>\r\n<h5>2. information on the conclusion of the contract</h5>\r\n<p><br />The technical steps for the conclusion of the contract, the conclusion of the contract itself and the correction options are carried out in accordance with the provisions &#8220;Conclusion of the contract&#8221; of our General Terms and Conditions (Part I.).<br /><br />3 Contract language, contract text storage</p>\r\n<p><br />3.1 The contract language is German.</p>\r\n<p>3.2 The complete text of the contract is not saved by us. Before sending the order via the online shopping cart system, the contract data can be printed out using the browser\'s print function or saved electronically. After we have received the order, the order data, the information required by law for distance selling contracts and the General Terms and Conditions will be sent to you again by e-mail.<br /><br />3.3 In the case of requests for quotations outside the online shopping cart system, you will receive all contract data as part of a binding offer in text form, e.g. by e-mail, which you can print out or save electronically.</p>\r\n<p></p>\r\n<h5>4. essential characteristics of the goods or services</h5>\r\n<p>The essential characteristics of the goods and/or services can be found in the respective offer.</p>\r\n<p></p>\r\n<h5>5 Prices and terms of payment</h5>\r\n<p>5.1 The prices quoted in the respective offers as well as the shipping costs represent total prices. They include all price components including all applicable taxes.<br /><br />5.2 The shipping costs incurred are not included in the purchase price. They can be called up via a correspondingly labeled button on our website or in the respective offer, are shown separately during the ordering process and are to be borne by you additionally, unless delivery free of shipping costs has been promised.<br /><br />5.3 The payment methods available to you are shown under a correspondingly labeled button on our website or in the respective offer.<br /><br />5.4 Unless otherwise stated for the individual payment methods, the payment claims from the concluded contract are due for payment immediately.</p>\r\n<p></p>\r\n<h5>6 Terms of delivery</h5>\r\n<p>6.1 The terms of delivery, the delivery date and any existing delivery restrictions can be found under a correspondingly labeled button on our website or in the respective offer.<br /><br />6.2 If you are a consumer, it is regulated by law that the risk of accidental loss and accidental deterioration of the sold item during shipment only passes to you when the goods are handed over to you, regardless of whether the shipment is insured or uninsured. This does not apply if you have independently commissioned a transport company not named by the entrepreneur or another person designated to carry out the shipment.<br /><br />If you are an entrepreneur, delivery and shipment shall be at your risk.</p>\r\n<p></p>\r\n<h5>7 Statutory liability for defects</h5>\r\n<p>Liability for defects is governed by the &#8220;Warranty&#8221; provision in our General Terms and Conditions (Part I).</p>', 6, 1, '', 1, 3, 0, '', '', ''),
(87, 0, 0, '', 3, 'Impressum', 'Imprint', '<p>SYD Green Energy GmbH &amp; Co. KG</p>\r\n<p>An der G&#252;mpgesbr&#252;cke 26<br />41564 Kaarst</p>\r\n<p>Ust.ID:&#160;DE&#160;356243656<br />Handelsregister: HRA8152</p>\r\n<p>Registiergericht: Neuss</p>\r\n<p></p>\r\n<p><strong>Vertreten durch:</strong></p>\r\n<p>SYD Verwaltungs GmbH</p>\r\n<p>An der G&#252;mpgesbr&#252;cke 26</p>\r\n<p>41564 Kaarst</p>\r\n<p>Deutschland</p>\r\n<p>Diese vertreten durch: Andrej Dedic und Maurice Dedic</p>\r\n<p>Handelsregister : HRB22646</p>\r\n<p>Registriergericht : Neuss</p>\r\n<p></p>\r\n<p><br /><br />Tel.: 02131 52811-23<br /><br />Mail: info@solarset.shop<a href=\"mailto:info@yes-system.de\" target=\"_blank\"></a><br />Internet: www.solarset.shop<a href=\"http://www.yes-websolutions.de/\" target=\"blank\"><br /></a></p>\r\n<p></p>\r\n<hr />\r\n<p>Batt-Reg.-Nr DE35237757</p>\r\n<p>WEEE Reg.-Nr. DE22791629<br />gem&#228;&#223; Elektro- und Elektronikger&#228;tegesetzes (ElektroG)</p>\r\n<p>Informationspflichten gem. &#167; 18 Abs. 2 Elektro- und Elektronikger&#228;tegesetz:<br /><a href=\"https://www.bmuv.de/themen/wasser-ressourcen-abfall/kreislaufwirtschaft/statistiken/elektro-und-elektronikaltgeraete\" target=\"_blank\">https://www.bmuv.de/themen/wasser-ressourcen-abfall/kreislaufwirtschaft/statistiken/elektro-und-elektronikaltgeraete</a></p>', 7, 1, '', 1, 4, 0, '', '', '');
INSERT INTO `content_manager` (`content_id`, `categories_id`, `parent_id`, `group_ids`, `languages_id`, `content_title`, `content_heading`, `content_text`, `sort_order`, `file_flag`, `content_file`, `content_status`, `content_group`, `content_delete`, `content_meta_title`, `content_meta_description`, `content_meta_keywords`) VALUES
(84, 0, 0, '', 3, 'Datenschtzerklärung', 'Data protection', '<div class=\"contents\">Thank you for your interest in our website. The protection of your privacy is very important to us. We therefore inform you in detail below about how we handle your data.<br /><br />The term &#8220;personal data&#8221; refers to all information relating to an identified or identifiable natural person.<br />You are not obliged to provide us with your personal data. Such an obligation does not arise from legal regulations, nor is it contractually required or even necessary for the conclusion of a contract.<br />If you do not provide us with your personal data, this will not have any consequences for you, unless otherwise stated in the data processing procedures described below.</div>\r\n<div class=\"contents\"></div>\r\n<div class=\"contents\"><strong>Event log files</strong></div>\r\n<div class=\"contents\">You can also visit our website without providing any personal data. However, every time you access our own website, data about your Internet visit is transmitted by your Internet browser in an automated process and stored in an event log file (so-called &#8220;server log files&#8221;) (example: (Sun Jul 18:07:06.12 2018): Beginning Wbemupgd.dll Registration (Sun Jul 18:07:67.12 2018): Current build of wbemupgd.dll is 5.1.2600.2180 (xpsp_sp2_rtm.R1A8N0O7E1T9Z6E7L). The IP address of the website visitor is transmitted, which can be used to identify the Internet connection owner - only by court order - as well as the destination address of the page accessed, the time of the website visit, the amount of data and the identification code of the provider that guarantees the Internet connection of the visitor to our website. It is impossible for us to assign this data to a specific person. The sole purpose of these event log files is to ensure a trouble-free visit to our website and to continuously improve our Internet services.</div>\r\n<div class=\"contents\"></div>\r\n<div class=\"contents\"><strong>Contact form</strong></div>\r\n<div class=\"contents\">We provide a contact form for our website visitors, which you can use to send us information or questions. We only collect your personal data such as your name, your e-mail address and the message text for this purpose, but only to the extent that you yourself make it available to us in this contact form. By sending your message to us, you consent to this data processing. The legal basis for this is Art. 6 (1) lit. a GDPR. You can revoke your consent at any time by notifying us without affecting the legality of the data processing carried out on the basis of the consent until revocation. If you have not consented to the further processing of your data, the data you have provided to us will be deleted immediately.</div>\r\n<div class=\"contents\"></div>\r\n<div class=\"contents\"><strong>Customer account</strong></div>\r\n<div class=\"contents\">When you open a customer account, we collect your personal data to the extent provided by you. The collection and processing of your data serves the purpose of making your visit to our website more pleasant and to process your subsequent orders and to secure and simplify the processes during the order process in the interest of both parties. The legal basis for this is Art. 6 (1) lit. a GDPR. You can revoke your consent at any time by notifying us without affecting the legality of the processing carried out on the basis of the consent until revocation. We will then delete the data from your customer account immediately.</div>\r\n<div class=\"contents\"></div>\r\n<div class=\"contents\"><strong>Use of an external merchandise management system</strong></div>\r\n<div class=\"contents\">We use the YES4trade merchandise management system to process contracts. Your personal data is not transferred to YES Websolutions Ltd. as part of order processing.<br />The merchandise management system is provided as part of the web services and hosting by our system and hosting partner YES Websolutions - Burak Agri , Meiendorfer Weg 124b, 22359 Hamburg, Germany.</div>\r\n<div class=\"contents\"></div>\r\n<div class=\"contents\"><strong>Data collection, processing and use for orders</strong></div>\r\n<div class=\"contents\">If you place an order with us, we collect and use the personal data you provide to us exclusively in order to fulfill the purchase contract with you and to be able to process your order properly. Without this data collection, no purchase contract can be concluded with us. The legal basis for this data processing for the execution of the order is Art. 6 (1) lit. b GDPR. We will not pass on your data to third parties without your express consent. Excluded from this are our service partners who assist us in fulfilling our contractual obligations towards you on the basis of contractual agreements, such as shipping companies (e.g. DHL) and payment services (e.g. Paypal), web hosters, IT service providers. In compliance with all legal regulations, we only pass on the minimum amount of personal data required to fulfill the respective tasks of these service providers.</div>\r\n<div class=\"contents\"></div>\r\n<div class=\"contents\"><strong>Collection and processing when using the contact form</strong> <br />When you use the contact form, we only collect your personal data (name, e-mail address, message text) to the extent that you have provided. The data processing serves the purpose of establishing contact. By sending your message, you consent to the processing of the transmitted data. The processing is carried out on the basis of Art. 6 (1) lit. a GDPR with your consent.<br />You can revoke your consent at any time by notifying us without affecting the legality of the processing carried out on the basis of the consent until revocation. We will only use your email address to process your request. Your data will then be deleted unless you have consented to further processing and use.</div>\r\n<div class=\"contents\"></div>\r\n<div class=\"contents\"><strong>Use of the e-mail address for sending newsletters</strong></div>\r\n<div class=\"contents\">We use your e-mail address independently of the contract processing exclusively for our own advertising purposes for sending newsletters, provided you have expressly consented to this. The processing is carried out on the basis of Art. 6 (1) lit. a GDPR with your consent. You can withdraw your consent at any time without affecting the lawfulness of processing based on consent before its withdrawal. You can unsubscribe from the newsletter at any time by using the corresponding link in the newsletter or by notifying us. Your e-mail address will then be removed from the mailing list. <br /><br /></div>\r\n<div class=\"contents\"></div>\r\n<div class=\"contents\"></div>', 3, 1, '', 1, 2, 0, '', '', ''),
(61, 0, 0, '', 3, 'Preis Info', 'Preis Info', 'Sehr geehrte Damen und Herren,<br /><br /> mit Ihrem aktuellen Systemstatus k&#246;nnen Sie momentan keine Preise sehen.<br /><br /><br /> Loggen Sie sich bitte ein, bzw. melden Sie sich an.<br /><br /> Sollten Sie trotz erfolgreicher Anmeldung keine Preise sehen k&#246;nnen, so kommen Sie bitte auf uns zu.<br /><br />', 0, 0, '', 0, 500, 1, '', '', ''),
(62, 0, 0, '', 3, 'Cooperations', 'Cooperations', '<h2>Our system house and partner</h2>\r\n<h3><a href=\"https://yes-websolutions.de\" target=\"_blank\" title=\"Ecommerce Management consultancy\">Yes Websolutions from Hamburg (Germany)</a></h3>\r\n<p>The YES Websolutions team offers the YES system as a cloud ERP system for online retail.<br />It also supports us as a consultant in all business matters. <br /><br /><a href=\"https://www.yes-system.de\" target=\"_blank\" title=\"ERP Ecommerce Warenwirtschaft\"><img src=\"https://yes-system.de/yes-system-logo.png\" alt=\"ERP Ecommerce Warenwirtschaft  yes-system.de\" width=\"100\" border=\"0\" /></a><br /> ERP ecommerce merchandise management yes-system.de The YES System is the optimal software for online retail which, as a complete solution, maps your business areas from a single basis..</p>\r\n<p>If you have any questions, please contact us.</p>', 0, 1, '', 1, 123, 1, '', '', ''),
(82, 0, 0, '', 3, 'Index', 'Willkommen', '<p>{$greeting}</p>', 0, 1, '', 0, 5, 0, '', '', ''),
(83, 0, 0, '', 3, 'Sitemap', '', '', 0, 1, 'sitemap.php', 1, 8, 0, '', '', ''),
(65, 0, 0, '', 3, 'Wir über uns', 'Wir über uns', '<h2>Herzlich Willkommen bei YES Concept / YES-System &#8211; Ihrer neuen Handelssoftware</h2>\r\n<p>Das YES4trade ERP System ist eine speziell f&#252;r den Onlinehandel entwickelte<span class=\"Apple-converted-space\">&#160;</span><a href=\"http://yes-system.de/\" title=\"Multichannel Warenwirtschaft.\">Multichannel Warenwirtschaft.</a><br />Das System bildet auch den klassischen station&#228;ren Einzel- und Gro&#223;handel \"parallel\" ab.</p>\r\n<p>&#160;</p>\r\n<h2>Alles in einem System!</h2>\r\n<p>YES bildet den gesamten Handel eines Unternehmens ab.<br />S&#228;mtliche Handelsbereiche des Unternehmens werden aus einer einzigen Basis bedient. Es spielt keine Rolle ob der jeweilige Anwender in einer Filiale, im Stammlager oder B&#252;ro sitzt. Alle arbeiten mit den selben Daten und da es ein einziges System ist, liegen die Daten auch immer aktuell vor. Eine Synchronisation mit einer Filiale oder mit einem Webshop gibt es nicht &#8211; ist nicht erforderlich.</p>\r\n<p>&#160;</p>\r\n<h2>Niemanden fragen &#8211; nie wieder suchen</h2>\r\n<p>S&#228;mtliche Abteilungen wie der Einkauf, Verkauf, Kundendienst (Mailsystem, Reklamationen, &#8230; CRM), das Lager / Versand, das Ladengesch&#228;ft, weitere Marktpl&#228;tze (Ebay, Amazon, real, &#8230;) arbeiten mit einem System. Die gesamte Kommunikation, sowohl intern wie extern l&#228;uft &#252;ber YES-System.<br />Alle wichtigen Vorg&#228;nge werden protokolliert und stehen jederzeit an Ort und Stelle zur Verf&#252;gung.</p>\r\n<p>&#160;</p>\r\n<h2>KMU und Einzelunternehmer</h2>\r\n<p>Unsere Kunden sind sowohl Einzelh&#228;ndler, als auch mittelst&#228;ndische Unternehmen. Durch unser umfangreiches Berechtigungskonzept, sind die Berechtigungen gem&#228;&#223; dem jeweiligen Aufgabengebiet des einzelnen Mitarbeiters genau definierbar. Dar&#252;ber hinaus werden Ihre Prozesse &#252;ber das Customising optimal abgebildet.<br style=\"box-sizing: border-box; font-family: sans-serif, \'Open Sans\', helvetica, arial;\" />Die optimale Prozessabbildung, das interne Meldesystem und die nahezu systemweite Protokollierung sorgen f&#252;r reibungslose Abl&#228;ufe.</p>\r\n<p>&#160;</p>\r\n<h2>Das YES System sichert Ihr Gesch&#228;ft ab ohne das Sie die Kontrolle verlieren.</h2>', 1, 1, '', 1, 10, 1, '', '', ''),
(66, 0, 0, '', 3, 'Widerrufsbelehrung', 'Widerrufsbelehrung', '<p>Dies ist eine Internetseite ohne Handelsabsichten. Kaufverlangen werden ignoriert und nicht ausgeliefert. Evtl. Zahlungen auf Leistungen aus diesem Webshop werden nicht akzeptiert.</p>\r\n<p>Bei Fragen zum Anbieter bitte das Impressum aufrufen.</p>', 7, 0, '', 1, 9, 1, '', '', ''),
(67, 0, 0, '', 3, 'Startseitentext - unter Slider', 'YES - Cloud ERP System für Onlinehandel', 'YES ist nicht nur ein Shop, der Ihre Produkte online abbildet, sondern vielmehr ein umfangreiches E-Commerce System, das mit Onlineh&#228;ndlern f&#252;r Onlineh&#228;ndler entwickelt wurde. Wir haben die letzten 15 Jahre Entwicklungszeit darauf verwendet einen neuen Standard in den Bereichen Automatisierung wiederkehrender Aufgaben, Pr&#252;fungsmechanismen kritischer Abl&#228;ufe und Optimierung von Workflows zu etablieren. Stellen Sie noch heute den produktivsten Mitarbeiter ein, den Sie je erlebt haben, Ihr YES System. Das ERP System f&#252;r Onlinehandel aus Hamburg!', 505, 1, '', 0, 5, 1, '', '', ''),
(68, 0, 0, '', 3, 'Widerrufsformular', '', '<p><span style=\"font-size: 10pt;\">Dies ist eine Internetseite ohne Handelsabsichten. Kaufverlangen werden ignoriert und nicht ausgeliefert. Evtl. Zahlungen auf Leistungen aus diesem Webshop werden nicht akzeptiert.</span></p>\r\n<p><span style=\"font-size: 10pt;\">Widerrufsformular (g&#252;ltig ab 13.06.2014)</span></p>\r\n<p><span style=\"font-size: 12pt;\"><a href=\"https://now-yes.de/files/\" target=\"_blank\">Herunterladen</a></span></p>', 7, 0, '', 1, 12, 1, '', '', ''),
(69, 0, 0, '', 3, 'Überschrift 1', '', '<h4>A wide range of products</h4>\r\n<h1>Solar systems and accessories from the experts</h1>', 600, 1, '', 0, 5, 1, '', '', ''),
(70, 0, 0, '', 3, 'Infotext 1', '', 'We offer high-quality solar modules for a sustainable and independent energy supply. With our innovative technology, you save costs and protect the environment. Put your trust in our expertise and take a step towards a green future. Get advice now and use solar energy!', 601, 1, '', 0, 5, 1, '', '', ''),
(71, 0, 0, '', 3, 'Intro Text', '', '<h3 class=\"text-white mt-3\">Welcome to syd Green Energy</h3>\r\n<h2 class=\"text-white\">B2B marketplace</h2>\r\n<div class=\"text-white mt-5\">\r\n<p style=\"margin-top: 0px; margin-bottom: 0px; color: #000000; font-family: Calibri, Helvetica, sans-serif; font-size: 16px; font-style: normal; font-variant-ligatures: normal; font-variant-caps: normal; font-weight: 400; letter-spacing: normal; orphans: 2; text-align: start; text-indent: 0px; text-transform: none; widows: 2; word-spacing: 0px; -webkit-text-stroke-width: 0px; white-space: normal; background-color: #ffffff; text-decoration-thickness: initial; text-decoration-style: initial; text-decoration-color: initial;\"><strong>About SYD Green Energy GmbH &amp; Co. KG</strong></p>\r\n<p style=\"margin-top: 0px; margin-bottom: 0px; color: #000000; font-family: Calibri, Helvetica, sans-serif; font-size: 16px; font-style: normal; font-variant-ligatures: normal; font-variant-caps: normal; font-weight: 400; letter-spacing: normal; orphans: 2; text-align: start; text-indent: 0px; text-transform: none; widows: 2; word-spacing: 0px; -webkit-text-stroke-width: 0px; white-space: normal; background-color: #ffffff; text-decoration-thickness: initial; text-decoration-style: initial; text-decoration-color: initial;\"><strong>SYD Green Energy GmbH &amp; Co. KG</strong>, headquartered in Germany, is an internationally operating company specializing in high-performance system solutions in the field of renewable energy. Our core focus is on supplying smart, high-quality products for energy storage, photovoltaic applications, and inverter technology to business customers around the globe.</p>\r\n<p style=\"margin-top: 0px; margin-bottom: 0px; color: #000000; font-family: Calibri, Helvetica, sans-serif; font-size: 16px; font-style: normal; font-variant-ligatures: normal; font-variant-caps: normal; font-weight: 400; letter-spacing: normal; orphans: 2; text-align: start; text-indent: 0px; text-transform: none; widows: 2; word-spacing: 0px; -webkit-text-stroke-width: 0px; white-space: normal; background-color: #ffffff; text-decoration-thickness: initial; text-decoration-style: initial; text-decoration-color: initial;\">As a<span>&#160;</span><strong>certified Platinum Partner of the renowned manufacturer Deye</strong>, we are a direct distributor of one of the world\'s leading providers of hybrid inverters and energy storage systems. This close partnership grants us privileged access to the latest product innovations, exclusive model lines, and premium technical support &#8211; a clear benefit for our partners and clients.</p>\r\n<p style=\"margin-top: 0px; margin-bottom: 0px; color: #000000; font-family: Calibri, Helvetica, sans-serif; font-size: 16px; font-style: normal; font-variant-ligatures: normal; font-variant-caps: normal; font-weight: 400; letter-spacing: normal; orphans: 2; text-align: start; text-indent: 0px; text-transform: none; widows: 2; word-spacing: 0px; -webkit-text-stroke-width: 0px; white-space: normal; background-color: #ffffff; text-decoration-thickness: initial; text-decoration-style: initial; text-decoration-color: initial;\"><strong>What sets us apart:</strong></p>\r\n<ul style=\"color: #000000; font-family: Calibri, Helvetica, sans-serif; font-size: 16px; font-style: normal; font-variant-ligatures: normal; font-variant-caps: normal; font-weight: 400; letter-spacing: normal; orphans: 2; text-align: start; text-indent: 0px; text-transform: none; widows: 2; word-spacing: 0px; -webkit-text-stroke-width: 0px; white-space: normal; background-color: #ffffff; text-decoration-thickness: initial; text-decoration-style: initial; text-decoration-color: initial;\">\r\n<li style=\"margin-left: 15px;\">\r\n<p style=\"margin-top: 0px; margin-bottom: 0px;\">Distribution of state-of-the-art hybrid and PV inverters, battery storage systems, and PV components</p>\r\n</li>\r\n<li style=\"margin-left: 15px;\">\r\n<p style=\"margin-top: 0px; margin-bottom: 0px;\">System consulting and project support for commercial and industrial clients</p>\r\n</li>\r\n<li style=\"margin-left: 15px;\">\r\n<p style=\"margin-top: 0px; margin-bottom: 0px;\">Technical training, partner support, and comprehensive after-sales service</p>\r\n</li>\r\n<li style=\"margin-left: 15px;\">\r\n<p style=\"margin-top: 0px; margin-bottom: 0px;\">Efficient B2B logistics and global export capabilities</p>\r\n</li>\r\n<li style=\"margin-left: 15px;\">\r\n<p style=\"margin-top: 0px; margin-bottom: 0px;\">High product availability through direct factory access and strategic warehousing</p>\r\n</li>\r\n</ul>\r\n<p style=\"margin-top: 0px; margin-bottom: 0px; color: #000000; font-family: Calibri, Helvetica, sans-serif; font-size: 16px; font-style: normal; font-variant-ligatures: normal; font-variant-caps: normal; font-weight: 400; letter-spacing: normal; orphans: 2; text-align: start; text-indent: 0px; text-transform: none; widows: 2; word-spacing: 0px; -webkit-text-stroke-width: 0px; white-space: normal; background-color: #ffffff; text-decoration-thickness: initial; text-decoration-style: initial; text-decoration-color: initial;\">We see ourselves not just as a supplier, but as a proactive solution partner. Working closely with installers, energy providers, EPCs, and wholesale partners, we develop and implement forward-looking energy concepts. Our approach is based on long-term cooperation, technological excellence, and a strong customer focus.</p>\r\n<p style=\"margin-top: 0px; margin-bottom: 0px; color: #000000; font-family: Calibri, Helvetica, sans-serif; font-size: 16px; font-style: normal; font-variant-ligatures: normal; font-variant-caps: normal; font-weight: 400; letter-spacing: normal; orphans: 2; text-align: start; text-indent: 0px; text-transform: none; widows: 2; word-spacing: 0px; -webkit-text-stroke-width: 0px; white-space: normal; background-color: #ffffff; text-decoration-thickness: initial; text-decoration-style: initial; text-decoration-color: initial;\"><strong>Our Vision:</strong><br /><em>To store energy intelligently, distribute it efficiently, and make it sustainably usable &#8211; worldwide.</em></p>\r\n<p style=\"margin-top: 0px; margin-bottom: 0px; color: #000000; font-family: Calibri, Helvetica, sans-serif; font-size: 16px; font-style: normal; font-variant-ligatures: normal; font-variant-caps: normal; font-weight: 400; letter-spacing: normal; orphans: 2; text-align: start; text-indent: 0px; text-transform: none; widows: 2; word-spacing: 0px; -webkit-text-stroke-width: 0px; white-space: normal; background-color: #ffffff; text-decoration-thickness: initial; text-decoration-style: initial; text-decoration-color: initial;\"><strong>Our Mission:</strong><br /><em>To shape the decentralized energy supply of the future through technological expertise, global reach, and strong partnerships.</em></p>\r\n<br class=\"Apple-interchange-newline\" /><br /></div>', 602, 1, '', 0, 5, 1, '', '', ''),
(72, 0, 0, '', 3, 'Slider 4', '', '', 603, 1, '', 0, 5, 1, '', '', ''),
(73, 0, 0, '', 3, 'Slider 5', '', '', 604, 1, '', 0, 5, 1, '', '', ''),
(74, 0, 0, '', 3, 'Footer Bezahlarten', 'Unsere Bezahlarten', '<img src=\"https://now-yes.de//files/Paymentlogos/paypal.png\" alt=\"\" width=\"80px\" /> <img src=\"https://now-yes.de/files/Paymentlogos/kreditkarte.png\" alt=\"\" width=\"80px\" /> <img src=\"https://now-yes.de/files/Paymentlogos/moneyorder.png\" alt=\"\" width=\"80px\" /> <img src=\"https://now-yes.de/files/Paymentlogos/sofortueberweisung.png\" alt=\"\" width=\"80px\" />', 605, 1, '', 0, 5, 1, '', '', ''),
(75, 0, 0, '', 3, 'Footer Wer wir sind', 'Wer wir sind', 'YES ist nicht nur ein Shop, der Ihre Produkte online abbildet, sondern vielmehr ein umfangreiches <br />E-Commerce System, das mit Onlineh&#228;ndlern f&#252;r Onlineh&#228;ndler entwickelt wird.\r\n<p><strong> Jeden Tag - seit 2004!</strong></p>', 606, 1, '', 0, 5, 1, '', '', ''),
(76, 0, 0, '', 3, 'Footer Logo + Adresse', 'Kontakt', '<a href=\"#\"><img src=\"https://now-yes.de//files/Logos/logo.jpg\" alt=\"\" /></a>\r\n<p><strong>YES-System.de Webshop</strong><br /> Haupt Strasse 1<br /> 20000 Hamaburg</p>\r\n<p>Tel. 040 209 314 800 <br />info@yes-system.de</p>', 607, 1, '', 0, 5, 1, '', '', ''),
(77, 0, 0, '', 3, 'Footer Hinweistext', '', '*Alle Preise in Euro (EUR) inklusive gesetzlicher Mehrwertsteuer und exklusive&#160;<a href=\"https://now-yes.de/Versandkosten-_-1.html\">Versandkosten</a>.<br /> Die durchgestrichenen Preise entsprechen dem bisherigen Preis bei uns.<br /><br />', 608, 1, '', 0, 5, 1, '', '', ''),
(78, 0, 0, '', 3, 'Hinweistext: Header, Versandkosten beim Artikel, Warenkorb', '', '040 - 209 314 800 / ab 99,- &#8364; Versandkostenfrei', 508, 1, '', 0, 5, 1, '', '', ''),
(79, 0, 0, '', 3, 'Deye ESS Battery', 'Deye ESS Battery', '', 10, 1, 'content_information_deye_ess_battery.html', 1, 13, 1, '', '', ''),
(80, 0, 0, '', 3, 'Case studies', 'Profitability Analysis', '', 12, 1, 'content_information_case_studies.html', 0, 14, 1, '', '', ''),
(81, 0, 0, '', 3, 'FAQ', 'Top 50 FAQs – Deye Hybrid Inverters', '', 15, 1, 'content_information_faq.html', 0, 15, 1, '', '', ''),
(95, 0, 0, '', 3, 'Shipping', 'Shipping', '', 19, 1, 'content_information_shipping.html', 1, 19, 1, '', '', ''),
(96, 0, 0, '', 3, 'Registration Complete', 'Registration Complete', '', 66, 0, 'content_information_reg.html', 1, 66, 1, '', '', ''),
(97, 0, 0, '', 3, 'C+I Solutions', 'C+I Solutions', '', 17, 1, 'content-c+i-Solutions.html', 0, 17, 1, '', '', ''),
(98, 0, 0, '', 3, 'AI & Dynamic Tariff', 'AI & Dynamic Tariff', '', 0, 1, 'content_information_ai_tariff.html', 0, 98, 1, '', '', ''),
(88, 0, 0, '', 3, 'Kontakt', 'Kontakt', '<p>Ihre Kontaktinformationen</p>', 8, 1, '', 1, 7, 0, '', '', ''),
(89, 0, 0, '', 3, 'Footer Hinweistext', '', '<h4 class=\"text-white\">Find out more about our products solutions</h4>\r\n<h2 class=\"text-white\">in our FAQ</h2>\r\n<div class=\"text-white\">Lorem ipsum dolor sit amet consectetur adipisicing elit. Inventore, magnam ducimus. Repellendus quae modi iusto voluptatum perspiciatis unde. Exercitationem harum distinctio dolore eaque officiis, id cupiditate. Sed hic consequuntur mollitia!</div>', 605, 1, '', 0, 5, 0, '', '', ''),
(90, 0, 0, '', 3, 'News Module', '', '', 0, 1, 'content_information_news.html', 0, 5, 1, '', '', ''),
(91, 0, 0, '', 3, 'Downloads', 'Downloads', '', 69, 1, 'content_information_downloads.html', 1, 16, 1, '', '', '');

-- --------------------------------------------------------

--
-- Tabellenstruktur für Tabelle `costs`
--

CREATE TABLE `costs` (
  `costs_id` int(11) NOT NULL,
  `class` varchar(32) NOT NULL DEFAULT '',
  `orders_id` int(11) NOT NULL DEFAULT '0',
  `reclamations_id` int(11) NOT NULL DEFAULT '0',
  `customers_id` int(11) NOT NULL DEFAULT '0',
  `comments` text NOT NULL,
  `date_created` datetime NOT NULL DEFAULT '0000-00-00 00:00:00',
  `editor_id` int(11) NOT NULL DEFAULT '0',
  `value` float NOT NULL DEFAULT '0'
) ENGINE=MyISAM DEFAULT CHARSET=utf8;

-- --------------------------------------------------------

--
-- Tabellenstruktur für Tabelle `counter`
--

CREATE TABLE `counter` (
  `startdate` char(8) DEFAULT NULL,
  `counter` int(12) DEFAULT NULL
) ENGINE=MyISAM DEFAULT CHARSET=utf8;

-- --------------------------------------------------------

--
-- Tabellenstruktur für Tabelle `counter_history`
--

CREATE TABLE `counter_history` (
  `month` char(8) DEFAULT NULL,
  `counter` int(12) DEFAULT NULL
) ENGINE=MyISAM DEFAULT CHARSET=utf8;

-- --------------------------------------------------------

--
-- Tabellenstruktur für Tabelle `countries`
--

CREATE TABLE `countries` (
  `countries_id` int(11) NOT NULL,
  `countries_name` varchar(64) NOT NULL DEFAULT '',
  `countries_iso_code_2` char(2) NOT NULL DEFAULT '',
  `countries_iso_code_3` char(3) NOT NULL DEFAULT '',
  `address_format_id` int(11) NOT NULL DEFAULT '0'
) ENGINE=MyISAM DEFAULT CHARSET=utf8;

--
-- Daten für Tabelle `countries`
--

INSERT INTO `countries` (`countries_id`, `countries_name`, `countries_iso_code_2`, `countries_iso_code_3`, `address_format_id`) VALUES
(1, 'Afghanistan', 'AF', 'AFG', 1),
(2, 'Albania', 'AL', 'ALB', 1),
(3, 'Algeria', 'DZ', 'DZA', 1),
(4, 'American Samoa', 'AS', 'ASM', 1),
(5, 'Andorra', 'AD', 'AND', 1),
(6, 'Angola', 'AO', 'AGO', 1),
(7, 'Anguilla', 'AI', 'AIA', 1),
(8, 'Antarctica', 'AQ', 'ATA', 1),
(9, 'Antigua and Barbuda', 'AG', 'ATG', 1),
(10, 'Argentina', 'AR', 'ARG', 1),
(11, 'Armenia', 'AM', 'ARM', 1),
(12, 'Aruba', 'AW', 'ABW', 1),
(13, 'Australia', 'AU', 'AUS', 1),
(14, 'Austria', 'AT', 'AUT', 5),
(15, 'Azerbaijan', 'AZ', 'AZE', 1),
(16, 'Bahamas', 'BS', 'BHS', 1),
(17, 'Bahrain', 'BH', 'BHR', 1),
(18, 'Bangladesh', 'BD', 'BGD', 1),
(19, 'Barbados', 'BB', 'BRB', 1),
(20, 'Belarus', 'BY', 'BLR', 1),
(21, 'Belgium', 'BE', 'BEL', 1),
(22, 'Belize', 'BZ', 'BLZ', 1),
(23, 'Benin', 'BJ', 'BEN', 1),
(24, 'Bermuda', 'BM', 'BMU', 1),
(25, 'Bhutan', 'BT', 'BTN', 1),
(26, 'Bolivia', 'BO', 'BOL', 1),
(27, 'Bosnia and Herzegowina', 'BA', 'BIH', 1),
(28, 'Botswana', 'BW', 'BWA', 1),
(29, 'Bouvet Island', 'BV', 'BVT', 1),
(30, 'Brazil', 'BR', 'BRA', 1),
(31, 'British Indian Ocean Territory', 'IO', 'IOT', 1),
(32, 'Brunei Darussalam', 'BN', 'BRN', 1),
(33, 'Bulgaria', 'BG', 'BGR', 1),
(34, 'Burkina Faso', 'BF', 'BFA', 1),
(35, 'Burundi', 'BI', 'BDI', 1),
(36, 'Cambodia', 'KH', 'KHM', 1),
(37, 'Cameroon', 'CM', 'CMR', 1),
(38, 'Canada', 'CA', 'CAN', 1),
(39, 'Cape Verde', 'CV', 'CPV', 1),
(40, 'Cayman Islands', 'KY', 'CYM', 1),
(41, 'Central African Republic', 'CF', 'CAF', 1),
(42, 'Chad', 'TD', 'TCD', 1),
(43, 'Chile', 'CL', 'CHL', 1),
(44, 'China', 'CN', 'CHN', 1),
(45, 'Christmas Island', 'CX', 'CXR', 1),
(46, 'Cocos (Keeling) Islands', 'CC', 'CCK', 1),
(47, 'Colombia', 'CO', 'COL', 1),
(48, 'Comoros', 'KM', 'COM', 1),
(49, 'Congo', 'CG', 'COG', 1),
(50, 'Cook Islands', 'CK', 'COK', 1),
(51, 'Costa Rica', 'CR', 'CRI', 1),
(52, 'Cote D Ivoire', 'CI', 'CIV', 1),
(53, 'Croatia', 'HR', 'HRV', 1),
(54, 'Cuba', 'CU', 'CUB', 1),
(55, 'Cyprus', 'CY', 'CYP', 1),
(56, 'Czech Republic', 'CZ', 'CZE', 1),
(57, 'Denmark', 'DK', 'DNK', 1),
(58, 'Djibouti', 'DJ', 'DJI', 1),
(59, 'Dominica', 'DM', 'DMA', 1),
(60, 'Dominican Republic', 'DO', 'DOM', 1),
(61, 'East Timor', 'TP', 'TMP', 1),
(62, 'Ecuador', 'EC', 'ECU', 1),
(63, 'Egypt', 'EG', 'EGY', 1),
(64, 'El Salvador', 'SV', 'SLV', 1),
(65, 'Equatorial Guinea', 'GQ', 'GNQ', 1),
(66, 'Eritrea', 'ER', 'ERI', 1),
(67, 'Estonia', 'EE', 'EST', 1),
(68, 'Ethiopia', 'ET', 'ETH', 1),
(69, 'Falkland Islands (Malvinas)', 'FK', 'FLK', 1),
(70, 'Faroe Islands', 'FO', 'FRO', 1),
(71, 'Fiji', 'FJ', 'FJI', 1),
(72, 'Finland', 'FI', 'FIN', 1),
(73, 'France', 'FR', 'FRA', 1),
(74, 'France, Metropolitan', 'FX', 'FXX', 1),
(75, 'French Guiana', 'GF', 'GUF', 1),
(76, 'French Polynesia', 'PF', 'PYF', 1),
(77, 'French Southern Territories', 'TF', 'ATF', 1),
(78, 'Gabon', 'GA', 'GAB', 1),
(79, 'Gambia', 'GM', 'GMB', 1),
(80, 'Georgia', 'GE', 'GEO', 1),
(81, 'Germany', 'DE', 'DEU', 5),
(82, 'Ghana', 'GH', 'GHA', 1),
(83, 'Gibraltar', 'GI', 'GIB', 1),
(84, 'Greece', 'GR', 'GRC', 1),
(85, 'Greenland', 'GL', 'GRL', 1),
(86, 'Grenada', 'GD', 'GRD', 1),
(87, 'Guadeloupe', 'GP', 'GLP', 1),
(88, 'Guam', 'GU', 'GUM', 1),
(89, 'Guatemala', 'GT', 'GTM', 1),
(90, 'Guinea', 'GN', 'GIN', 1),
(91, 'Guinea-bissau', 'GW', 'GNB', 1),
(92, 'Guyana', 'GY', 'GUY', 1),
(93, 'Haiti', 'HT', 'HTI', 1),
(94, 'Heard and Mc Donald Islands', 'HM', 'HMD', 1),
(95, 'Honduras', 'HN', 'HND', 1),
(96, 'Hong Kong', 'HK', 'HKG', 1),
(97, 'Hungary', 'HU', 'HUN', 1),
(98, 'Iceland', 'IS', 'ISL', 1),
(99, 'India', 'IN', 'IND', 1),
(100, 'Indonesia', 'ID', 'IDN', 1),
(101, 'Iran (Islamic Republic of)', 'IR', 'IRN', 1),
(102, 'Iraq', 'IQ', 'IRQ', 1),
(103, 'Ireland', 'IE', 'IRL', 1),
(104, 'Israel', 'IL', 'ISR', 1),
(105, 'Italy', 'IT', 'ITA', 1),
(106, 'Jamaica', 'JM', 'JAM', 1),
(107, 'Japan', 'JP', 'JPN', 1),
(108, 'Jordan', 'JO', 'JOR', 1),
(109, 'Kazakhstan', 'KZ', 'KAZ', 1),
(110, 'Kenya', 'KE', 'KEN', 1),
(111, 'Kiribati', 'KI', 'KIR', 1),
(112, 'Korea, Democratic People\'s Republic of', 'KP', 'PRK', 1),
(113, 'Korea, Republic of', 'KR', 'KOR', 1),
(114, 'Kuwait', 'KW', 'KWT', 1),
(115, 'Kyrgyzstan', 'KG', 'KGZ', 1),
(116, 'Lao People\'s Democratic Republic', 'LA', 'LAO', 1),
(117, 'Latvia', 'LV', 'LVA', 1),
(118, 'Lebanon', 'LB', 'LBN', 1),
(119, 'Lesotho', 'LS', 'LSO', 1),
(120, 'Liberia', 'LR', 'LBR', 1),
(121, 'Libyan Arab Jamahiriya', 'LY', 'LBY', 1),
(122, 'Liechtenstein', 'LI', 'LIE', 1),
(123, 'Lithuania', 'LT', 'LTU', 1),
(124, 'Luxembourg', 'LU', 'LUX', 1),
(125, 'Macau', 'MO', 'MAC', 1),
(126, 'Macedonia, The Former Yugoslav Republic of', 'MK', 'MKD', 1),
(127, 'Madagascar', 'MG', 'MDG', 1),
(128, 'Malawi', 'MW', 'MWI', 1),
(129, 'Malaysia', 'MY', 'MYS', 1),
(130, 'Maldives', 'MV', 'MDV', 1),
(131, 'Mali', 'ML', 'MLI', 1),
(132, 'Malta', 'MT', 'MLT', 1),
(133, 'Marshall Islands', 'MH', 'MHL', 1),
(134, 'Martinique', 'MQ', 'MTQ', 1),
(135, 'Mauritania', 'MR', 'MRT', 1),
(136, 'Mauritius', 'MU', 'MUS', 1),
(137, 'Mayotte', 'YT', 'MYT', 1),
(138, 'Mexico', 'MX', 'MEX', 1),
(139, 'Micronesia, Federated States of', 'FM', 'FSM', 1),
(140, 'Moldova, Republic of', 'MD', 'MDA', 1),
(141, 'Monaco', 'MC', 'MCO', 1),
(142, 'Mongolia', 'MN', 'MNG', 1),
(143, 'Montserrat', 'MS', 'MSR', 1),
(144, 'Morocco', 'MA', 'MAR', 1),
(145, 'Mozambique', 'MZ', 'MOZ', 1),
(146, 'Myanmar', 'MM', 'MMR', 1),
(147, 'Namibia', 'NA', 'NAM', 1),
(148, 'Nauru', 'NR', 'NRU', 1),
(149, 'Nepal', 'NP', 'NPL', 1),
(150, 'Netherlands', 'NL', 'NLD', 1),
(151, 'Netherlands Antilles', 'AN', 'ANT', 1),
(152, 'New Caledonia', 'NC', 'NCL', 1),
(153, 'New Zealand', 'NZ', 'NZL', 1),
(154, 'Nicaragua', 'NI', 'NIC', 1),
(155, 'Niger', 'NE', 'NER', 1),
(156, 'Nigeria', 'NG', 'NGA', 1),
(157, 'Niue', 'NU', 'NIU', 1),
(158, 'Norfolk Island', 'NF', 'NFK', 1),
(159, 'Northern Mariana Islands', 'MP', 'MNP', 1),
(160, 'Norway', 'NO', 'NOR', 1),
(161, 'Oman', 'OM', 'OMN', 1),
(162, 'Pakistan', 'PK', 'PAK', 1),
(163, 'Palau', 'PW', 'PLW', 1),
(164, 'Panama', 'PA', 'PAN', 1),
(165, 'Papua New Guinea', 'PG', 'PNG', 1),
(166, 'Paraguay', 'PY', 'PRY', 1),
(167, 'Peru', 'PE', 'PER', 1),
(168, 'Philippines', 'PH', 'PHL', 1),
(169, 'Pitcairn', 'PN', 'PCN', 1),
(170, 'Poland', 'PL', 'POL', 1),
(171, 'Portugal', 'PT', 'PRT', 1),
(172, 'Puerto Rico', 'PR', 'PRI', 1),
(173, 'Qatar', 'QA', 'QAT', 1),
(174, 'Reunion', 'RE', 'REU', 1),
(175, 'Romania', 'RO', 'ROU', 1),
(176, 'Russian Federation', 'RU', 'RUS', 1),
(177, 'Rwanda', 'RW', 'RWA', 1),
(178, 'Saint Kitts and Nevis', 'KN', 'KNA', 1),
(179, 'Saint Lucia', 'LC', 'LCA', 1),
(180, 'Saint Vincent and the Grenadines', 'VC', 'VCT', 1),
(181, 'Samoa', 'WS', 'WSM', 1),
(182, 'San Marino', 'SM', 'SMR', 1),
(183, 'Sao Tome and Principe', 'ST', 'STP', 1),
(184, 'Saudi Arabia', 'SA', 'SAU', 1),
(185, 'Senegal', 'SN', 'SEN', 1),
(186, 'Seychelles', 'SC', 'SYC', 1),
(187, 'Sierra Leone', 'SL', 'SLE', 1),
(188, 'Singapore', 'SG', 'SGP', 4),
(189, 'Slovakia (Slovak Republic)', 'SK', 'SVK', 1),
(190, 'Slovenia', 'SI', 'SVN', 1),
(191, 'Solomon Islands', 'SB', 'SLB', 1),
(192, 'Somalia', 'SO', 'SOM', 1),
(193, 'South Africa', 'ZA', 'ZAF', 1),
(194, 'South Georgia and the South Sandwich Islands', 'GS', 'SGS', 1),
(195, 'Spain', 'ES', 'ESP', 3),
(196, 'Sri Lanka', 'LK', 'LKA', 1),
(197, 'St. Helena', 'SH', 'SHN', 1),
(198, 'St. Pierre and Miquelon', 'PM', 'SPM', 1),
(199, 'Sudan', 'SD', 'SDN', 1),
(200, 'Suriname', 'SR', 'SUR', 1),
(201, 'Svalbard and Jan Mayen Islands', 'SJ', 'SJM', 1),
(202, 'Swaziland', 'SZ', 'SWZ', 1),
(203, 'Sweden', 'SE', 'SWE', 1),
(204, 'Switzerland', 'CH', 'CHE', 1),
(205, 'Syrian Arab Republic', 'SY', 'SYR', 1),
(206, 'Taiwan', 'TW', 'TWN', 1),
(207, 'Tajikistan', 'TJ', 'TJK', 1),
(208, 'Tanzania, United Republic of', 'TZ', 'TZA', 1),
(209, 'Thailand', 'TH', 'THA', 1),
(210, 'Togo', 'TG', 'TGO', 1),
(211, 'Tokelau', 'TK', 'TKL', 1),
(212, 'Tonga', 'TO', 'TON', 1),
(213, 'Trinidad and Tobago', 'TT', 'TTO', 1),
(214, 'Tunisia', 'TN', 'TUN', 1),
(215, 'Turkey', 'TR', 'TUR', 1),
(216, 'Turkmenistan', 'TM', 'TKM', 1),
(217, 'Turks and Caicos Islands', 'TC', 'TCA', 1),
(218, 'Tuvalu', 'TV', 'TUV', 1),
(219, 'Uganda', 'UG', 'UGA', 1),
(220, 'Ukraine', 'UA', 'UKR', 1),
(221, 'United Arab Emirates', 'AE', 'ARE', 1),
(222, 'United Kingdom', 'GB', 'GBR', 1),
(223, 'United States', 'US', 'USA', 2),
(224, 'United States Minor Outlying Islands', 'UM', 'UMI', 1),
(240, 'Uruguay', 'UY', 'URY', 5),
(226, 'Uzbekistan', 'UZ', 'UZB', 1),
(227, 'Vanuatu', 'VU', 'VUT', 1),
(228, 'Vatican City State (Holy See)', 'VA', 'VAT', 1),
(229, 'Venezuela', 'VE', 'VEN', 1),
(230, 'Viet Nam', 'VN', 'VNM', 1),
(231, 'Virgin Islands (British)', 'VG', 'VGB', 1),
(232, 'Virgin Islands (U.S.)', 'VI', 'VIR', 1),
(233, 'Wallis and Futuna Islands', 'WF', 'WLF', 1),
(234, 'Western Sahara', 'EH', 'ESH', 1),
(235, 'Yemen', 'YE', 'YEM', 1),
(236, 'Yugoslavia', 'YU', 'YUG', 1),
(237, 'Zaire', 'ZR', 'ZAR', 1),
(238, 'Zambia', 'ZM', 'ZMB', 1),
(239, 'Zimbabwe', 'ZW', 'ZWE', 1),
(241, 'Serbia', 'RS', 'SRB', 1);

-- --------------------------------------------------------

--
-- Tabellenstruktur für Tabelle `countries_allocations`
--

CREATE TABLE `countries_allocations` (
  `countries_group` varchar(32) NOT NULL DEFAULT '',
  `countries_id` int(11) NOT NULL DEFAULT '0'
) ENGINE=MyISAM DEFAULT CHARSET=utf8;

--
-- Daten für Tabelle `countries_allocations`
--

INSERT INTO `countries_allocations` (`countries_group`, `countries_id`) VALUES
('Africa', 238),
('Africa', 237),
('Africa', 234),
('Africa', 219),
('Africa', 214),
('Africa', 210),
('Africa', 208),
('Africa', 202),
('Africa', 199),
('Africa', 197),
('Africa', 193),
('Africa', 192),
('Africa', 187),
('Africa', 186),
('Africa', 185),
('Africa', 183),
('Africa', 177),
('Africa', 174),
('Africa', 156),
('Africa', 155),
('Africa', 147),
('Africa', 145),
('Africa', 144),
('Africa', 137),
('Africa', 136),
('Africa', 135),
('Africa', 131),
('Africa', 128),
('Africa', 127),
('Africa', 121),
('Africa', 120),
('Africa', 119),
('Africa', 110),
('Africa', 91),
('Africa', 90),
('Africa', 82),
('Africa', 79),
('Africa', 78),
('Africa', 77),
('Africa', 68),
('Africa', 66),
('Africa', 65),
('Africa', 63),
('Africa', 58),
('Africa', 52),
('Africa', 49),
('Africa', 48),
('Africa', 42),
('Africa', 41),
('Africa', 39),
('Africa', 37),
('Africa', 35),
('Africa', 34),
('Africa', 29),
('Africa', 28),
('Africa', 23),
('Asia', 230),
('Asia', 226),
('Asia', 221),
('Asia', 216),
('Asia', 215),
('Asia', 209),
('Asia', 206),
('Asia', 205),
('Asia', 196),
('Asia', 188),
('Asia', 184),
('Asia', 176),
('Asia', 173),
('Asia', 168),
('Asia', 162),
('Asia', 161),
('Asia', 149),
('Asia', 146),
('Asia', 142),
('Asia', 130),
('Asia', 129),
('Asia', 125),
('Asia', 118),
('Asia', 116),
('Asia', 115),
('Asia', 114),
('Asia', 113),
('Asia', 112),
('Asia', 109),
('Asia', 108),
('Asia', 107),
('Asia', 104),
('Asia', 102),
('Asia', 101),
('Asia', 100),
('Asia', 99),
('Asia', 96),
('Asia', 80),
('Asia', 61),
('Asia', 55),
('Asia', 44),
('Asia', 36),
('Asia', 32),
('Asia', 31),
('Asia', 25),
('Asia', 18),
('Asia', 17),
('Asia', 15),
('Asia', 11),
('Asia', 1),
('Caribbean', 7),
('Caribbean', 9),
('Caribbean', 12),
('Caribbean', 16),
('Caribbean', 19),
('Caribbean', 22),
('Caribbean', 40),
('Caribbean', 47),
('Caribbean', 51),
('Caribbean', 54),
('Caribbean', 59),
('Caribbean', 60),
('Caribbean', 75),
('Caribbean', 86),
('Caribbean', 87),
('Caribbean', 89),
('Caribbean', 92),
('Caribbean', 93),
('Caribbean', 95),
('Caribbean', 106),
('Caribbean', 134),
('Caribbean', 138),
('Caribbean', 143),
('Caribbean', 151),
('Caribbean', 154),
('Caribbean', 164),
('Caribbean', 172),
('Caribbean', 178),
('Caribbean', 179),
('Caribbean', 180),
('Caribbean', 200),
('Caribbean', 213),
('Caribbean', 217),
('Caribbean', 223),
('Caribbean', 229),
('Caribbean', 231),
('Caribbean', 232),
('Europe', 222),
('Europe', 220),
('Europe', 204),
('Europe', 203),
('Europe', 201),
('Europe', 195),
('Europe', 190),
('Europe', 189),
('Europe', 182),
('Europe', 175),
('Europe', 171),
('Europe', 170),
('Europe', 160),
('Europe', 150),
('Europe', 141),
('Europe', 140),
('Europe', 132),
('Europe', 126),
('Europe', 124),
('Europe', 123),
('Europe', 122),
('Europe', 117),
('Europe', 105),
('Europe', 103),
('Europe', 98),
('Europe', 97),
('Europe', 84),
('Europe', 83),
('Europe', 81),
('Europe', 74),
('Europe', 73),
('Europe', 72),
('Europe', 70),
('Europe', 67),
('Europe', 57),
('Europe', 56),
('Europe', 53),
('Europe', 33),
('Europe', 27),
('Europe', 21),
('Europe', 20),
('Europe', 14),
('Europe', 5),
('MiddleEast', 235),
('MiddleEast', 221),
('MiddleEast', 215),
('MiddleEast', 207),
('MiddleEast', 205),
('MiddleEast', 184),
('MiddleEast', 161),
('MiddleEast', 118),
('MiddleEast', 114),
('MiddleEast', 108),
('MiddleEast', 104),
('MiddleEast', 102),
('MiddleEast', 80),
('MiddleEast', 55),
('MiddleEast', 17),
('MiddleEast', 15),
('Oceania', 4),
('Oceania', 13),
('Oceania', 45),
('Oceania', 46),
('Oceania', 50),
('Oceania', 71),
('Oceania', 76),
('Oceania', 88),
('Oceania', 100),
('Oceania', 111),
('Oceania', 133),
('Oceania', 148),
('Oceania', 152),
('Oceania', 153),
('Oceania', 157),
('Oceania', 158),
('Oceania', 159),
('Oceania', 163),
('Oceania', 165),
('Oceania', 169),
('Oceania', 181),
('Oceania', 191),
('Oceania', 211),
('Oceania', 212),
('Oceania', 218),
('Oceania', 227),
('Oceania', 233),
('NorthAmerica', 224),
('NorthAmerica', 223),
('NorthAmerica', 217),
('NorthAmerica', 213),
('NorthAmerica', 198),
('NorthAmerica', 180),
('NorthAmerica', 179),
('NorthAmerica', 178),
('NorthAmerica', 172),
('NorthAmerica', 164),
('NorthAmerica', 154),
('NorthAmerica', 151),
('NorthAmerica', 143),
('NorthAmerica', 139),
('NorthAmerica', 138),
('NorthAmerica', 134),
('NorthAmerica', 106),
('NorthAmerica', 95),
('NorthAmerica', 94),
('NorthAmerica', 93),
('NorthAmerica', 89),
('NorthAmerica', 87),
('NorthAmerica', 86),
('NorthAmerica', 85),
('NorthAmerica', 64),
('NorthAmerica', 60),
('NorthAmerica', 54),
('NorthAmerica', 51),
('NorthAmerica', 40),
('NorthAmerica', 38),
('NorthAmerica', 24),
('NorthAmerica', 22),
('NorthAmerica', 19),
('NorthAmerica', 16),
('SouthAmerica', 10),
('SouthAmerica', 26),
('SouthAmerica', 30),
('SouthAmerica', 43),
('SouthAmerica', 47),
('SouthAmerica', 62),
('SouthAmerica', 69),
('SouthAmerica', 75),
('SouthAmerica', 92),
('SouthAmerica', 166),
('SouthAmerica', 167),
('SouthAmerica', 194),
('SouthAmerica', 200),
('SouthAmerica', 225),
('SouthAmerica', 229),
('LatinAmerica', 10),
('LatinAmerica', 26),
('LatinAmerica', 30),
('LatinAmerica', 43),
('LatinAmerica', 47),
('LatinAmerica', 51),
('LatinAmerica', 54),
('LatinAmerica', 60),
('LatinAmerica', 62),
('LatinAmerica', 64),
('LatinAmerica', 89),
('LatinAmerica', 93),
('LatinAmerica', 95),
('LatinAmerica', 138),
('LatinAmerica', 154),
('LatinAmerica', 164),
('LatinAmerica', 166),
('LatinAmerica', 167),
('LatinAmerica', 225),
('LatinAmerica', 229),
('EuropeanUnion', 195),
('EuropeanUnion', 190),
('EuropeanUnion', 189),
('EuropeanUnion', 175),
('EuropeanUnion', 171),
('EuropeanUnion', 170),
('EuropeanUnion', 150),
('EuropeanUnion', 132),
('EuropeanUnion', 124),
('EuropeanUnion', 123),
('EuropeanUnion', 117),
('EuropeanUnion', 105),
('EuropeanUnion', 103),
('EuropeanUnion', 97),
('EuropeanUnion', 84),
('EuropeanUnion', 81),
('EuropeanUnion', 73),
('EuropeanUnion', 72),
('EuropeanUnion', 67),
('EuropeanUnion', 57),
('EuropeanUnion', 56),
('EuropeanUnion', 55),
('EuropeanUnion', 53),
('EuropeanUnion', 33),
('EuropeanUnion', 21),
('EuropeanUnion', 14),
('Africa', 8),
('Africa', 6),
('Asia', 235),
('Europe', 2),
('Africa', 3),
('Africa', 239),
('NorthAmerica', 12),
('NorthAmerica', 9),
('NorthAmerica', 7),
('Europe', 228),
('MiddleEast', 11),
('NorthAmerica', 232),
('MiddleEast', 236),
('EuropeanUnion', 203);

-- --------------------------------------------------------

--
-- Tabellenstruktur für Tabelle `coupons`
--

CREATE TABLE `coupons` (
  `coupon_id` int(11) NOT NULL,
  `coupon_type` char(1) NOT NULL DEFAULT 'F',
  `coupon_code` varchar(32) NOT NULL DEFAULT '',
  `coupon_amount` decimal(8,4) NOT NULL DEFAULT '0.0000',
  `coupon_minimum_order` decimal(8,4) NOT NULL DEFAULT '0.0000',
  `coupon_start_date` datetime NOT NULL DEFAULT '0000-00-00 00:00:00',
  `coupon_expire_date` datetime NOT NULL DEFAULT '0000-00-00 00:00:00',
  `uses_per_coupon` int(5) NOT NULL DEFAULT '1',
  `uses_per_user` int(5) NOT NULL DEFAULT '0',
  `restrict_to_products` varchar(255) DEFAULT NULL,
  `restrict_to_categories` varchar(255) DEFAULT NULL,
  `restrict_to_customers` text,
  `coupon_active` char(1) NOT NULL DEFAULT 'Y',
  `date_created` datetime NOT NULL DEFAULT '0000-00-00 00:00:00',
  `date_modified` datetime NOT NULL DEFAULT '0000-00-00 00:00:00',
  `free_shipping_countries` varchar(255) NOT NULL
) ENGINE=MyISAM DEFAULT CHARSET=utf8;

--
-- Daten für Tabelle `coupons`
--

INSERT INTO `coupons` (`coupon_id`, `coupon_type`, `coupon_code`, `coupon_amount`, `coupon_minimum_order`, `coupon_start_date`, `coupon_expire_date`, `uses_per_coupon`, `uses_per_user`, `restrict_to_products`, `restrict_to_categories`, `restrict_to_customers`, `coupon_active`, `date_created`, `date_modified`, `free_shipping_countries`) VALUES
(1, 'P', 'Burak10%', 10.0000, 0.0000, '2025-05-05 00:00:00', '2028-05-05 00:00:00', 100, 100, '', '', NULL, 'N', '2025-07-25 08:51:55', '2025-07-25 08:51:55', ''),
(2, 'F', 'SYD2025!!!!', 100.0000, 1000.0000, '2025-07-23 00:00:00', '2025-10-31 00:00:00', 0, 1, '', '', NULL, 'N', '2025-08-13 10:08:25', '2025-08-13 10:08:25', ''),
(3, 'F', 'SYD2025', 100.0000, 1000.0000, '2025-07-28 00:00:00', '2025-10-31 00:00:00', 10000, 5, '', '', NULL, 'Y', '2025-08-13 10:05:59', '2025-08-13 10:05:59', ''),
(4, 'F', 'TEST2025-YES', 100.0000, 1000.0000, '2025-08-07 00:00:00', '2028-08-23 00:00:00', 1000, 1, '', '', NULL, 'Y', '2025-08-13 10:05:22', '2025-08-13 10:05:22', '');

-- --------------------------------------------------------

--
-- Tabellenstruktur für Tabelle `coupons_description`
--

CREATE TABLE `coupons_description` (
  `coupon_id` int(11) NOT NULL DEFAULT '0',
  `language_id` int(11) NOT NULL DEFAULT '0',
  `coupon_name` varchar(32) NOT NULL DEFAULT '',
  `coupon_description` text
) ENGINE=MyISAM DEFAULT CHARSET=utf8;

--
-- Daten für Tabelle `coupons_description`
--

INSERT INTO `coupons_description` (`coupon_id`, `language_id`, `coupon_name`, `coupon_description`) VALUES
(1, 2, 'Burak', 'BurakBurakBurak'),
(1, 3, 'Burak', 'BurakBurakBurak'),
(2, 2, 'SYD 2025', 'We’re excited to offer you \r\n100,00€ off with our \r\nexclusive coupon:'),
(2, 3, 'SYD 2025', 'We’re excited to offer you \r\n100,00€ off with our exclusive \r\ncoupon:'),
(3, 2, 'SYD 2025', ''),
(3, 3, 'SYD 2025', ''),
(4, 2, 'TEST 2025-YES', ''),
(4, 3, 'TEST 2025-YES', '');

-- --------------------------------------------------------

--
-- Tabellenstruktur für Tabelle `coupon_email_track`
--

CREATE TABLE `coupon_email_track` (
  `unique_id` int(11) NOT NULL,
  `coupon_id` int(11) NOT NULL DEFAULT '0',
  `customer_id_sent` int(11) NOT NULL DEFAULT '0',
  `sent_firstname` varchar(32) DEFAULT NULL,
  `sent_lastname` varchar(32) DEFAULT NULL,
  `emailed_to` varchar(32) DEFAULT NULL,
  `date_sent` datetime NOT NULL DEFAULT '0000-00-00 00:00:00'
) ENGINE=MyISAM DEFAULT CHARSET=utf8;

-- --------------------------------------------------------

--
-- Tabellenstruktur für Tabelle `coupon_gv_customer`
--

CREATE TABLE `coupon_gv_customer` (
  `customer_id` int(5) NOT NULL DEFAULT '0',
  `amount` decimal(8,4) NOT NULL DEFAULT '0.0000'
) ENGINE=MyISAM DEFAULT CHARSET=utf8;

-- --------------------------------------------------------

--
-- Tabellenstruktur für Tabelle `coupon_gv_queue`
--

CREATE TABLE `coupon_gv_queue` (
  `unique_id` int(5) NOT NULL,
  `customer_id` int(5) NOT NULL DEFAULT '0',
  `order_id` int(5) NOT NULL DEFAULT '0',
  `amount` decimal(8,4) NOT NULL DEFAULT '0.0000',
  `date_created` datetime NOT NULL DEFAULT '0000-00-00 00:00:00',
  `ipaddr` varchar(32) NOT NULL DEFAULT '',
  `release_flag` char(1) NOT NULL DEFAULT 'N'
) ENGINE=MyISAM DEFAULT CHARSET=utf8;

-- --------------------------------------------------------

--
-- Tabellenstruktur für Tabelle `coupon_redeem_track`
--

CREATE TABLE `coupon_redeem_track` (
  `unique_id` int(11) NOT NULL,
  `coupon_id` int(11) NOT NULL DEFAULT '0',
  `customer_id` int(11) NOT NULL DEFAULT '0',
  `redeem_date` datetime NOT NULL DEFAULT '0000-00-00 00:00:00',
  `redeem_ip` varchar(32) NOT NULL DEFAULT '',
  `order_id` int(11) NOT NULL DEFAULT '0'
) ENGINE=MyISAM DEFAULT CHARSET=utf8;

--
-- Daten für Tabelle `coupon_redeem_track`
--

INSERT INTO `coupon_redeem_track` (`unique_id`, `coupon_id`, `customer_id`, `redeem_date`, `redeem_ip`, `order_id`) VALUES
(1, 2, 5009, '2025-07-24 10:43:19', '', 9),
(2, 2, 5015, '2025-07-24 16:11:31', '', 13),
(3, 1, 1, '2025-07-24 18:59:34', '', 14),
(4, 1, 1, '2025-07-25 08:52:26', '', 15),
(5, 4, 1, '2025-08-13 10:06:15', '', 50011),
(6, 3, 1, '2025-08-13 10:08:44', '', 50012),
(7, 3, 5062, '2025-08-13 14:09:26', '', 50013),
(8, 3, 5062, '2025-08-13 14:13:53', '', 50014),
(9, 3, 5105, '2025-08-27 07:29:56', '', 50038);

-- --------------------------------------------------------

--
-- Tabellenstruktur für Tabelle `currencies`
--

CREATE TABLE `currencies` (
  `currencies_id` int(11) NOT NULL,
  `title` varchar(32) NOT NULL DEFAULT '',
  `code` char(3) NOT NULL DEFAULT '',
  `symbol_left` varchar(12) DEFAULT NULL,
  `symbol_right` varchar(12) DEFAULT NULL,
  `decimal_point` char(1) DEFAULT NULL,
  `thousands_point` char(1) DEFAULT NULL,
  `decimal_places` char(1) DEFAULT NULL,
  `value` float(13,8) DEFAULT NULL,
  `last_updated` datetime DEFAULT NULL
) ENGINE=MyISAM DEFAULT CHARSET=utf8;

--
-- Daten für Tabelle `currencies`
--

INSERT INTO `currencies` (`currencies_id`, `title`, `code`, `symbol_left`, `symbol_right`, `decimal_point`, `thousands_point`, `decimal_places`, `value`, `last_updated`) VALUES
(1, 'Euro', 'EUR', '', 'EUR', ',', '.', '2', 1.00000000, '2004-09-15 09:56:10'),
(2, 'US-Dollar', 'USD', '', 'USD', ',', '.', '2', 1.00000000, NULL);

-- --------------------------------------------------------

--
-- Tabellenstruktur für Tabelle `customers`
--

CREATE TABLE `customers` (
  `customers_id` int(11) NOT NULL,
  `customers_cid` varchar(32) DEFAULT NULL,
  `customers_vat_id` varchar(20) DEFAULT NULL,
  `customers_vat_id_status` int(2) NOT NULL DEFAULT '0',
  `customers_warning` varchar(32) DEFAULT NULL,
  `customers_status` int(5) NOT NULL DEFAULT '1',
  `customers_gender` char(1) NOT NULL DEFAULT '',
  `customers_firstname` varchar(64) NOT NULL,
  `customers_lastname` varchar(64) NOT NULL,
  `customers_dob` datetime NOT NULL DEFAULT '0000-00-00 00:00:00',
  `customers_email_address` varchar(96) NOT NULL DEFAULT '',
  `customers_default_address_id` int(11) NOT NULL DEFAULT '0',
  `customers_telephone` varchar(32) NOT NULL DEFAULT '',
  `customers_fax` varchar(32) DEFAULT NULL,
  `customers_password` varchar(40) NOT NULL DEFAULT '',
  `customers_newsletter` char(1) DEFAULT NULL,
  `customers_newsletter_mode` char(1) NOT NULL DEFAULT '0',
  `member_flag` char(1) NOT NULL DEFAULT '0',
  `delete_user` char(1) NOT NULL DEFAULT '1',
  `account_type` int(1) NOT NULL DEFAULT '0',
  `password_request_key` varchar(32) NOT NULL DEFAULT '',
  `customers_ebay_userid` varchar(64) NOT NULL DEFAULT '',
  `kto_nummer` varchar(32) NOT NULL DEFAULT '',
  `kto_blz` varchar(32) NOT NULL DEFAULT '',
  `kto_bank` varchar(128) NOT NULL DEFAULT '',
  `kto_inhaber` varchar(128) NOT NULL DEFAULT '',
  `kto_iban` varchar(128) NOT NULL DEFAULT '',
  `kto_swift` varchar(128) NOT NULL DEFAULT '',
  `block_warnings` int(1) NOT NULL DEFAULT '0',
  `block_warnings_span` int(1) NOT NULL DEFAULT '0',
  `block_warnings_dayspan` int(11) NOT NULL DEFAULT '0',
  `block_warnings_date` datetime NOT NULL DEFAULT '0000-00-00 00:00:00',
  `mobile` varchar(64) NOT NULL DEFAULT '',
  `subject_from_textitem` int(1) NOT NULL DEFAULT '0',
  `branches_id` int(11) NOT NULL DEFAULT '0',
  `customers_date_added` datetime NOT NULL DEFAULT '0000-00-00 00:00:00',
  `customers_last_modified` datetime NOT NULL DEFAULT '0000-00-00 00:00:00',
  `refferers_id` int(11) NOT NULL,
  `orders_default_search_type` varchar(32) NOT NULL,
  `use_own_mailaddress` int(1) NOT NULL,
  `easylog_tn_national` varchar(64) NOT NULL,
  `easylog_tn_international` varchar(64) NOT NULL,
  `account_value_alert_notified` int(1) NOT NULL,
  `account_value` decimal(10,4) NOT NULL,
  `email_signature` text NOT NULL,
  `hpsu_iban` varchar(64) DEFAULT NULL,
  `hpsu_bic` varchar(64) DEFAULT NULL,
  `wechselgeld_calculator` int(1) NOT NULL DEFAULT '1',
  `distributor_orders_edit_products_search_default` varchar(32) NOT NULL,
  `theme` varchar(32) DEFAULT NULL
) ENGINE=InnoDB DEFAULT CHARSET=utf8;

--
-- Daten für Tabelle `customers`
--

INSERT INTO `customers` (`customers_id`, `customers_cid`, `customers_vat_id`, `customers_vat_id_status`, `customers_warning`, `customers_status`, `customers_gender`, `customers_firstname`, `customers_lastname`, `customers_dob`, `customers_email_address`, `customers_default_address_id`, `customers_telephone`, `customers_fax`, `customers_password`, `customers_newsletter`, `customers_newsletter_mode`, `member_flag`, `delete_user`, `account_type`, `password_request_key`, `customers_ebay_userid`, `kto_nummer`, `kto_blz`, `kto_bank`, `kto_inhaber`, `kto_iban`, `kto_swift`, `block_warnings`, `block_warnings_span`, `block_warnings_dayspan`, `block_warnings_date`, `mobile`, `subject_from_textitem`, `branches_id`, `customers_date_added`, `customers_last_modified`, `refferers_id`, `orders_default_search_type`, `use_own_mailaddress`, `easylog_tn_national`, `easylog_tn_international`, `account_value_alert_notified`, `account_value`, `email_signature`, `hpsu_iban`, `hpsu_bic`, `wechselgeld_calculator`, `distributor_orders_edit_products_search_default`, `theme`) VALUES
(1, '', '', 0, NULL, 0, '', 'YES', 'System', '0000-00-00 00:00:00', 'system@yes-websolutions.de', 1, '040-112-110', '', '1424e80743973ed9fb3bd82cece945a6', '1', '0', '0', '0', 0, '', '', '', '', '', '', '', '', 0, 0, 0, '0000-00-00 00:00:00', '', 0, 0, '0000-00-00 00:00:00', '0000-00-00 00:00:00', 0, 'search_user', 1, '', '', 0, 0.0000, 'TEST 2222', NULL, NULL, 1, '', NULL),
(96, '', '', 0, NULL, 9, 'm', 'Kasse', '__KASSE__', '0000-00-00 00:00:00', 'KASSE@syd-green-energy.com', 97, '000000000', '', 'NICHTRELEVANT', '1', '0', '0', '1', 0, '', '', '', '', '', '', '', '', 0, 0, 0, '0000-00-00 00:00:00', '', 0, 0, '0000-00-00 00:00:00', '0000-00-00 00:00:00', 0, '', 0, '', '', 0, 0.0000, '', NULL, NULL, 1, '', NULL),
(5000, '', NULL, 0, NULL, 0, 'm', 'Maurice', 'Dedic', '0000-00-00 00:00:00', 'md@syd-green-energy.com', 5000, '011223456', '', 'a33434eca0652fa8ca87fdb666830ff8', '0', '0', '0', '1', 0, '', '', '', '', '', '', '', '', 0, 0, 0, '0000-00-00 00:00:00', '', 0, 0, '0000-00-00 00:00:00', '0000-00-00 00:00:00', 0, '', 0, '', '', 0, 0.0000, '<div style=\"max-width: 600px; margin: 0 auto; padding: 20px; font-family: Arial, sans-serif; font-size: 12px;\">\n<div style=\"margin-bottom: 20px;\">If you have any questions, feel free to contact us anytime.<br /><br /> With best regards,</div>\n<div style=\"margin-bottom: 20px;\">Maurice Dedic | CEO<br />tel.: +49 (0)2131 / 528 11 20<br /> <strong>SYD Green Energy</strong></div>\n<!-- Footer -->\n<div style=\"text-align: right; padding-bottom: 20px;\"><img src=\"https://syd-green-energy.com/templates/yes-system/img/logo.png\" alt=\"SYD Green Energy\" width=\"120\" /></div>\n<table style=\"width: 100%; border-collapse: collapse;\">\n<tbody>\n<tr>\n<td style=\"padding: 10px;\"><strong>SYD Green Energy GmbH &amp; Co. KG</strong><br /> An der G&#252;mpgesbr&#252;cke 26<br /> 41564 Kaarst</td>\n<td style=\"padding: 10px;\">Tel: 02131 52811-23<br /> Fax: 02131 52811-21<br /> <a href=\"https://syd-green-energy.com\">www.syd-green-energy.com</a></td>\n</tr>\n</tbody>\n</table>\n<div style=\"padding: 20px; background-color: #f9f9f9; margin-top: 20px;\">Thank you for your interest in SYD Green Energy GmbH &amp; Co. KG.<br /> We look forward to supporting your business with our sustainable energy solutions and services. If you have any questions, please do not hesitate to contact us.</div>\n</div>', NULL, NULL, 1, '', NULL),
(5001, '', '', 0, NULL, 0, 'm', 'Andrej', 'Dedic', '0000-00-00 00:00:00', 'ad@syd-green-energy.com', 5001, '011223456', '', '5f9a8769b00cbfdd4864be3183e903e7', '0', '0', '0', '1', 0, '', '', '', '', '', '', '', '', 0, 0, 0, '0000-00-00 00:00:00', '', 0, 0, '0000-00-00 00:00:00', '0000-00-00 00:00:00', 0, '', 0, '', '', 0, 0.0000, '<div style=\"max-width: 600px; margin: 0 auto; padding: 20px; font-family: Arial, sans-serif; font-size: 12px;\">\n<div style=\"margin-bottom: 20px;\">If you have any questions, feel free to contact us anytime.<br /><br /> With best regards,</div>\n<div style=\"margin-bottom: 20px;\">Andrej Dedic | CEO<br />tel.: +49 (0)21315281123<br /> <strong>SYD Green Energy</strong></div>\n<!-- Footer -->\n<div style=\"text-align: right; padding-bottom: 20px;\"><img src=\"https://syd-green-energy.com/templates/yes-system/img/logo.png\" alt=\"SYD Green Energy\" width=\"120\" /></div>\n<table style=\"width: 100%; border-collapse: collapse;\">\n<tbody>\n<tr>\n<td style=\"padding: 10px;\"><strong>SYD Green Energy GmbH &amp; Co. KG</strong><br /> An der G&#252;mpgesbr&#252;cke 26<br /> 41564 Kaarst</td>\n<td style=\"padding: 10px;\">Tel: 02131 52811-23<br /> Fax: 02131 52811-21<br /> <a href=\"https://syd-green-energy.com\">www.syd-green-energy.com</a></td>\n</tr>\n</tbody>\n</table>\n<div style=\"padding: 20px; background-color: #f9f9f9; margin-top: 20px;\">Thank you for your interest in SYD Green Energy GmbH &amp; Co. KG.<br /> We look forward to supporting your business with our sustainable energy solutions and services. If you have any questions, please do not hesitate to contact us.</div>\n</div>', NULL, NULL, 1, '', NULL),
(5002, '', '', 0, NULL, 0, 'm', 'Panhao', 'Panhao', '0000-00-00 00:00:00', 'sales1@syd-green-energy.com', 5002, '011223456', '', '01523f7772c30e68131804889a86608f', '0', '0', '0', '1', 0, '', '', '', '', '', '', '', '', 0, 0, 0, '0000-00-00 00:00:00', '', 0, 0, '0000-00-00 00:00:00', '0000-00-00 00:00:00', 0, '', 0, '', '', 0, 0.0000, '', NULL, NULL, 1, '', NULL),
(5003, '', '', 0, NULL, 0, 'm', 'Tommy', 'Pan', '0000-00-00 00:00:00', 'tommypan@syd-green-energy.com', 5003, '011223456', '', '81e04206e93eda5e109926ff3d98f300', '0', '0', '0', '1', 0, '', '', '', '', '', '', '', '', 0, 0, 0, '0000-00-00 00:00:00', '', 0, 0, '0000-00-00 00:00:00', '0000-00-00 00:00:00', 0, '', 0, '', '', 0, 0.0000, '', NULL, NULL, 1, '', NULL),
(5004, 'XXX', 'XXX', 0, NULL, 19, 'm', 'XXX', 'XXX', '0000-00-00 00:00:00', 'DSGVO_1748765567-info@syd-green-energy.com', 5004, 'XXX', 'XXX', 'hZmW4QUCmNa7Rx74', 'n', '0', '0', '1', 0, '', '', 'XXX', 'XXX', 'XXX', 'XXX', 'XXX', 'XXX', 0, 0, 0, '0000-00-00 00:00:00', 'XXX', 0, 0, '0000-00-00 00:00:00', '2025-06-01 10:12:47', 0, '', 0, '', '', 0, 0.0000, '', '', '', 1, '', NULL),
(5005, 'XXX', 'XXX', 0, NULL, 19, 'm', 'XXX', 'XXX', '0000-00-00 00:00:00', 'DSGVO_1748765593-info@syd-green-energy.com', 5005, 'XXX', 'XXX', 'tDVJ5stA2FVmoWYV', 'n', '0', '0', '1', 0, '', '', 'XXX', 'XXX', 'XXX', 'XXX', 'XXX', 'XXX', 0, 0, 0, '0000-00-00 00:00:00', 'XXX', 0, 0, '0000-00-00 00:00:00', '2025-06-01 10:13:13', 0, '', 0, '', '', 0, 0.0000, '', '', '', 1, '', NULL),
(5006, '', '', 0, NULL, 0, 'm', 'Sebastian Henryk', 'Janus', '0000-00-00 00:00:00', 'sj@syd-green-energy.com', 5006, '+49 1515 605 432 4', '', 'a33434eca0652fa8ca87fdb666830ff8', '0', '0', '0', '1', 0, '', '', '', '', '', '', '', '', 0, 0, 0, '0000-00-00 00:00:00', '', 0, 0, '0000-00-00 00:00:00', '0000-00-00 00:00:00', 0, 'search_amazon_sku', 1, '', '', 0, 0.0000, '<div style=\"max-width: 600px; margin: 0 auto; padding: 20px; font-family: Arial, sans-serif; font-size: 12px;\"><!-- Greeting and message above the footer -->\n<div style=\"margin-bottom: 20px;\">If you have any questions, feel free to contact us anytime.<br /><br /> With best regards,</div>\n<div style=\"margin-bottom: 20px;\">Sebastian Janus | Administrator<br />tel.: +49 (0)176 43 76 34 80<br /> <strong>SYD Green Energy</strong></div>\n<!-- Footer -->\n<div style=\"text-align: right; padding-bottom: 20px;\"><img src=\"https://syd-green-energy.com/templates/yes-system/img/logo.png\" alt=\"SYD Green Energy\" width=\"120\" /></div>\n<table style=\"width: 100%; border-collapse: collapse;\">\n<tbody>\n<tr>\n<td style=\"padding: 10px;\"><strong>SYD Green Energy GmbH &amp; Co. KG</strong><br /> An der G&#252;mpgesbr&#252;cke 26<br /> 41564 Kaarst</td>\n<td style=\"padding: 10px;\">Tel: 02131 52811-22<br /> Fax: 02131 52811-21<br /> <a href=\"https://syd-green-energy.com\">www.syd-green-energy.com</a></td>\n</tr>\n</tbody>\n</table>\n<div style=\"padding: 20px; background-color: #f9f9f9; margin-top: 20px;\">Thank you for your interest in SYD Green Energy GmbH &amp; Co. KG.<br /> We look forward to supporting your business with our sustainable energy solutions and services. If you have any questions, please do not hesitate to contact us.</div>\n</div>', NULL, NULL, 1, '', 'THEME_START'),
(5007, '', 'DE359182467', 1, NULL, 15, 'm', 'Torsten', 'Schwarz', '2025-07-07 09:07:22', 'info@voltschmiede.de', 5007, '+4915114652502', '', '6ffaed70f6d9cd3e6038436caa4c30fb', '0', '0', '0', '1', 0, '', '', '', '', '', '', '', '', 0, 0, 0, '0000-00-00 00:00:00', '', 0, 0, '0000-00-00 00:00:00', '0000-00-00 00:00:00', 0, '', 0, '', '', 0, 0.0000, '', NULL, NULL, 1, '', NULL),
(5008, 'XXX', 'XXX', 0, NULL, 19, 'm', 'XXX', 'XXX', '0000-00-00 00:00:00', 'DSGVO_1753698664-info@syd-green-energy.com', 5008, 'XXX', 'XXX', 'Ky2XzzpQmwpWhtfD', 'n', '0', '0', '1', 0, '', '', 'XXX', 'XXX', 'XXX', 'XXX', 'XXX', 'XXX', 0, 0, 0, '0000-00-00 00:00:00', 'XXX', 0, 0, '0000-00-00 00:00:00', '2025-07-28 12:31:04', 0, '', 0, '', '', 0, 0.0000, '', '', '', 1, '', NULL),
(5009, 'XXX', 'XXX', 0, NULL, 19, 'm', 'XXX', 'XXX', '0000-00-00 00:00:00', 'DSGVO_1753365258-info@syd-green-energy.com', 5009, 'XXX', 'XXX', 'sdmmwPLCQkBVAkCp', '0', '0', '0', '1', 0, '', '', 'XXX', 'XXX', 'XXX', 'XXX', 'XXX', 'XXX', 0, 0, 0, '0000-00-00 00:00:00', 'XXX', 0, 0, '0000-00-00 00:00:00', '2025-07-24 15:54:18', 0, '', 0, '', '', 0, 0.0000, '', '', '', 1, '', NULL),
(5010, 'XXX', 'XXX', 0, NULL, 19, 'm', 'XXX', 'XXX', '0000-00-00 00:00:00', 'DSGVO_1753698782-info@syd-green-energy.com', 5010, 'XXX', 'XXX', 'whbABuWKcKqDgc4p', 'n', '0', '0', '1', 0, '', '', 'XXX', 'XXX', 'XXX', 'XXX', 'XXX', 'XXX', 0, 0, 0, '0000-00-00 00:00:00', 'XXX', 0, 0, '0000-00-00 00:00:00', '2025-07-28 12:33:02', 0, '', 0, '', '', 0, 0.0000, '', '', '', 1, '', NULL),
(5011, '', 'FR37853655363', 0, NULL, 11, 'm', 'Yohan', 'Dubois', '2025-07-22 07:49:36', 'yohan.d@qualiwatt.com', 5012, '+33777227434', '', '4d06ecf1b7c03447c681f52a8e22eb1e', '0', '0', '0', '1', 0, '', '', '', '', '', '', '', '', 0, 0, 0, '0000-00-00 00:00:00', '+33777227434', 0, 0, '0000-00-00 00:00:00', '0000-00-00 00:00:00', 0, '', 0, '', '', 0, 520.0000, '', NULL, NULL, 1, '', NULL),
(5012, 'XXX', 'XXX', 0, NULL, 19, 'm', 'XXX', 'XXX', '0000-00-00 00:00:00', 'DSGVO_1753365232-info@syd-green-energy.com', 5016, 'XXX', 'XXX', 'FnQgcrp6YhkqWFoX', '0', '0', '0', '1', 0, '', '', 'XXX', 'XXX', 'XXX', 'XXX', 'XXX', 'XXX', 0, 0, 0, '0000-00-00 00:00:00', 'XXX', 0, 0, '0000-00-00 00:00:00', '2025-07-24 15:53:52', 0, '', 0, '', '', 0, 0.0000, '', '', '', 1, '', NULL),
(5013, 'XXX', 'XXX', 0, NULL, 19, 'm', 'XXX', 'XXX', '0000-00-00 00:00:00', 'DSGVO_1753365246-info@syd-green-energy.com', 5017, 'XXX', 'XXX', 'QdrgEXCsTFnEQ3qw', '0', '0', '0', '1', 0, '', '', 'XXX', 'XXX', 'XXX', 'XXX', 'XXX', 'XXX', 0, 0, 0, '0000-00-00 00:00:00', 'XXX', 0, 0, '0000-00-00 00:00:00', '2025-07-24 15:54:06', 0, '', 0, '', '', 0, 0.0000, '', '', '', 1, '', NULL),
(5014, 'XXX', 'XXX', 0, NULL, 19, 'm', 'XXX', 'XXX', '0000-00-00 00:00:00', 'DSGVO_1753365719-info@syd-green-energy.com', 5018, 'XXX', 'XXX', 'Dki4c2mkvPQtyjDs', '0', '0', '0', '1', 0, '', '', 'XXX', 'XXX', 'XXX', 'XXX', 'XXX', 'XXX', 0, 0, 0, '0000-00-00 00:00:00', 'XXX', 0, 0, '0000-00-00 00:00:00', '2025-07-24 16:01:59', 0, '', 0, '', '', 0, 0.0000, '', '', '', 1, '', NULL),
(5015, NULL, NULL, 0, NULL, 21, 'm', 'Sebastian', 'Janus', '2025-07-24 14:02:40', 'info@sekiart.com', 5020, '', NULL, '1d53564300e91fff431db5766d245c6f', '0', '0', '0', '1', 0, '', '', '', '', '', '', '', '', 0, 0, 0, '0000-00-00 00:00:00', '', 0, 0, '0000-00-00 00:00:00', '0000-00-00 00:00:00', 0, '', 0, '', '', 0, 0.0000, '', NULL, NULL, 1, '', NULL),
(5016, NULL, NULL, 0, NULL, 19, 'm', 'Bela Tibor', 'Nagyilles', '2025-07-26 13:09:02', 'bnagyilles@gmail.com', 5022, '', NULL, '57003a20e8c1690b662d21c7fed24439', '0', '0', '0', '1', 0, '', '', '', '', '', '', '', '', 0, 0, 0, '0000-00-00 00:00:00', '', 0, 0, '0000-00-00 00:00:00', '0000-00-00 00:00:00', 0, '', 0, '', '', 0, 0.0000, '', NULL, NULL, 1, '', NULL),
(5017, '', 'ATU79915246', 9, NULL, 12, 'm', 'Stefan', 'Tement', '2025-07-26 18:05:34', 'stefan@tement.at', 5023, '', '', '9ec54033ab7b3c1866573e9d578417ae', '0', '0', '0', '1', 0, '', '', '', '', '', '', '', '', 0, 0, 0, '0000-00-00 00:00:00', '00436643535754', 0, 0, '0000-00-00 00:00:00', '0000-00-00 00:00:00', 0, '', 0, '', '', 0, 0.0000, '', NULL, NULL, 1, '', NULL),
(5018, NULL, NULL, 0, NULL, 19, 'm', 'Martin', 'Furlan', '2025-07-27 13:39:40', 'martin.furlan@gmail.com', 5024, '+38641390639', NULL, 'd8fbb7a34d65e38bd4bbaafb4f270ee3', '0', '0', '0', '1', 0, '', '', '', '', '', '', '', '', 0, 0, 0, '0000-00-00 00:00:00', '', 0, 0, '0000-00-00 00:00:00', '0000-00-00 00:00:00', 0, '', 0, '', '', 0, 0.0000, '', NULL, NULL, 1, '', NULL),
(5019, NULL, NULL, 0, NULL, 21, 'm', 'Marc', 'Maurer', '2025-07-28 08:38:37', 'maurice_dedic@web.de', 5027, '', NULL, '25d55ad283aa400af464c76d713c07ad', '0', '0', '0', '1', 0, '', '', '', '', '', '', '', '', 0, 0, 0, '0000-00-00 00:00:00', '', 0, 0, '0000-00-00 00:00:00', '0000-00-00 00:00:00', 0, '', 0, '', '', 0, 0.0000, '', NULL, NULL, 1, '', NULL),
(5020, NULL, NULL, 0, NULL, 14, 'm', 'Jens', 'Schlagbauer', '2025-07-28 09:48:48', 'js-solartechnik@web.de', 5028, '', NULL, 'ff9fdd16f5278734703370c087a58f0d', '0', '0', '0', '1', 0, '', '', '', '', '', '', '', '', 0, 0, 0, '0000-00-00 00:00:00', '', 0, 0, '0000-00-00 00:00:00', '0000-00-00 00:00:00', 0, '', 0, '', '', 0, 0.0000, '', NULL, NULL, 1, '', NULL),
(5021, '', 'ATU78330815', 9, NULL, 12, 'm', 'Albin', 'Micheu', '2025-07-28 09:49:01', 'info@amtec.at', 5029, '0670 3593870', '', 'f9184691045129aebf4ca4568e1bab19', '0', '0', '0', '1', 0, '', '', '', '', '', '', '', '', 0, 0, 0, '0000-00-00 00:00:00', '', 0, 0, '0000-00-00 00:00:00', '0000-00-00 00:00:00', 0, '', 0, '', '', 0, 0.0000, '', NULL, NULL, 1, '', NULL),
(5022, NULL, NULL, 0, NULL, 15, 'm', 'Marcel', 'Schick', '2025-07-28 09:51:47', 'm.schick@mw-ts.de', 5030, '073929378340', NULL, '737de84d8bfc34c177e9903f7306173f', '0', '0', '0', '1', 0, '', '', '', '', '', '', '', '', 0, 0, 0, '0000-00-00 00:00:00', '', 0, 0, '0000-00-00 00:00:00', '0000-00-00 00:00:00', 0, '', 0, '', '', 0, 766.1400, '', NULL, NULL, 1, '', NULL),
(5023, NULL, NULL, 0, NULL, 15, 'm', 'Bernd', 'Pratschke', '2025-07-28 10:02:56', 'energie@pratschke.de', 5031, '', NULL, 'bc956801431127c103d9830273425e36', '0', '0', '0', '1', 0, '', '', '', '', '', '', '', '', 0, 0, 0, '0000-00-00 00:00:00', '+491796938881', 0, 0, '0000-00-00 00:00:00', '0000-00-00 00:00:00', 0, '', 0, '', '', 0, 0.0000, '', NULL, NULL, 1, '', NULL),
(5024, '', 'IT02872570219', 9, NULL, 12, 'm', 'Werner', 'Leitner', '2025-07-28 10:05:18', 'info@gruema.it', 5032, '', '', '61e744cda28169a4f0a37b3e0be10f33', '0', '0', '0', '1', 0, '', '', '', '', '', '', '', '', 0, 0, 0, '0000-00-00 00:00:00', '', 0, 0, '0000-00-00 00:00:00', '0000-00-00 00:00:00', 0, '', 0, '', '', 0, 23117.0000, '', NULL, NULL, 1, '', NULL),
(5025, NULL, NULL, 0, NULL, 14, 'm', 'Pierre', 'Droessmar', '2025-07-28 10:16:49', 'pierre.droessmar@powerplant-solar.de', 5033, '', NULL, '285de6be4d33f03c1b80902243f87537', '0', '0', '0', '1', 0, '', '', '', '', '', '', '', '', 0, 0, 0, '0000-00-00 00:00:00', '', 0, 0, '0000-00-00 00:00:00', '0000-00-00 00:00:00', 0, '', 0, '', '', 0, 0.0000, '', NULL, NULL, 1, '', NULL),
(5026, NULL, NULL, 0, NULL, 20, 'm', 'Janik', 'Weis', '2025-07-28 10:32:01', 'info@weis-solartechnik.de', 5034, '', NULL, 'afc9b3e13346826d5c0aa93522e73752', '0', '0', '0', '1', 0, '', '', '', '', '', '', '', '', 0, 0, 0, '0000-00-00 00:00:00', '', 0, 0, '0000-00-00 00:00:00', '0000-00-00 00:00:00', 0, '', 0, '', '', 0, 0.0000, '', NULL, NULL, 1, '', NULL),
(5027, '', 'HU26312514', 9, NULL, 11, 'm', 'Laszlo', 'Remete', '2025-07-28 10:33:35', 'info@littlesky.hu', 5035, '+36202389789', '', '2f9e184e012d62b96a2ff08488587258', '0', '0', '0', '1', 0, '', '', '', '', '', '', '', '', 0, 0, 0, '0000-00-00 00:00:00', '', 0, 0, '0000-00-00 00:00:00', '0000-00-00 00:00:00', 0, '', 0, '', '', 0, 309.0000, '', NULL, NULL, 1, '', NULL),
(5028, NULL, NULL, 0, NULL, 15, 'm', 'Wolfgang', 'Wilms', '2025-07-28 10:47:13', 'wilmswolfgang@web.de', 5036, '', NULL, '573a33926db2cc9c7cc63258ae76c2d8', '0', '0', '0', '1', 0, '', '', '', '', '', '', '', '', 0, 0, 0, '0000-00-00 00:00:00', '', 0, 0, '0000-00-00 00:00:00', '0000-00-00 00:00:00', 0, '', 0, '', '', 0, 0.0000, '', NULL, NULL, 1, '', NULL),
(5029, '', 'BE0793933320', 9, NULL, 11, 'm', 'Gregory', 'Ernst', '2025-07-28 13:41:59', 'greg@for-energy.be', 5037, '', '', 'f44dddb3da239c4476b609d2a8a2ca76', '0', '0', '0', '1', 0, '', '', '', '', '', '', '', '', 0, 0, 0, '0000-00-00 00:00:00', '', 0, 0, '0000-00-00 00:00:00', '0000-00-00 00:00:00', 0, '', 0, '', '', 0, 29800.0000, '', NULL, NULL, 1, '', NULL),
(5030, '', 'BE0713910003', 9, NULL, 11, 'm', 'Claude', 'Hosselet', '2025-07-28 15:14:13', 'claude@hosselet.eu', 5038, '+32476528339', '', '1c4ff3e08121c5494bc56cffd48736d5', '0', '0', '0', '1', 0, '', '', '', '', '', '', '', '', 0, 0, 0, '0000-00-00 00:00:00', '', 0, 0, '0000-00-00 00:00:00', '0000-00-00 00:00:00', 0, '', 0, '', '', 0, 9116.0000, '', NULL, NULL, 1, '', NULL),
(5031, '', 'DE299599015', 9, NULL, 15, 'm', 'Udo', 'Holtermann', '2025-07-28 16:45:57', 'info@stromspeicher-neuss.de', 5039, '+49(0)2137/928765', '', '5e4886d2ce3e9fbc2c6eff2d2758aa6b', '0', '0', '0', '1', 0, '', '', '', '', '', '', '', '', 0, 0, 0, '0000-00-00 00:00:00', '01735753177', 0, 0, '0000-00-00 00:00:00', '0000-00-00 00:00:00', 0, '', 0, '', '', 0, 0.0000, '', NULL, NULL, 1, '', NULL),
(5032, '', 'BE1000368027', 9, NULL, 11, 'm', 'Dimitri', 'Pirotton', '2025-07-29 17:22:47', 'info@cdt-energie.be', 5040, '', '', 'b73b7a84b4186aefd655ebbcc5cf0bda', '0', '0', '0', '1', 0, '', '', '', '', '', '', '', '', 0, 0, 0, '0000-00-00 00:00:00', '', 0, 0, '0000-00-00 00:00:00', '0000-00-00 00:00:00', 0, '', 0, '', '', 0, 0.0000, '', NULL, NULL, 1, '', NULL),
(5033, '', 'DK41759763', 9, NULL, 11, 'm', 'Youssef', 'Awad', '2025-07-29 22:06:09', 'yaw@batteri-energi.dk', 5041, '+45 4414 3644', '', '6ec6d87c75b8c017e81248b40e4724a0', '0', '0', '0', '1', 0, '', '', '', '', '', '', '', '', 0, 0, 0, '0000-00-00 00:00:00', '+45 6914 2030', 0, 0, '0000-00-00 00:00:00', '0000-00-00 00:00:00', 0, '', 0, '', '', 0, 0.0000, '', NULL, NULL, 1, '', NULL),
(5034, '', 'RO44533609', 9, NULL, 11, 'm', 'Stelescu', 'Eusebiu', '2025-07-30 08:43:46', 'eusebiu.stelescu@gmail.com', 5042, '00751131194', '', 'b6fd350b3a909fb47ad9cbfdbf7008ce', '0', '0', '0', '1', 0, '', '', '', '', '', '', '', '', 0, 0, 0, '0000-00-00 00:00:00', '', 0, 0, '0000-00-00 00:00:00', '0000-00-00 00:00:00', 0, '', 0, '', '', 0, 0.0000, '', NULL, NULL, 1, '', NULL),
(5035, NULL, 'DE123456789', 0, NULL, 21, 'm', 'Burak', 'Agri', '2025-07-30 09:23:36', 'agri@yes-websolutions.de', 5043, '040209314800', NULL, 'aec8f3f3135f9a93cac04755d20211fe', '0', '0', '0', '1', 0, '', '', '', '', '', '', '', '', 0, 0, 0, '0000-00-00 00:00:00', '', 0, 0, '0000-00-00 00:00:00', '0000-00-00 00:00:00', 0, '', 0, '', '', 0, 0.0000, '', NULL, NULL, 1, '', NULL),
(5036, '', 'HU69946857', 9, NULL, 11, 'm', 'Soma', 'Agi-Vass', '2025-07-31 20:07:50', 'agi.vass.soma@gmail.com', 5044, '+36306416430', '', 'd3030e0375e2bf81298e48beb37d3274', '0', '0', '0', '1', 0, '', '', '', '', '', '', '', '', 0, 0, 0, '0000-00-00 00:00:00', '', 0, 0, '0000-00-00 00:00:00', '0000-00-00 00:00:00', 0, '', 0, '', '', 0, 0.0000, '', NULL, NULL, 1, '', NULL),
(5037, '', 'FR94913793345', 9, NULL, 11, 'm', 'Vincent', 'Jalabert', '2025-08-01 13:03:58', 'vincent.jalabert@hypner.com', 5045, '+33681401661', '', '824939efd45d8115278df10603a016d9', '0', '0', '0', '1', 0, '', '', '', '', '', '', '', '', 0, 0, 0, '0000-00-00 00:00:00', '', 0, 0, '0000-00-00 00:00:00', '0000-00-00 00:00:00', 0, '', 0, '', '', 0, 0.0000, '', NULL, NULL, 1, '', NULL),
(5038, '', 'RO22206959', 9, NULL, 10, 'm', 'Ghita', 'Merticariu', '2025-08-02 04:47:37', 'ghi_electronice@yahoo.com', 5046, '+40766932655', '', '4de7ee0facec5b530e7dd2c83868f3c1', '0', '0', '0', '1', 0, '', '', '', '', '', '', '', '', 0, 0, 0, '0000-00-00 00:00:00', '', 0, 0, '0000-00-00 00:00:00', '0000-00-00 00:00:00', 0, '', 0, '', '', 0, 0.0000, '', NULL, NULL, 1, '', NULL),
(5039, NULL, 'PL6770043190', 0, NULL, 11, 'm', 'Marek', 'Janowski', '2025-08-03 05:49:00', 'private@lancom.com.pl', 5047, '+48604958691', NULL, '8fb908db29495dd0917c4533c6bee896', '0', '0', '0', '1', 0, '', '', '', '', '', '', '', '', 0, 0, 0, '0000-00-00 00:00:00', '', 0, 0, '0000-00-00 00:00:00', '0000-00-00 00:00:00', 0, '', 0, '', '', 0, 0.0000, '', NULL, NULL, 1, '', NULL),
(5040, NULL, 'SI37863037', 0, NULL, 11, 'm', 'Ales', 'Bonca', '2025-08-03 06:57:31', 'info@bonca.si', 5048, '+38651411500', NULL, 'd811350eb612d7476162f5a20ad3334b', '0', '0', '0', '1', 0, '', '', '', '', '', '', '', '', 0, 0, 0, '0000-00-00 00:00:00', '+38651411500', 0, 0, '0000-00-00 00:00:00', '0000-00-00 00:00:00', 0, '', 0, '', '', 0, 0.0000, '', NULL, NULL, 1, '', NULL),
(5041, NULL, 'BE0671692336', 0, NULL, 11, 'm', 'Nick', 'Vandevelde', '2025-08-03 18:11:10', 'nick.vandevelde1983@gmail.com', 5049, '+32476536851', NULL, 'e3f5692b38b43508d4a8b9fdf644e97b', '0', '0', '0', '1', 0, '', '', '', '', '', '', '', '', 0, 0, 0, '0000-00-00 00:00:00', '', 0, 0, '0000-00-00 00:00:00', '0000-00-00 00:00:00', 0, '', 0, '', '', 0, 0.0000, '', NULL, NULL, 1, '', NULL),
(5042, NULL, 'BG207252778', 0, NULL, 11, 'm', 'Reyhan', 'Ismail', '2025-08-03 18:14:28', 'reimandk@gmail.com', 5050, '+359896886486', NULL, '4fa4051c6ff4d81812a7764bfdfe9fc7', '0', '0', '0', '1', 0, '', '', '', '', '', '', '', '', 0, 0, 0, '0000-00-00 00:00:00', '', 0, 0, '0000-00-00 00:00:00', '0000-00-00 00:00:00', 0, '', 0, '', '', 0, 1339.0000, '', NULL, NULL, 1, '', NULL),
(5043, NULL, '108595435', 0, NULL, 17, 'm', 'Bogdan', 'Bešir', '2025-08-03 19:42:24', 'unistalbg@gmail.com', 5051, '+381658492510', NULL, 'f64a76f7b70f8405dce252e0fb27c2e9', '0', '0', '0', '1', 0, '', '', '', '', '', '', '', '', 0, 0, 0, '0000-00-00 00:00:00', '', 0, 0, '0000-00-00 00:00:00', '0000-00-00 00:00:00', 0, '', 0, '', '', 0, 0.0000, '', NULL, NULL, 1, '', NULL),
(5044, NULL, 'PT515982032', 0, NULL, 11, 'm', 'Marco', 'Passadouro', '2025-08-04 07:25:31', 'comercial@power-scs.com', 5052, '+351913859850', NULL, 'a0b0c465be7f2b6893bb6527bb231c0b', '0', '0', '0', '1', 0, '', '', '', '', '', '', '', '', 0, 0, 0, '0000-00-00 00:00:00', '', 0, 0, '0000-00-00 00:00:00', '0000-00-00 00:00:00', 0, '', 0, '', '', 0, 0.0000, '', NULL, NULL, 1, '', NULL),
(5045, NULL, 'EL998755430', 0, NULL, 10, 'm', 'George', 'Tentsos', '2025-08-04 08:27:17', 'info@renowatt.gr', 5053, '00306980523376', NULL, '88fd7ab58d5f65d12efe77cd751d6178', '0', '0', '0', '1', 0, '', '', '', '', '', '', '', '', 0, 0, 0, '0000-00-00 00:00:00', '', 0, 0, '0000-00-00 00:00:00', '0000-00-00 00:00:00', 0, '', 0, '', '', 0, 0.0000, '', NULL, NULL, 1, '', NULL),
(5046, NULL, 'BG205190801', 0, NULL, 11, 'm', 'Simeon', 'Anzov', '2025-08-04 09:51:29', 's.anzov@dasenergy.eu', 5054, '±359 897061158', NULL, 'ca194815b47d23a5d8af6081c7905f31', '0', '0', '0', '1', 0, '', '', '', '', '', '', '', '', 0, 0, 0, '0000-00-00 00:00:00', '', 0, 0, '0000-00-00 00:00:00', '0000-00-00 00:00:00', 0, '', 0, '', '', 0, 0.0000, '', NULL, NULL, 1, '', NULL),
(5047, NULL, 'IT02715240749', 0, NULL, 11, 'm', 'Fernando', 'Masi', '2025-08-04 12:08:24', 'tecdomussrls@gmail.com', 5055, '+393279565522', NULL, '58dad81cce902702f869f7e7c22d7538', '0', '0', '0', '1', 0, '', '', '', '', '', '', '', '', 0, 0, 0, '0000-00-00 00:00:00', '', 0, 0, '0000-00-00 00:00:00', '0000-00-00 00:00:00', 0, '', 0, '', '', 0, 0.0000, '', NULL, NULL, 1, '', NULL),
(5048, NULL, 'RO50755936', 0, NULL, 10, 'm', 'Robert', 'Pascui', '2025-08-05 06:18:53', 'pascui.robert23@gmail.com', 5056, '+40725596118', NULL, 'b3ab95288c28f489dc7af40e3d41a982', '0', '0', '0', '1', 0, '', '', '', '', '', '', '', '', 0, 0, 0, '0000-00-00 00:00:00', '', 0, 0, '0000-00-00 00:00:00', '0000-00-00 00:00:00', 0, '', 0, '', '', 0, 37623.0000, '', NULL, NULL, 1, '', NULL),
(5049, '', 'IT03331190268', 9, NULL, 10, 'm', 'Remo', 'Carpene', '2025-08-06 05:39:56', 'info@soleremo.com', 5057, '+39 0438 562388', '', 'a3175d1b21181d87d49f31f9982ef99b', '0', '0', '0', '1', 0, '', '', '', '', '', '', '', '', 0, 0, 0, '0000-00-00 00:00:00', '+39 366 3721181', 0, 0, '0000-00-00 00:00:00', '0000-00-00 00:00:00', 0, '', 0, '', '', 0, 0.0000, '', NULL, NULL, 1, '', NULL),
(5050, NULL, 'BG208273378', 0, NULL, 11, 'm', 'Daniel', 'Lazarov', '2025-08-06 08:10:26', 'didolazarov.dl@gmail.com', 5058, '+359896793311', NULL, 'e312e1599360bd3b87613ea2bd59e47a', '0', '0', '0', '1', 0, '', '', '', '', '', '', '', '', 0, 0, 0, '0000-00-00 00:00:00', '', 0, 0, '0000-00-00 00:00:00', '0000-00-00 00:00:00', 0, '', 0, '', '', 0, 0.0000, '', NULL, NULL, 1, '', NULL),
(5051, '', 'PT517656965', 9, NULL, 11, 'm', 'Michel', 'Da Costa', '2025-08-06 15:07:02', 'michelhortenciomms@gmail.com', 5059, '+351933516765', '', 'bc20875f3f772c202e7ddb7e98282ad1', '0', '0', '0', '1', 0, '', '', '', '', '', '', '', '', 0, 0, 0, '0000-00-00 00:00:00', '', 0, 0, '0000-00-00 00:00:00', '0000-00-00 00:00:00', 0, '', 0, '', '', 0, 0.0000, '', NULL, NULL, 1, '', NULL),
(5052, NULL, 'LT421808811', 0, NULL, 11, 'm', 'Emonas', 'Paukste', '2025-08-08 15:13:27', 'info@topgold.lt', 5060, '+37065975923', NULL, '32b9c5bf63dcd71824678b07b030ec43', '0', '0', '0', '1', 0, '', '', '', '', '', '', '', '', 0, 0, 0, '0000-00-00 00:00:00', '', 0, 0, '0000-00-00 00:00:00', '0000-00-00 00:00:00', 0, '', 0, '', '', 0, 7309.0000, '', NULL, NULL, 1, '', NULL),
(5053, NULL, 'ATU77192556', 0, NULL, 11, 'm', 'Lukas ', 'Müller ', '2025-08-08 17:08:18', 'lukas@mueller-solutions.com', 5061, '+437203471800', NULL, '826f1aaa6da4adde115507bc1bd8de91', '0', '0', '0', '1', 0, '', '', '', '', '', '', '', '', 0, 0, 0, '0000-00-00 00:00:00', '', 0, 0, '0000-00-00 00:00:00', '0000-00-00 00:00:00', 0, '', 0, '', '', 0, 0.0000, '', NULL, NULL, 1, '', NULL),
(5054, NULL, 'RO52001793', 0, NULL, 10, 'm', 'Adrian', 'Kurucz', '2025-08-08 17:49:40', 'adrian.kurucz@gmail.com', 5062, '+40742034608', NULL, 'cd8049da8a6dde9060fda62bcfe119f3', '0', '0', '0', '1', 0, '', '', '', '', '', '', '', '', 0, 0, 0, '0000-00-00 00:00:00', '', 0, 0, '0000-00-00 00:00:00', '0000-00-00 00:00:00', 0, '', 0, '', '', 0, 0.0000, '', NULL, NULL, 1, '', NULL),
(5055, NULL, '105058460400003', 0, NULL, 16, 'm', 'ASIM', 'AKHATR', '2025-08-08 17:51:33', 'umermnj@gmail.com', 5063, '+971522405461', NULL, '2b9dbad60b32a6e4e7e40516439cfa5f', '0', '0', '0', '1', 0, '', '', '', '', '', '', '', '', 0, 0, 0, '0000-00-00 00:00:00', '', 0, 0, '0000-00-00 00:00:00', '0000-00-00 00:00:00', 0, '', 0, '', '', 0, 0.0000, '', NULL, NULL, 1, '', NULL),
(5056, NULL, 'Ro33125868', 0, NULL, 10, 'm', 'Sorin', 'Bucur', '2025-08-09 07:18:53', 'sorin4r@yahoo.co.uk', 5064, '+40773835170', NULL, '6c20ec1e4c609aae0d504c9b10d74fbd', '0', '0', '0', '1', 0, '', '', '', '', '', '', '', '', 0, 0, 0, '0000-00-00 00:00:00', '', 0, 0, '0000-00-00 00:00:00', '0000-00-00 00:00:00', 0, '', 0, '', '', 0, 0.0000, '', NULL, NULL, 1, '', NULL),
(5057, NULL, 'IT01330610526', 0, NULL, 11, 'm', 'Simome', 'Nencini', '2025-08-09 11:37:39', 'nencini.s@gmail.com', 5065, '+393406219013', NULL, '383fc3aa16602888e4cc9d7bec05c310', '0', '0', '0', '1', 0, '', '', '', '', '', '', '', '', 0, 0, 0, '0000-00-00 00:00:00', '', 0, 0, '0000-00-00 00:00:00', '0000-00-00 00:00:00', 0, '', 0, '', '', 0, 0.0000, '', NULL, NULL, 1, '', NULL),
(5058, '', 'ES40352448Y', 9, NULL, 10, 'm', 'Ivan', 'López Pérez', '2025-08-09 13:10:14', 'ivan@inllago.com', 5066, '+34669299678', '', 'c4535ba0da3d95bfaa96e7d160c99325', '0', '0', '0', '1', 0, '', '', '', '', '', '', '', '', 0, 0, 0, '0000-00-00 00:00:00', '', 0, 0, '0000-00-00 00:00:00', '0000-00-00 00:00:00', 0, '', 0, '', '', 0, 0.0000, '', NULL, NULL, 1, '', NULL),
(5059, NULL, 'PL5471971786', 0, NULL, 11, 'm', 'Jakub', 'Wrobel', '2025-08-09 15:54:54', 'jwenergia1@gmail.com', 5067, '+49600383946', NULL, '6e260d436209e76e4cec42114ad46cb3', '0', '0', '0', '1', 0, '', '', '', '', '', '', '', '', 0, 0, 0, '0000-00-00 00:00:00', '', 0, 0, '0000-00-00 00:00:00', '0000-00-00 00:00:00', 0, '', 0, '', '', 0, 7080.0000, '', NULL, NULL, 1, '', NULL),
(5060, '', '1012600040163', 9, NULL, 11, 'm', 'Denis', 'Danilov', '2025-08-09 17:35:31', 'd.danilov@interelectric.md', 5068, '+37369055337', '', 'a9cf368c683b5aad77b198c44fe673ac', '0', '0', '0', '1', 0, '', '', '', '', '', '', '', '', 0, 0, 0, '0000-00-00 00:00:00', '', 0, 0, '0000-00-00 00:00:00', '0000-00-00 00:00:00', 0, '', 0, '', '', 0, 0.0000, '', NULL, NULL, 1, '', NULL),
(5061, NULL, 'BE1021480472', 0, NULL, 10, 'm', 'Nicolas', 'De Sutter', '2025-08-10 14:56:38', 'info@nx.be', 5069, '+32474097070', NULL, 'ceeddc4e54a1de2d04b32d6083d80f71', '0', '0', '0', '1', 0, '', '', '', '', '', '', '', '', 0, 0, 0, '0000-00-00 00:00:00', '', 0, 0, '0000-00-00 00:00:00', '0000-00-00 00:00:00', 0, '', 0, '', '', 0, 0.0000, '', NULL, NULL, 1, '', NULL),
(5062, '', 'ES60819452N', 0, NULL, 11, 'm', 'Oleksandr', 'Semeniy', '2025-08-10 18:00:44', 'avtoalex777@gmail.com', 5070, '+34 600083182', '', '71f848ef6cfdb1bf0d4a944c62cd6015', '0', '0', '0', '1', 0, '', '', '', '', '', '', '', '', 0, 0, 0, '0000-00-00 00:00:00', '+34600083182', 0, 0, '0000-00-00 00:00:00', '0000-00-00 00:00:00', 0, '', 0, '', '', 0, 3997.0000, '', NULL, NULL, 1, '', NULL),
(5063, '', 'DE811960204', 9, NULL, 13, 'f', 'Susanne', 'von Mutius', '0000-00-00 00:00:00', 'susanne.mutius@aboenergy-gmbh.com', 5071, '+49 611 267 65-599', '', 'ea735ca1e3063fb17bfd3483e33e9bb5', '0', '0', '0', '1', 0, '', '', '', '', '', '', '', '', 0, 0, 0, '0000-00-00 00:00:00', '', 0, 0, '0000-00-00 00:00:00', '0000-00-00 00:00:00', 0, '', 0, '', '', 0, 0.0000, '', NULL, NULL, 1, '', NULL),
(5064, '', 'LT100015012412', 9, NULL, 11, 'm', 'Olvis', 'Tamulis', '2025-08-11 11:23:41', 'info@enektra.eu', 5072, '+37068235000', '', 'b97bfa4e7438413b6be5413f5975c436', '0', '0', '0', '1', 0, '', '', '', '', '', '', '', '', 0, 0, 0, '0000-00-00 00:00:00', '', 0, 0, '0000-00-00 00:00:00', '0000-00-00 00:00:00', 0, '', 0, '', '', 0, 0.0000, '', NULL, NULL, 1, '', NULL),
(5065, NULL, 'DE290894578', 0, NULL, 14, 'm', 'Sandro', 'Gräf', '2025-08-11 12:02:23', 'sg@scg-mh.de', 5073, '+491629341329', NULL, '13b785e272a04287865267f2c2b7a03b', '0', '0', '0', '1', 0, '', '', '', '', '', '', '', '', 0, 0, 0, '0000-00-00 00:00:00', '', 0, 0, '0000-00-00 00:00:00', '0000-00-00 00:00:00', 0, '', 0, '', '', 0, 0.0000, '', NULL, NULL, 1, '', NULL),
(5066, NULL, 'PT263959074', 0, NULL, 11, 'f', 'Flavia', 'Santos', '2025-08-11 14:51:02', 'flavia.falardo@gmail.com', 5074, '+351918179604', NULL, '374889317e94a68e0af2f3f6d837f7f3', '0', '0', '0', '1', 0, '', '', '', '', '', '', '', '', 0, 0, 0, '0000-00-00 00:00:00', '', 0, 0, '0000-00-00 00:00:00', '0000-00-00 00:00:00', 0, '', 0, '', '', 0, 0.0000, '', NULL, NULL, 1, '', NULL),
(5067, NULL, 'HU11423986', 0, NULL, 11, 'm', 'Andor', 'Somogyi', '2025-08-11 18:34:22', 'professorsoma@gmail.com', 5075, '+36303558278', NULL, '62ce582dad545688528feed5c6e73c6d', '0', '0', '0', '1', 0, '', '', '', '', '', '', '', '', 0, 0, 0, '0000-00-00 00:00:00', '', 0, 0, '0000-00-00 00:00:00', '0000-00-00 00:00:00', 0, '', 0, '', '', 0, 0.0000, '', NULL, NULL, 1, '', NULL),
(5068, NULL, 'BE0758962939', 0, NULL, 11, 'm', 'Olivier J', 'Croiselet', '2025-08-12 00:49:56', 'info@cr-elect.be', 5076, '+32485197937', NULL, 'd7ff4fe33bd1f2ee369f5887ba3c0703', '0', '0', '0', '1', 0, '', '', '', '', '', '', '', '', 0, 0, 0, '0000-00-00 00:00:00', '', 0, 0, '0000-00-00 00:00:00', '0000-00-00 00:00:00', 0, '', 0, '', '', 0, 0.0000, '', NULL, NULL, 1, '', NULL),
(5069, '', 'RO23454260', 9, NULL, 11, 'm', 'Paul', 'Apetrei', '2025-08-12 06:14:52', 'paulapetrei@yahoo.com', 5077, '+40743570151', '', 'f80433f38555e258f0365b203e67edc3', '0', '0', '0', '1', 0, '', '', '', '', '', '', '', '', 0, 0, 0, '0000-00-00 00:00:00', '', 0, 0, '0000-00-00 00:00:00', '0000-00-00 00:00:00', 0, '', 0, '', '', 0, 0.0000, '', NULL, NULL, 1, '', NULL),
(5070, NULL, 'FR47422377523', 0, NULL, 11, 'm', 'Vigroux', 'Damien ', '2025-08-12 07:40:33', 'dam.vigroux@gmail.com', 5078, '+33624501325', NULL, '41b77d9f49685e2b10cdfb981e2f713e', '0', '0', '0', '1', 0, '', '', '', '', '', '', '', '', 0, 0, 0, '0000-00-00 00:00:00', '', 0, 0, '0000-00-00 00:00:00', '0000-00-00 00:00:00', 0, '', 0, '', '', 0, 0.0000, '', NULL, NULL, 1, '', NULL),
(5071, NULL, 'PL8513303632', 0, NULL, 10, 'm', 'Sebastian', 'Staniak', '2025-08-12 11:01:04', 'biuro@masterenergy.com.pl', 5079, '+48505536853', NULL, '9d5f4dcc7becb3d1e3038b2392bfe7c8', '0', '0', '0', '1', 0, '', '', '', '', '', '', '', '', 0, 0, 0, '0000-00-00 00:00:00', '', 0, 0, '0000-00-00 00:00:00', '0000-00-00 00:00:00', 0, '', 0, '', '', 0, 0.0000, '', NULL, NULL, 1, '', NULL),
(5072, NULL, 'SK2022145334', 0, NULL, 11, 'm', 'Peter', 'Urban', '2025-08-12 13:26:38', 'urban.peter@impp.sk', 5080, '+421949304068', NULL, 'd90d9fb4463dbb358ae6f5ddf117932b', '0', '0', '0', '1', 0, '', '', '', '', '', '', '', '', 0, 0, 0, '0000-00-00 00:00:00', '', 0, 0, '0000-00-00 00:00:00', '0000-00-00 00:00:00', 0, '', 0, '', '', 0, 1410.0000, '', NULL, NULL, 1, '', NULL),
(5073, NULL, 'PT500780463', 0, NULL, 10, 'm', 'Bruno', 'Pinto', '2025-08-12 17:58:26', 'bruno.pinto@fajota.pt', 5081, '+351234612700', NULL, '7fdbb04e760dcc51f7b30f3b4de2fb34', '0', '0', '0', '1', 0, '', '', '', '', '', '', '', '', 0, 0, 0, '0000-00-00 00:00:00', '', 0, 0, '0000-00-00 00:00:00', '0000-00-00 00:00:00', 0, '', 0, '', '', 0, 0.0000, '', NULL, NULL, 1, '', NULL),
(5074, '', 'LT100015012412', 9, NULL, 11, 'm', 'Lukas', 'Pasvenskas', '2025-08-12 18:38:40', 'info@enektra.lt', 5082, '+37067241434', '', '45a0379b30b8985f639133bfa346ae1a', '0', '0', '0', '1', 0, '', '', '', '', '', '', '', '', 0, 0, 0, '0000-00-00 00:00:00', '', 0, 0, '0000-00-00 00:00:00', '0000-00-00 00:00:00', 0, '', 0, '', '', 0, 23664.0000, '', NULL, NULL, 1, '', NULL),
(5075, NULL, '1970178', 0, NULL, 17, 'm', 'Lilian ', 'Traistaru', '2025-08-13 08:04:26', 'Liliantraistaru@gmail.com', 5083, '0734316231', NULL, '525361794c868a81ccaf4d60c9b9facb', '0', '0', '0', '1', 0, '', '', '', '', '', '', '', '', 0, 0, 0, '0000-00-00 00:00:00', '', 0, 0, '0000-00-00 00:00:00', '0000-00-00 00:00:00', 0, '', 0, '', '', 0, 0.0000, '', NULL, NULL, 1, '', NULL),
(5076, NULL, 'RO15954477', 0, NULL, 10, 'm', 'david', 'virgil', '2025-08-13 08:15:18', 'office@giroconstruct.ro', 5084, '+40728849055', NULL, 'e546b9beb9b6f170fcff00d718ed2896', '0', '0', '0', '1', 0, '', '', '', '', '', '', '', '', 0, 0, 0, '0000-00-00 00:00:00', '', 0, 0, '0000-00-00 00:00:00', '0000-00-00 00:00:00', 0, '', 0, '', '', 0, 0.0000, '', NULL, NULL, 1, '', NULL),
(5077, NULL, 'IT05073940750', 0, NULL, 10, 'm', 'Fernando  PAGLIARA IMPIANTI srls', 'Pagliara', '2025-08-13 09:02:48', 'info@pagliaraimpianti.it', 5085, '+393349760233', NULL, '62e662c67d67c0b9867785827182e1aa', '0', '0', '0', '1', 0, '', '', '', '', '', '', '', '', 0, 0, 0, '0000-00-00 00:00:00', '', 0, 0, '0000-00-00 00:00:00', '0000-00-00 00:00:00', 0, '', 0, '', '', 0, 0.0000, '', NULL, NULL, 1, '', NULL),
(5078, '', '', 0, NULL, 0, 'm', 'Prakti', 'Kant', '0000-00-00 00:00:00', 'praktikant@syd-green-energy.com', 5086, '+49 2131 52811-22', '', 'e18f4a6f68ea7c58058c3078a711023e', NULL, '0', '0', '1', 0, '', '', '', '', '', '', '', '', 0, 0, 0, '0000-00-00 00:00:00', '', 0, 0, '0000-00-00 00:00:00', '0000-00-00 00:00:00', 0, '', 0, '', '', 0, 0.0000, '<div style=\"max-width: 600px; margin: 0 auto; padding: 20px; font-family: Arial, sans-serif; font-size: 12px;\"><!-- Greeting and message above the footer -->\n<div style=\"margin-bottom: 20px;\">If you have any questions, feel free to contact us anytime.<br /><br /> With best regards,</div>\n<div style=\"margin-bottom: 20px;\"><strong>SYD Green Energy</strong></div>\n<!-- Footer -->\n<div style=\"text-align: right; padding-bottom: 20px;\"><img src=\"https://syd-green-energy.com/templates/yes-system/img/logo.png\" alt=\"SYD Green Energy\" width=\"120\" /></div>\n<table style=\"width: 100%; border-collapse: collapse;\">\n<tbody>\n<tr>\n<td style=\"padding: 10px;\"><strong>SYD Green Energy GmbH &amp; Co. KG</strong><br /> An der G&#252;mpgesbr&#252;cke 26<br /> 41564 Kaarst</td>\n<td style=\"padding: 10px;\">Tel: 02131 52811-22<br /> Fax: 02131 52811-21<br /> <a href=\"https://syd-green-energy.com\">www.syd-green-energy.com</a></td>\n</tr>\n</tbody>\n</table>\n<div style=\"padding: 20px; background-color: #f9f9f9; margin-top: 20px;\">Thank you for your interest in SYD Green Energy GmbH &amp; Co. KG.<br /> We look forward to supporting your business with our sustainable energy solutions and services. If you have any questions, please do not hesitate to contact us.</div>\n</div>', NULL, NULL, 1, '', NULL),
(5079, NULL, 'MK4030995120713', 0, NULL, 17, 'm', 'Kiril', 'Damev', '2025-08-13 12:29:30', 'damevkiril@gmail.com', 5087, '+38975416122', NULL, '763e749137291670aeb006942ebfde68', '0', '0', '0', '1', 0, '', '', '', '', '', '', '', '', 0, 0, 0, '0000-00-00 00:00:00', '', 0, 0, '0000-00-00 00:00:00', '0000-00-00 00:00:00', 0, '', 0, '', '', 0, 0.0000, '', NULL, NULL, 1, '', NULL),
(5080, NULL, 'PT517812598', 0, NULL, 11, 'm', 'Jorge', 'Pereira', '2025-08-13 19:44:41', 'geral@suncraft.pt', 5089, '+351933983651', NULL, '5d4fd796548aae3b2fc0d11d63ef9a94', '0', '0', '0', '1', 0, '', '', '', '', '', '', '', '', 0, 0, 0, '0000-00-00 00:00:00', '', 0, 0, '0000-00-00 00:00:00', '0000-00-00 00:00:00', 0, '', 0, '', '', 0, 0.0000, '', NULL, NULL, 1, '', NULL),
(5081, '', 'PT203099621', 9, NULL, 11, 'm', 'Jose', 'Ribeiro', '2025-08-14 02:02:18', 'joseribeiro320@gmail.com', 5090, '+351918160073', '', '74adea1d246cd4b96d7591b3e9454dff', '0', '0', '0', '1', 0, '', '', '', '', '', '', '', '', 0, 0, 0, '0000-00-00 00:00:00', '', 0, 0, '0000-00-00 00:00:00', '0000-00-00 00:00:00', 0, '', 0, '', '', 0, 0.0000, '', NULL, NULL, 1, '', NULL),
(5082, NULL, 'SI37416987', 0, NULL, 11, 'm', 'Jože', 'Duhovnik', '2025-08-14 07:33:45', 'info@dr-duh.si', 5091, '+38613613057', NULL, '782ef3d616047464120bb4bfa970530f', '0', '0', '0', '1', 0, '', '', '', '', '', '', '', '', 0, 0, 0, '0000-00-00 00:00:00', '', 0, 0, '0000-00-00 00:00:00', '0000-00-00 00:00:00', 0, '', 0, '', '', 0, 0.0000, '', NULL, NULL, 1, '', NULL),
(5083, NULL, 'FR29 443713540', 0, NULL, 11, 'm', 'David', 'DA SILVA', '2025-08-14 08:41:58', 'contact@office-plan.fr', 5092, '+33662027722', NULL, '7355655fc8b41403ae1cd6fa43e3fb9b', '0', '0', '0', '1', 0, '', '', '', '', '', '', '', '', 0, 0, 0, '0000-00-00 00:00:00', '', 0, 0, '0000-00-00 00:00:00', '0000-00-00 00:00:00', 0, '', 0, '', '', 0, 0.0000, '', NULL, NULL, 1, '', NULL),
(5084, '', 'LT100017507318', 9, NULL, 11, 'm', 'Nerijus', 'Siuksteris', '2025-08-14 08:54:54', 'nerijus@terminas.lt', 5093, '+37061172100', '', '9859c321cf51cb3064441b8b31ef64d5', '0', '0', '0', '1', 0, '', '', '', '', '', '', '', '', 0, 0, 0, '0000-00-00 00:00:00', '', 0, 0, '0000-00-00 00:00:00', '0000-00-00 00:00:00', 0, '', 0, '', '', 0, 0.0000, '', NULL, NULL, 1, '', NULL),
(5085, NULL, '111455129', 0, NULL, 17, 'm', 'Dragan', 'Kuzmic', '2025-08-14 09:19:12', 'wtlsrbija@gmail.com', 5094, '+381642312177', NULL, 'a958b192a9263ba7da1669df3f4434e4', '0', '0', '0', '1', 0, '', '', '', '', '', '', '', '', 0, 0, 0, '0000-00-00 00:00:00', '', 0, 0, '0000-00-00 00:00:00', '0000-00-00 00:00:00', 0, '', 0, '', '', 0, 0.0000, '', NULL, NULL, 1, '', NULL),
(5086, NULL, 'DE315624879', 0, NULL, 13, 'm', 'Andrej', 'Miller', '2025-08-14 13:03:12', 'a.miller@baltic-wind.de', 5095, '+4945616134813', NULL, 'e8dac1835721f96c8b538f090fca63d0', '0', '0', '0', '1', 0, '', '', '', '', '', '', '', '', 0, 0, 0, '0000-00-00 00:00:00', '', 0, 0, '0000-00-00 00:00:00', '0000-00-00 00:00:00', 0, '', 0, '', '', 0, 0.0000, '', NULL, NULL, 1, '', NULL),
(5087, NULL, 'BG206200401', 0, NULL, 10, 'm', 'Hristo', 'Damyanov', '2025-08-14 15:39:06', 'hristo@ultrasmartlife.com', 5096, '+359887312890', NULL, 'aaa6b5f4471933d5d3647e5d08614257', '0', '0', '0', '1', 0, '', '', '', '', '', '', '', '', 0, 0, 0, '0000-00-00 00:00:00', '', 0, 0, '0000-00-00 00:00:00', '0000-00-00 00:00:00', 0, '', 0, '', '', 0, 0.0000, '', NULL, NULL, 1, '', NULL),
(5088, NULL, 'EL099073670', 0, NULL, 10, 'm', 'Evangelos', 'Tarsanis', '2025-08-14 17:20:27', 'e.tarsanis@amfelectronics.gr', 5097, '+302106229298', NULL, '2bc05e67a9574c7d08a0c23a1e41b8a2', '0', '0', '0', '1', 0, '', '', '', '', '', '', '', '', 0, 0, 0, '0000-00-00 00:00:00', '', 0, 0, '0000-00-00 00:00:00', '0000-00-00 00:00:00', 0, '', 0, '', '', 0, 2878.0000, '', NULL, NULL, 1, '', NULL),
(5089, NULL, 'RO42181972', 0, NULL, 11, 'm', 'Laszlo ', 'Gencsi', '2025-08-15 07:07:02', 'contactgordius@gmail.com', 5099, '+40752803200', NULL, '9bed49f5ce76a475d89c1b51a8134a18', '0', '0', '0', '1', 0, '', '', '', '', '', '', '', '', 0, 0, 0, '0000-00-00 00:00:00', '', 0, 0, '0000-00-00 00:00:00', '0000-00-00 00:00:00', 0, '', 0, '', '', 0, 0.0000, '', NULL, NULL, 1, '', NULL),
(5090, '', '', 0, NULL, 21, 'm', 'Burak', 'Agri', '0000-00-00 00:00:00', 'agri@einzelhandel-portal.de', 5101, '040209314800', '', 'ef88f4c402a6cc37d55a3ceed4625d72', NULL, '0', '0', '1', 0, '', '', '', '', '', '', '', '', 0, 0, 0, '0000-00-00 00:00:00', '040209314800', 0, 0, '0000-00-00 00:00:00', '0000-00-00 00:00:00', 0, '', 0, '', '', 0, 0.0000, '', NULL, NULL, 1, '', NULL),
(5091, '', 'EL062097542', 9, NULL, 11, 'm', 'ΠΑΥΛΟΣ', 'ΚΑΛΑΘΕΡΗΣ', '2025-08-15 18:18:56', 'pakalatheris@gmail.com', 5102, '+306977005361', '', 'b6db1c55970b779300d16f4d6603daa9', '0', '0', '0', '1', 0, '', '', '', '', '', '', '', '', 0, 0, 0, '0000-00-00 00:00:00', '', 0, 0, '0000-00-00 00:00:00', '0000-00-00 00:00:00', 0, '', 0, '', '', 0, 0.0000, '', NULL, NULL, 1, '', NULL),
(5092, NULL, 'DK43412329', 0, NULL, 11, 'm', 'Nick', 'Overballe', '2025-08-17 09:33:19', 'nick@stilling-solceller.dk', 5103, '+4553836223', NULL, '9984fd574b26afea0ec7a96055097c23', '0', '0', '0', '1', 0, '', '', '', '', '', '', '', '', 0, 0, 0, '0000-00-00 00:00:00', '', 0, 0, '0000-00-00 00:00:00', '0000-00-00 00:00:00', 0, '', 0, '', '', 0, 0.0000, '', NULL, NULL, 1, '', NULL),
(5093, NULL, '36155243', 0, NULL, 11, 'm', 'Pavel ', 'Silviu', '2025-08-18 07:56:27', 'silviu512@yahoo.com', 5104, '+40740848090', NULL, '99234d2dec8a6a6b898e8684c37e3318', '0', '0', '0', '1', 0, '', '', '', '', '', '', '', '', 0, 0, 0, '0000-00-00 00:00:00', '', 0, 0, '0000-00-00 00:00:00', '0000-00-00 00:00:00', 0, '', 0, '', '', 0, 0.0000, '', NULL, NULL, 1, '', NULL),
(5094, NULL, 'BG103027039', 0, NULL, 11, 'm', 'Lachezar', 'Mitev', '2025-08-18 12:19:04', 'sales@valensia96.com', 5105, '+359885322030', NULL, 'c59db0acb9c7f360b4e431db45180897', '0', '0', '0', '1', 0, '', '', '', '', '', '', '', '', 0, 0, 0, '0000-00-00 00:00:00', '', 0, 0, '0000-00-00 00:00:00', '0000-00-00 00:00:00', 0, '', 0, '', '', 0, 0.0000, '', NULL, NULL, 1, '', NULL),
(5095, NULL, 'GR801732118', 0, NULL, 11, 'm', 'iraklis', 'koundourakis', '2025-08-18 12:27:46', 'hkoundourakis@gmail.com', 5106, '+306936123080', NULL, 'c4f1f57a93f6dda7335885c275266e9e', '0', '0', '0', '1', 0, '', '', '', '', '', '', '', '', 0, 0, 0, '0000-00-00 00:00:00', '', 0, 0, '0000-00-00 00:00:00', '0000-00-00 00:00:00', 0, '', 0, '', '', 0, 0.0000, '', NULL, NULL, 1, '', NULL),
(5096, NULL, 'NL004154718B44', 0, NULL, 11, 'm', 'Rafael', 'Duncan', '2025-08-18 12:46:42', 'info@smarthometools.nl', 5107, '0613808781', NULL, '69cbbe38210810c550c80ffede48f308', '0', '0', '0', '1', 0, '', '', '', '', '', '', '', '', 0, 0, 0, '0000-00-00 00:00:00', '', 0, 0, '0000-00-00 00:00:00', '0000-00-00 00:00:00', 0, '', 0, '', '', 0, 0.0000, '', NULL, NULL, 1, '', NULL),
(5097, NULL, 'FI10914287', 0, NULL, 11, 'm', 'Janne', 'Koho', '2025-08-18 15:26:04', 'janne.koho@x3mimport.fi', 5108, '+358451111511', NULL, '6ce16cdefcaf977fb6dc73276bf6cdab', '0', '0', '0', '1', 0, '', '', '', '', '', '', '', '', 0, 0, 0, '0000-00-00 00:00:00', '', 0, 0, '0000-00-00 00:00:00', '0000-00-00 00:00:00', 0, '', 0, '', '', 0, 8540.0000, '', NULL, NULL, 1, '', NULL),
(5098, NULL, 'SR 108224081', 0, NULL, 17, 'm', 'Franjo', 'Vojnic', '2025-08-19 06:06:04', 'nautic.elektro@gmail.com', 5109, '+36706332070', NULL, '9f7c48bfbb04db6c62436f0b90ddc890', '0', '0', '0', '1', 0, '', '', '', '', '', '', '', '', 0, 0, 0, '0000-00-00 00:00:00', '', 0, 0, '0000-00-00 00:00:00', '0000-00-00 00:00:00', 0, '', 0, '', '', 0, 0.0000, '', NULL, NULL, 1, '', NULL),
(5099, NULL, 'BE1002360584', 0, NULL, 11, 'm', 'Anton', 'Creuven', '2025-08-19 09:42:58', 'info@itnsrl.be', 5110, '+32471055740', NULL, '11f6a6ca591890fd1b7a2c68d64ec28a', '0', '0', '0', '1', 0, '', '', '', '', '', '', '', '', 0, 0, 0, '0000-00-00 00:00:00', '', 0, 0, '0000-00-00 00:00:00', '0000-00-00 00:00:00', 0, '', 0, '', '', 0, 0.0000, '', NULL, NULL, 1, '', NULL),
(5100, NULL, 'ATU56926303', 0, NULL, 11, 'm', 'Josef', 'Kreiner', '2025-08-19 16:37:05', 'mpkreiner@icloud.com', 5111, '+43 664 5214696', NULL, '3b82ddbbbf05c42e4a2cb3a790017373', '0', '0', '0', '1', 0, '', '', '', '', '', '', '', '', 0, 0, 0, '0000-00-00 00:00:00', '', 0, 0, '0000-00-00 00:00:00', '0000-00-00 00:00:00', 0, '', 0, '', '', 0, 0.0000, '', NULL, NULL, 1, '', NULL),
(5101, NULL, 'BE0462878456', 0, NULL, 11, 'm', 'Chris', 'Poppe', '2025-08-20 06:59:05', 'chris@ancp.be', 5112, '+32475746119', NULL, '7b1866a639ccc38c44a8586f852c55da', '0', '0', '0', '1', 0, '', '', '', '', '', '', '', '', 0, 0, 0, '0000-00-00 00:00:00', '', 0, 0, '0000-00-00 00:00:00', '0000-00-00 00:00:00', 0, '', 0, '', '', 0, 18826.0000, '', NULL, NULL, 1, '', NULL),
(5102, NULL, 'RO46273670', 0, NULL, 11, 'm', 'Daniel', 'Ionescu', '2025-08-20 08:27:29', 'ionescudaniel17@gmail.com', 5114, '+40766425412', NULL, '1b8bbc53fe70c531cc93323c59eb10d3', '0', '0', '0', '1', 0, '', '', '', '', '', '', '', '', 0, 0, 0, '0000-00-00 00:00:00', '', 0, 0, '0000-00-00 00:00:00', '0000-00-00 00:00:00', 0, '', 0, '', '', 0, 0.0000, '', NULL, NULL, 1, '', NULL),
(5103, NULL, 'B-98707888', 0, NULL, 11, 'm', 'RICARDO', 'LOPEZ', '2025-08-20 12:20:43', 'RICARDO.NOVETECK@GMAIL.COM', 5115, '+34 692643749', NULL, 'd51973832d466a6b7344f905474f5dde', '0', '0', '0', '1', 0, '', '', '', '', '', '', '', '', 0, 0, 0, '0000-00-00 00:00:00', '', 0, 0, '0000-00-00 00:00:00', '0000-00-00 00:00:00', 0, '', 0, '', '', 0, 0.0000, '', NULL, NULL, 1, '', NULL),
(5104, '', 'PL7962500755', 9, NULL, 10, 'm', 'A.', 'Malinowski', '0000-00-00 00:00:00', '2025820_144028@syd-green-energy.com', 5116, '0111254545', '', '0bdcd6a88b26698f95ae5b1cd5223923', NULL, '0', '0', '1', 0, '', '', '', '', '', '', '', '', 0, 0, 0, '0000-00-00 00:00:00', '', 0, 0, '0000-00-00 00:00:00', '0000-00-00 00:00:00', 0, '', 0, '', '', 0, 491650.0000, '', NULL, NULL, 1, '', NULL),
(5105, NULL, 'SI91048982', 0, NULL, 11, 'm', 'Janez ', 'Zore', '2025-08-20 14:46:21', 'info@pro3biro.si', 5117, '+38631261892', NULL, '25d55ad283aa400af464c76d713c07ad', '0', '0', '0', '1', 0, '', '', '', '', '', '', '', '', 0, 0, 0, '0000-00-00 00:00:00', '', 0, 0, '0000-00-00 00:00:00', '0000-00-00 00:00:00', 0, '', 0, '', '', 0, 0.0000, '', NULL, NULL, 1, '', NULL),
(5106, NULL, 'Dk 29525056', 0, NULL, 11, 'm', 'Anders', 'Lund', '2025-08-20 18:07:48', 'aplund1@gmail.com', 5118, '+4540323888', NULL, '01433303a678f5eafdbfa5debdf24193', '0', '0', '0', '1', 0, '', '', '', '', '', '', '', '', 0, 0, 0, '0000-00-00 00:00:00', '', 0, 0, '0000-00-00 00:00:00', '0000-00-00 00:00:00', 0, '', 0, '', '', 0, 0.0000, '', NULL, NULL, 1, '', NULL),
(5107, NULL, '8491507042', 0, NULL, 11, 'm', 'Grzegorz', 'Jakacki', '2025-08-21 05:08:12', 'gregjakacki@gmail.com', 5119, '+48730824651', NULL, 'bb8d36d74f136b84f9fb2bb822f7b40c', '0', '0', '0', '1', 0, '', '', '', '', '', '', '', '', 0, 0, 0, '0000-00-00 00:00:00', '', 0, 0, '0000-00-00 00:00:00', '0000-00-00 00:00:00', 0, '', 0, '', '', 0, 0.0000, '', NULL, NULL, 1, '', NULL),
(5108, NULL, 'Fi2103243-6', 0, NULL, 11, 'm', 'Ari', 'Neittamo', '2025-08-21 07:11:32', 'ari.neittamo@outlook.com', 5120, '+358440550087', NULL, 'f2f2237358a0e429f18f9baf52d2b741', '0', '0', '0', '1', 0, '', '', '', '', '', '', '', '', 0, 0, 0, '0000-00-00 00:00:00', '', 0, 0, '0000-00-00 00:00:00', '0000-00-00 00:00:00', 0, '', 0, '', '', 0, 104.0000, '', NULL, NULL, 1, '', NULL),
(5109, NULL, 'NL001241355B47', 0, NULL, 11, 'm', 'John', 'Janssen', '2025-08-21 10:11:02', 'admin@techmediashop.nl', 5121, '+31635654592', NULL, '021d4f001d4381869ef305e47216d306', '0', '0', '0', '1', 0, '', '', '', '', '', '', '', '', 0, 0, 0, '0000-00-00 00:00:00', '+31635654592', 0, 0, '0000-00-00 00:00:00', '0000-00-00 00:00:00', 0, '', 0, '', '', 0, 0.0000, '', NULL, NULL, 1, '', NULL),
(5110, NULL, 'FR77533557187', 0, NULL, 11, 'm', 'Gianluca ', 'VETRI', '2025-08-21 18:33:08', 'jlucvetri@hotmail.com', 5122, '+33685553326', NULL, 'e981c666ccfd297bab90afa1996f8f68', '0', '0', '0', '1', 0, '4vGkfQU9ehYwdzn86m2RoC3sF8rKemY2', '', '', '', '', '', '', '', 0, 0, 0, '0000-00-00 00:00:00', '', 0, 0, '0000-00-00 00:00:00', '0000-00-00 00:00:00', 0, '', 0, '', '', 0, 0.0000, '', NULL, NULL, 1, '', NULL),
(5111, NULL, 'SI78293219', 0, NULL, 11, 'm', 'Martin', 'MAŠERA', '2025-08-21 18:36:09', 'martin.masera@gmail.com', 5123, '+38631642840', NULL, '0ca17d18d2f3ca6494ca2701ff5c0c0d', '0', '0', '0', '1', 0, '', '', '', '', '', '', '', '', 0, 0, 0, '0000-00-00 00:00:00', '', 0, 0, '0000-00-00 00:00:00', '0000-00-00 00:00:00', 0, '', 0, '', '', 0, 0.0000, '', NULL, NULL, 1, '', NULL),
(5112, NULL, 'Ro40307560', 0, NULL, 10, 'm', 'Valentin', 'Pircalab', '2025-08-22 15:56:12', 'valentin@pircalab.com', 5124, '+40770701702', NULL, 'c901afba2087926b2485666233027d41', '0', '0', '0', '1', 0, '', '', '', '', '', '', '', '', 0, 0, 0, '0000-00-00 00:00:00', '', 0, 0, '0000-00-00 00:00:00', '0000-00-00 00:00:00', 0, '', 0, '', '', 0, 0.0000, '', NULL, NULL, 1, '', NULL);
INSERT INTO `customers` (`customers_id`, `customers_cid`, `customers_vat_id`, `customers_vat_id_status`, `customers_warning`, `customers_status`, `customers_gender`, `customers_firstname`, `customers_lastname`, `customers_dob`, `customers_email_address`, `customers_default_address_id`, `customers_telephone`, `customers_fax`, `customers_password`, `customers_newsletter`, `customers_newsletter_mode`, `member_flag`, `delete_user`, `account_type`, `password_request_key`, `customers_ebay_userid`, `kto_nummer`, `kto_blz`, `kto_bank`, `kto_inhaber`, `kto_iban`, `kto_swift`, `block_warnings`, `block_warnings_span`, `block_warnings_dayspan`, `block_warnings_date`, `mobile`, `subject_from_textitem`, `branches_id`, `customers_date_added`, `customers_last_modified`, `refferers_id`, `orders_default_search_type`, `use_own_mailaddress`, `easylog_tn_national`, `easylog_tn_international`, `account_value_alert_notified`, `account_value`, `email_signature`, `hpsu_iban`, `hpsu_bic`, `wechselgeld_calculator`, `distributor_orders_edit_products_search_default`, `theme`) VALUES
(5113, NULL, '00000', 0, NULL, 14, 'm', 'Norman', 'Finotto', '2025-08-23 03:27:57', 'norman.finotto@sits-firma.de', 5126, '+491739453943', NULL, '81a976f4f7b47da464f9c6b7c0dc1778', '0', '0', '0', '1', 0, '', '', '', '', '', '', '', '', 0, 0, 0, '0000-00-00 00:00:00', '', 0, 0, '0000-00-00 00:00:00', '0000-00-00 00:00:00', 0, '', 0, '', '', 0, 0.0000, '', NULL, NULL, 1, '', NULL),
(5114, NULL, 'PT199852642', 0, NULL, 11, 'm', 'PAULO ALEXANDRE ABREU', 'AMBROSIO', '2025-08-23 16:45:01', 'pauloamb@sapo.pt', 5127, '+351936374894', NULL, '7c60b1a6200ce760e0c26bf3c14c4692', '0', '0', '0', '1', 0, '', '', '', '', '', '', '', '', 0, 0, 0, '0000-00-00 00:00:00', '', 0, 0, '0000-00-00 00:00:00', '0000-00-00 00:00:00', 0, '', 0, '', '', 0, 0.0000, '', NULL, NULL, 1, '', NULL),
(5115, NULL, 'Ro16955500', 0, NULL, 10, 'm', 'Tudor', 'Peica', '2025-08-23 19:26:33', 'yo.tudor@yahoo.com', 5128, '+40754012498', NULL, '68f40eaf96f9548b62c533a5dab7c972', '0', '0', '0', '1', 0, '', '', '', '', '', '', '', '', 0, 0, 0, '0000-00-00 00:00:00', '', 0, 0, '0000-00-00 00:00:00', '0000-00-00 00:00:00', 0, '', 0, '', '', 0, 0.0000, '', NULL, NULL, 1, '', NULL),
(5116, NULL, 'Pt516751050', 0, NULL, 11, 'm', 'Gabriel', 'Esteves', '2025-08-24 19:02:11', 'gabrielvesteves@gmail.com', 5129, '+351914296104', NULL, '9bbdba2cac53d4d21b10d326d83c888b', '0', '0', '0', '1', 0, '', '', '', '', '', '', '', '', 0, 0, 0, '0000-00-00 00:00:00', '', 0, 0, '0000-00-00 00:00:00', '0000-00-00 00:00:00', 0, '', 0, '', '', 0, 0.0000, '', NULL, NULL, 1, '', NULL),
(5117, NULL, 'SI56332009', 0, NULL, 10, 'm', 'Dejan', 'VOLGEMUT', '2025-08-25 06:51:27', 'dejan.volgemut@energosol.si', 5130, '+38670770919', NULL, 'c5e611992a6943fcc75b5d8a11a536bb', '0', '0', '0', '1', 0, '', '', '', '', '', '', '', '', 0, 0, 0, '0000-00-00 00:00:00', '', 0, 0, '0000-00-00 00:00:00', '0000-00-00 00:00:00', 0, '', 0, '', '', 0, 86842.5000, '', NULL, NULL, 1, '', NULL),
(5118, NULL, '38204199', 0, NULL, 16, 'm', 'Oleksandr', 'Matiushchenko', '2025-08-25 13:46:09', 'Oleksandr_Matiushchenko@erc.ua', 5132, '+380635797109', NULL, '413156078b68249a83dcef59ede97c31', '0', '0', '0', '1', 0, '', '', '', '', '', '', '', '', 0, 0, 0, '0000-00-00 00:00:00', '', 0, 0, '0000-00-00 00:00:00', '0000-00-00 00:00:00', 0, '', 0, '', '', 0, 0.0000, '', NULL, NULL, 1, '', NULL),
(5119, NULL, 'DE350551609', 0, NULL, 14, 'm', 'David', 'Hottenrott', '2025-08-25 13:53:31', 'info@solarcamp24.de', 5133, '+4947196914444', NULL, '8f01e4a1fd67816b33c9366f12c87029', '0', '0', '0', '1', 0, '', '', '', '', '', '', '', '', 0, 0, 0, '0000-00-00 00:00:00', '', 0, 0, '0000-00-00 00:00:00', '0000-00-00 00:00:00', 0, '', 0, '', '', 0, 0.0000, '', NULL, NULL, 1, '', NULL),
(5120, NULL, 'BE1020217492', 0, NULL, 11, 'm', 'OLEH', 'MATUSHCHAK', '2025-08-26 13:10:22', 'adresat.systems@gmail.com', 5134, '+32465413192', NULL, 'c32a037d7f953a7061829edce7e86451', '0', '0', '0', '1', 0, '', '', '', '', '', '', '', '', 0, 0, 0, '0000-00-00 00:00:00', '', 0, 0, '0000-00-00 00:00:00', '0000-00-00 00:00:00', 0, '', 0, '', '', 0, 0.0000, '', NULL, NULL, 1, '', NULL),
(5121, NULL, 'EL802071440', 0, NULL, 10, 'm', 'Anastasios', 'Chrysostalis', '2025-08-26 17:10:57', 'info@solarworks.gr', 5135, '+306970072955', NULL, '429cab38c0b677aa1a55d23157bccc8e', '0', '0', '0', '1', 0, '', '', '', '', '', '', '', '', 0, 0, 0, '0000-00-00 00:00:00', '', 0, 0, '0000-00-00 00:00:00', '0000-00-00 00:00:00', 0, '', 0, '', '', 0, 0.0000, '', NULL, NULL, 1, '', NULL),
(5122, NULL, '21653194', 0, NULL, 10, 'm', 'Borut', 'Šepetavc', '2025-08-26 20:44:44', 'borut.sepetavc@t-2.net', 5136, '+38641328990', NULL, '8994ff2fd8bf1c250e6272ea9027e068', '0', '0', '0', '1', 0, '', '', '', '', '', '', '', '', 0, 0, 0, '0000-00-00 00:00:00', '', 0, 0, '0000-00-00 00:00:00', '0000-00-00 00:00:00', 0, '', 0, '', '', 0, 0.0000, '', NULL, NULL, 1, '', NULL),
(5123, NULL, 'PL9661615223', 0, NULL, 10, 'm', 'Krzysztof', 'Dzieszko', '2025-08-27 07:19:25', 'dzieszko@o2.pl', 5137, '+48606892076', NULL, '68be0434c29d2e31b0a1beddff634499', '0', '0', '0', '1', 0, '', '', '', '', '', '', '', '', 0, 0, 0, '0000-00-00 00:00:00', '', 0, 0, '0000-00-00 00:00:00', '0000-00-00 00:00:00', 0, '', 0, '', '', 0, 0.0000, '', NULL, NULL, 1, '', NULL),
(5124, NULL, 'HR65726726107', 0, NULL, 11, 'm', 'Robert', 'Krznar', '2025-08-27 13:23:54', 'robert.krznar@troska.hr', 5138, '+385959082599', NULL, 'f62992b3c08e5b16df30c23900e5f4d1', '0', '0', '0', '1', 0, '', '', '', '', '', '', '', '', 0, 0, 0, '0000-00-00 00:00:00', '', 0, 0, '0000-00-00 00:00:00', '0000-00-00 00:00:00', 0, '', 0, '', '', 0, 0.0000, '', NULL, NULL, 1, '', NULL),
(5125, NULL, '46914847', 0, NULL, 10, 'f', 'Rauta', 'Oana', '2025-08-27 13:50:53', 'electricroadesign@gmail.ro', 5139, '+40744439235', NULL, '8d3e394cd75b6d044c4502216432936d', '0', '0', '0', '1', 0, '', '', '', '', '', '', '', '', 0, 0, 0, '0000-00-00 00:00:00', '', 0, 0, '0000-00-00 00:00:00', '0000-00-00 00:00:00', 0, '', 0, '', '', 0, 0.0000, '', NULL, NULL, 1, '', NULL),
(5126, NULL, 'DE366651583', 0, NULL, 13, 'm', 'Wolfgang', 'Weber', '2025-08-27 18:56:23', 'accounts@cmd-gmbh.com', 5140, '+491713318169', NULL, '80287b1a1b4bb38b8f864027d3ca685f', '0', '0', '0', '1', 0, '', '', '', '', '', '', '', '', 0, 0, 0, '0000-00-00 00:00:00', '', 0, 0, '0000-00-00 00:00:00', '0000-00-00 00:00:00', 0, '', 0, '', '', 0, 0.0000, '', NULL, NULL, 1, '', NULL),
(5127, NULL, 'NL001381856B30', 0, NULL, 11, 'm', 'Willem', 'Brinkman', '2025-08-27 22:52:25', 'willem.brinkman@twsf.eu', 5141, '+31 6 1437 5559', NULL, '54f930db5a87ddc50efef231897f3620', '0', '0', '0', '1', 0, '', '', '', '', '', '', '', '', 0, 0, 0, '0000-00-00 00:00:00', '', 0, 0, '0000-00-00 00:00:00', '0000-00-00 00:00:00', 0, '', 0, '', '', 0, 0.0000, '', NULL, NULL, 1, '', NULL),
(5128, NULL, '03039490846', 0, NULL, 10, 'm', 'Ignazio', 'Palermo', '2025-08-29 09:46:21', 'Palermoimpianti24@gmail.com', 5142, '3455787097', NULL, '4ba9709969effae88b9f63fbe691b5a6', '0', '0', '0', '1', 0, '', '', '', '', '', '', '', '', 0, 0, 0, '0000-00-00 00:00:00', '', 0, 0, '0000-00-00 00:00:00', '0000-00-00 00:00:00', 0, '', 0, '', '', 0, 0.0000, '', NULL, NULL, 1, '', NULL),
(5129, 'XXX', 'XXX', 9, NULL, 19, 'm', 'XXX', 'XXX', '0000-00-00 00:00:00', 'DSGVO_1756464204-info@syd-green-energy.com', 5143, 'XXX', 'XXX', 'TPscrryyhoEo3iFE', '0', '0', '0', '1', 0, '', '', 'XXX', 'XXX', 'XXX', 'XXX', 'XXX', 'XXX', 0, 0, 0, '0000-00-00 00:00:00', 'XXX', 0, 0, '0000-00-00 00:00:00', '2025-08-29 12:43:24', 0, '', 0, '', '', 0, 0.0000, '', '', '', 1, '', NULL),
(5130, NULL, 'SI95840613', 0, NULL, 11, 'm', 'Dorjan', 'Sik', '2025-08-29 10:35:19', 'teraxtrade@gmail.com', 5144, '+38641619356', NULL, 'e1634763256c12fb4881cf83e5dd5dce', '0', '0', '0', '1', 0, '', '', '', '', '', '', '', '', 0, 0, 0, '0000-00-00 00:00:00', '', 0, 0, '0000-00-00 00:00:00', '0000-00-00 00:00:00', 0, '', 0, '', '', 0, 0.0000, '', NULL, NULL, 1, '', NULL),
(5131, NULL, 'EL099371948', 0, NULL, 11, 'm', 'George', 'Christopoulos', '2025-08-29 12:13:32', 'george@shibui.gr', 5145, '+306944476278', NULL, '4f887e389ee4cb6b38f209549f3478fc', '0', '0', '0', '1', 0, '', '', '', '', '', '', '', '', 0, 0, 0, '0000-00-00 00:00:00', '', 0, 0, '0000-00-00 00:00:00', '0000-00-00 00:00:00', 0, '', 0, '', '', 0, 10620.0000, '', NULL, NULL, 1, '', NULL),
(5132, '', 'BG205294593', 9, NULL, 11, 'm', 'ENKA', 'Energy EOOD', '0000-00-00 00:00:00', '2025829_145448@syd-green-energy.com', 5146, '000', '', '35839828a7af252d3fc6468ed2e7c557', NULL, '0', '0', '1', 0, '', '', '', '', '', '', '', '', 0, 0, 0, '0000-00-00 00:00:00', '', 0, 0, '0000-00-00 00:00:00', '0000-00-00 00:00:00', 0, '', 0, '', '', 0, 92672.0000, '', NULL, NULL, 1, '', NULL),
(5133, NULL, '49747549', 0, NULL, 11, 'm', 'Suteu', 'Daniel', '2025-08-30 13:45:05', 'danielsuteu@yahoo.es', 5147, '+40743412413', NULL, '82b3ea99690ea7e0ac0c8e5721fa13a9', '0', '0', '0', '1', 0, '', '', '', '', '', '', '', '', 0, 0, 0, '0000-00-00 00:00:00', '', 0, 0, '0000-00-00 00:00:00', '0000-00-00 00:00:00', 0, '', 0, '', '', 0, 0.0000, '', NULL, NULL, 1, '', NULL),
(5134, NULL, 'PT304475998', 0, NULL, 11, 'f', 'Katarzyna', 'Kosydar', '2025-08-30 23:05:21', 'info@villa-kasia.com', 5148, '+351910339135', NULL, '1bf22897651f426fe38986e223ee9077', '0', '0', '0', '1', 0, '', '', '', '', '', '', '', '', 0, 0, 0, '0000-00-00 00:00:00', '', 0, 0, '0000-00-00 00:00:00', '0000-00-00 00:00:00', 0, '', 0, '', '', 0, 0.0000, '', NULL, NULL, 1, '', NULL),
(5135, NULL, '121439674', 0, NULL, 11, 'm', 'Ivo', 'Radev', '2025-08-31 07:31:53', 'ivo.zamatikas@gmail.com', 5149, '00306947837', NULL, '88a6f6f4db05ddd974e5c5cd4d931ee7', '0', '0', '0', '1', 0, '', '', '', '', '', '', '', '', 0, 0, 0, '0000-00-00 00:00:00', '', 0, 0, '0000-00-00 00:00:00', '0000-00-00 00:00:00', 0, '', 0, '', '', 0, 0.0000, '', NULL, NULL, 1, '', NULL),
(5136, NULL, 'SE556759674601', 0, NULL, 11, 'm', 'Jörgen', 'Axelsson', '2025-09-01 12:14:57', 'jorgen@tt-teknik.se', 5150, '+46706223724', NULL, 'be115b27787ad9b20b771edce206c8be', '0', '0', '0', '1', 0, '', '', '', '', '', '', '', '', 0, 0, 0, '0000-00-00 00:00:00', '', 0, 0, '0000-00-00 00:00:00', '0000-00-00 00:00:00', 0, '', 0, '', '', 0, 6639.0000, '', NULL, NULL, 1, '', NULL),
(5137, NULL, 'SK1074415441', 0, NULL, 11, 'm', 'Arnold', 'Nedela', '2025-09-03 03:47:18', 'nedela1978@gmail.com', 5153, '+421905896887', NULL, '82e0c207527fbfcbd593191df6b5d5e5', '0', '0', '0', '1', 0, '', '', '', '', '', '', '', '', 0, 0, 0, '0000-00-00 00:00:00', '', 0, 0, '0000-00-00 00:00:00', '0000-00-00 00:00:00', 0, '', 0, '', '', 0, 0.0000, '', NULL, NULL, 1, '', NULL),
(5138, NULL, 'FR09950924464', 0, NULL, 10, 'm', 'Tony', 'Philips', '2025-09-03 13:55:15', 'tony@into-technics.be', 5155, '+32485860813', NULL, '1cd6ad3bbe1825b172c4dce64847442d', '0', '0', '0', '1', 0, '', '', '', '', '', '', '', '', 0, 0, 0, '0000-00-00 00:00:00', '', 0, 0, '0000-00-00 00:00:00', '0000-00-00 00:00:00', 0, '', 0, '', '', 0, 0.0000, '', NULL, NULL, 1, '', NULL),
(5139, NULL, 'FR37853655363', 0, NULL, 11, 'm', 'Henri', 'Lafont', '2025-09-04 11:51:58', 'm.lafont@qualiwatt.com', 5156, '+33766885615', NULL, '7ddbdc4815b12ad7d1cb5379de7a8f41', '0', '0', '0', '1', 0, '', '', '', '', '', '', '', '', 0, 0, 0, '0000-00-00 00:00:00', '', 0, 0, '0000-00-00 00:00:00', '0000-00-00 00:00:00', 0, '', 0, '', '', 0, 0.0000, '', NULL, NULL, 1, '', NULL),
(5140, NULL, 'PL6070080378', 0, NULL, 10, 'f', 'MARIA', 'klein Tank', '2025-09-05 08:28:18', 'mariakleintank@kleventa.pl', 5157, '+48510770525', NULL, 'cc4052c97dd569691347adc60df1b0a8', '0', '0', '0', '1', 0, '', '', '', '', '', '', '', '', 0, 0, 0, '0000-00-00 00:00:00', '', 0, 0, '0000-00-00 00:00:00', '0000-00-00 00:00:00', 0, '', 0, '', '', 0, 13669.0000, '', NULL, NULL, 1, '', NULL),
(5141, NULL, 'ATU78766729', 0, NULL, 11, 'm', 'Thomas', 'Kropsch', '2025-09-05 19:41:51', 'thomas.kopsch@gmx.at', 5158, '+4368110579011', NULL, 'd06938fe59d2504c284fee21764cf409', '0', '0', '0', '1', 0, '', '', '', '', '', '', '', '', 0, 0, 0, '0000-00-00 00:00:00', '', 0, 0, '0000-00-00 00:00:00', '0000-00-00 00:00:00', 0, '', 0, '', '', 0, 0.0000, '', NULL, NULL, 1, '', NULL),
(5142, NULL, '33771940', 0, NULL, 10, 'm', 'Emil', 'Christiansen', '2025-09-06 01:23:52', 'emil@vejrhojenergivvs.dk', 5159, '+4591967528', NULL, '3f4bab8dee607ebae60ec570e5802889', '0', '0', '0', '1', 0, '', '', '', '', '', '', '', '', 0, 0, 0, '0000-00-00 00:00:00', '', 0, 0, '0000-00-00 00:00:00', '0000-00-00 00:00:00', 0, '', 0, '', '', 0, 0.0000, '', NULL, NULL, 1, '', NULL),
(5143, NULL, 'DE357773515 ', 0, NULL, 13, 'm', 'Daniel', 'Gräfendorf', '2025-09-06 08:25:20', 'dgraefendorf@autaris-energy.de', 5160, '+49 170 1153065 ', NULL, '59d5252005e65ec79ec758caff60e75f', '0', '0', '0', '1', 0, '', '', '', '', '', '', '', '', 0, 0, 0, '0000-00-00 00:00:00', '', 0, 0, '0000-00-00 00:00:00', '0000-00-00 00:00:00', 0, '', 0, '', '', 0, 0.0000, '', NULL, NULL, 1, '', NULL),
(5144, NULL, 'IT 03225620214', 0, NULL, 10, 'm', 'Hubert', 'Tscholl', '2025-09-07 05:59:02', 'ht.catinnovation@gmail.com', 5161, '+393355445001', NULL, 'c25229f464effe72000dc667a3770f5c', '0', '0', '0', '1', 0, '', '', '', '', '', '', '', '', 0, 0, 0, '0000-00-00 00:00:00', '', 0, 0, '0000-00-00 00:00:00', '0000-00-00 00:00:00', 0, '', 0, '', '', 0, 0.0000, '', NULL, NULL, 1, '', NULL),
(5145, NULL, 'Ro46437624', 0, NULL, 10, 'm', 'Paul', 'Florin', '2025-09-08 05:09:14', 'solargiftenergysrl@gmail.com', 5162, '0040742855082', NULL, 'cc40e9069c36d751e1738585faca07ec', '0', '0', '0', '1', 0, '', '', '', '', '', '', '', '', 0, 0, 0, '0000-00-00 00:00:00', '', 0, 0, '0000-00-00 00:00:00', '0000-00-00 00:00:00', 0, '', 0, '', '', 0, 3900.0000, '', NULL, NULL, 1, '', NULL),
(5146, NULL, 'ATU78293669', 0, NULL, 11, 'm', 'Thomas', 'Scheibmayr', '2025-09-09 05:43:51', 'ts.pv@icloud.com', 5163, '+436509204145', NULL, '062173b900f1b394844cc734f8652574', '0', '0', '0', '1', 0, '', '', '', '', '', '', '', '', 0, 0, 0, '0000-00-00 00:00:00', '', 0, 0, '0000-00-00 00:00:00', '0000-00-00 00:00:00', 0, '', 0, '', '', 0, 0.0000, '', NULL, NULL, 1, '', NULL),
(5147, NULL, 'DE244366648', 0, NULL, 14, 'm', 'Maik ', 'Lorenz ', '2025-09-09 07:06:02', 'maik@solartechnik-lorenz.de', 5164, '+491716842738', NULL, '7d0c3789321b76803b83b696881fc7eb', '0', '0', '0', '1', 0, '', '', '', '', '', '', '', '', 0, 0, 0, '0000-00-00 00:00:00', '', 0, 0, '0000-00-00 00:00:00', '0000-00-00 00:00:00', 0, '', 0, '', '', 0, 28700.2300, '', NULL, NULL, 1, '', NULL),
(5148, '', '2159411398', 9, NULL, 17, 'm', 'Ohiian O.', 'Mykolayovych', '0000-00-00 00:00:00', 'shurik313@gmail.com', 5165, '000', '', 'fad8d80833c9c8e2a43d7649edeea582', '0', '0', '0', '1', 0, '', '', '', '', '', '', '', '', 0, 0, 0, '0000-00-00 00:00:00', '', 0, 0, '0000-00-00 00:00:00', '0000-00-00 00:00:00', 0, '', 0, '', '', 0, 48440.0000, '', NULL, NULL, 1, '', NULL),
(5149, '', '', 0, NULL, 16, 'f', 'Striuk Nadiia ', 'Oleksandrivna', '0000-00-00 00:00:00', 'o_fursova@ukr.net', 5166, '12345', '', '624cf256a242c9a46fe17f7fa0169f6c', NULL, '0', '0', '1', 0, '', '', '', '', '', '', '', '', 0, 0, 0, '0000-00-00 00:00:00', '', 0, 0, '0000-00-00 00:00:00', '2025-11-17 19:07:25', 0, '', 0, '', '', 0, 25050.0000, '', NULL, NULL, 1, '', NULL),
(5150, NULL, 'cz07046987', 0, NULL, 10, 'm', 'Ondřej', 'Peters', '2025-09-09 08:20:52', 'ondrej.peters@pshsolution.cz', 5167, '+420601592295', NULL, '2deb20575e85fc7596d1f9942ca3efae', '0', '0', '0', '1', 0, '', '', '', '', '', '', '', '', 0, 0, 0, '0000-00-00 00:00:00', '', 0, 0, '0000-00-00 00:00:00', '0000-00-00 00:00:00', 0, '', 0, '', '', 0, 8685.0000, '', NULL, NULL, 1, '', NULL),
(5151, NULL, 'BG207571224', 0, NULL, 10, 'm', 'Radoslav', 'Iliev', '2025-09-09 20:30:54', 'radoslav.pavlov.iliev.93@abv.bg', 5170, '+359883315715', NULL, 'c983439958314fd95692d37b0863ca8f', '0', '0', '0', '1', 0, '', '', '', '', '', '', '', '', 0, 0, 0, '0000-00-00 00:00:00', '', 0, 0, '0000-00-00 00:00:00', '0000-00-00 00:00:00', 0, '', 0, '', '', 0, 0.0000, '', NULL, NULL, 1, '', NULL),
(5152, NULL, 'DE266979770', 0, NULL, 14, 'm', 'Florian', 'Häußler', '2025-09-09 21:04:38', 'florian.haeussler@haeussler-consulting.de', 5171, '+4973455060741', NULL, 'eb64ae0fe41828a1b751672578a1a474', '0', '0', '0', '1', 0, '', '', '', '', '', '', '', '', 0, 0, 0, '0000-00-00 00:00:00', '', 0, 0, '0000-00-00 00:00:00', '0000-00-00 00:00:00', 0, '', 0, '', '', 0, 0.0000, '', NULL, NULL, 1, '', NULL),
(5153, NULL, 'NL867252339B01', 0, NULL, 11, 'm', 'Mohamed', 'Masri', '2025-09-10 19:24:27', 'mohamed@mizen.nl', 5172, '+31624577789', NULL, 'c35b5bc35f30c215fee391d4e4534ea9', '0', '0', '0', '1', 0, '', '', '', '', '', '', '', '', 0, 0, 0, '0000-00-00 00:00:00', '', 0, 0, '0000-00-00 00:00:00', '0000-00-00 00:00:00', 0, '', 0, '', '', 0, 0.0000, '', NULL, NULL, 1, '', NULL),
(5154, NULL, 'PT516651617', 0, NULL, 11, 'm', 'Pedro', 'Machado', '2025-09-11 00:59:31', 'compras@jpsolarsolutions.pt', 5173, '+351915679066', NULL, '014917dfb509cfc0903622dc7ad03d20', '0', '0', '0', '1', 0, '', '', '', '', '', '', '', '', 0, 0, 0, '0000-00-00 00:00:00', '', 0, 0, '0000-00-00 00:00:00', '0000-00-00 00:00:00', 0, '', 0, '', '', 0, 0.0000, '', NULL, NULL, 1, '', NULL),
(5155, NULL, 'DK16082643', 0, NULL, 11, 'm', 'Jacob', 'Mortensen', '2025-09-12 04:02:56', 'jacob@sporing.dk', 5176, '+4540571144', NULL, 'aadc9ddaa17c472ed79c43033ff73308', '0', '0', '0', '1', 0, '', '', '', '', '', '', '', '', 0, 0, 0, '0000-00-00 00:00:00', '', 0, 0, '0000-00-00 00:00:00', '0000-00-00 00:00:00', 0, '', 0, '', '', 0, 0.0000, '', NULL, NULL, 1, '', NULL),
(5156, NULL, 'Y4104033l', 0, NULL, 10, 'm', 'Jens', 'Kozlik', '2025-09-14 12:19:04', 'jens.kozlik@gmx.de', 5178, '0034612440413', NULL, 'dbac51535b0dade2b1add287e88f7f90', '0', '0', '0', '1', 0, '', '', '', '', '', '', '', '', 0, 0, 0, '0000-00-00 00:00:00', '', 0, 0, '0000-00-00 00:00:00', '0000-00-00 00:00:00', 0, '', 0, '', '', 0, 0.0000, '', NULL, NULL, 1, '', NULL),
(5157, NULL, '124804', 0, NULL, 16, 'm', 'Marlon', 'Hoo Fatt', '2025-09-16 19:54:56', 'marlon@sylinxtt.com', 5179, '8686382428', NULL, '019251ba41138326138994139f7ddabd', '0', '0', '0', '1', 0, '', '', '', '', '', '', '', '', 0, 0, 0, '0000-00-00 00:00:00', '', 0, 0, '0000-00-00 00:00:00', '0000-00-00 00:00:00', 0, '', 0, '', '', 0, 0.0000, '', NULL, NULL, 1, '', NULL),
(5158, NULL, 'NL866887416B01', 0, NULL, 10, 'm', 'marc', 'Weber', '2025-09-19 07:02:38', 'info+syd@mijn-thuisbatterij.nl', 5181, '+31633028946', NULL, '747594554885751320f991bfd887afb8', '0', '0', '0', '1', 0, '', '', '', '', '', '', '', '', 0, 0, 0, '0000-00-00 00:00:00', '', 0, 0, '0000-00-00 00:00:00', '0000-00-00 00:00:00', 0, '', 0, '', '', 0, 0.0000, '', NULL, NULL, 1, '', NULL),
(5159, NULL, 'PL7010345632', 0, NULL, 11, 'm', 'Milosz', 'Oleisnski ', '2025-09-20 19:08:45', 'milosz.olesinski@masterenergy.eu', 5182, '+48660087888', NULL, '1d9382eba3c46f82a84470dcd10b75c1', '0', '0', '0', '1', 0, '', '', '', '', '', '', '', '', 0, 0, 0, '0000-00-00 00:00:00', '', 0, 0, '0000-00-00 00:00:00', '0000-00-00 00:00:00', 0, '', 0, '', '', 0, 0.0000, '', NULL, NULL, 1, '', NULL),
(5160, '', '', 0, NULL, 1, 'm', 'Dirk', 'Lukas', '0000-00-00 00:00:00', '2025923_102853@syd-green-energy.com', 5188, '017645617645', '', '34e06b3da07195149ae5eb91b9e44576', NULL, '0', '0', '1', 0, '', '', '', '', '', '', '', '', 0, 0, 0, '0000-00-00 00:00:00', '', 0, 0, '0000-00-00 00:00:00', '0000-00-00 00:00:00', 0, '', 0, '', '', 0, 0.0000, '', NULL, NULL, 1, '', NULL),
(5161, NULL, 'RO 35461350', 0, NULL, 11, 'm', 'Daniel', 'Acatrinei', '2025-09-25 17:51:43', 'contact@bilder.ro', 5189, '+40728037475', NULL, '845e8f399f5db7123500daca9970b74b', '0', '0', '0', '1', 0, '', '', '', '', '', '', '', '', 0, 0, 0, '0000-00-00 00:00:00', '', 0, 0, '0000-00-00 00:00:00', '0000-00-00 00:00:00', 0, '', 0, '', '', 0, 0.0000, '', NULL, NULL, 1, '', NULL),
(5162, '', '', 0, NULL, 18, 'm', 'Serhii', 'Liutyi', '0000-00-00 00:00:00', 'sd881843ds@gmail.com', 5190, '+380984192671', '', '916f0d504dffe52d550686355c17fcfa', NULL, '0', '0', '1', 0, '', '', '', '', '', '', '', '', 0, 0, 0, '0000-00-00 00:00:00', '', 0, 0, '0000-00-00 00:00:00', '0000-00-00 00:00:00', 0, '', 0, '', '', 0, 0.0000, '', NULL, NULL, 1, '', NULL),
(5163, NULL, 'de360570533', 0, NULL, 14, 'm', 'Wilhelm', 'Klütsch', '2025-09-26 14:09:45', 'info@wmk-systeme.de', 5191, '01729542267', NULL, '957fdf6206d923bdb73e00726a887fc0', '0', '0', '0', '1', 0, '', '', '', '', '', '', '', '', 0, 0, 0, '0000-00-00 00:00:00', '', 0, 0, '0000-00-00 00:00:00', '0000-00-00 00:00:00', 0, '', 0, '', '', 0, 0.0000, '', NULL, NULL, 1, '', NULL),
(5164, NULL, 'Pt515357804', 0, NULL, 11, 'm', 'Daniel', 'Maia', '2025-09-28 20:28:50', 'danielmaia@mdtecnica.pt', 5192, '+351912816706', NULL, '13616cb9ee5af18a8f19c6c988db0af7', '0', '0', '0', '1', 0, '', '', '', '', '', '', '', '', 0, 0, 0, '0000-00-00 00:00:00', '', 0, 0, '0000-00-00 00:00:00', '0000-00-00 00:00:00', 0, '', 0, '', '', 0, 0.0000, '', NULL, NULL, 1, '', NULL),
(5165, NULL, 'SIRET 93518655100013', 0, NULL, 11, 'm', 'rene', 'birolini', '2025-10-03 15:39:01', 'fr57p@hotmail.com', 5193, '0354865658', NULL, '187d95139b6b56236bfae5b72526180c', '0', '0', '0', '1', 0, '', '', '', '', '', '', '', '', 0, 0, 0, '0000-00-00 00:00:00', '', 0, 0, '0000-00-00 00:00:00', '0000-00-00 00:00:00', 0, '', 0, '', '', 0, 0.0000, '', NULL, NULL, 1, '', NULL),
(5166, NULL, 'SK2121608104', 0, NULL, 11, 'm', 'Patrik', 'Polák', '2025-10-04 01:25:42', 'energorenova@gmail.com', 5194, '+421948912388', NULL, '068ea067196b1cd121480744a1d193b6', '0', '0', '0', '1', 0, '', '', '', '', '', '', '', '', 0, 0, 0, '0000-00-00 00:00:00', '', 0, 0, '0000-00-00 00:00:00', '0000-00-00 00:00:00', 0, '', 0, '', '', 0, 5264.0000, '', NULL, NULL, 1, '', NULL),
(5167, NULL, '42181972', 0, NULL, 11, 'm', 'Laszlo', 'Gencsi', '2025-10-06 05:58:02', 'gencsilaszlo@gmail.com', 5195, '+40752803200', NULL, 'ab97541cfa945f72b1f83d53035ab459', '0', '0', '0', '1', 0, '', '', '', '', '', '', '', '', 0, 0, 0, '0000-00-00 00:00:00', '', 0, 0, '0000-00-00 00:00:00', '0000-00-00 00:00:00', 0, '', 0, '', '', 0, 0.0000, '', NULL, NULL, 1, '', NULL),
(5168, NULL, 'DE360916270', 0, NULL, 14, 'm', 'Klaudia', 'Husakowska', '2025-10-07 14:02:11', 'kh@husatech.de', 5196, '053112296789', NULL, '061083ee64dd3f39e4f2c030bf27f4c6', '0', '0', '0', '1', 0, '', '', '', '', '', '', '', '', 0, 0, 0, '0000-00-00 00:00:00', '', 0, 0, '0000-00-00 00:00:00', '0000-00-00 00:00:00', 0, '', 0, '', '', 0, 0.0000, '', NULL, NULL, 1, '', NULL),
(5169, NULL, 'DK44303531', 0, NULL, 12, 'm', 'Jesper', 'Christensen', '2025-10-08 19:39:23', 'Jesper@erron.dk', 5197, '+4552704073', NULL, '179426d7b214e312ceab6fdfe8fc4af1', '0', '0', '0', '1', 0, '', '', '', '', '', '', '', '', 0, 0, 0, '0000-00-00 00:00:00', '', 0, 0, '0000-00-00 00:00:00', '0000-00-00 00:00:00', 0, '', 0, '', '', 0, 2078.0000, '', NULL, NULL, 1, '', NULL),
(5170, NULL, '7711595356', 0, NULL, 11, 'm', 'Aleksander', 'Wośko', '2025-10-09 05:27:35', 'aleksanderwosko@gmail.com', 5198, '+48725269841', NULL, '40447dd126513a519b1537f0ee662d4d', '0', '0', '0', '1', 0, '', '', '', '', '', '', '', '', 0, 0, 0, '0000-00-00 00:00:00', '', 0, 0, '0000-00-00 00:00:00', '0000-00-00 00:00:00', 0, '', 0, '', '', 0, 0.0000, '', NULL, NULL, 1, '', NULL),
(5171, '', 'RO14338770', 9, NULL, 11, 'm', 'CABLE', 'SRL', '0000-00-00 00:00:00', '2025109_141023@syd-green-energy.com', 5199, '000', '', '89d558a5a04f22aa26bd2971b734b452', NULL, '0', '0', '1', 0, '', '', '', '', '', '', '', '', 0, 0, 0, '0000-00-00 00:00:00', '', 0, 0, '0000-00-00 00:00:00', '0000-00-00 00:00:00', 0, '', 0, '', '', 0, 0.0000, '', NULL, NULL, 1, '', NULL),
(5172, NULL, 'CZ7507253545', 0, NULL, 11, 'm', 'Jiri', 'Trnka', '2025-10-09 19:15:40', 'teejay@email.cz', 5200, '+420603813581', NULL, 'c6238fe5484818ccd5c5faf4b66354a5', '0', '0', '0', '1', 0, '', '', '', '', '', '', '', '', 0, 0, 0, '0000-00-00 00:00:00', '', 0, 0, '0000-00-00 00:00:00', '0000-00-00 00:00:00', 0, '', 0, '', '', 0, 0.0000, '', NULL, NULL, 1, '', NULL),
(5173, NULL, 'PT222258560', 0, NULL, 11, 'm', 'Carlos Miguel Santos', 'Vida', '2025-10-12 17:06:32', 'carlos2009@sapo.pt', 5201, '+351961913811', NULL, 'a1901d012cf8f992a92889a861d55e27', '0', '0', '0', '1', 0, '', '', '', '', '', '', '', '', 0, 0, 0, '0000-00-00 00:00:00', '', 0, 0, '0000-00-00 00:00:00', '0000-00-00 00:00:00', 0, '', 0, '', '', 0, 2910.0000, '', NULL, NULL, 1, '', NULL),
(5174, NULL, '34576394', 0, NULL, 11, 'm', 'Thomas', 'Rahbek', '2025-10-14 12:23:56', 'solcelle@mail.dk', 5203, '+4540269624', NULL, '2a1e4d43b82204f3d59eb3fdbc95bdda', '0', '0', '0', '1', 0, '', '', '', '', '', '', '', '', 0, 0, 0, '0000-00-00 00:00:00', '', 0, 0, '0000-00-00 00:00:00', '0000-00-00 00:00:00', 0, '', 0, '', '', 0, 2008.0000, '', NULL, NULL, 1, '', NULL),
(5175, NULL, 'RO48828610', 0, NULL, 11, 'm', 'Nistor', 'Mircea-Andrei', '2025-10-16 04:48:39', 'nistorserv@outlook.com', 5204, '+40746622237', NULL, '98889e29761ac72802f1de94810a2252', '0', '0', '0', '1', 0, '', '', '', '', '', '', '', '', 0, 0, 0, '0000-00-00 00:00:00', '', 0, 0, '0000-00-00 00:00:00', '0000-00-00 00:00:00', 0, '', 0, '', '', 0, 0.0000, '', NULL, NULL, 1, '', NULL),
(5176, '', 'PL7390516553', 9, NULL, 11, 'm', 'Christoph', 'Boehm', '0000-00-00 00:00:00', 'xxjwenergia1@gmail.com', 5205, '231231231', '', 'a69df7243aa3b02f651405909fe6c123', NULL, '0', '0', '1', 0, '', '', '', '', '', '', '', '', 0, 0, 0, '0000-00-00 00:00:00', '', 0, 0, '0000-00-00 00:00:00', '0000-00-00 00:00:00', 0, '', 0, '', '', 0, 1699.0000, '', NULL, NULL, 1, '', NULL),
(5177, NULL, 'RO7029780', 0, NULL, 11, 'm', 'Botond', 'Lado', '2025-10-20 08:38:09', 'lado.botond@gmail.com', 5206, '+40745160504', NULL, '251b738c28c9d68cb002bace1072d3d1', '0', '0', '0', '1', 0, '', '', '', '', '', '', '', '', 0, 0, 0, '0000-00-00 00:00:00', '', 0, 0, '0000-00-00 00:00:00', '0000-00-00 00:00:00', 0, '', 0, '', '', 0, 0.0000, '', NULL, NULL, 1, '', NULL),
(5178, '', 'SK2122216448', 9, NULL, 10, 'm', 'VOLTX', 'S.R.O.', '0000-00-00 00:00:00', '20251021_62415@syd-green-energy.com', 5207, '000', '', 'd1969306dadcc68fa75ea2d23095efc4', NULL, '0', '0', '1', 0, '', '', '', '', '', '', '', '', 0, 0, 0, '0000-00-00 00:00:00', '', 0, 0, '0000-00-00 00:00:00', '0000-00-00 00:00:00', 0, '', 0, '', '', 0, 0.0000, '', NULL, NULL, 1, '', NULL),
(5179, '', 'FR52382499499', 9, NULL, 11, 'm', 'Bertrand', 'Dellinger', '0000-00-00 00:00:00', 'apexenergiesfrances18@gmail.com', 5210, '+33758938842', '', '92cb605ee3086306e7d086c547eda006', '0', '0', '0', '1', 0, '', '', '', '', '', '', '', '', 0, 0, 0, '0000-00-00 00:00:00', '', 0, 0, '0000-00-00 00:00:00', '0000-00-00 00:00:00', 0, '', 0, '', '', 0, 0.0000, '', NULL, NULL, 1, '', NULL),
(5180, '', '', 0, NULL, 16, 'f', 'Lidiia', 'Korostina', '0000-00-00 00:00:00', '202466_145147@solarset.shop', 5211, '+380 67 104 4126', '', '0c9a5a6bd0cfbe37450c7b056309ea33', '0', '0', '0', '1', 0, '', '', '', '', '', '', '', '', 0, 0, 0, '0000-00-00 00:00:00', '', 0, 0, '0000-00-00 00:00:00', '0000-00-00 00:00:00', 0, '', 0, '', '', 0, 803678.0000, '', NULL, NULL, 1, '', NULL),
(5181, '', '', 0, NULL, 17, 'm', 'XXX', 'XXX', '0000-00-00 00:00:00', '20251027_105441@syd-green-energy.com', 5212, '+380966972566', '', 'f3b4d47ed2bd32280ad720746df7570f', '0', '0', '0', '1', 0, '', '', '', '', '', '', '', '', 0, 0, 0, '0000-00-00 00:00:00', '', 0, 0, '0000-00-00 00:00:00', '0000-00-00 00:00:00', 0, '', 0, '', '', 0, 754344.0000, '', NULL, NULL, 1, '', NULL),
(5182, NULL, '04557000983 ', 0, NULL, 11, 'm', 'Marius Constantin ', 'Scanteianu ', '2025-11-02 09:14:07', 'mariusc.scanteianu@smcenergygreen.com', 5215, '+393209444042 ', NULL, '88d076a713b591688494b6d1313b5cb6', '0', '0', '0', '1', 0, '', '', '', '', '', '', '', '', 0, 0, 0, '0000-00-00 00:00:00', '', 0, 0, '0000-00-00 00:00:00', '0000-00-00 00:00:00', 0, '', 0, '', '', 0, 0.0000, '', NULL, NULL, 1, '', NULL),
(5183, NULL, 'RO6306930', 0, NULL, 10, 'f', 'Julia', 'Tamas', '2025-11-03 15:14:02', 'boti@gerkon.ro', 5216, '+40745160504', NULL, '251b738c28c9d68cb002bace1072d3d1', '0', '0', '0', '1', 0, '', '', '', '', '', '', '', '', 0, 0, 0, '0000-00-00 00:00:00', '', 0, 0, '0000-00-00 00:00:00', '0000-00-00 00:00:00', 0, '', 0, '', '', 0, 0.0000, '', NULL, NULL, 1, '', NULL),
(5184, NULL, 'DE366519785', 0, NULL, 11, 'm', 'Eduard', 'Wiebe', '2025-11-03 16:32:47', 'info@ib-nordsolar.de', 5217, '0049 176 34666968', NULL, '31a5b09f55c4471e79c2b435a461cc73', '0', '0', '0', '1', 0, '', '', '', '', '', '', '', '', 0, 0, 0, '0000-00-00 00:00:00', '', 0, 0, '0000-00-00 00:00:00', '0000-00-00 00:00:00', 0, '', 0, '', '', 0, 0.0000, '', NULL, NULL, 1, '', NULL),
(5185, NULL, '000000', 0, NULL, 10, 'm', 'Atheer', 'Ameer', '2025-11-03 22:00:05', 'Atheerameer@flexipwr.com', 5218, '009647730068100', NULL, '21f000db38a6f62b9a825576006bd9e8', '0', '0', '0', '1', 0, '', '', '', '', '', '', '', '', 0, 0, 0, '0000-00-00 00:00:00', '', 0, 0, '0000-00-00 00:00:00', '0000-00-00 00:00:00', 0, '', 0, '', '', 0, 0.0000, '', NULL, NULL, 1, '', NULL),
(5186, NULL, 'DE245682608', 0, NULL, 15, 'm', 'Christian', 'Dura', '2025-11-04 10:55:04', 'cdura@durasat.de', 5219, '077219464822', NULL, 'f2dab03ebbb2e42d95043578a8027f80', '0', '0', '0', '1', 0, '', '', '', '', '', '', '', '', 0, 0, 0, '0000-00-00 00:00:00', '', 0, 0, '0000-00-00 00:00:00', '0000-00-00 00:00:00', 0, '', 0, '', '', 0, 0.0000, '', NULL, NULL, 1, '', NULL),
(5187, '', '', 0, NULL, 18, 'f', 'Olha Sergeevna', 'Kurzhos ', '0000-00-00 00:00:00', '2025116_144026@syd-green-energy.com', 5220, '12345654', '', '48468cc932e4b1535a30fc9cfd895668', NULL, '0', '0', '1', 0, '', '', '', '', '', '', '', '', 0, 0, 0, '0000-00-00 00:00:00', '', 0, 0, '0000-00-00 00:00:00', '0000-00-00 00:00:00', 0, '', 0, '', '', 0, 146190.0000, '', NULL, NULL, 1, '', NULL),
(5188, NULL, 'ATU78766729', 0, NULL, 11, 'm', 'Thomas', 'Thomas', '2025-11-11 13:39:32', 'thomas.kropsch@gmx.at', 5221, '+4368110579011', NULL, '5d4e1549a0f4d28cdf6be433f260abbc', '0', '0', '0', '1', 0, '', '', '', '', '', '', '', '', 0, 0, 0, '0000-00-00 00:00:00', '', 0, 0, '0000-00-00 00:00:00', '0000-00-00 00:00:00', 0, '', 0, '', '', 0, 1403.0000, '', NULL, NULL, 1, '', NULL),
(5189, NULL, 'RO38752329', 0, NULL, 19, 'm', 'Istvan', 'Kozma', '2025-11-12 11:46:09', 'ladob@enetix.ro', 5222, '+40745160504', NULL, '251b738c28c9d68cb002bace1072d3d1', '0', '0', '0', '1', 0, '', '', '', '', '', '', '', '', 0, 0, 0, '0000-00-00 00:00:00', '', 0, 0, '0000-00-00 00:00:00', '0000-00-00 00:00:00', 0, '', 0, '', '', 0, 0.0000, '', NULL, NULL, 1, '', NULL),
(5190, '', '', 0, NULL, 17, 'm', 'Maksym', 'Boichuk', '0000-00-00 00:00:00', 'vimaks.011@ukr.net', 5224, '+38 (097) 9116403', '+38 (096) 0000208', '20f3785ab5fc74af431f260a75ca800d', NULL, '0', '0', '1', 0, '', '', '', '', '', '', '', '', 0, 0, 0, '0000-00-00 00:00:00', '', 0, 0, '0000-00-00 00:00:00', '0000-00-00 00:00:00', 0, '', 0, '', '', 0, 0.0000, '', NULL, NULL, 1, '', NULL),
(5191, NULL, 'RO38752329', 0, NULL, 19, 'm', 'Istvan', 'Kozma', '2025-11-17 08:08:31', 'm3kk@amint.ro', 5225, '+40745160504', NULL, '251b738c28c9d68cb002bace1072d3d1', '0', '0', '0', '1', 0, '', '', '', '', '', '', '', '', 0, 0, 0, '0000-00-00 00:00:00', '', 0, 0, '0000-00-00 00:00:00', '0000-00-00 00:00:00', 0, '', 0, '', '', 0, 0.0000, '', NULL, NULL, 1, '', NULL),
(5192, NULL, 'RO15727903', 0, NULL, 11, 'm', 'Ichim', 'Lucian', '2025-11-21 09:45:26', 'roglasind@yahoo.com', 5229, '+40723755558', NULL, '45945516ed0f996f3ce56d8ee82c3846', '0', '0', '0', '1', 0, '', '', '', '', '', '', '', '', 0, 0, 0, '0000-00-00 00:00:00', '', 0, 0, '0000-00-00 00:00:00', '0000-00-00 00:00:00', 0, '', 0, '', '', 0, 0.0000, '', NULL, NULL, 1, '', NULL),
(5193, NULL, 'FR11819765850', 0, NULL, 12, 'm', 'laurent', 'laurent', '2025-11-21 10:39:17', 'second.life.vintage.creation@gmail.com', 5230, '+33768201101', NULL, '81497761f01dcec6d02b1167436e43d5', '0', '0', '0', '1', 0, '', '', '', '', '', '', '', '', 0, 0, 0, '0000-00-00 00:00:00', '', 0, 0, '0000-00-00 00:00:00', '0000-00-00 00:00:00', 0, '', 0, '', '', 0, 0.0000, '', NULL, NULL, 1, '', NULL),
(5194, '', '', 0, NULL, 18, 'm', 'Svitlana V.', 'Bukraba', '0000-00-00 00:00:00', '20251124_14148@syd-green-energy.com', 5231, '(073) 1054545', '', 'a22bfe567715165d8619357f5f0895ee', NULL, '0', '0', '1', 0, '', '', '', '', '', '', '', '', 0, 0, 0, '0000-00-00 00:00:00', '', 0, 0, '0000-00-00 00:00:00', '0000-00-00 00:00:00', 0, '', 0, '', '', 0, 196489.0000, '', NULL, NULL, 1, '', NULL),
(5195, NULL, 'ROONRC.J202508346400', 0, NULL, 11, 'm', 'Zsombor', 'Balazs', '2025-11-24 13:07:08', 'ladob@gopiro.com', 5232, '+40745160504', NULL, '251b738c28c9d68cb002bace1072d3d1', '0', '0', '0', '1', 0, '', '', '', '', '', '', '', '', 0, 0, 0, '0000-00-00 00:00:00', '', 0, 0, '0000-00-00 00:00:00', '0000-00-00 00:00:00', 0, '', 0, '', '', 0, 0.0000, '', NULL, NULL, 1, '', NULL),
(5196, '', '', 0, NULL, 16, 'm', 'Artem', 'Fedosov', '0000-00-00 00:00:00', '20251126_14513@syd-green-energy.com', 5233, '000', '', '1c658bdc2c26f5792c910d5e76dfb3f7', NULL, '0', '0', '1', 0, '', '', '', '', '', '', '', '', 0, 0, 0, '0000-00-00 00:00:00', '', 0, 0, '0000-00-00 00:00:00', '0000-00-00 00:00:00', 0, '', 0, '', '', 0, 211580.0000, '', NULL, NULL, 1, '', NULL),
(5197, '', '', 0, NULL, 18, 'm', 'D. I.', 'Maslov', '0000-00-00 00:00:00', '20251126_16743@syd-green-energy.com', 5234, '000', '', '5836fb4103572fe389cb54a40492b613', NULL, '0', '0', '1', 0, '', '', '', '', '', '', '', '', 0, 0, 0, '0000-00-00 00:00:00', '', 0, 0, '0000-00-00 00:00:00', '0000-00-00 00:00:00', 0, '', 0, '', '', 0, 0.0000, '', NULL, NULL, 1, '', NULL),
(5198, NULL, 'SI12987816.', 0, NULL, 17, 'm', 'Anton', 'Maček', '2025-11-28 19:00:45', 'macek@siol.net', 5235, '+38641719610', NULL, 'e0690c462d4efde7c3fb310157c880d5', '0', '0', '0', '1', 0, '', '', '', '', '', '', '', '', 0, 0, 0, '0000-00-00 00:00:00', '', 0, 0, '0000-00-00 00:00:00', '0000-00-00 00:00:00', 0, '', 0, '', '', 0, 0.0000, '', NULL, NULL, 1, '', NULL),
(5199, '', '', 0, NULL, 18, 'm', 'Aleksej', 'Zubar', '0000-00-00 00:00:00', '2025122_144858@syd-green-energy.com', 5236, '000', '', 'c18ed62be3f9992d4874db5565a5073e', NULL, '0', '0', '1', 0, '', '', '', '', '', '', '', '', 0, 0, 0, '0000-00-00 00:00:00', '', 0, 0, '0000-00-00 00:00:00', '0000-00-00 00:00:00', 0, '', 0, '', '', 0, 10460.0000, '', NULL, NULL, 1, '', NULL),
(5200, '', '2441800361', 9, NULL, 18, 'f', 'Natalya', 'Nosenko', '0000-00-00 00:00:00', '2025122_14563@syd-green-energy.com', 5237, '000', '', 'd52df480af0da0c2fa2cbb04ade8f91c', NULL, '0', '0', '1', 0, '', '', '', '', '', '', '', '', 0, 0, 0, '0000-00-00 00:00:00', '', 0, 0, '0000-00-00 00:00:00', '0000-00-00 00:00:00', 0, '', 0, '', '', 0, 151198.0000, '', NULL, NULL, 1, '', NULL),
(5201, NULL, '3708709218', 0, NULL, 17, 'm', 'Vladyslav', 'Horodenskyi', '2025-12-02 18:58:41', 'vladgorodensky2014@gmail.com', 5238, '+380992724204', NULL, '2070bd67f8a6de5f32388242dbbefc35', '0', '0', '0', '1', 0, '', '', '', '', '', '', '', '', 0, 0, 0, '0000-00-00 00:00:00', '', 0, 0, '0000-00-00 00:00:00', '0000-00-00 00:00:00', 0, '', 0, '', '', 0, 0.0000, '', NULL, NULL, 1, '', NULL),
(5202, NULL, 'DE241251349', 0, NULL, 15, 'm', 'Dirk', 'Sawischlewski', '2025-12-05 11:21:59', 'd.sawischlewski@indimas.de', 5239, '05071-9689110', NULL, 'd146dd58d4c459230cbc1df2e6127b2f', '0', '0', '0', '1', 0, '', '', '', '', '', '', '', '', 0, 0, 0, '0000-00-00 00:00:00', '', 0, 0, '0000-00-00 00:00:00', '0000-00-00 00:00:00', 0, '', 0, '', '', 0, 0.0000, '', NULL, NULL, 1, '', NULL),
(5203, NULL, 'DE319771939', 0, NULL, 15, 'm', 'Robert', 'Tandetzki', '2025-12-05 19:09:58', 'info@elektrotiger.de', 5240, '+4924075548800', NULL, 'd341b2b96d8e2a2e858fa2a1df6b33da', '0', '0', '0', '1', 0, '', '', '', '', '', '', '', '', 0, 0, 0, '0000-00-00 00:00:00', '', 0, 0, '0000-00-00 00:00:00', '0000-00-00 00:00:00', 0, '', 0, '', '', 0, 0.0000, '', NULL, NULL, 1, '', NULL),
(5204, '', 'NL864303440B01', 9, NULL, 11, 'm', 'Julia', 'Wang', '0000-00-00 00:00:00', '20251215_112731@syd-green-energy.com', 5242, '0000', '', '90c4249a7de777111fcc843b2f163229', NULL, '0', '0', '1', 0, '', '', '', '', '', '', '', '', 0, 0, 0, '0000-00-00 00:00:00', '', 0, 0, '0000-00-00 00:00:00', '0000-00-00 00:00:00', 0, '', 0, '', '', 0, 0.0000, '', NULL, NULL, 1, '', NULL),
(5205, '', 'LVCHE326272422', 0, NULL, 16, 'm', 'Alltag und Gerätetechnik', 'AG', '0000-00-00 00:00:00', '20251217_155427@syd-green-energy.com', 5243, '000', '', '0245715dd94668a6e941fdc20bd6411b', NULL, '0', '0', '1', 0, '', '', '', '', '', '', '', '', 0, 0, 0, '0000-00-00 00:00:00', '', 0, 0, '0000-00-00 00:00:00', '0000-00-00 00:00:00', 0, '', 0, '', '', 0, 0.0000, '', NULL, NULL, 1, '', NULL);

-- --------------------------------------------------------

--
-- Tabellenstruktur für Tabelle `customers_basket`
--

